I20260608 12:45:19.227993 15938 raft_consensus.cc:493] T d44940cd191f4446884277eea8e97cf9 P c36d683309614aad8a72dd2354400444 [term 0 FOLLOWER]: Starting pre-election (no leader contacted us within the election timeout)
I20260608 12:45:19.228585 15938 raft_consensus.cc:515] T d44940cd191f4446884277eea8e97cf9 P c36d683309614aad8a72dd2354400444 [term 0 FOLLOWER]: Starting pre-election with config: opid_index: -1 OBSOLETE_local: false peers { permanent_uuid: "59739ace2d9d441f939568254c188bd4" member_type: VOTER last_known_addr { host: "127.12.114.1" port: 35869 } } peers { permanent_uuid: "c36d683309614aad8a72dd2354400444" member_type: VOTER last_known_addr { host: "127.12.114.2" port: 42219 } } peers { permanent_uuid: "e69344bfb5194906856f7c6ccccd4f7f" member_type: VOTER last_known_addr { host: "127.12.114.3" port: 41269 } }
I20260608 12:45:19.231019 15938 leader_election.cc:290] T d44940cd191f4446884277eea8e97cf9 P c36d683309614aad8a72dd2354400444 [CANDIDATE]: Term 1 pre-election: Requested pre-vote from peers 59739ace2d9d441f939568254c188bd4 (127.12.114.1:35869), e69344bfb5194906856f7c6ccccd4f7f (127.12.114.3:41269)
I20260608 12:45:19.231600 15938 consensus_queue.cc:1048] T 08b7a2b551944d1dbdb769c9940fef8d P c36d683309614aad8a72dd2354400444 [LEADER]: Connected to new peer: Peer: permanent_uuid: "59739ace2d9d441f939568254c188bd4" member_type: VOTER last_known_addr { host: "127.12.114.1" port: 35869 }, Status: LMP_MISMATCH, Last received: 0.0, Next index: 1, Last known committed idx: 0, Time since last communication: 0.000s
I20260608 12:45:19.231791 15735 tablet_service.cc:1917] Received RequestConsensusVote() RPC: tablet_id: "d44940cd191f4446884277eea8e97cf9" candidate_uuid: "c36d683309614aad8a72dd2354400444" candidate_term: 1 candidate_status { last_received { term: 0 index: 0 } } ignore_live_leader: false dest_uuid: "59739ace2d9d441f939568254c188bd4" is_pre_election: true
I20260608 12:45:19.232534 15735 raft_consensus.cc:2468] T d44940cd191f4446884277eea8e97cf9 P 59739ace2d9d441f939568254c188bd4 [term 0 FOLLOWER]: Leader pre-election vote request: Granting yes vote for candidate c36d683309614aad8a72dd2354400444 in term 0.
I20260608 12:45:19.234722 15773 leader_election.cc:304] T d44940cd191f4446884277eea8e97cf9 P c36d683309614aad8a72dd2354400444 [CANDIDATE]: Term 1 pre-election: Election decided. Result: candidate won. Election summary: received 2 responses out of 3 voters: 2 yes votes; 0 no votes. yes voters: 59739ace2d9d441f939568254c188bd4, c36d683309614aad8a72dd2354400444; no voters: 
I20260608 12:45:19.235023 15884 tablet_service.cc:1917] Received RequestConsensusVote() RPC: tablet_id: "d44940cd191f4446884277eea8e97cf9" candidate_uuid: "c36d683309614aad8a72dd2354400444" candidate_term: 1 candidate_status { last_received { term: 0 index: 0 } } ignore_live_leader: false dest_uuid: "e69344bfb5194906856f7c6ccccd4f7f" is_pre_election: true
I20260608 12:45:19.235738 15884 raft_consensus.cc:2468] T d44940cd191f4446884277eea8e97cf9 P e69344bfb5194906856f7c6ccccd4f7f [term 0 FOLLOWER]: Leader pre-election vote request: Granting yes vote for candidate c36d683309614aad8a72dd2354400444 in term 0.
I20260608 12:45:19.237073 15939 raft_consensus.cc:2804] T d44940cd191f4446884277eea8e97cf9 P c36d683309614aad8a72dd2354400444 [term 0 FOLLOWER]: Leader pre-election won for term 1
I20260608 12:45:19.237517 15939 raft_consensus.cc:493] T d44940cd191f4446884277eea8e97cf9 P c36d683309614aad8a72dd2354400444 [term 0 FOLLOWER]: Starting leader election (no leader contacted us within the election timeout)
I20260608 12:45:19.237914 15939 raft_consensus.cc:3060] T d44940cd191f4446884277eea8e97cf9 P c36d683309614aad8a72dd2354400444 [term 0 FOLLOWER]: Advancing to term 1
I20260608 12:45:19.241348 15631 catalog_manager.cc:5696] T 37b4ede04ebd4509a477a8d8f7550ba3 P c36d683309614aad8a72dd2354400444 reported cstate change: term changed from 0 to 1, leader changed from <none> to c36d683309614aad8a72dd2354400444 (127.12.114.2). New cstate: current_term: 1 leader_uuid: "c36d683309614aad8a72dd2354400444" committed_config { opid_index: -1 OBSOLETE_local: false peers { permanent_uuid: "59739ace2d9d441f939568254c188bd4" member_type: VOTER last_known_addr { host: "127.12.114.1" port: 35869 } health_report { overall_health: UNKNOWN } } peers { permanent_uuid: "c36d683309614aad8a72dd2354400444" member_type: VOTER last_known_addr { host: "127.12.114.2" port: 42219 } health_report { overall_health: HEALTHY } } peers { permanent_uuid: "e69344bfb5194906856f7c6ccccd4f7f" member_type: VOTER last_known_addr { host: "127.12.114.3" port: 41269 } health_report { overall_health: UNKNOWN } } }
I20260608 12:45:19.267944 15632 catalog_manager.cc:5696] T 4dafe42a371b4faa85c42cf3ed90d160 P 59739ace2d9d441f939568254c188bd4 reported cstate change: term changed from 0 to 1, leader changed from <none> to 59739ace2d9d441f939568254c188bd4 (127.12.114.1). New cstate: current_term: 1 leader_uuid: "59739ace2d9d441f939568254c188bd4" committed_config { opid_index: -1 OBSOLETE_local: false peers { permanent_uuid: "c36d683309614aad8a72dd2354400444" member_type: VOTER last_known_addr { host: "127.12.114.2" port: 42219 } health_report { overall_health: UNKNOWN } } peers { permanent_uuid: "59739ace2d9d441f939568254c188bd4" member_type: VOTER last_known_addr { host: "127.12.114.1" port: 35869 } health_report { overall_health: HEALTHY } } peers { permanent_uuid: "e69344bfb5194906856f7c6ccccd4f7f" member_type: VOTER last_known_addr { host: "127.12.114.3" port: 41269 } health_report { overall_health: UNKNOWN } } }
I20260608 12:45:19.271303 15734 raft_consensus.cc:2468] T 37b4ede04ebd4509a477a8d8f7550ba3 P 59739ace2d9d441f939568254c188bd4 [term 1 FOLLOWER]: Leader election vote request: Granting yes vote for candidate c36d683309614aad8a72dd2354400444 in term 1.
I20260608 12:45:19.201704 15885 raft_consensus.cc:2468] T 4dafe42a371b4faa85c42cf3ed90d160 P e69344bfb5194906856f7c6ccccd4f7f [term 1 FOLLOWER]: Leader election vote request: Granting yes vote for candidate 59739ace2d9d441f939568254c188bd4 in term 1.
I20260608 12:45:19.275172 15930 tablet_bootstrap.cc:492] T 46bb611c59224112999c79b7201cae97 P c36d683309614aad8a72dd2354400444: No bootstrap required, opened a new log
I20260608 12:45:19.277755 15930 ts_tablet_manager.cc:1403] T 46bb611c59224112999c79b7201cae97 P c36d683309614aad8a72dd2354400444: Time spent bootstrapping tablet: real 0.071s	user 0.031s	sys 0.036s
I20260608 12:45:19.275496 15939 raft_consensus.cc:515] T d44940cd191f4446884277eea8e97cf9 P c36d683309614aad8a72dd2354400444 [term 1 FOLLOWER]: Starting leader election with config: opid_index: -1 OBSOLETE_local: false peers { permanent_uuid: "59739ace2d9d441f939568254c188bd4" member_type: VOTER last_known_addr { host: "127.12.114.1" port: 35869 } } peers { permanent_uuid: "c36d683309614aad8a72dd2354400444" member_type: VOTER last_known_addr { host: "127.12.114.2" port: 42219 } } peers { permanent_uuid: "e69344bfb5194906856f7c6ccccd4f7f" member_type: VOTER last_known_addr { host: "127.12.114.3" port: 41269 } }
I20260608 12:45:19.281643 15939 leader_election.cc:290] T d44940cd191f4446884277eea8e97cf9 P c36d683309614aad8a72dd2354400444 [CANDIDATE]: Term 1 election: Requested vote from peers 59739ace2d9d441f939568254c188bd4 (127.12.114.1:35869), e69344bfb5194906856f7c6ccccd4f7f (127.12.114.3:41269)
I20260608 12:45:19.283264 15930 raft_consensus.cc:359] T 46bb611c59224112999c79b7201cae97 P c36d683309614aad8a72dd2354400444 [term 0 FOLLOWER]: Replica starting. Triggering 0 pending ops. Active config: opid_index: -1 OBSOLETE_local: false peers { permanent_uuid: "c36d683309614aad8a72dd2354400444" member_type: VOTER last_known_addr { host: "127.12.114.2" port: 42219 } } peers { permanent_uuid: "59739ace2d9d441f939568254c188bd4" member_type: VOTER last_known_addr { host: "127.12.114.1" port: 35869 } } peers { permanent_uuid: "e69344bfb5194906856f7c6ccccd4f7f" member_type: VOTER last_known_addr { host: "127.12.114.3" port: 41269 } }
I20260608 12:45:19.285363 15930 raft_consensus.cc:385] T 46bb611c59224112999c79b7201cae97 P c36d683309614aad8a72dd2354400444 [term 0 FOLLOWER]: Consensus starting up: Expiring failure detector timer to make a prompt election more likely
I20260608 12:45:19.285817 15930 raft_consensus.cc:740] T 46bb611c59224112999c79b7201cae97 P c36d683309614aad8a72dd2354400444 [term 0 FOLLOWER]: Becoming Follower/Learner. State: Replica: c36d683309614aad8a72dd2354400444, State: Initialized, Role: FOLLOWER
I20260608 12:45:19.286077 15734 tablet_service.cc:1917] Received RequestConsensusVote() RPC: tablet_id: "d44940cd191f4446884277eea8e97cf9" candidate_uuid: "c36d683309614aad8a72dd2354400444" candidate_term: 1 candidate_status { last_received { term: 0 index: 0 } } ignore_live_leader: false dest_uuid: "59739ace2d9d441f939568254c188bd4"
I20260608 12:45:19.286708 15734 raft_consensus.cc:3060] T d44940cd191f4446884277eea8e97cf9 P 59739ace2d9d441f939568254c188bd4 [term 0 FOLLOWER]: Advancing to term 1
I20260608 12:45:19.286847 15930 consensus_queue.cc:260] T 46bb611c59224112999c79b7201cae97 P c36d683309614aad8a72dd2354400444 [NON_LEADER]: Queue going to NON_LEADER mode. State: All replicated index: 0, Majority replicated index: 0, Committed index: 0, Last appended: 0.0, Last appended by leader: 0, Current term: 0, Majority size: -1, State: 0, Mode: NON_LEADER, active raft config: opid_index: -1 OBSOLETE_local: false peers { permanent_uuid: "c36d683309614aad8a72dd2354400444" member_type: VOTER last_known_addr { host: "127.12.114.2" port: 42219 } } peers { permanent_uuid: "59739ace2d9d441f939568254c188bd4" member_type: VOTER last_known_addr { host: "127.12.114.1" port: 35869 } } peers { permanent_uuid: "e69344bfb5194906856f7c6ccccd4f7f" member_type: VOTER last_known_addr { host: "127.12.114.3" port: 41269 } }
I20260608 12:45:19.291517 15885 tablet_service.cc:1917] Received RequestConsensusVote() RPC: tablet_id: "d44940cd191f4446884277eea8e97cf9" candidate_uuid: "c36d683309614aad8a72dd2354400444" candidate_term: 1 candidate_status { last_received { term: 0 index: 0 } } ignore_live_leader: false dest_uuid: "e69344bfb5194906856f7c6ccccd4f7f"
I20260608 12:45:19.292047 15885 raft_consensus.cc:3060] T d44940cd191f4446884277eea8e97cf9 P e69344bfb5194906856f7c6ccccd4f7f [term 0 FOLLOWER]: Advancing to term 1
I20260608 12:45:19.297071 15885 raft_consensus.cc:2468] T d44940cd191f4446884277eea8e97cf9 P e69344bfb5194906856f7c6ccccd4f7f [term 1 FOLLOWER]: Leader election vote request: Granting yes vote for candidate c36d683309614aad8a72dd2354400444 in term 1.
I20260608 12:45:19.298077 15959 raft_consensus.cc:493] T 08b7a2b551944d1dbdb769c9940fef8d P e69344bfb5194906856f7c6ccccd4f7f [term 0 FOLLOWER]: Starting pre-election (no leader contacted us within the election timeout)
I20260608 12:45:19.298774 15930 ts_tablet_manager.cc:1434] T 46bb611c59224112999c79b7201cae97 P c36d683309614aad8a72dd2354400444: Time spent starting tablet: real 0.020s	user 0.007s	sys 0.000s
I20260608 12:45:19.298633 15959 raft_consensus.cc:515] T 08b7a2b551944d1dbdb769c9940fef8d P e69344bfb5194906856f7c6ccccd4f7f [term 0 FOLLOWER]: Starting pre-election with config: opid_index: -1 OBSOLETE_local: false peers { permanent_uuid: "c36d683309614aad8a72dd2354400444" member_type: VOTER last_known_addr { host: "127.12.114.2" port: 42219 } } peers { permanent_uuid: "59739ace2d9d441f939568254c188bd4" member_type: VOTER last_known_addr { host: "127.12.114.1" port: 35869 } } peers { permanent_uuid: "e69344bfb5194906856f7c6ccccd4f7f" member_type: VOTER last_known_addr { host: "127.12.114.3" port: 41269 } }
I20260608 12:45:19.302160 15959 leader_election.cc:290] T 08b7a2b551944d1dbdb769c9940fef8d P e69344bfb5194906856f7c6ccccd4f7f [CANDIDATE]: Term 1 pre-election: Requested pre-vote from peers c36d683309614aad8a72dd2354400444 (127.12.114.2:42219), 59739ace2d9d441f939568254c188bd4 (127.12.114.1:35869)
I20260608 12:45:19.302671 15732 tablet_service.cc:1917] Received RequestConsensusVote() RPC: tablet_id: "08b7a2b551944d1dbdb769c9940fef8d" candidate_uuid: "e69344bfb5194906856f7c6ccccd4f7f" candidate_term: 1 candidate_status { last_received { term: 0 index: 0 } } ignore_live_leader: false dest_uuid: "59739ace2d9d441f939568254c188bd4" is_pre_election: true
I20260608 12:45:19.302829 15810 tablet_service.cc:1917] Received RequestConsensusVote() RPC: tablet_id: "08b7a2b551944d1dbdb769c9940fef8d" candidate_uuid: "e69344bfb5194906856f7c6ccccd4f7f" candidate_term: 1 candidate_status { last_received { term: 0 index: 0 } } ignore_live_leader: false dest_uuid: "c36d683309614aad8a72dd2354400444" is_pre_election: true
I20260608 12:45:19.304774 15848 leader_election.cc:304] T 08b7a2b551944d1dbdb769c9940fef8d P e69344bfb5194906856f7c6ccccd4f7f [CANDIDATE]: Term 1 pre-election: Election decided. Result: candidate lost. Election summary: received 3 responses out of 3 voters: 1 yes votes; 2 no votes. yes voters: e69344bfb5194906856f7c6ccccd4f7f; no voters: 59739ace2d9d441f939568254c188bd4, c36d683309614aad8a72dd2354400444
I20260608 12:45:19.306067 15959 raft_consensus.cc:2749] T 08b7a2b551944d1dbdb769c9940fef8d P e69344bfb5194906856f7c6ccccd4f7f [term 0 FOLLOWER]: Leader pre-election lost for term 1. Reason: could not achieve majority
I20260608 12:45:19.311249 15884 raft_consensus.cc:3060] T 08b7a2b551944d1dbdb769c9940fef8d P e69344bfb5194906856f7c6ccccd4f7f [term 0 FOLLOWER]: Advancing to term 1
I20260608 12:45:19.311368 15734 raft_consensus.cc:2468] T d44940cd191f4446884277eea8e97cf9 P 59739ace2d9d441f939568254c188bd4 [term 1 FOLLOWER]: Leader election vote request: Granting yes vote for candidate c36d683309614aad8a72dd2354400444 in term 1.
I20260608 12:45:19.314194 15773 leader_election.cc:304] T d44940cd191f4446884277eea8e97cf9 P c36d683309614aad8a72dd2354400444 [CANDIDATE]: Term 1 election: Election decided. Result: candidate won. Election summary: received 2 responses out of 3 voters: 2 yes votes; 0 no votes. yes voters: c36d683309614aad8a72dd2354400444, e69344bfb5194906856f7c6ccccd4f7f; no voters: 
I20260608 12:45:19.315258 15977 raft_consensus.cc:2804] T d44940cd191f4446884277eea8e97cf9 P c36d683309614aad8a72dd2354400444 [term 1 FOLLOWER]: Leader election won for term 1
I20260608 12:45:19.316167 15977 raft_consensus.cc:697] T d44940cd191f4446884277eea8e97cf9 P c36d683309614aad8a72dd2354400444 [term 1 LEADER]: Becoming Leader. State: Replica: c36d683309614aad8a72dd2354400444, State: Running, Role: LEADER
I20260608 12:45:19.317217 15977 consensus_queue.cc:237] T d44940cd191f4446884277eea8e97cf9 P c36d683309614aad8a72dd2354400444 [LEADER]: Queue going to LEADER mode. State: All replicated index: 0, Majority replicated index: 0, Committed index: 0, Last appended: 0.0, Last appended by leader: 0, Current term: 1, Majority size: 2, State: 0, Mode: LEADER, active raft config: opid_index: -1 OBSOLETE_local: false peers { permanent_uuid: "59739ace2d9d441f939568254c188bd4" member_type: VOTER last_known_addr { host: "127.12.114.1" port: 35869 } } peers { permanent_uuid: "c36d683309614aad8a72dd2354400444" member_type: VOTER last_known_addr { host: "127.12.114.2" port: 42219 } } peers { permanent_uuid: "e69344bfb5194906856f7c6ccccd4f7f" member_type: VOTER last_known_addr { host: "127.12.114.3" port: 41269 } }
I20260608 12:45:19.321619 15975 consensus_queue.cc:1048] T 08b7a2b551944d1dbdb769c9940fef8d P c36d683309614aad8a72dd2354400444 [LEADER]: Connected to new peer: Peer: permanent_uuid: "e69344bfb5194906856f7c6ccccd4f7f" member_type: VOTER last_known_addr { host: "127.12.114.3" port: 41269 }, Status: LMP_MISMATCH, Last received: 0.0, Next index: 1, Last known committed idx: 0, Time since last communication: 0.001s
I20260608 12:45:19.330410 15632 catalog_manager.cc:5696] T d44940cd191f4446884277eea8e97cf9 P c36d683309614aad8a72dd2354400444 reported cstate change: term changed from 0 to 1, leader changed from <none> to c36d683309614aad8a72dd2354400444 (127.12.114.2). New cstate: current_term: 1 leader_uuid: "c36d683309614aad8a72dd2354400444" committed_config { opid_index: -1 OBSOLETE_local: false peers { permanent_uuid: "59739ace2d9d441f939568254c188bd4" member_type: VOTER last_known_addr { host: "127.12.114.1" port: 35869 } health_report { overall_health: UNKNOWN } } peers { permanent_uuid: "c36d683309614aad8a72dd2354400444" member_type: VOTER last_known_addr { host: "127.12.114.2" port: 42219 } health_report { overall_health: HEALTHY } } peers { permanent_uuid: "e69344bfb5194906856f7c6ccccd4f7f" member_type: VOTER last_known_addr { host: "127.12.114.3" port: 41269 } health_report { overall_health: UNKNOWN } } }
I20260608 12:45:19.446343 15884 raft_consensus.cc:3060] T 7c19fcaaeee543939cf71035968c1024 P e69344bfb5194906856f7c6ccccd4f7f [term 0 FOLLOWER]: Advancing to term 1
I20260608 12:45:19.452459 15975 consensus_queue.cc:1048] T 7c19fcaaeee543939cf71035968c1024 P c36d683309614aad8a72dd2354400444 [LEADER]: Connected to new peer: Peer: permanent_uuid: "e69344bfb5194906856f7c6ccccd4f7f" member_type: VOTER last_known_addr { host: "127.12.114.3" port: 41269 }, Status: LMP_MISMATCH, Last received: 0.0, Next index: 1, Last known committed idx: 0, Time since last communication: 0.000s
I20260608 12:45:19.458673 15975 raft_consensus.cc:493] T 46bb611c59224112999c79b7201cae97 P c36d683309614aad8a72dd2354400444 [term 0 FOLLOWER]: Starting pre-election (no leader contacted us within the election timeout)
I20260608 12:45:19.459177 15975 raft_consensus.cc:515] T 46bb611c59224112999c79b7201cae97 P c36d683309614aad8a72dd2354400444 [term 0 FOLLOWER]: Starting pre-election with config: opid_index: -1 OBSOLETE_local: false peers { permanent_uuid: "c36d683309614aad8a72dd2354400444" member_type: VOTER last_known_addr { host: "127.12.114.2" port: 42219 } } peers { permanent_uuid: "59739ace2d9d441f939568254c188bd4" member_type: VOTER last_known_addr { host: "127.12.114.1" port: 35869 } } peers { permanent_uuid: "e69344bfb5194906856f7c6ccccd4f7f" member_type: VOTER last_known_addr { host: "127.12.114.3" port: 41269 } }
I20260608 12:45:19.462831 15735 tablet_service.cc:1917] Received RequestConsensusVote() RPC: tablet_id: "46bb611c59224112999c79b7201cae97" candidate_uuid: "c36d683309614aad8a72dd2354400444" candidate_term: 1 candidate_status { last_received { term: 0 index: 0 } } ignore_live_leader: false dest_uuid: "59739ace2d9d441f939568254c188bd4" is_pre_election: true
I20260608 12:45:19.463634 15735 raft_consensus.cc:2393] T 46bb611c59224112999c79b7201cae97 P 59739ace2d9d441f939568254c188bd4 [term 1 FOLLOWER]: Leader pre-election vote request: Denying vote to candidate c36d683309614aad8a72dd2354400444 in current term 1: Already voted for candidate 59739ace2d9d441f939568254c188bd4 in this term.
I20260608 12:45:19.463725 15939 consensus_queue.cc:1048] T 7c19fcaaeee543939cf71035968c1024 P c36d683309614aad8a72dd2354400444 [LEADER]: Connected to new peer: Peer: permanent_uuid: "59739ace2d9d441f939568254c188bd4" member_type: VOTER last_known_addr { host: "127.12.114.1" port: 35869 }, Status: LMP_MISMATCH, Last received: 0.0, Next index: 1, Last known committed idx: 0, Time since last communication: 0.000s
I20260608 12:45:19.468709 15975 leader_election.cc:290] T 46bb611c59224112999c79b7201cae97 P c36d683309614aad8a72dd2354400444 [CANDIDATE]: Term 1 pre-election: Requested pre-vote from peers 59739ace2d9d441f939568254c188bd4 (127.12.114.1:35869), e69344bfb5194906856f7c6ccccd4f7f (127.12.114.3:41269)
I20260608 12:45:19.472694 15884 tablet_service.cc:1917] Received RequestConsensusVote() RPC: tablet_id: "46bb611c59224112999c79b7201cae97" candidate_uuid: "c36d683309614aad8a72dd2354400444" candidate_term: 1 candidate_status { last_received { term: 0 index: 0 } } ignore_live_leader: false dest_uuid: "e69344bfb5194906856f7c6ccccd4f7f" is_pre_election: true
I20260608 12:45:19.473563 15884 raft_consensus.cc:2393] T 46bb611c59224112999c79b7201cae97 P e69344bfb5194906856f7c6ccccd4f7f [term 1 FOLLOWER]: Leader pre-election vote request: Denying vote to candidate c36d683309614aad8a72dd2354400444 in current term 1: Already voted for candidate e69344bfb5194906856f7c6ccccd4f7f in this term.
I20260608 12:45:19.475387 15773 leader_election.cc:304] T 46bb611c59224112999c79b7201cae97 P c36d683309614aad8a72dd2354400444 [CANDIDATE]: Term 1 pre-election: Election decided. Result: candidate lost. Election summary: received 3 responses out of 3 voters: 1 yes votes; 2 no votes. yes voters: c36d683309614aad8a72dd2354400444; no voters: 59739ace2d9d441f939568254c188bd4, e69344bfb5194906856f7c6ccccd4f7f
I20260608 12:45:19.476162 15975 raft_consensus.cc:3060] T 46bb611c59224112999c79b7201cae97 P c36d683309614aad8a72dd2354400444 [term 0 FOLLOWER]: Advancing to term 1
I20260608 12:45:19.482273 15975 raft_consensus.cc:2749] T 46bb611c59224112999c79b7201cae97 P c36d683309614aad8a72dd2354400444 [term 1 FOLLOWER]: Leader pre-election lost for term 1. Reason: could not achieve majority
I20260608 12:45:19.494135 15975 raft_consensus.cc:493] T e8a1b1b1bcca4c89aaa2085d923f6102 P c36d683309614aad8a72dd2354400444 [term 0 FOLLOWER]: Starting pre-election (no leader contacted us within the election timeout)
I20260608 12:45:19.494611 15975 raft_consensus.cc:515] T e8a1b1b1bcca4c89aaa2085d923f6102 P c36d683309614aad8a72dd2354400444 [term 0 FOLLOWER]: Starting pre-election with config: opid_index: -1 OBSOLETE_local: false peers { permanent_uuid: "59739ace2d9d441f939568254c188bd4" member_type: VOTER last_known_addr { host: "127.12.114.1" port: 35869 } } peers { permanent_uuid: "c36d683309614aad8a72dd2354400444" member_type: VOTER last_known_addr { host: "127.12.114.2" port: 42219 } } peers { permanent_uuid: "e69344bfb5194906856f7c6ccccd4f7f" member_type: VOTER last_known_addr { host: "127.12.114.3" port: 41269 } }
I20260608 12:45:19.496762 15975 leader_election.cc:290] T e8a1b1b1bcca4c89aaa2085d923f6102 P c36d683309614aad8a72dd2354400444 [CANDIDATE]: Term 1 pre-election: Requested pre-vote from peers 59739ace2d9d441f939568254c188bd4 (127.12.114.1:35869), e69344bfb5194906856f7c6ccccd4f7f (127.12.114.3:41269)
I20260608 12:45:19.497530 15735 tablet_service.cc:1917] Received RequestConsensusVote() RPC: tablet_id: "e8a1b1b1bcca4c89aaa2085d923f6102" candidate_uuid: "c36d683309614aad8a72dd2354400444" candidate_term: 1 candidate_status { last_received { term: 0 index: 0 } } ignore_live_leader: false dest_uuid: "59739ace2d9d441f939568254c188bd4" is_pre_election: true
I20260608 12:45:19.497906 15884 tablet_service.cc:1917] Received RequestConsensusVote() RPC: tablet_id: "e8a1b1b1bcca4c89aaa2085d923f6102" candidate_uuid: "c36d683309614aad8a72dd2354400444" candidate_term: 1 candidate_status { last_received { term: 0 index: 0 } } ignore_live_leader: false dest_uuid: "e69344bfb5194906856f7c6ccccd4f7f" is_pre_election: true
I20260608 12:45:19.498116 15735 raft_consensus.cc:2468] T e8a1b1b1bcca4c89aaa2085d923f6102 P 59739ace2d9d441f939568254c188bd4 [term 0 FOLLOWER]: Leader pre-election vote request: Granting yes vote for candidate c36d683309614aad8a72dd2354400444 in term 0.
I20260608 12:45:19.498615 15884 raft_consensus.cc:2468] T e8a1b1b1bcca4c89aaa2085d923f6102 P e69344bfb5194906856f7c6ccccd4f7f [term 0 FOLLOWER]: Leader pre-election vote request: Granting yes vote for candidate c36d683309614aad8a72dd2354400444 in term 0.
I20260608 12:45:19.499251 15773 leader_election.cc:304] T e8a1b1b1bcca4c89aaa2085d923f6102 P c36d683309614aad8a72dd2354400444 [CANDIDATE]: Term 1 pre-election: Election decided. Result: candidate won. Election summary: received 2 responses out of 3 voters: 2 yes votes; 0 no votes. yes voters: 59739ace2d9d441f939568254c188bd4, c36d683309614aad8a72dd2354400444; no voters: 
I20260608 12:45:19.500089 15975 raft_consensus.cc:2804] T e8a1b1b1bcca4c89aaa2085d923f6102 P c36d683309614aad8a72dd2354400444 [term 0 FOLLOWER]: Leader pre-election won for term 1
I20260608 12:45:19.500485 15975 raft_consensus.cc:493] T e8a1b1b1bcca4c89aaa2085d923f6102 P c36d683309614aad8a72dd2354400444 [term 0 FOLLOWER]: Starting leader election (no leader contacted us within the election timeout)
I20260608 12:45:19.500795 15975 raft_consensus.cc:3060] T e8a1b1b1bcca4c89aaa2085d923f6102 P c36d683309614aad8a72dd2354400444 [term 0 FOLLOWER]: Advancing to term 1
I20260608 12:45:19.505385 15975 raft_consensus.cc:515] T e8a1b1b1bcca4c89aaa2085d923f6102 P c36d683309614aad8a72dd2354400444 [term 1 FOLLOWER]: Starting leader election with config: opid_index: -1 OBSOLETE_local: false peers { permanent_uuid: "59739ace2d9d441f939568254c188bd4" member_type: VOTER last_known_addr { host: "127.12.114.1" port: 35869 } } peers { permanent_uuid: "c36d683309614aad8a72dd2354400444" member_type: VOTER last_known_addr { host: "127.12.114.2" port: 42219 } } peers { permanent_uuid: "e69344bfb5194906856f7c6ccccd4f7f" member_type: VOTER last_known_addr { host: "127.12.114.3" port: 41269 } }
I20260608 12:45:19.507021 15975 leader_election.cc:290] T e8a1b1b1bcca4c89aaa2085d923f6102 P c36d683309614aad8a72dd2354400444 [CANDIDATE]: Term 1 election: Requested vote from peers 59739ace2d9d441f939568254c188bd4 (127.12.114.1:35869), e69344bfb5194906856f7c6ccccd4f7f (127.12.114.3:41269)
I20260608 12:45:19.508018 15735 tablet_service.cc:1917] Received RequestConsensusVote() RPC: tablet_id: "e8a1b1b1bcca4c89aaa2085d923f6102" candidate_uuid: "c36d683309614aad8a72dd2354400444" candidate_term: 1 candidate_status { last_received { term: 0 index: 0 } } ignore_live_leader: false dest_uuid: "59739ace2d9d441f939568254c188bd4"
I20260608 12:45:19.508455 15884 tablet_service.cc:1917] Received RequestConsensusVote() RPC: tablet_id: "e8a1b1b1bcca4c89aaa2085d923f6102" candidate_uuid: "c36d683309614aad8a72dd2354400444" candidate_term: 1 candidate_status { last_received { term: 0 index: 0 } } ignore_live_leader: false dest_uuid: "e69344bfb5194906856f7c6ccccd4f7f"
I20260608 12:45:19.508682 15735 raft_consensus.cc:3060] T e8a1b1b1bcca4c89aaa2085d923f6102 P 59739ace2d9d441f939568254c188bd4 [term 0 FOLLOWER]: Advancing to term 1
I20260608 12:45:19.509018 15884 raft_consensus.cc:3060] T e8a1b1b1bcca4c89aaa2085d923f6102 P e69344bfb5194906856f7c6ccccd4f7f [term 0 FOLLOWER]: Advancing to term 1
I20260608 12:45:19.515625 15735 raft_consensus.cc:2468] T e8a1b1b1bcca4c89aaa2085d923f6102 P 59739ace2d9d441f939568254c188bd4 [term 1 FOLLOWER]: Leader election vote request: Granting yes vote for candidate c36d683309614aad8a72dd2354400444 in term 1.
I20260608 12:45:19.515625 15884 raft_consensus.cc:2468] T e8a1b1b1bcca4c89aaa2085d923f6102 P e69344bfb5194906856f7c6ccccd4f7f [term 1 FOLLOWER]: Leader election vote request: Granting yes vote for candidate c36d683309614aad8a72dd2354400444 in term 1.
I20260608 12:45:19.517071 15773 leader_election.cc:304] T e8a1b1b1bcca4c89aaa2085d923f6102 P c36d683309614aad8a72dd2354400444 [CANDIDATE]: Term 1 election: Election decided. Result: candidate won. Election summary: received 2 responses out of 3 voters: 2 yes votes; 0 no votes. yes voters: 59739ace2d9d441f939568254c188bd4, c36d683309614aad8a72dd2354400444; no voters: 
I20260608 12:45:19.517740 15975 raft_consensus.cc:2804] T e8a1b1b1bcca4c89aaa2085d923f6102 P c36d683309614aad8a72dd2354400444 [term 1 FOLLOWER]: Leader election won for term 1
I20260608 12:45:19.518193 15975 raft_consensus.cc:697] T e8a1b1b1bcca4c89aaa2085d923f6102 P c36d683309614aad8a72dd2354400444 [term 1 LEADER]: Becoming Leader. State: Replica: c36d683309614aad8a72dd2354400444, State: Running, Role: LEADER
I20260608 12:45:19.518952 15975 consensus_queue.cc:237] T e8a1b1b1bcca4c89aaa2085d923f6102 P c36d683309614aad8a72dd2354400444 [LEADER]: Queue going to LEADER mode. State: All replicated index: 0, Majority replicated index: 0, Committed index: 0, Last appended: 0.0, Last appended by leader: 0, Current term: 1, Majority size: 2, State: 0, Mode: LEADER, active raft config: opid_index: -1 OBSOLETE_local: false peers { permanent_uuid: "59739ace2d9d441f939568254c188bd4" member_type: VOTER last_known_addr { host: "127.12.114.1" port: 35869 } } peers { permanent_uuid: "c36d683309614aad8a72dd2354400444" member_type: VOTER last_known_addr { host: "127.12.114.2" port: 42219 } } peers { permanent_uuid: "e69344bfb5194906856f7c6ccccd4f7f" member_type: VOTER last_known_addr { host: "127.12.114.3" port: 41269 } }
I20260608 12:45:19.526110 15632 catalog_manager.cc:5696] T e8a1b1b1bcca4c89aaa2085d923f6102 P c36d683309614aad8a72dd2354400444 reported cstate change: term changed from 0 to 1, leader changed from <none> to c36d683309614aad8a72dd2354400444 (127.12.114.2). New cstate: current_term: 1 leader_uuid: "c36d683309614aad8a72dd2354400444" committed_config { opid_index: -1 OBSOLETE_local: false peers { permanent_uuid: "59739ace2d9d441f939568254c188bd4" member_type: VOTER last_known_addr { host: "127.12.114.1" port: 35869 } health_report { overall_health: UNKNOWN } } peers { permanent_uuid: "c36d683309614aad8a72dd2354400444" member_type: VOTER last_known_addr { host: "127.12.114.2" port: 42219 } health_report { overall_health: HEALTHY } } peers { permanent_uuid: "e69344bfb5194906856f7c6ccccd4f7f" member_type: VOTER last_known_addr { host: "127.12.114.3" port: 41269 } health_report { overall_health: UNKNOWN } } }
I20260608 12:45:19.564072 15959 consensus_queue.cc:1048] T b4403caa40fc49c6863508d34e4a63ef P e69344bfb5194906856f7c6ccccd4f7f [LEADER]: Connected to new peer: Peer: permanent_uuid: "59739ace2d9d441f939568254c188bd4" member_type: VOTER last_known_addr { host: "127.12.114.1" port: 35869 }, Status: LMP_MISMATCH, Last received: 0.0, Next index: 1, Last known committed idx: 0, Time since last communication: 0.000s
I20260608 12:45:19.575528 15987 consensus_queue.cc:1048] T b4403caa40fc49c6863508d34e4a63ef P e69344bfb5194906856f7c6ccccd4f7f [LEADER]: Connected to new peer: Peer: permanent_uuid: "c36d683309614aad8a72dd2354400444" member_type: VOTER last_known_addr { host: "127.12.114.2" port: 42219 }, Status: LMP_MISMATCH, Last received: 0.0, Next index: 1, Last known committed idx: 0, Time since last communication: 0.001s
I20260608 12:45:19.664450 15954 consensus_queue.cc:1048] T 4dafe42a371b4faa85c42cf3ed90d160 P 59739ace2d9d441f939568254c188bd4 [LEADER]: Connected to new peer: Peer: permanent_uuid: "e69344bfb5194906856f7c6ccccd4f7f" member_type: VOTER last_known_addr { host: "127.12.114.3" port: 41269 }, Status: LMP_MISMATCH, Last received: 0.0, Next index: 1, Last known committed idx: 0, Time since last communication: 0.000s
I20260608 12:45:19.669412 15975 consensus_queue.cc:1048] T 37b4ede04ebd4509a477a8d8f7550ba3 P c36d683309614aad8a72dd2354400444 [LEADER]: Connected to new peer: Peer: permanent_uuid: "e69344bfb5194906856f7c6ccccd4f7f" member_type: VOTER last_known_addr { host: "127.12.114.3" port: 41269 }, Status: LMP_MISMATCH, Last received: 0.0, Next index: 1, Last known committed idx: 0, Time since last communication: 0.000s
I20260608 12:45:19.676983 15954 consensus_queue.cc:1048] T 4dafe42a371b4faa85c42cf3ed90d160 P 59739ace2d9d441f939568254c188bd4 [LEADER]: Connected to new peer: Peer: permanent_uuid: "c36d683309614aad8a72dd2354400444" member_type: VOTER last_known_addr { host: "127.12.114.2" port: 42219 }, Status: LMP_MISMATCH, Last received: 0.0, Next index: 1, Last known committed idx: 0, Time since last communication: 0.000s
I20260608 12:45:19.691162 15938 consensus_queue.cc:1048] T 37b4ede04ebd4509a477a8d8f7550ba3 P c36d683309614aad8a72dd2354400444 [LEADER]: Connected to new peer: Peer: permanent_uuid: "59739ace2d9d441f939568254c188bd4" member_type: VOTER last_known_addr { host: "127.12.114.1" port: 35869 }, Status: LMP_MISMATCH, Last received: 0.0, Next index: 1, Last known committed idx: 0, Time since last communication: 0.000s
I20260608 12:45:19.794479 15938 consensus_queue.cc:1048] T d44940cd191f4446884277eea8e97cf9 P c36d683309614aad8a72dd2354400444 [LEADER]: Connected to new peer: Peer: permanent_uuid: "59739ace2d9d441f939568254c188bd4" member_type: VOTER last_known_addr { host: "127.12.114.1" port: 35869 }, Status: LMP_MISMATCH, Last received: 0.0, Next index: 1, Last known committed idx: 0, Time since last communication: 0.000s
I20260608 12:45:19.806720 15983 consensus_queue.cc:1048] T d44940cd191f4446884277eea8e97cf9 P c36d683309614aad8a72dd2354400444 [LEADER]: Connected to new peer: Peer: permanent_uuid: "e69344bfb5194906856f7c6ccccd4f7f" member_type: VOTER last_known_addr { host: "127.12.114.3" port: 41269 }, Status: LMP_MISMATCH, Last received: 0.0, Next index: 1, Last known committed idx: 0, Time since last communication: 0.000s
W20260608 12:45:19.894315 15681 auto_rebalancer.cc:259] Could not retrieve cluster info: Service unavailable: Tablet not running
I20260608 12:45:19.970856 15938 consensus_queue.cc:1048] T e8a1b1b1bcca4c89aaa2085d923f6102 P c36d683309614aad8a72dd2354400444 [LEADER]: Connected to new peer: Peer: permanent_uuid: "e69344bfb5194906856f7c6ccccd4f7f" member_type: VOTER last_known_addr { host: "127.12.114.3" port: 41269 }, Status: LMP_MISMATCH, Last received: 0.0, Next index: 1, Last known committed idx: 0, Time since last communication: 0.000s
I20260608 12:45:19.984050 15983 consensus_queue.cc:1048] T e8a1b1b1bcca4c89aaa2085d923f6102 P c36d683309614aad8a72dd2354400444 [LEADER]: Connected to new peer: Peer: permanent_uuid: "59739ace2d9d441f939568254c188bd4" member_type: VOTER last_known_addr { host: "127.12.114.1" port: 35869 }, Status: LMP_MISMATCH, Last received: 0.0, Next index: 1, Last known committed idx: 0, Time since last communication: 0.000s
I20260608 12:45:20.551724 15934 raft_consensus.cc:493] T 46bb611c59224112999c79b7201cae97 P 59739ace2d9d441f939568254c188bd4 [term 1 FOLLOWER]: Starting pre-election (no leader contacted us within the election timeout)
I20260608 12:45:20.552294 15934 raft_consensus.cc:515] T 46bb611c59224112999c79b7201cae97 P 59739ace2d9d441f939568254c188bd4 [term 1 FOLLOWER]: Starting pre-election with config: opid_index: -1 OBSOLETE_local: false peers { permanent_uuid: "c36d683309614aad8a72dd2354400444" member_type: VOTER last_known_addr { host: "127.12.114.2" port: 42219 } } peers { permanent_uuid: "59739ace2d9d441f939568254c188bd4" member_type: VOTER last_known_addr { host: "127.12.114.1" port: 35869 } } peers { permanent_uuid: "e69344bfb5194906856f7c6ccccd4f7f" member_type: VOTER last_known_addr { host: "127.12.114.3" port: 41269 } }
I20260608 12:45:20.554209 15934 leader_election.cc:290] T 46bb611c59224112999c79b7201cae97 P 59739ace2d9d441f939568254c188bd4 [CANDIDATE]: Term 2 pre-election: Requested pre-vote from peers c36d683309614aad8a72dd2354400444 (127.12.114.2:42219), e69344bfb5194906856f7c6ccccd4f7f (127.12.114.3:41269)
I20260608 12:45:20.554957 15809 tablet_service.cc:1917] Received RequestConsensusVote() RPC: tablet_id: "46bb611c59224112999c79b7201cae97" candidate_uuid: "59739ace2d9d441f939568254c188bd4" candidate_term: 2 candidate_status { last_received { term: 0 index: 0 } } ignore_live_leader: false dest_uuid: "c36d683309614aad8a72dd2354400444" is_pre_election: true
I20260608 12:45:20.555245 15884 tablet_service.cc:1917] Received RequestConsensusVote() RPC: tablet_id: "46bb611c59224112999c79b7201cae97" candidate_uuid: "59739ace2d9d441f939568254c188bd4" candidate_term: 2 candidate_status { last_received { term: 0 index: 0 } } ignore_live_leader: false dest_uuid: "e69344bfb5194906856f7c6ccccd4f7f" is_pre_election: true
I20260608 12:45:20.555656 15809 raft_consensus.cc:2468] T 46bb611c59224112999c79b7201cae97 P c36d683309614aad8a72dd2354400444 [term 1 FOLLOWER]: Leader pre-election vote request: Granting yes vote for candidate 59739ace2d9d441f939568254c188bd4 in term 1.
I20260608 12:45:20.556010 15884 raft_consensus.cc:2468] T 46bb611c59224112999c79b7201cae97 P e69344bfb5194906856f7c6ccccd4f7f [term 1 FOLLOWER]: Leader pre-election vote request: Granting yes vote for candidate 59739ace2d9d441f939568254c188bd4 in term 1.
I20260608 12:45:20.556955 15701 leader_election.cc:304] T 46bb611c59224112999c79b7201cae97 P 59739ace2d9d441f939568254c188bd4 [CANDIDATE]: Term 2 pre-election: Election decided. Result: candidate won. Election summary: received 2 responses out of 3 voters: 2 yes votes; 0 no votes. yes voters: 59739ace2d9d441f939568254c188bd4, c36d683309614aad8a72dd2354400444; no voters: 
I20260608 12:45:20.557724 15934 raft_consensus.cc:2804] T 46bb611c59224112999c79b7201cae97 P 59739ace2d9d441f939568254c188bd4 [term 1 FOLLOWER]: Leader pre-election won for term 2
I20260608 12:45:20.558043 15934 raft_consensus.cc:493] T 46bb611c59224112999c79b7201cae97 P 59739ace2d9d441f939568254c188bd4 [term 1 FOLLOWER]: Starting leader election (no leader contacted us within the election timeout)
I20260608 12:45:20.558364 15934 raft_consensus.cc:3060] T 46bb611c59224112999c79b7201cae97 P 59739ace2d9d441f939568254c188bd4 [term 1 FOLLOWER]: Advancing to term 2
I20260608 12:45:20.562984 15934 raft_consensus.cc:515] T 46bb611c59224112999c79b7201cae97 P 59739ace2d9d441f939568254c188bd4 [term 2 FOLLOWER]: Starting leader election with config: opid_index: -1 OBSOLETE_local: false peers { permanent_uuid: "c36d683309614aad8a72dd2354400444" member_type: VOTER last_known_addr { host: "127.12.114.2" port: 42219 } } peers { permanent_uuid: "59739ace2d9d441f939568254c188bd4" member_type: VOTER last_known_addr { host: "127.12.114.1" port: 35869 } } peers { permanent_uuid: "e69344bfb5194906856f7c6ccccd4f7f" member_type: VOTER last_known_addr { host: "127.12.114.3" port: 41269 } }
I20260608 12:45:20.564673 15934 leader_election.cc:290] T 46bb611c59224112999c79b7201cae97 P 59739ace2d9d441f939568254c188bd4 [CANDIDATE]: Term 2 election: Requested vote from peers c36d683309614aad8a72dd2354400444 (127.12.114.2:42219), e69344bfb5194906856f7c6ccccd4f7f (127.12.114.3:41269)
I20260608 12:45:20.565634 15809 tablet_service.cc:1917] Received RequestConsensusVote() RPC: tablet_id: "46bb611c59224112999c79b7201cae97" candidate_uuid: "59739ace2d9d441f939568254c188bd4" candidate_term: 2 candidate_status { last_received { term: 0 index: 0 } } ignore_live_leader: false dest_uuid: "c36d683309614aad8a72dd2354400444"
I20260608 12:45:20.565788 15884 tablet_service.cc:1917] Received RequestConsensusVote() RPC: tablet_id: "46bb611c59224112999c79b7201cae97" candidate_uuid: "59739ace2d9d441f939568254c188bd4" candidate_term: 2 candidate_status { last_received { term: 0 index: 0 } } ignore_live_leader: false dest_uuid: "e69344bfb5194906856f7c6ccccd4f7f"
I20260608 12:45:20.566184 15809 raft_consensus.cc:3060] T 46bb611c59224112999c79b7201cae97 P c36d683309614aad8a72dd2354400444 [term 1 FOLLOWER]: Advancing to term 2
I20260608 12:45:20.566351 15884 raft_consensus.cc:3060] T 46bb611c59224112999c79b7201cae97 P e69344bfb5194906856f7c6ccccd4f7f [term 1 FOLLOWER]: Advancing to term 2
I20260608 12:45:20.571089 15884 raft_consensus.cc:2468] T 46bb611c59224112999c79b7201cae97 P e69344bfb5194906856f7c6ccccd4f7f [term 2 FOLLOWER]: Leader election vote request: Granting yes vote for candidate 59739ace2d9d441f939568254c188bd4 in term 2.
I20260608 12:45:20.571517 15809 raft_consensus.cc:2468] T 46bb611c59224112999c79b7201cae97 P c36d683309614aad8a72dd2354400444 [term 2 FOLLOWER]: Leader election vote request: Granting yes vote for candidate 59739ace2d9d441f939568254c188bd4 in term 2.
I20260608 12:45:20.572213 15698 leader_election.cc:304] T 46bb611c59224112999c79b7201cae97 P 59739ace2d9d441f939568254c188bd4 [CANDIDATE]: Term 2 election: Election decided. Result: candidate won. Election summary: received 2 responses out of 3 voters: 2 yes votes; 0 no votes. yes voters: 59739ace2d9d441f939568254c188bd4, e69344bfb5194906856f7c6ccccd4f7f; no voters: 
I20260608 12:45:20.573125 15934 raft_consensus.cc:2804] T 46bb611c59224112999c79b7201cae97 P 59739ace2d9d441f939568254c188bd4 [term 2 FOLLOWER]: Leader election won for term 2
I20260608 12:45:20.573652 15934 raft_consensus.cc:697] T 46bb611c59224112999c79b7201cae97 P 59739ace2d9d441f939568254c188bd4 [term 2 LEADER]: Becoming Leader. State: Replica: 59739ace2d9d441f939568254c188bd4, State: Running, Role: LEADER
I20260608 12:45:20.574375 15934 consensus_queue.cc:237] T 46bb611c59224112999c79b7201cae97 P 59739ace2d9d441f939568254c188bd4 [LEADER]: Queue going to LEADER mode. State: All replicated index: 0, Majority replicated index: 0, Committed index: 0, Last appended: 0.0, Last appended by leader: 0, Current term: 2, Majority size: 2, State: 0, Mode: LEADER, active raft config: opid_index: -1 OBSOLETE_local: false peers { permanent_uuid: "c36d683309614aad8a72dd2354400444" member_type: VOTER last_known_addr { host: "127.12.114.2" port: 42219 } } peers { permanent_uuid: "59739ace2d9d441f939568254c188bd4" member_type: VOTER last_known_addr { host: "127.12.114.1" port: 35869 } } peers { permanent_uuid: "e69344bfb5194906856f7c6ccccd4f7f" member_type: VOTER last_known_addr { host: "127.12.114.3" port: 41269 } }
I20260608 12:45:20.582311 15632 catalog_manager.cc:5696] T 46bb611c59224112999c79b7201cae97 P 59739ace2d9d441f939568254c188bd4 reported cstate change: term changed from 0 to 2, leader changed from <none> to 59739ace2d9d441f939568254c188bd4 (127.12.114.1). New cstate: current_term: 2 leader_uuid: "59739ace2d9d441f939568254c188bd4" committed_config { opid_index: -1 OBSOLETE_local: false peers { permanent_uuid: "c36d683309614aad8a72dd2354400444" member_type: VOTER last_known_addr { host: "127.12.114.2" port: 42219 } health_report { overall_health: UNKNOWN } } peers { permanent_uuid: "59739ace2d9d441f939568254c188bd4" member_type: VOTER last_known_addr { host: "127.12.114.1" port: 35869 } health_report { overall_health: HEALTHY } } peers { permanent_uuid: "e69344bfb5194906856f7c6ccccd4f7f" member_type: VOTER last_known_addr { host: "127.12.114.3" port: 41269 } health_report { overall_health: UNKNOWN } } }
I20260608 12:45:20.716971 12744 file_cache.cc:492] Constructed file cache file cache with capacity 419430
W20260608 12:45:20.724273 16003 instance_detector.cc:116] could not retrieve AWS instance metadata: Network error: curl error: HTTP response code said error: The requested URL returned error: 404
W20260608 12:45:20.724592 16004 instance_detector.cc:116] could not retrieve Azure instance metadata: Network error: curl error: HTTP response code said error: The requested URL returned error: 404
W20260608 12:45:20.726891 16006 instance_detector.cc:116] could not retrieve OpenStack instance metadata: Network error: curl error: HTTP response code said error: The requested URL returned error: 404
I20260608 12:45:20.727624 12744 server_base.cc:1061] running on GCE node
I20260608 12:45:20.728794 12744 hybrid_clock.cc:584] initializing the hybrid clock with 'system_unsync' time source
W20260608 12:45:20.729058 12744 system_unsync_time.cc:38] NTP support is disabled. Clock error bounds will not be accurate. This configuration is not suitable for distributed clusters.
I20260608 12:45:20.729256 12744 hybrid_clock.cc:648] HybridClock initialized: now 1780922720729241 us; error 0 us; skew 500 ppm
I20260608 12:45:20.729967 12744 server_base.cc:861] Flag tcmalloc_max_total_thread_cache_bytes is not working since tcmalloc is not enabled.
I20260608 12:45:20.732838 12744 webserver.cc:533] Webserver started at http://127.12.114.4:38275/ using document root <none> and password file <none>
I20260608 12:45:20.733446 12744 fs_manager.cc:362] Metadata directory not provided
I20260608 12:45:20.733677 12744 fs_manager.cc:368] Using write-ahead log directory (fs_wal_dir) as metadata directory
I20260608 12:45:20.734040 12744 server_base.cc:909] This appears to be a new deployment of Kudu; creating new FS layout
I20260608 12:45:20.735282 12744 fs_manager.cc:1068] Generated new instance metadata in path /tmp/dist-test-taskXApwhj/test-tmp/auto_rebalancer-test.0.AutoRebalancerTest.RangeAwareRebalancesNewRangeReplicas.1780922636698114-12744-0/minicluster-data/ts-3-root/instance:
uuid: "56c7653d7d3a4aef8e1c38a21a3b16e4"
format_stamp: "Formatted at 2026-06-08 12:45:20 on dist-test-slave-wpl9"
I20260608 12:45:20.740676 12744 fs_manager.cc:696] Time spent creating directory manager: real 0.005s	user 0.004s	sys 0.000s
I20260608 12:45:20.744851 16011 log_block_manager.cc:4031] Time spent loading block containers with low live blocks: real 0.000s	user 0.000s	sys 0.000s
I20260608 12:45:20.745743 12744 fs_manager.cc:730] Time spent opening block manager: real 0.003s	user 0.004s	sys 0.000s
I20260608 12:45:20.746121 12744 fs_manager.cc:647] Opened local filesystem: /tmp/dist-test-taskXApwhj/test-tmp/auto_rebalancer-test.0.AutoRebalancerTest.RangeAwareRebalancesNewRangeReplicas.1780922636698114-12744-0/minicluster-data/ts-3-root
uuid: "56c7653d7d3a4aef8e1c38a21a3b16e4"
format_stamp: "Formatted at 2026-06-08 12:45:20 on dist-test-slave-wpl9"
I20260608 12:45:20.746447 12744 fs_report.cc:389] FS layout report
--------------------
wal directory: /tmp/dist-test-taskXApwhj/test-tmp/auto_rebalancer-test.0.AutoRebalancerTest.RangeAwareRebalancesNewRangeReplicas.1780922636698114-12744-0/minicluster-data/ts-3-root
metadata directory: /tmp/dist-test-taskXApwhj/test-tmp/auto_rebalancer-test.0.AutoRebalancerTest.RangeAwareRebalancesNewRangeReplicas.1780922636698114-12744-0/minicluster-data/ts-3-root
1 data directories: /tmp/dist-test-taskXApwhj/test-tmp/auto_rebalancer-test.0.AutoRebalancerTest.RangeAwareRebalancesNewRangeReplicas.1780922636698114-12744-0/minicluster-data/ts-3-root/data
Total live blocks: 0
Total live bytes: 0
Total live bytes (after alignment): 0
Total number of LBM containers: 0 (0 full)
Did not check for missing blocks
Did not check for orphaned blocks
Total full LBM containers with extra space: 0 (0 repaired)
Total full LBM container extra space in bytes: 0 (0 repaired)
Total incomplete LBM containers: 0 (0 repaired)
Total LBM partial records: 0 (0 repaired)
Total corrupted LBM metadata records in RocksDB: 0 (0 repaired)
I20260608 12:45:20.775161 12744 rpc_server.cc:225] running with OpenSSL 1.1.1  11 Sep 2018
I20260608 12:45:20.776667 12744 kserver.cc:163] Server-wide thread pool size limit: 3276
I20260608 12:45:20.778285 12744 txn_system_client.cc:432] TxnSystemClient initialization is disabled...
I20260608 12:45:20.780915 12744 ts_tablet_manager.cc:585] Loaded tablet metadata (0 total tablets, 0 live tablets)
I20260608 12:45:20.781157 12744 ts_tablet_manager.cc:531] Time spent load tablet metadata: real 0.000s	user 0.000s	sys 0.000s
I20260608 12:45:20.781409 12744 ts_tablet_manager.cc:616] Registered 0 tablets
I20260608 12:45:20.781605 12744 ts_tablet_manager.cc:595] Time spent register tablets: real 0.000s	user 0.000s	sys 0.000s
I20260608 12:45:20.827633 12744 rpc_server.cc:307] RPC server started. Bound to: 127.12.114.4:33027
I20260608 12:45:20.827770 16073 acceptor_pool.cc:272] collecting diagnostics on the listening RPC socket 127.12.114.4:33027 every 8 connection(s)
I20260608 12:45:20.834920 15632 catalog_manager.cc:3569] Servicing AlterTable request from {username='slave'} at 127.0.0.1:57912:
table { table_name: "range_aware_rebalance_new_range" } alter_schema_steps { type: ADD_RANGE_PARTITION add_range_partition { range_bounds { rows: "\006\001\n\000\000\000\007\001\024\000\000\000""\006\001\n\000\000\000\007\001\024\000\000\000" indirect_data: """" } } } schema { columns { name: "key" type: INT32 is_key: true is_nullable: false encoding: AUTO_ENCODING compression: DEFAULT_COMPRESSION cfile_block_size: 0 immutable: false } } modify_external_catalogs: true
I20260608 12:45:20.849279 16074 heartbeater.cc:344] Connected to a master server at 127.12.114.62:37117
I20260608 12:45:20.849776 16074 heartbeater.cc:461] Registering TS with master...
I20260608 12:45:20.850742 16074 heartbeater.cc:507] Master 127.12.114.62:37117 requested a full tablet report, sending...
I20260608 12:45:20.853212 15633 ts_manager.cc:194] Registered new tserver with Master: 56c7653d7d3a4aef8e1c38a21a3b16e4 (127.12.114.4:33027)
I20260608 12:45:20.855228 15633 master_service.cc:502] Signed X509 certificate for tserver {username='slave'} at 127.0.0.1:57916
W20260608 12:45:20.860385 15632 catalog_manager.cc:5956] Failed to send alter table request: Not found: failed to reset TS proxy: No leader found: Tablet 2af1d4f429454abbbac0cefdc789941f has no consensus state
W20260608 12:45:20.861944 15632 catalog_manager.cc:5956] Failed to send alter table request: Not found: failed to reset TS proxy: No leader found: Tablet 01212996af7d4b1a982b1d6f49d211bd has no consensus state
W20260608 12:45:20.863373 15632 catalog_manager.cc:5956] Failed to send alter table request: Not found: failed to reset TS proxy: No leader found: Tablet 13c748831abd415eabcbaa40fb2cd274 has no consensus state
W20260608 12:45:20.864593 15632 catalog_manager.cc:5956] Failed to send alter table request: Not found: failed to reset TS proxy: No leader found: Tablet c78f09f1accc49df8132e2fdc0bbf4ff has no consensus state
W20260608 12:45:20.866106 15632 catalog_manager.cc:5956] Failed to send alter table request: Not found: failed to reset TS proxy: No leader found: Tablet 35c79e2ed73c4df5b491282a5e345be1 has no consensus state
W20260608 12:45:20.868081 15632 catalog_manager.cc:5956] Failed to send alter table request: Not found: failed to reset TS proxy: No leader found: Tablet 9c481de0182c4cbcb734ae7821c345b3 has no consensus state
W20260608 12:45:20.869628 15632 catalog_manager.cc:5956] Failed to send alter table request: Not found: failed to reset TS proxy: No leader found: Tablet 62efe033e58442b990ddeb86ed8f0cfd has no consensus state
W20260608 12:45:20.871054 15632 catalog_manager.cc:5956] Failed to send alter table request: Not found: failed to reset TS proxy: No leader found: Tablet 521ae2cd26eb4ee39d5f5666aef36f6c has no consensus state
W20260608 12:45:20.885859 15619 catalog_manager.cc:4809] Async tablet task AlterTable RPC for tablet 2af1d4f429454abbbac0cefdc789941f (table range_aware_rebalance_new_range [id=36ff8cb9dbc94913a0930052df010214], current schema version=0) failed: Not found: failed to reset TS proxy: No leader found: Tablet 2af1d4f429454abbbac0cefdc789941f has no consensus state
I20260608 12:45:20.895117 15686 auto_leader_rebalancer.cc:140] leader rebalance for table range_aware_rebalance_new_range
