I20260608 12:44:06.246363 13942 raft_consensus.cc:385] T 00000000000000000000000000000000 P db4158381a154d689a46c1f20a7621dc [term 0 FOLLOWER]: Consensus starting up: Expiring failure detector timer to make a prompt election more likely
I20260608 12:44:06.246793 13942 raft_consensus.cc:740] T 00000000000000000000000000000000 P db4158381a154d689a46c1f20a7621dc [term 0 FOLLOWER]: Becoming Follower/Learner. State: Replica: db4158381a154d689a46c1f20a7621dc, State: Initialized, Role: FOLLOWER
I20260608 12:44:06.247705 13942 consensus_queue.cc:260] T 00000000000000000000000000000000 P db4158381a154d689a46c1f20a7621dc [NON_LEADER]: Queue going to NON_LEADER mode. State: All replicated index: 0, Majority replicated index: 0, Committed index: 0, Last appended: 0.0, Last appended by leader: 0, Current term: 0, Majority size: -1, State: 0, Mode: NON_LEADER, active raft config: opid_index: -1 OBSOLETE_local: false peers { permanent_uuid: "5b4635278bad4daaaf77eead7b359d83" member_type: VOTER last_known_addr { host: "127.12.99.62" port: 33357 } } peers { permanent_uuid: "9f8e5fbc71a24df0b8be6a97032a73ac" member_type: VOTER last_known_addr { host: "127.12.99.61" port: 33903 } } peers { permanent_uuid: "db4158381a154d689a46c1f20a7621dc" member_type: VOTER last_known_addr { host: "127.12.99.60" port: 40611 } }
I20260608 12:44:06.253034 13812 tablet_bootstrap.cc:654] T 00000000000000000000000000000000 P 5b4635278bad4daaaf77eead7b359d83: Neither blocks nor log segments found. Creating new log.
I20260608 12:44:06.252628 13959 sys_catalog.cc:455] T 00000000000000000000000000000000 P db4158381a154d689a46c1f20a7621dc [sys.catalog]: SysCatalogTable state changed. Reason: RaftConsensus started. Latest consensus state: current_term: 0 committed_config { opid_index: -1 OBSOLETE_local: false peers { permanent_uuid: "5b4635278bad4daaaf77eead7b359d83" member_type: VOTER last_known_addr { host: "127.12.99.62" port: 33357 } } peers { permanent_uuid: "9f8e5fbc71a24df0b8be6a97032a73ac" member_type: VOTER last_known_addr { host: "127.12.99.61" port: 33903 } } peers { permanent_uuid: "db4158381a154d689a46c1f20a7621dc" member_type: VOTER last_known_addr { host: "127.12.99.60" port: 40611 } } }
I20260608 12:44:06.253592 13959 sys_catalog.cc:458] T 00000000000000000000000000000000 P db4158381a154d689a46c1f20a7621dc [sys.catalog]: This master's current role is: FOLLOWER
I20260608 12:44:06.254221 13942 sys_catalog.cc:565] T 00000000000000000000000000000000 P db4158381a154d689a46c1f20a7621dc [sys.catalog]: configured and running, proceeding with master startup.
W20260608 12:44:06.256111 13960 catalog_manager.cc:1593] T 00000000000000000000000000000000 P 9f8e5fbc71a24df0b8be6a97032a73ac: loading cluster ID for follower catalog manager: Not found: cluster ID entry not found
W20260608 12:44:06.256557 13960 catalog_manager.cc:883] Not found: cluster ID entry not found: failed to prepare follower catalog manager, will retry
I20260608 12:44:06.258991 13812 tablet_bootstrap.cc:492] T 00000000000000000000000000000000 P 5b4635278bad4daaaf77eead7b359d83: No bootstrap required, opened a new log
I20260608 12:44:06.261550 13812 raft_consensus.cc:359] T 00000000000000000000000000000000 P 5b4635278bad4daaaf77eead7b359d83 [term 0 FOLLOWER]: Replica starting. Triggering 0 pending ops. Active config: opid_index: -1 OBSOLETE_local: false peers { permanent_uuid: "5b4635278bad4daaaf77eead7b359d83" member_type: VOTER last_known_addr { host: "127.12.99.62" port: 33357 } } peers { permanent_uuid: "9f8e5fbc71a24df0b8be6a97032a73ac" member_type: VOTER last_known_addr { host: "127.12.99.61" port: 33903 } } peers { permanent_uuid: "db4158381a154d689a46c1f20a7621dc" member_type: VOTER last_known_addr { host: "127.12.99.60" port: 40611 } }
I20260608 12:44:06.262236 13812 raft_consensus.cc:385] T 00000000000000000000000000000000 P 5b4635278bad4daaaf77eead7b359d83 [term 0 FOLLOWER]: Consensus starting up: Expiring failure detector timer to make a prompt election more likely
I20260608 12:44:06.262523 13812 raft_consensus.cc:740] T 00000000000000000000000000000000 P 5b4635278bad4daaaf77eead7b359d83 [term 0 FOLLOWER]: Becoming Follower/Learner. State: Replica: 5b4635278bad4daaaf77eead7b359d83, State: Initialized, Role: FOLLOWER
I20260608 12:44:06.263275 13812 consensus_queue.cc:260] T 00000000000000000000000000000000 P 5b4635278bad4daaaf77eead7b359d83 [NON_LEADER]: Queue going to NON_LEADER mode. State: All replicated index: 0, Majority replicated index: 0, Committed index: 0, Last appended: 0.0, Last appended by leader: 0, Current term: 0, Majority size: -1, State: 0, Mode: NON_LEADER, active raft config: opid_index: -1 OBSOLETE_local: false peers { permanent_uuid: "5b4635278bad4daaaf77eead7b359d83" member_type: VOTER last_known_addr { host: "127.12.99.62" port: 33357 } } peers { permanent_uuid: "9f8e5fbc71a24df0b8be6a97032a73ac" member_type: VOTER last_known_addr { host: "127.12.99.61" port: 33903 } } peers { permanent_uuid: "db4158381a154d689a46c1f20a7621dc" member_type: VOTER last_known_addr { host: "127.12.99.60" port: 40611 } }
I20260608 12:44:06.265347 13971 sys_catalog.cc:455] T 00000000000000000000000000000000 P 5b4635278bad4daaaf77eead7b359d83 [sys.catalog]: SysCatalogTable state changed. Reason: RaftConsensus started. Latest consensus state: current_term: 0 committed_config { opid_index: -1 OBSOLETE_local: false peers { permanent_uuid: "5b4635278bad4daaaf77eead7b359d83" member_type: VOTER last_known_addr { host: "127.12.99.62" port: 33357 } } peers { permanent_uuid: "9f8e5fbc71a24df0b8be6a97032a73ac" member_type: VOTER last_known_addr { host: "127.12.99.61" port: 33903 } } peers { permanent_uuid: "db4158381a154d689a46c1f20a7621dc" member_type: VOTER last_known_addr { host: "127.12.99.60" port: 40611 } } }
I20260608 12:44:06.266126 13971 sys_catalog.cc:458] T 00000000000000000000000000000000 P 5b4635278bad4daaaf77eead7b359d83 [sys.catalog]: This master's current role is: FOLLOWER
I20260608 12:44:06.266835 13812 sys_catalog.cc:565] T 00000000000000000000000000000000 P 5b4635278bad4daaaf77eead7b359d83 [sys.catalog]: configured and running, proceeding with master startup.
W20260608 12:44:06.269134 13973 catalog_manager.cc:1593] T 00000000000000000000000000000000 P db4158381a154d689a46c1f20a7621dc: loading cluster ID for follower catalog manager: Not found: cluster ID entry not found
W20260608 12:44:06.269424 13973 catalog_manager.cc:883] Not found: cluster ID entry not found: failed to prepare follower catalog manager, will retry
I20260608 12:44:06.277124 12684 internal_mini_cluster.cc:184] Waiting to initialize catalog manager on master 1
I20260608 12:44:06.277475 12684 internal_mini_cluster.cc:184] Waiting to initialize catalog manager on master 2
I20260608 12:44:06.279388 12684 file_cache.cc:492] Constructed file cache file cache with capacity 419430
W20260608 12:44:06.281635 13984 catalog_manager.cc:1593] T 00000000000000000000000000000000 P 5b4635278bad4daaaf77eead7b359d83: loading cluster ID for follower catalog manager: Not found: cluster ID entry not found
W20260608 12:44:06.281991 13984 catalog_manager.cc:883] Not found: cluster ID entry not found: failed to prepare follower catalog manager, will retry
W20260608 12:44:06.287097 13985 instance_detector.cc:116] could not retrieve AWS instance metadata: Network error: curl error: HTTP response code said error: The requested URL returned error: 404
I20260608 12:44:06.287539 13947 raft_consensus.cc:493] T 00000000000000000000000000000000 P 9f8e5fbc71a24df0b8be6a97032a73ac [term 0 FOLLOWER]: Starting pre-election (no leader contacted us within the election timeout)
W20260608 12:44:06.287811 13986 instance_detector.cc:116] could not retrieve Azure instance metadata: Network error: curl error: HTTP response code said error: The requested URL returned error: 404
I20260608 12:44:06.288187 13947 raft_consensus.cc:515] T 00000000000000000000000000000000 P 9f8e5fbc71a24df0b8be6a97032a73ac [term 0 FOLLOWER]: Starting pre-election with config: opid_index: -1 OBSOLETE_local: false peers { permanent_uuid: "5b4635278bad4daaaf77eead7b359d83" member_type: VOTER last_known_addr { host: "127.12.99.62" port: 33357 } } peers { permanent_uuid: "9f8e5fbc71a24df0b8be6a97032a73ac" member_type: VOTER last_known_addr { host: "127.12.99.61" port: 33903 } } peers { permanent_uuid: "db4158381a154d689a46c1f20a7621dc" member_type: VOTER last_known_addr { host: "127.12.99.60" port: 40611 } }
W20260608 12:44:06.288767 13988 instance_detector.cc:116] could not retrieve OpenStack instance metadata: Network error: curl error: HTTP response code said error: The requested URL returned error: 404
I20260608 12:44:06.289592 12684 server_base.cc:1061] running on GCE node
I20260608 12:44:06.290450 12684 hybrid_clock.cc:584] initializing the hybrid clock with 'system_unsync' time source
W20260608 12:44:06.290729 12684 system_unsync_time.cc:38] NTP support is disabled. Clock error bounds will not be accurate. This configuration is not suitable for distributed clusters.
I20260608 12:44:06.291109 12684 hybrid_clock.cc:648] HybridClock initialized: now 1780922646291087 us; error 0 us; skew 500 ppm
I20260608 12:44:06.290659 13947 leader_election.cc:290] T 00000000000000000000000000000000 P 9f8e5fbc71a24df0b8be6a97032a73ac [CANDIDATE]: Term 1 pre-election: Requested pre-vote from peers 5b4635278bad4daaaf77eead7b359d83 (127.12.99.62:33357), db4158381a154d689a46c1f20a7621dc (127.12.99.60:40611)
I20260608 12:44:06.291527 13787 tablet_service.cc:1917] Received RequestConsensusVote() RPC: tablet_id: "00000000000000000000000000000000" candidate_uuid: "9f8e5fbc71a24df0b8be6a97032a73ac" candidate_term: 1 candidate_status { last_received { term: 0 index: 0 } } ignore_live_leader: false dest_uuid: "5b4635278bad4daaaf77eead7b359d83" is_pre_election: true
I20260608 12:44:06.291992 12684 server_base.cc:861] Flag tcmalloc_max_total_thread_cache_bytes is not working since tcmalloc is not enabled.
I20260608 12:44:06.291802 13917 tablet_service.cc:1917] Received RequestConsensusVote() RPC: tablet_id: "00000000000000000000000000000000" candidate_uuid: "9f8e5fbc71a24df0b8be6a97032a73ac" candidate_term: 1 candidate_status { last_received { term: 0 index: 0 } } ignore_live_leader: false dest_uuid: "db4158381a154d689a46c1f20a7621dc" is_pre_election: true
I20260608 12:44:06.292256 13787 raft_consensus.cc:2468] T 00000000000000000000000000000000 P 5b4635278bad4daaaf77eead7b359d83 [term 0 FOLLOWER]: Leader pre-election vote request: Granting yes vote for candidate 9f8e5fbc71a24df0b8be6a97032a73ac in term 0.
I20260608 12:44:06.292526 13917 raft_consensus.cc:2468] T 00000000000000000000000000000000 P db4158381a154d689a46c1f20a7621dc [term 0 FOLLOWER]: Leader pre-election vote request: Granting yes vote for candidate 9f8e5fbc71a24df0b8be6a97032a73ac in term 0.
I20260608 12:44:06.293852 13826 leader_election.cc:304] T 00000000000000000000000000000000 P 9f8e5fbc71a24df0b8be6a97032a73ac [CANDIDATE]: Term 1 pre-election: Election decided. Result: candidate won. Election summary: received 2 responses out of 3 voters: 2 yes votes; 0 no votes. yes voters: 5b4635278bad4daaaf77eead7b359d83, 9f8e5fbc71a24df0b8be6a97032a73ac; no voters: 
I20260608 12:44:06.294569 13947 raft_consensus.cc:2804] T 00000000000000000000000000000000 P 9f8e5fbc71a24df0b8be6a97032a73ac [term 0 FOLLOWER]: Leader pre-election won for term 1
I20260608 12:44:06.294953 13947 raft_consensus.cc:493] T 00000000000000000000000000000000 P 9f8e5fbc71a24df0b8be6a97032a73ac [term 0 FOLLOWER]: Starting leader election (no leader contacted us within the election timeout)
I20260608 12:44:06.295015 12684 webserver.cc:533] Webserver started at http://127.12.99.1:38519/ using document root <none> and password file <none>
I20260608 12:44:06.295379 13947 raft_consensus.cc:3060] T 00000000000000000000000000000000 P 9f8e5fbc71a24df0b8be6a97032a73ac [term 0 FOLLOWER]: Advancing to term 1
I20260608 12:44:06.295831 12684 fs_manager.cc:362] Metadata directory not provided
I20260608 12:44:06.296124 12684 fs_manager.cc:368] Using write-ahead log directory (fs_wal_dir) as metadata directory
I20260608 12:44:06.296450 12684 server_base.cc:909] This appears to be a new deployment of Kudu; creating new FS layout
I20260608 12:44:06.297941 12684 fs_manager.cc:1068] Generated new instance metadata in path /tmp/dist-test-task3mKyNY/test-tmp/auto_rebalancer-test.0.AutoRebalancerTest.NextLeaderResumesAutoRebalancing.1780922631856844-12684-0/minicluster-data/ts-0-root/instance:
uuid: "250f7224ef624cf98353e6053bcb24a5"
format_stamp: "Formatted at 2026-06-08 12:44:06 on dist-test-slave-8mpf"
I20260608 12:44:06.301777 13947 raft_consensus.cc:515] T 00000000000000000000000000000000 P 9f8e5fbc71a24df0b8be6a97032a73ac [term 1 FOLLOWER]: Starting leader election with config: opid_index: -1 OBSOLETE_local: false peers { permanent_uuid: "5b4635278bad4daaaf77eead7b359d83" member_type: VOTER last_known_addr { host: "127.12.99.62" port: 33357 } } peers { permanent_uuid: "9f8e5fbc71a24df0b8be6a97032a73ac" member_type: VOTER last_known_addr { host: "127.12.99.61" port: 33903 } } peers { permanent_uuid: "db4158381a154d689a46c1f20a7621dc" member_type: VOTER last_known_addr { host: "127.12.99.60" port: 40611 } }
I20260608 12:44:06.303830 13947 leader_election.cc:290] T 00000000000000000000000000000000 P 9f8e5fbc71a24df0b8be6a97032a73ac [CANDIDATE]: Term 1 election: Requested vote from peers 5b4635278bad4daaaf77eead7b359d83 (127.12.99.62:33357), db4158381a154d689a46c1f20a7621dc (127.12.99.60:40611)
I20260608 12:44:06.304036 12684 fs_manager.cc:696] Time spent creating directory manager: real 0.005s	user 0.007s	sys 0.001s
I20260608 12:44:06.304768 13917 tablet_service.cc:1917] Received RequestConsensusVote() RPC: tablet_id: "00000000000000000000000000000000" candidate_uuid: "9f8e5fbc71a24df0b8be6a97032a73ac" candidate_term: 1 candidate_status { last_received { term: 0 index: 0 } } ignore_live_leader: false dest_uuid: "db4158381a154d689a46c1f20a7621dc"
I20260608 12:44:06.304654 13787 tablet_service.cc:1917] Received RequestConsensusVote() RPC: tablet_id: "00000000000000000000000000000000" candidate_uuid: "9f8e5fbc71a24df0b8be6a97032a73ac" candidate_term: 1 candidate_status { last_received { term: 0 index: 0 } } ignore_live_leader: false dest_uuid: "5b4635278bad4daaaf77eead7b359d83"
I20260608 12:44:06.305284 13917 raft_consensus.cc:3060] T 00000000000000000000000000000000 P db4158381a154d689a46c1f20a7621dc [term 0 FOLLOWER]: Advancing to term 1
I20260608 12:44:06.305344 13787 raft_consensus.cc:3060] T 00000000000000000000000000000000 P 5b4635278bad4daaaf77eead7b359d83 [term 0 FOLLOWER]: Advancing to term 1
I20260608 12:44:06.308125 13993 log_block_manager.cc:4031] Time spent loading block containers with low live blocks: real 0.000s	user 0.000s	sys 0.000s
I20260608 12:44:06.308974 12684 fs_manager.cc:730] Time spent opening block manager: real 0.003s	user 0.002s	sys 0.001s
I20260608 12:44:06.309257 12684 fs_manager.cc:647] Opened local filesystem: /tmp/dist-test-task3mKyNY/test-tmp/auto_rebalancer-test.0.AutoRebalancerTest.NextLeaderResumesAutoRebalancing.1780922631856844-12684-0/minicluster-data/ts-0-root
uuid: "250f7224ef624cf98353e6053bcb24a5"
format_stamp: "Formatted at 2026-06-08 12:44:06 on dist-test-slave-8mpf"
I20260608 12:44:06.309525 12684 fs_report.cc:389] FS layout report
--------------------
wal directory: /tmp/dist-test-task3mKyNY/test-tmp/auto_rebalancer-test.0.AutoRebalancerTest.NextLeaderResumesAutoRebalancing.1780922631856844-12684-0/minicluster-data/ts-0-root
metadata directory: /tmp/dist-test-task3mKyNY/test-tmp/auto_rebalancer-test.0.AutoRebalancerTest.NextLeaderResumesAutoRebalancing.1780922631856844-12684-0/minicluster-data/ts-0-root
1 data directories: /tmp/dist-test-task3mKyNY/test-tmp/auto_rebalancer-test.0.AutoRebalancerTest.NextLeaderResumesAutoRebalancing.1780922631856844-12684-0/minicluster-data/ts-0-root/data
Total live blocks: 0
Total live bytes: 0
Total live bytes (after alignment): 0
Total number of LBM containers: 0 (0 full)
Did not check for missing blocks
Did not check for orphaned blocks
Total full LBM containers with extra space: 0 (0 repaired)
Total full LBM container extra space in bytes: 0 (0 repaired)
Total incomplete LBM containers: 0 (0 repaired)
Total LBM partial records: 0 (0 repaired)
Total corrupted LBM metadata records in RocksDB: 0 (0 repaired)
I20260608 12:44:06.312178 13917 raft_consensus.cc:2468] T 00000000000000000000000000000000 P db4158381a154d689a46c1f20a7621dc [term 1 FOLLOWER]: Leader election vote request: Granting yes vote for candidate 9f8e5fbc71a24df0b8be6a97032a73ac in term 1.
I20260608 12:44:06.312178 13787 raft_consensus.cc:2468] T 00000000000000000000000000000000 P 5b4635278bad4daaaf77eead7b359d83 [term 1 FOLLOWER]: Leader election vote request: Granting yes vote for candidate 9f8e5fbc71a24df0b8be6a97032a73ac in term 1.
I20260608 12:44:06.313652 13826 leader_election.cc:304] T 00000000000000000000000000000000 P 9f8e5fbc71a24df0b8be6a97032a73ac [CANDIDATE]: Term 1 election: Election decided. Result: candidate won. Election summary: received 2 responses out of 3 voters: 2 yes votes; 0 no votes. yes voters: 5b4635278bad4daaaf77eead7b359d83, 9f8e5fbc71a24df0b8be6a97032a73ac; no voters: 
I20260608 12:44:06.314512 13947 raft_consensus.cc:2804] T 00000000000000000000000000000000 P 9f8e5fbc71a24df0b8be6a97032a73ac [term 1 FOLLOWER]: Leader election won for term 1
I20260608 12:44:06.315734 13947 raft_consensus.cc:697] T 00000000000000000000000000000000 P 9f8e5fbc71a24df0b8be6a97032a73ac [term 1 LEADER]: Becoming Leader. State: Replica: 9f8e5fbc71a24df0b8be6a97032a73ac, State: Running, Role: LEADER
I20260608 12:44:06.316402 13947 consensus_queue.cc:237] T 00000000000000000000000000000000 P 9f8e5fbc71a24df0b8be6a97032a73ac [LEADER]: Queue going to LEADER mode. State: All replicated index: 0, Majority replicated index: 0, Committed index: 0, Last appended: 0.0, Last appended by leader: 0, Current term: 1, Majority size: 2, State: 0, Mode: LEADER, active raft config: opid_index: -1 OBSOLETE_local: false peers { permanent_uuid: "5b4635278bad4daaaf77eead7b359d83" member_type: VOTER last_known_addr { host: "127.12.99.62" port: 33357 } } peers { permanent_uuid: "9f8e5fbc71a24df0b8be6a97032a73ac" member_type: VOTER last_known_addr { host: "127.12.99.61" port: 33903 } } peers { permanent_uuid: "db4158381a154d689a46c1f20a7621dc" member_type: VOTER last_known_addr { host: "127.12.99.60" port: 40611 } }
I20260608 12:44:06.321529 13998 sys_catalog.cc:455] T 00000000000000000000000000000000 P 9f8e5fbc71a24df0b8be6a97032a73ac [sys.catalog]: SysCatalogTable state changed. Reason: New leader 9f8e5fbc71a24df0b8be6a97032a73ac. Latest consensus state: current_term: 1 leader_uuid: "9f8e5fbc71a24df0b8be6a97032a73ac" committed_config { opid_index: -1 OBSOLETE_local: false peers { permanent_uuid: "5b4635278bad4daaaf77eead7b359d83" member_type: VOTER last_known_addr { host: "127.12.99.62" port: 33357 } } peers { permanent_uuid: "9f8e5fbc71a24df0b8be6a97032a73ac" member_type: VOTER last_known_addr { host: "127.12.99.61" port: 33903 } } peers { permanent_uuid: "db4158381a154d689a46c1f20a7621dc" member_type: VOTER last_known_addr { host: "127.12.99.60" port: 40611 } } }
I20260608 12:44:06.322258 13998 sys_catalog.cc:458] T 00000000000000000000000000000000 P 9f8e5fbc71a24df0b8be6a97032a73ac [sys.catalog]: This master's current role is: LEADER
I20260608 12:44:06.323916 14000 catalog_manager.cc:1510] Loading table and tablet metadata into memory...
I20260608 12:44:06.328744 14000 catalog_manager.cc:1519] Initializing Kudu cluster ID...
I20260608 12:44:06.333160 12684 rpc_server.cc:225] running with OpenSSL 1.1.1  11 Sep 2018
I20260608 12:44:06.334515 12684 kserver.cc:163] Server-wide thread pool size limit: 3276
I20260608 12:44:06.336632 12684 txn_system_client.cc:432] TxnSystemClient initialization is disabled...
I20260608 12:44:06.337774 13787 raft_consensus.cc:1275] T 00000000000000000000000000000000 P 5b4635278bad4daaaf77eead7b359d83 [term 1 FOLLOWER]: Refusing update from remote peer 9f8e5fbc71a24df0b8be6a97032a73ac: Log matching property violated. Preceding OpId in replica: term: 0 index: 0. Preceding OpId from leader: term: 1 index: 2. (index mismatch)
I20260608 12:44:06.337844 13917 raft_consensus.cc:1275] T 00000000000000000000000000000000 P db4158381a154d689a46c1f20a7621dc [term 1 FOLLOWER]: Refusing update from remote peer 9f8e5fbc71a24df0b8be6a97032a73ac: Log matching property violated. Preceding OpId in replica: term: 0 index: 0. Preceding OpId from leader: term: 1 index: 2. (index mismatch)
I20260608 12:44:06.339396 13947 consensus_queue.cc:1048] T 00000000000000000000000000000000 P 9f8e5fbc71a24df0b8be6a97032a73ac [LEADER]: Connected to new peer: Peer: permanent_uuid: "5b4635278bad4daaaf77eead7b359d83" member_type: VOTER last_known_addr { host: "127.12.99.62" port: 33357 }, Status: LMP_MISMATCH, Last received: 0.0, Next index: 1, Last known committed idx: 0, Time since last communication: 0.000s
I20260608 12:44:06.340183 12684 ts_tablet_manager.cc:585] Loaded tablet metadata (0 total tablets, 0 live tablets)
I20260608 12:44:06.340655 12684 ts_tablet_manager.cc:531] Time spent load tablet metadata: real 0.001s	user 0.000s	sys 0.000s
I20260608 12:44:06.340193 13998 consensus_queue.cc:1048] T 00000000000000000000000000000000 P 9f8e5fbc71a24df0b8be6a97032a73ac [LEADER]: Connected to new peer: Peer: permanent_uuid: "db4158381a154d689a46c1f20a7621dc" member_type: VOTER last_known_addr { host: "127.12.99.60" port: 40611 }, Status: LMP_MISMATCH, Last received: 0.0, Next index: 1, Last known committed idx: 0, Time since last communication: 0.001s
I20260608 12:44:06.340975 12684 ts_tablet_manager.cc:616] Registered 0 tablets
I20260608 12:44:06.341243 12684 ts_tablet_manager.cc:595] Time spent register tablets: real 0.000s	user 0.000s	sys 0.000s
I20260608 12:44:06.355214 13959 sys_catalog.cc:455] T 00000000000000000000000000000000 P db4158381a154d689a46c1f20a7621dc [sys.catalog]: SysCatalogTable state changed. Reason: New leader 9f8e5fbc71a24df0b8be6a97032a73ac. Latest consensus state: current_term: 1 leader_uuid: "9f8e5fbc71a24df0b8be6a97032a73ac" committed_config { opid_index: -1 OBSOLETE_local: false peers { permanent_uuid: "5b4635278bad4daaaf77eead7b359d83" member_type: VOTER last_known_addr { host: "127.12.99.62" port: 33357 } } peers { permanent_uuid: "9f8e5fbc71a24df0b8be6a97032a73ac" member_type: VOTER last_known_addr { host: "127.12.99.61" port: 33903 } } peers { permanent_uuid: "db4158381a154d689a46c1f20a7621dc" member_type: VOTER last_known_addr { host: "127.12.99.60" port: 40611 } } }
I20260608 12:44:06.356602 13959 sys_catalog.cc:458] T 00000000000000000000000000000000 P db4158381a154d689a46c1f20a7621dc [sys.catalog]: This master's current role is: FOLLOWER
I20260608 12:44:06.358593 13971 sys_catalog.cc:455] T 00000000000000000000000000000000 P 5b4635278bad4daaaf77eead7b359d83 [sys.catalog]: SysCatalogTable state changed. Reason: New leader 9f8e5fbc71a24df0b8be6a97032a73ac. Latest consensus state: current_term: 1 leader_uuid: "9f8e5fbc71a24df0b8be6a97032a73ac" committed_config { opid_index: -1 OBSOLETE_local: false peers { permanent_uuid: "5b4635278bad4daaaf77eead7b359d83" member_type: VOTER last_known_addr { host: "127.12.99.62" port: 33357 } } peers { permanent_uuid: "9f8e5fbc71a24df0b8be6a97032a73ac" member_type: VOTER last_known_addr { host: "127.12.99.61" port: 33903 } } peers { permanent_uuid: "db4158381a154d689a46c1f20a7621dc" member_type: VOTER last_known_addr { host: "127.12.99.60" port: 40611 } } }
I20260608 12:44:06.359349 13971 sys_catalog.cc:458] T 00000000000000000000000000000000 P 5b4635278bad4daaaf77eead7b359d83 [sys.catalog]: This master's current role is: FOLLOWER
I20260608 12:44:06.372316 13959 sys_catalog.cc:455] T 00000000000000000000000000000000 P db4158381a154d689a46c1f20a7621dc [sys.catalog]: SysCatalogTable state changed. Reason: Replicated consensus-only round. Latest consensus state: current_term: 1 leader_uuid: "9f8e5fbc71a24df0b8be6a97032a73ac" committed_config { opid_index: -1 OBSOLETE_local: false peers { permanent_uuid: "5b4635278bad4daaaf77eead7b359d83" member_type: VOTER last_known_addr { host: "127.12.99.62" port: 33357 } } peers { permanent_uuid: "9f8e5fbc71a24df0b8be6a97032a73ac" member_type: VOTER last_known_addr { host: "127.12.99.61" port: 33903 } } peers { permanent_uuid: "db4158381a154d689a46c1f20a7621dc" member_type: VOTER last_known_addr { host: "127.12.99.60" port: 40611 } } }
I20260608 12:44:06.373247 13959 sys_catalog.cc:458] T 00000000000000000000000000000000 P db4158381a154d689a46c1f20a7621dc [sys.catalog]: This master's current role is: FOLLOWER
I20260608 12:44:06.374488 13998 sys_catalog.cc:455] T 00000000000000000000000000000000 P 9f8e5fbc71a24df0b8be6a97032a73ac [sys.catalog]: SysCatalogTable state changed. Reason: Peer health change. Latest consensus state: current_term: 1 leader_uuid: "9f8e5fbc71a24df0b8be6a97032a73ac" committed_config { opid_index: -1 OBSOLETE_local: false peers { permanent_uuid: "5b4635278bad4daaaf77eead7b359d83" member_type: VOTER last_known_addr { host: "127.12.99.62" port: 33357 } } peers { permanent_uuid: "9f8e5fbc71a24df0b8be6a97032a73ac" member_type: VOTER last_known_addr { host: "127.12.99.61" port: 33903 } } peers { permanent_uuid: "db4158381a154d689a46c1f20a7621dc" member_type: VOTER last_known_addr { host: "127.12.99.60" port: 40611 } } }
I20260608 12:44:06.376159 14000 catalog_manager.cc:1382] Generated new cluster ID: 3e7068aaf5914ec993067c4f09438bbe
I20260608 12:44:06.376500 14000 catalog_manager.cc:1530] Initializing Kudu internal certificate authority...
I20260608 12:44:06.375396 13998 sys_catalog.cc:458] T 00000000000000000000000000000000 P 9f8e5fbc71a24df0b8be6a97032a73ac [sys.catalog]: This master's current role is: LEADER
I20260608 12:44:06.381474 13998 sys_catalog.cc:455] T 00000000000000000000000000000000 P 9f8e5fbc71a24df0b8be6a97032a73ac [sys.catalog]: SysCatalogTable state changed. Reason: Peer health change. Latest consensus state: current_term: 1 leader_uuid: "9f8e5fbc71a24df0b8be6a97032a73ac" committed_config { opid_index: -1 OBSOLETE_local: false peers { permanent_uuid: "5b4635278bad4daaaf77eead7b359d83" member_type: VOTER last_known_addr { host: "127.12.99.62" port: 33357 } } peers { permanent_uuid: "9f8e5fbc71a24df0b8be6a97032a73ac" member_type: VOTER last_known_addr { host: "127.12.99.61" port: 33903 } } peers { permanent_uuid: "db4158381a154d689a46c1f20a7621dc" member_type: VOTER last_known_addr { host: "127.12.99.60" port: 40611 } } }
I20260608 12:44:06.382189 13998 sys_catalog.cc:458] T 00000000000000000000000000000000 P 9f8e5fbc71a24df0b8be6a97032a73ac [sys.catalog]: This master's current role is: LEADER
I20260608 12:44:06.386161 13971 sys_catalog.cc:455] T 00000000000000000000000000000000 P 5b4635278bad4daaaf77eead7b359d83 [sys.catalog]: SysCatalogTable state changed. Reason: Replicated consensus-only round. Latest consensus state: current_term: 1 leader_uuid: "9f8e5fbc71a24df0b8be6a97032a73ac" committed_config { opid_index: -1 OBSOLETE_local: false peers { permanent_uuid: "5b4635278bad4daaaf77eead7b359d83" member_type: VOTER last_known_addr { host: "127.12.99.62" port: 33357 } } peers { permanent_uuid: "9f8e5fbc71a24df0b8be6a97032a73ac" member_type: VOTER last_known_addr { host: "127.12.99.61" port: 33903 } } peers { permanent_uuid: "db4158381a154d689a46c1f20a7621dc" member_type: VOTER last_known_addr { host: "127.12.99.60" port: 40611 } } }
I20260608 12:44:06.386868 13971 sys_catalog.cc:458] T 00000000000000000000000000000000 P 5b4635278bad4daaaf77eead7b359d83 [sys.catalog]: This master's current role is: FOLLOWER
I20260608 12:44:06.422003 14000 catalog_manager.cc:1405] Generated new certificate authority record
I20260608 12:44:06.423763 14000 catalog_manager.cc:1539] Loading token signing keys...
I20260608 12:44:06.436065 12684 rpc_server.cc:307] RPC server started. Bound to: 127.12.99.1:42219
I20260608 12:44:06.436249 14067 acceptor_pool.cc:272] collecting diagnostics on the listening RPC socket 127.12.99.1:42219 every 8 connection(s)
I20260608 12:44:06.456367 14000 catalog_manager.cc:6069] T 00000000000000000000000000000000 P 9f8e5fbc71a24df0b8be6a97032a73ac: Generated new TSK 0
I20260608 12:44:06.457170 14000 catalog_manager.cc:1549] Initializing in-progress tserver states...
I20260608 12:44:06.474432 12684 file_cache.cc:492] Constructed file cache file cache with capacity 419430
I20260608 12:44:06.480783 14068 heartbeater.cc:344] Connected to a master server at 127.12.99.60:40611
I20260608 12:44:06.481273 14068 heartbeater.cc:461] Registering TS with master...
I20260608 12:44:06.482311 14070 heartbeater.cc:344] Connected to a master server at 127.12.99.62:33357
I20260608 12:44:06.482370 14068 heartbeater.cc:507] Master 127.12.99.60:40611 requested a full tablet report, sending...
I20260608 12:44:06.482853 14070 heartbeater.cc:461] Registering TS with master...
I20260608 12:44:06.483886 14070 heartbeater.cc:507] Master 127.12.99.62:33357 requested a full tablet report, sending...
I20260608 12:44:06.486019 13907 ts_manager.cc:194] Registered new tserver with Master: 250f7224ef624cf98353e6053bcb24a5 (127.12.99.1:42219)
W20260608 12:44:06.486769 14075 instance_detector.cc:116] could not retrieve AWS instance metadata: Network error: curl error: HTTP response code said error: The requested URL returned error: 404
I20260608 12:44:06.487341 14069 heartbeater.cc:344] Connected to a master server at 127.12.99.61:33903
I20260608 12:44:06.488067 14069 heartbeater.cc:461] Registering TS with master...
I20260608 12:44:06.487301 13777 ts_manager.cc:194] Registered new tserver with Master: 250f7224ef624cf98353e6053bcb24a5 (127.12.99.1:42219)
I20260608 12:44:06.489075 14069 heartbeater.cc:507] Master 127.12.99.61:33903 requested a full tablet report, sending...
W20260608 12:44:06.490676 14076 instance_detector.cc:116] could not retrieve Azure instance metadata: Network error: curl error: HTTP response code said error: The requested URL returned error: 404
I20260608 12:44:06.492116 13842 ts_manager.cc:194] Registered new tserver with Master: 250f7224ef624cf98353e6053bcb24a5 (127.12.99.1:42219)
W20260608 12:44:06.493105 14078 instance_detector.cc:116] could not retrieve OpenStack instance metadata: Network error: curl error: HTTP response code said error: The requested URL returned error: 404
I20260608 12:44:06.494120 12684 server_base.cc:1061] running on GCE node
I20260608 12:44:06.494244 13842 master_service.cc:502] Signed X509 certificate for tserver {username='slave'} at 127.0.0.1:39240
I20260608 12:44:06.495236 12684 hybrid_clock.cc:584] initializing the hybrid clock with 'system_unsync' time source
W20260608 12:44:06.495522 12684 system_unsync_time.cc:38] NTP support is disabled. Clock error bounds will not be accurate. This configuration is not suitable for distributed clusters.
I20260608 12:44:06.495746 12684 hybrid_clock.cc:648] HybridClock initialized: now 1780922646495726 us; error 0 us; skew 500 ppm
I20260608 12:44:06.496574 12684 server_base.cc:861] Flag tcmalloc_max_total_thread_cache_bytes is not working since tcmalloc is not enabled.
I20260608 12:44:06.498849 12684 webserver.cc:533] Webserver started at http://127.12.99.2:35567/ using document root <none> and password file <none>
I20260608 12:44:06.499302 12684 fs_manager.cc:362] Metadata directory not provided
I20260608 12:44:06.499455 12684 fs_manager.cc:368] Using write-ahead log directory (fs_wal_dir) as metadata directory
I20260608 12:44:06.499720 12684 server_base.cc:909] This appears to be a new deployment of Kudu; creating new FS layout
I20260608 12:44:06.500700 12684 fs_manager.cc:1068] Generated new instance metadata in path /tmp/dist-test-task3mKyNY/test-tmp/auto_rebalancer-test.0.AutoRebalancerTest.NextLeaderResumesAutoRebalancing.1780922631856844-12684-0/minicluster-data/ts-1-root/instance:
uuid: "df8970693dff4883bcced4c8b4da4d18"
format_stamp: "Formatted at 2026-06-08 12:44:06 on dist-test-slave-8mpf"
I20260608 12:44:06.504971 12684 fs_manager.cc:696] Time spent creating directory manager: real 0.004s	user 0.005s	sys 0.000s
I20260608 12:44:06.508143 14083 log_block_manager.cc:4031] Time spent loading block containers with low live blocks: real 0.000s	user 0.000s	sys 0.000s
I20260608 12:44:06.508872 12684 fs_manager.cc:730] Time spent opening block manager: real 0.002s	user 0.003s	sys 0.000s
I20260608 12:44:06.509140 12684 fs_manager.cc:647] Opened local filesystem: /tmp/dist-test-task3mKyNY/test-tmp/auto_rebalancer-test.0.AutoRebalancerTest.NextLeaderResumesAutoRebalancing.1780922631856844-12684-0/minicluster-data/ts-1-root
uuid: "df8970693dff4883bcced4c8b4da4d18"
format_stamp: "Formatted at 2026-06-08 12:44:06 on dist-test-slave-8mpf"
I20260608 12:44:06.509392 12684 fs_report.cc:389] FS layout report
--------------------
wal directory: /tmp/dist-test-task3mKyNY/test-tmp/auto_rebalancer-test.0.AutoRebalancerTest.NextLeaderResumesAutoRebalancing.1780922631856844-12684-0/minicluster-data/ts-1-root
metadata directory: /tmp/dist-test-task3mKyNY/test-tmp/auto_rebalancer-test.0.AutoRebalancerTest.NextLeaderResumesAutoRebalancing.1780922631856844-12684-0/minicluster-data/ts-1-root
1 data directories: /tmp/dist-test-task3mKyNY/test-tmp/auto_rebalancer-test.0.AutoRebalancerTest.NextLeaderResumesAutoRebalancing.1780922631856844-12684-0/minicluster-data/ts-1-root/data
Total live blocks: 0
Total live bytes: 0
Total live bytes (after alignment): 0
Total number of LBM containers: 0 (0 full)
Did not check for missing blocks
Did not check for orphaned blocks
Total full LBM containers with extra space: 0 (0 repaired)
Total full LBM container extra space in bytes: 0 (0 repaired)
Total incomplete LBM containers: 0 (0 repaired)
Total LBM partial records: 0 (0 repaired)
Total corrupted LBM metadata records in RocksDB: 0 (0 repaired)
I20260608 12:44:06.530982 12684 rpc_server.cc:225] running with OpenSSL 1.1.1  11 Sep 2018
I20260608 12:44:06.532277 12684 kserver.cc:163] Server-wide thread pool size limit: 3276
I20260608 12:44:06.533507 12684 txn_system_client.cc:432] TxnSystemClient initialization is disabled...
I20260608 12:44:06.535794 12684 ts_tablet_manager.cc:585] Loaded tablet metadata (0 total tablets, 0 live tablets)
I20260608 12:44:06.535992 12684 ts_tablet_manager.cc:531] Time spent load tablet metadata: real 0.000s	user 0.000s	sys 0.000s
I20260608 12:44:06.536213 12684 ts_tablet_manager.cc:616] Registered 0 tablets
I20260608 12:44:06.536371 12684 ts_tablet_manager.cc:595] Time spent register tablets: real 0.000s	user 0.000s	sys 0.000s
I20260608 12:44:06.574618 12684 rpc_server.cc:307] RPC server started. Bound to: 127.12.99.2:35877
I20260608 12:44:06.574738 14145 acceptor_pool.cc:272] collecting diagnostics on the listening RPC socket 127.12.99.2:35877 every 8 connection(s)
I20260608 12:44:06.595474 12684 file_cache.cc:492] Constructed file cache file cache with capacity 419430
I20260608 12:44:06.605094 14146 heartbeater.cc:344] Connected to a master server at 127.12.99.60:40611
I20260608 12:44:06.605710 14146 heartbeater.cc:461] Registering TS with master...
W20260608 12:44:06.606822 14153 instance_detector.cc:116] could not retrieve AWS instance metadata: Network error: curl error: HTTP response code said error: The requested URL returned error: 404
I20260608 12:44:06.606972 14146 heartbeater.cc:507] Master 127.12.99.60:40611 requested a full tablet report, sending...
W20260608 12:44:06.608374 14154 instance_detector.cc:116] could not retrieve Azure instance metadata: Network error: curl error: HTTP response code said error: The requested URL returned error: 404
I20260608 12:44:06.609905 14147 heartbeater.cc:344] Connected to a master server at 127.12.99.61:33903
I20260608 12:44:06.610038 14148 heartbeater.cc:344] Connected to a master server at 127.12.99.62:33357
I20260608 12:44:06.610381 14147 heartbeater.cc:461] Registering TS with master...
I20260608 12:44:06.610545 14148 heartbeater.cc:461] Registering TS with master...
I20260608 12:44:06.611507 13907 ts_manager.cc:194] Registered new tserver with Master: df8970693dff4883bcced4c8b4da4d18 (127.12.99.2:35877)
I20260608 12:44:06.611480 14147 heartbeater.cc:507] Master 127.12.99.61:33903 requested a full tablet report, sending...
I20260608 12:44:06.611758 14148 heartbeater.cc:507] Master 127.12.99.62:33357 requested a full tablet report, sending...
I20260608 12:44:06.614499 13842 ts_manager.cc:194] Registered new tserver with Master: df8970693dff4883bcced4c8b4da4d18 (127.12.99.2:35877)
I20260608 12:44:06.616480 13842 master_service.cc:502] Signed X509 certificate for tserver {username='slave'} at 127.0.0.1:39248
I20260608 12:44:06.616760 13777 ts_manager.cc:194] Registered new tserver with Master: df8970693dff4883bcced4c8b4da4d18 (127.12.99.2:35877)
W20260608 12:44:06.620852 14156 instance_detector.cc:116] could not retrieve OpenStack instance metadata: Network error: curl error: HTTP response code said error: The requested URL returned error: 404
I20260608 12:44:06.621578 12684 server_base.cc:1061] running on GCE node
I20260608 12:44:06.622431 12684 hybrid_clock.cc:584] initializing the hybrid clock with 'system_unsync' time source
W20260608 12:44:06.622629 12684 system_unsync_time.cc:38] NTP support is disabled. Clock error bounds will not be accurate. This configuration is not suitable for distributed clusters.
I20260608 12:44:06.622817 12684 hybrid_clock.cc:648] HybridClock initialized: now 1780922646622800 us; error 0 us; skew 500 ppm
I20260608 12:44:06.623416 12684 server_base.cc:861] Flag tcmalloc_max_total_thread_cache_bytes is not working since tcmalloc is not enabled.
I20260608 12:44:06.625970 12684 webserver.cc:533] Webserver started at http://127.12.99.3:45059/ using document root <none> and password file <none>
I20260608 12:44:06.626493 12684 fs_manager.cc:362] Metadata directory not provided
I20260608 12:44:06.626683 12684 fs_manager.cc:368] Using write-ahead log directory (fs_wal_dir) as metadata directory
I20260608 12:44:06.626940 12684 server_base.cc:909] This appears to be a new deployment of Kudu; creating new FS layout
I20260608 12:44:06.628080 12684 fs_manager.cc:1068] Generated new instance metadata in path /tmp/dist-test-task3mKyNY/test-tmp/auto_rebalancer-test.0.AutoRebalancerTest.NextLeaderResumesAutoRebalancing.1780922631856844-12684-0/minicluster-data/ts-2-root/instance:
uuid: "1e2dfa67f67a410888063284284fe844"
format_stamp: "Formatted at 2026-06-08 12:44:06 on dist-test-slave-8mpf"
I20260608 12:44:06.632709 12684 fs_manager.cc:696] Time spent creating directory manager: real 0.004s	user 0.001s	sys 0.003s
I20260608 12:44:06.636168 14161 log_block_manager.cc:4031] Time spent loading block containers with low live blocks: real 0.000s	user 0.000s	sys 0.000s
I20260608 12:44:06.636930 12684 fs_manager.cc:730] Time spent opening block manager: real 0.002s	user 0.002s	sys 0.001s
I20260608 12:44:06.637230 12684 fs_manager.cc:647] Opened local filesystem: /tmp/dist-test-task3mKyNY/test-tmp/auto_rebalancer-test.0.AutoRebalancerTest.NextLeaderResumesAutoRebalancing.1780922631856844-12684-0/minicluster-data/ts-2-root
uuid: "1e2dfa67f67a410888063284284fe844"
format_stamp: "Formatted at 2026-06-08 12:44:06 on dist-test-slave-8mpf"
I20260608 12:44:06.637571 12684 fs_report.cc:389] FS layout report
--------------------
wal directory: /tmp/dist-test-task3mKyNY/test-tmp/auto_rebalancer-test.0.AutoRebalancerTest.NextLeaderResumesAutoRebalancing.1780922631856844-12684-0/minicluster-data/ts-2-root
metadata directory: /tmp/dist-test-task3mKyNY/test-tmp/auto_rebalancer-test.0.AutoRebalancerTest.NextLeaderResumesAutoRebalancing.1780922631856844-12684-0/minicluster-data/ts-2-root
1 data directories: /tmp/dist-test-task3mKyNY/test-tmp/auto_rebalancer-test.0.AutoRebalancerTest.NextLeaderResumesAutoRebalancing.1780922631856844-12684-0/minicluster-data/ts-2-root/data
Total live blocks: 0
Total live bytes: 0
Total live bytes (after alignment): 0
Total number of LBM containers: 0 (0 full)
Did not check for missing blocks
Did not check for orphaned blocks
Total full LBM containers with extra space: 0 (0 repaired)
Total full LBM container extra space in bytes: 0 (0 repaired)
Total incomplete LBM containers: 0 (0 repaired)
Total LBM partial records: 0 (0 repaired)
Total corrupted LBM metadata records in RocksDB: 0 (0 repaired)
I20260608 12:44:06.650818 12684 rpc_server.cc:225] running with OpenSSL 1.1.1  11 Sep 2018
I20260608 12:44:06.652064 12684 kserver.cc:163] Server-wide thread pool size limit: 3276
I20260608 12:44:06.653297 12684 txn_system_client.cc:432] TxnSystemClient initialization is disabled...
I20260608 12:44:06.655529 12684 ts_tablet_manager.cc:585] Loaded tablet metadata (0 total tablets, 0 live tablets)
I20260608 12:44:06.655807 12684 ts_tablet_manager.cc:531] Time spent load tablet metadata: real 0.000s	user 0.000s	sys 0.000s
I20260608 12:44:06.656037 12684 ts_tablet_manager.cc:616] Registered 0 tablets
I20260608 12:44:06.656193 12684 ts_tablet_manager.cc:595] Time spent register tablets: real 0.000s	user 0.000s	sys 0.000s
I20260608 12:44:06.693714 12684 rpc_server.cc:307] RPC server started. Bound to: 127.12.99.3:35083
I20260608 12:44:06.693821 14223 acceptor_pool.cc:272] collecting diagnostics on the listening RPC socket 127.12.99.3:35083 every 8 connection(s)
I20260608 12:44:06.713047 14224 heartbeater.cc:344] Connected to a master server at 127.12.99.60:40611
I20260608 12:44:06.713558 14224 heartbeater.cc:461] Registering TS with master...
I20260608 12:44:06.713570 14225 heartbeater.cc:344] Connected to a master server at 127.12.99.61:33903
I20260608 12:44:06.714262 14225 heartbeater.cc:461] Registering TS with master...
I20260608 12:44:06.714509 14224 heartbeater.cc:507] Master 127.12.99.60:40611 requested a full tablet report, sending...
I20260608 12:44:06.715147 14225 heartbeater.cc:507] Master 127.12.99.61:33903 requested a full tablet report, sending...
I20260608 12:44:06.717492 13842 ts_manager.cc:194] Registered new tserver with Master: 1e2dfa67f67a410888063284284fe844 (127.12.99.3:35083)
I20260608 12:44:06.717579 13907 ts_manager.cc:194] Registered new tserver with Master: 1e2dfa67f67a410888063284284fe844 (127.12.99.3:35083)
I20260608 12:44:06.719322 13842 master_service.cc:502] Signed X509 certificate for tserver {username='slave'} at 127.0.0.1:39254
I20260608 12:44:06.721251 14226 heartbeater.cc:344] Connected to a master server at 127.12.99.62:33357
I20260608 12:44:06.721701 14226 heartbeater.cc:461] Registering TS with master...
I20260608 12:44:06.722250 14226 heartbeater.cc:507] Master 127.12.99.62:33357 requested a full tablet report, sending...
I20260608 12:44:06.724751 13777 ts_manager.cc:194] Registered new tserver with Master: 1e2dfa67f67a410888063284284fe844 (127.12.99.3:35083)
I20260608 12:44:06.725466 12684 internal_mini_cluster.cc:371] 3 TS(s) registered with all masters after 0.016449997s
I20260608 12:44:07.273483 13973 catalog_manager.cc:1294] Loaded cluster ID: 3e7068aaf5914ec993067c4f09438bbe
I20260608 12:44:07.273753 13973 catalog_manager.cc:1587] T 00000000000000000000000000000000 P db4158381a154d689a46c1f20a7621dc: loading cluster ID for follower catalog manager: success
I20260608 12:44:07.278132 13973 catalog_manager.cc:1609] T 00000000000000000000000000000000 P db4158381a154d689a46c1f20a7621dc: acquiring CA information for follower catalog manager: success
I20260608 12:44:07.281365 13973 catalog_manager.cc:1637] T 00000000000000000000000000000000 P db4158381a154d689a46c1f20a7621dc: importing token verification keys for follower catalog manager: success; most recent TSK sequence number 0
I20260608 12:44:07.285521 13984 catalog_manager.cc:1294] Loaded cluster ID: 3e7068aaf5914ec993067c4f09438bbe
I20260608 12:44:07.285802 13984 catalog_manager.cc:1587] T 00000000000000000000000000000000 P 5b4635278bad4daaaf77eead7b359d83: loading cluster ID for follower catalog manager: success
I20260608 12:44:07.290148 13984 catalog_manager.cc:1609] T 00000000000000000000000000000000 P 5b4635278bad4daaaf77eead7b359d83: acquiring CA information for follower catalog manager: success
I20260608 12:44:07.293345 13984 catalog_manager.cc:1637] T 00000000000000000000000000000000 P 5b4635278bad4daaaf77eead7b359d83: importing token verification keys for follower catalog manager: success; most recent TSK sequence number 0
I20260608 12:44:07.497272 14069 heartbeater.cc:499] Master 127.12.99.61:33903 was elected leader, sending a full tablet report...
I20260608 12:44:07.620007 14147 heartbeater.cc:499] Master 127.12.99.61:33903 was elected leader, sending a full tablet report...
I20260608 12:44:07.721999 14225 heartbeater.cc:499] Master 127.12.99.61:33903 was elected leader, sending a full tablet report...
I20260608 12:44:08.250416 13958 auto_leader_rebalancer.cc:451] All tables' leader rebalancing finished this round
I20260608 12:44:08.320894 13842 catalog_manager.cc:2282] Servicing CreateTable request from {username='slave'} at 127.0.0.1:39258:
name: "test-workload"
schema {
  columns {
    name: "key"
    type: INT32
    is_key: true
    is_nullable: false
    encoding: AUTO_ENCODING
    compression: DEFAULT_COMPRESSION
    cfile_block_size: 0
    immutable: false
  }
  columns {
    name: "int_val"
    type: INT32
    is_key: false
    is_nullable: false
    encoding: AUTO_ENCODING
    compression: DEFAULT_COMPRESSION
    cfile_block_size: 0
    immutable: false
  }
  columns {
    name: "string_val"
    type: STRING
    is_key: false
    is_nullable: true
    encoding: AUTO_ENCODING
    compression: DEFAULT_COMPRESSION
    cfile_block_size: 0
    immutable: false
  }
}
num_replicas: 1
split_rows_range_bounds {
  rows: "\004\001\000\252\252\252*\004\001\000TUUU""\004\001\000\252\252\252*\004\001\000TUUU"
  indirect_data: """"
}
partition_schema {
  range_schema {
    columns {
      name: "key"
    }
  }
}
I20260608 12:44:08.390143 14189 tablet_service.cc:1511] Processing CreateTablet for tablet d460d321c2754ecc96ff96fb73977fc9 (DEFAULT_TABLE table=test-workload [id=e5b6035f964e4f0a80a7757733ff50b1]), partition=RANGE (key) PARTITION VALUES < 715827882
I20260608 12:44:08.391796 14189 data_dirs.cc:400] Could only allocate 1 dirs of requested 3 for tablet d460d321c2754ecc96ff96fb73977fc9. 1 dirs total, 0 dirs full, 0 dirs failed
I20260608 12:44:08.401561 14033 tablet_service.cc:1511] Processing CreateTablet for tablet 607d037f1c334a159a269ad1008f15d4 (DEFAULT_TABLE table=test-workload [id=e5b6035f964e4f0a80a7757733ff50b1]), partition=RANGE (key) PARTITION 1431655764 <= VALUES
I20260608 12:44:08.402953 14033 data_dirs.cc:400] Could only allocate 1 dirs of requested 3 for tablet 607d037f1c334a159a269ad1008f15d4. 1 dirs total, 0 dirs full, 0 dirs failed
I20260608 12:44:08.406514 14111 tablet_service.cc:1511] Processing CreateTablet for tablet 7877bc842c054fd790af0867177233aa (DEFAULT_TABLE table=test-workload [id=e5b6035f964e4f0a80a7757733ff50b1]), partition=RANGE (key) PARTITION 715827882 <= VALUES < 1431655764
I20260608 12:44:08.407900 14111 data_dirs.cc:400] Could only allocate 1 dirs of requested 3 for tablet 7877bc842c054fd790af0867177233aa. 1 dirs total, 0 dirs full, 0 dirs failed
I20260608 12:44:08.410565 14260 tablet_bootstrap.cc:492] T d460d321c2754ecc96ff96fb73977fc9 P 1e2dfa67f67a410888063284284fe844: Bootstrap starting.
I20260608 12:44:08.415812 14260 tablet_bootstrap.cc:654] T d460d321c2754ecc96ff96fb73977fc9 P 1e2dfa67f67a410888063284284fe844: Neither blocks nor log segments found. Creating new log.
I20260608 12:44:08.419359 14261 tablet_bootstrap.cc:492] T 607d037f1c334a159a269ad1008f15d4 P 250f7224ef624cf98353e6053bcb24a5: Bootstrap starting.
I20260608 12:44:08.425343 14260 tablet_bootstrap.cc:492] T d460d321c2754ecc96ff96fb73977fc9 P 1e2dfa67f67a410888063284284fe844: No bootstrap required, opened a new log
I20260608 12:44:08.425908 14260 ts_tablet_manager.cc:1403] T d460d321c2754ecc96ff96fb73977fc9 P 1e2dfa67f67a410888063284284fe844: Time spent bootstrapping tablet: real 0.016s	user 0.000s	sys 0.015s
I20260608 12:44:08.426383 14263 tablet_bootstrap.cc:492] T 7877bc842c054fd790af0867177233aa P df8970693dff4883bcced4c8b4da4d18: Bootstrap starting.
I20260608 12:44:08.428061 14261 tablet_bootstrap.cc:654] T 607d037f1c334a159a269ad1008f15d4 P 250f7224ef624cf98353e6053bcb24a5: Neither blocks nor log segments found. Creating new log.
I20260608 12:44:08.429051 14260 raft_consensus.cc:359] T d460d321c2754ecc96ff96fb73977fc9 P 1e2dfa67f67a410888063284284fe844 [term 0 FOLLOWER]: Replica starting. Triggering 0 pending ops. Active config: opid_index: -1 OBSOLETE_local: true peers { permanent_uuid: "1e2dfa67f67a410888063284284fe844" member_type: VOTER last_known_addr { host: "127.12.99.3" port: 35083 } }
I20260608 12:44:08.429656 14260 raft_consensus.cc:385] T d460d321c2754ecc96ff96fb73977fc9 P 1e2dfa67f67a410888063284284fe844 [term 0 FOLLOWER]: Consensus starting up: Expiring failure detector timer to make a prompt election more likely
I20260608 12:44:08.429951 14260 raft_consensus.cc:740] T d460d321c2754ecc96ff96fb73977fc9 P 1e2dfa67f67a410888063284284fe844 [term 0 FOLLOWER]: Becoming Follower/Learner. State: Replica: 1e2dfa67f67a410888063284284fe844, State: Initialized, Role: FOLLOWER
I20260608 12:44:08.430728 14260 consensus_queue.cc:260] T d460d321c2754ecc96ff96fb73977fc9 P 1e2dfa67f67a410888063284284fe844 [NON_LEADER]: Queue going to NON_LEADER mode. State: All replicated index: 0, Majority replicated index: 0, Committed index: 0, Last appended: 0.0, Last appended by leader: 0, Current term: 0, Majority size: -1, State: 0, Mode: NON_LEADER, active raft config: opid_index: -1 OBSOLETE_local: true peers { permanent_uuid: "1e2dfa67f67a410888063284284fe844" member_type: VOTER last_known_addr { host: "127.12.99.3" port: 35083 } }
I20260608 12:44:08.431442 14260 raft_consensus.cc:399] T d460d321c2754ecc96ff96fb73977fc9 P 1e2dfa67f67a410888063284284fe844 [term 0 FOLLOWER]: Only one voter in the Raft config. Triggering election immediately
