I20260608 12:45:14.087085 15734 tablet_service.cc:1917] Received RequestConsensusVote() RPC: tablet_id: "0b2f9a0f0bfd4396b7efaf26032ec318" candidate_uuid: "106720c1b84e49e4b43aed752531b585" candidate_term: 1 candidate_status { last_received { term: 0 index: 0 } } ignore_live_leader: false dest_uuid: "2066ec7b50ad489bb003089903a9ed77" is_pre_election: true
I20260608 12:45:14.089010 16000 tablet_bootstrap.cc:654] T 0efbb4567da04c62825ac223d4c90e4d P 7109fdda2550479eaab988911b69afbd: Neither blocks nor log segments found. Creating new log.
W20260608 12:45:14.090431 15775 leader_election.cc:343] T 0b2f9a0f0bfd4396b7efaf26032ec318 P 106720c1b84e49e4b43aed752531b585 [CANDIDATE]: Term 1 pre-election: Tablet error from VoteRequest() call to peer 2066ec7b50ad489bb003089903a9ed77 (127.12.87.194:41515): Illegal state: must be running to vote when last-logged opid is not known
I20260608 12:45:14.093374 16001 tablet_bootstrap.cc:492] T 0b2f9a0f0bfd4396b7efaf26032ec318 P 2066ec7b50ad489bb003089903a9ed77: Bootstrap starting.
I20260608 12:45:14.101444 16007 tablet_bootstrap.cc:654] T e74158db642545d699c692837812c31c P 966cf4fa6a754b7b9e27bff2bc2e18f5: Neither blocks nor log segments found. Creating new log.
I20260608 12:45:14.103688 16003 tablet_bootstrap.cc:654] T 0efbb4567da04c62825ac223d4c90e4d P 106720c1b84e49e4b43aed752531b585: Neither blocks nor log segments found. Creating new log.
I20260608 12:45:14.105562 16001 tablet_bootstrap.cc:654] T 0b2f9a0f0bfd4396b7efaf26032ec318 P 2066ec7b50ad489bb003089903a9ed77: Neither blocks nor log segments found. Creating new log.
I20260608 12:45:14.114009 16001 tablet_bootstrap.cc:492] T 0b2f9a0f0bfd4396b7efaf26032ec318 P 2066ec7b50ad489bb003089903a9ed77: No bootstrap required, opened a new log
I20260608 12:45:14.114562 16001 ts_tablet_manager.cc:1403] T 0b2f9a0f0bfd4396b7efaf26032ec318 P 2066ec7b50ad489bb003089903a9ed77: Time spent bootstrapping tablet: real 0.021s	user 0.010s	sys 0.004s
I20260608 12:45:14.116025 16003 tablet_bootstrap.cc:492] T 0efbb4567da04c62825ac223d4c90e4d P 106720c1b84e49e4b43aed752531b585: No bootstrap required, opened a new log
I20260608 12:45:14.116685 16003 ts_tablet_manager.cc:1403] T 0efbb4567da04c62825ac223d4c90e4d P 106720c1b84e49e4b43aed752531b585: Time spent bootstrapping tablet: real 0.042s	user 0.012s	sys 0.005s
I20260608 12:45:14.117775 15968 tablet_service.cc:1917] Received RequestConsensusVote() RPC: tablet_id: "0b2f9a0f0bfd4396b7efaf26032ec318" candidate_uuid: "106720c1b84e49e4b43aed752531b585" candidate_term: 1 candidate_status { last_received { term: 0 index: 0 } } ignore_live_leader: false dest_uuid: "966cf4fa6a754b7b9e27bff2bc2e18f5" is_pre_election: true
I20260608 12:45:14.117887 16001 raft_consensus.cc:359] T 0b2f9a0f0bfd4396b7efaf26032ec318 P 2066ec7b50ad489bb003089903a9ed77 [term 0 FOLLOWER]: Replica starting. Triggering 0 pending ops. Active config: opid_index: -1 OBSOLETE_local: false peers { permanent_uuid: "966cf4fa6a754b7b9e27bff2bc2e18f5" member_type: VOTER last_known_addr { host: "127.12.87.196" port: 33879 } } peers { permanent_uuid: "2066ec7b50ad489bb003089903a9ed77" member_type: VOTER last_known_addr { host: "127.12.87.194" port: 41515 } } peers { permanent_uuid: "106720c1b84e49e4b43aed752531b585" member_type: VOTER last_known_addr { host: "127.12.87.195" port: 33027 } }
I20260608 12:45:14.118813 16001 raft_consensus.cc:385] T 0b2f9a0f0bfd4396b7efaf26032ec318 P 2066ec7b50ad489bb003089903a9ed77 [term 0 FOLLOWER]: Consensus starting up: Expiring failure detector timer to make a prompt election more likely
I20260608 12:45:14.119122 16001 raft_consensus.cc:740] T 0b2f9a0f0bfd4396b7efaf26032ec318 P 2066ec7b50ad489bb003089903a9ed77 [term 0 FOLLOWER]: Becoming Follower/Learner. State: Replica: 2066ec7b50ad489bb003089903a9ed77, State: Initialized, Role: FOLLOWER
W20260608 12:45:14.119812 15774 leader_election.cc:343] T 0b2f9a0f0bfd4396b7efaf26032ec318 P 106720c1b84e49e4b43aed752531b585 [CANDIDATE]: Term 1 pre-election: Tablet error from VoteRequest() call to peer 966cf4fa6a754b7b9e27bff2bc2e18f5 (127.12.87.196:33879): Illegal state: must be running to vote when last-logged opid is not known
I20260608 12:45:14.120666 15774 leader_election.cc:304] T 0b2f9a0f0bfd4396b7efaf26032ec318 P 106720c1b84e49e4b43aed752531b585 [CANDIDATE]: Term 1 pre-election: Election decided. Result: candidate lost. Election summary: received 3 responses out of 3 voters: 1 yes votes; 2 no votes. yes voters: 106720c1b84e49e4b43aed752531b585; no voters: 2066ec7b50ad489bb003089903a9ed77, 966cf4fa6a754b7b9e27bff2bc2e18f5
I20260608 12:45:14.120741 16003 raft_consensus.cc:359] T 0efbb4567da04c62825ac223d4c90e4d P 106720c1b84e49e4b43aed752531b585 [term 0 FOLLOWER]: Replica starting. Triggering 0 pending ops. Active config: opid_index: -1 OBSOLETE_local: false peers { permanent_uuid: "106720c1b84e49e4b43aed752531b585" member_type: VOTER last_known_addr { host: "127.12.87.195" port: 33027 } } peers { permanent_uuid: "7109fdda2550479eaab988911b69afbd" member_type: VOTER last_known_addr { host: "127.12.87.193" port: 38265 } } peers { permanent_uuid: "966cf4fa6a754b7b9e27bff2bc2e18f5" member_type: VOTER last_known_addr { host: "127.12.87.196" port: 33879 } }
I20260608 12:45:14.121820 16007 tablet_bootstrap.cc:492] T e74158db642545d699c692837812c31c P 966cf4fa6a754b7b9e27bff2bc2e18f5: No bootstrap required, opened a new log
I20260608 12:45:14.121701 16003 raft_consensus.cc:385] T 0efbb4567da04c62825ac223d4c90e4d P 106720c1b84e49e4b43aed752531b585 [term 0 FOLLOWER]: Consensus starting up: Expiring failure detector timer to make a prompt election more likely
I20260608 12:45:14.121658 15860 raft_consensus.cc:2749] T 0b2f9a0f0bfd4396b7efaf26032ec318 P 106720c1b84e49e4b43aed752531b585 [term 0 FOLLOWER]: Leader pre-election lost for term 1. Reason: could not achieve majority
I20260608 12:45:14.122541 16007 ts_tablet_manager.cc:1403] T e74158db642545d699c692837812c31c P 966cf4fa6a754b7b9e27bff2bc2e18f5: Time spent bootstrapping tablet: real 0.056s	user 0.012s	sys 0.003s
I20260608 12:45:14.122453 16003 raft_consensus.cc:740] T 0efbb4567da04c62825ac223d4c90e4d P 106720c1b84e49e4b43aed752531b585 [term 0 FOLLOWER]: Becoming Follower/Learner. State: Replica: 106720c1b84e49e4b43aed752531b585, State: Initialized, Role: FOLLOWER
I20260608 12:45:14.123545 16003 consensus_queue.cc:260] T 0efbb4567da04c62825ac223d4c90e4d P 106720c1b84e49e4b43aed752531b585 [NON_LEADER]: Queue going to NON_LEADER mode. State: All replicated index: 0, Majority replicated index: 0, Committed index: 0, Last appended: 0.0, Last appended by leader: 0, Current term: 0, Majority size: -1, State: 0, Mode: NON_LEADER, active raft config: opid_index: -1 OBSOLETE_local: false peers { permanent_uuid: "106720c1b84e49e4b43aed752531b585" member_type: VOTER last_known_addr { host: "127.12.87.195" port: 33027 } } peers { permanent_uuid: "7109fdda2550479eaab988911b69afbd" member_type: VOTER last_known_addr { host: "127.12.87.193" port: 38265 } } peers { permanent_uuid: "966cf4fa6a754b7b9e27bff2bc2e18f5" member_type: VOTER last_known_addr { host: "127.12.87.196" port: 33879 } }
I20260608 12:45:14.125322 16000 tablet_bootstrap.cc:492] T 0efbb4567da04c62825ac223d4c90e4d P 7109fdda2550479eaab988911b69afbd: No bootstrap required, opened a new log
I20260608 12:45:14.125849 16000 ts_tablet_manager.cc:1403] T 0efbb4567da04c62825ac223d4c90e4d P 7109fdda2550479eaab988911b69afbd: Time spent bootstrapping tablet: real 0.057s	user 0.012s	sys 0.004s
I20260608 12:45:14.126169 16003 ts_tablet_manager.cc:1434] T 0efbb4567da04c62825ac223d4c90e4d P 106720c1b84e49e4b43aed752531b585: Time spent starting tablet: real 0.009s	user 0.006s	sys 0.001s
I20260608 12:45:14.119870 16001 consensus_queue.cc:260] T 0b2f9a0f0bfd4396b7efaf26032ec318 P 2066ec7b50ad489bb003089903a9ed77 [NON_LEADER]: Queue going to NON_LEADER mode. State: All replicated index: 0, Majority replicated index: 0, Committed index: 0, Last appended: 0.0, Last appended by leader: 0, Current term: 0, Majority size: -1, State: 0, Mode: NON_LEADER, active raft config: opid_index: -1 OBSOLETE_local: false peers { permanent_uuid: "966cf4fa6a754b7b9e27bff2bc2e18f5" member_type: VOTER last_known_addr { host: "127.12.87.196" port: 33879 } } peers { permanent_uuid: "2066ec7b50ad489bb003089903a9ed77" member_type: VOTER last_known_addr { host: "127.12.87.194" port: 41515 } } peers { permanent_uuid: "106720c1b84e49e4b43aed752531b585" member_type: VOTER last_known_addr { host: "127.12.87.195" port: 33027 } }
I20260608 12:45:14.127718 16003 tablet_bootstrap.cc:492] T 7a1aeeaa4b59453b9498921c013e213a P 106720c1b84e49e4b43aed752531b585: Bootstrap starting.
I20260608 12:45:14.125870 16007 raft_consensus.cc:359] T e74158db642545d699c692837812c31c P 966cf4fa6a754b7b9e27bff2bc2e18f5 [term 0 FOLLOWER]: Replica starting. Triggering 0 pending ops. Active config: opid_index: -1 OBSOLETE_local: false peers { permanent_uuid: "2066ec7b50ad489bb003089903a9ed77" member_type: VOTER last_known_addr { host: "127.12.87.194" port: 41515 } } peers { permanent_uuid: "7109fdda2550479eaab988911b69afbd" member_type: VOTER last_known_addr { host: "127.12.87.193" port: 38265 } } peers { permanent_uuid: "966cf4fa6a754b7b9e27bff2bc2e18f5" member_type: VOTER last_known_addr { host: "127.12.87.196" port: 33879 } }
I20260608 12:45:14.129221 16007 raft_consensus.cc:385] T e74158db642545d699c692837812c31c P 966cf4fa6a754b7b9e27bff2bc2e18f5 [term 0 FOLLOWER]: Consensus starting up: Expiring failure detector timer to make a prompt election more likely
I20260608 12:45:14.129544 16007 raft_consensus.cc:740] T e74158db642545d699c692837812c31c P 966cf4fa6a754b7b9e27bff2bc2e18f5 [term 0 FOLLOWER]: Becoming Follower/Learner. State: Replica: 966cf4fa6a754b7b9e27bff2bc2e18f5, State: Initialized, Role: FOLLOWER
I20260608 12:45:14.130800 16001 ts_tablet_manager.cc:1434] T 0b2f9a0f0bfd4396b7efaf26032ec318 P 2066ec7b50ad489bb003089903a9ed77: Time spent starting tablet: real 0.016s	user 0.008s	sys 0.000s
I20260608 12:45:14.132021 16001 tablet_bootstrap.cc:492] T f74a75af52534c74b62a1eb413288e55 P 2066ec7b50ad489bb003089903a9ed77: Bootstrap starting.
I20260608 12:45:14.136252 16003 tablet_bootstrap.cc:654] T 7a1aeeaa4b59453b9498921c013e213a P 106720c1b84e49e4b43aed752531b585: Neither blocks nor log segments found. Creating new log.
I20260608 12:45:14.137976 16007 consensus_queue.cc:260] T e74158db642545d699c692837812c31c P 966cf4fa6a754b7b9e27bff2bc2e18f5 [NON_LEADER]: Queue going to NON_LEADER mode. State: All replicated index: 0, Majority replicated index: 0, Committed index: 0, Last appended: 0.0, Last appended by leader: 0, Current term: 0, Majority size: -1, State: 0, Mode: NON_LEADER, active raft config: opid_index: -1 OBSOLETE_local: false peers { permanent_uuid: "2066ec7b50ad489bb003089903a9ed77" member_type: VOTER last_known_addr { host: "127.12.87.194" port: 41515 } } peers { permanent_uuid: "7109fdda2550479eaab988911b69afbd" member_type: VOTER last_known_addr { host: "127.12.87.193" port: 38265 } } peers { permanent_uuid: "966cf4fa6a754b7b9e27bff2bc2e18f5" member_type: VOTER last_known_addr { host: "127.12.87.196" port: 33879 } }
I20260608 12:45:14.139804 16000 raft_consensus.cc:359] T 0efbb4567da04c62825ac223d4c90e4d P 7109fdda2550479eaab988911b69afbd [term 0 FOLLOWER]: Replica starting. Triggering 0 pending ops. Active config: opid_index: -1 OBSOLETE_local: false peers { permanent_uuid: "106720c1b84e49e4b43aed752531b585" member_type: VOTER last_known_addr { host: "127.12.87.195" port: 33027 } } peers { permanent_uuid: "7109fdda2550479eaab988911b69afbd" member_type: VOTER last_known_addr { host: "127.12.87.193" port: 38265 } } peers { permanent_uuid: "966cf4fa6a754b7b9e27bff2bc2e18f5" member_type: VOTER last_known_addr { host: "127.12.87.196" port: 33879 } }
I20260608 12:45:14.140587 16000 raft_consensus.cc:385] T 0efbb4567da04c62825ac223d4c90e4d P 7109fdda2550479eaab988911b69afbd [term 0 FOLLOWER]: Consensus starting up: Expiring failure detector timer to make a prompt election more likely
I20260608 12:45:14.140911 16000 raft_consensus.cc:740] T 0efbb4567da04c62825ac223d4c90e4d P 7109fdda2550479eaab988911b69afbd [term 0 FOLLOWER]: Becoming Follower/Learner. State: Replica: 7109fdda2550479eaab988911b69afbd, State: Initialized, Role: FOLLOWER
I20260608 12:45:14.141865 16000 consensus_queue.cc:260] T 0efbb4567da04c62825ac223d4c90e4d P 7109fdda2550479eaab988911b69afbd [NON_LEADER]: Queue going to NON_LEADER mode. State: All replicated index: 0, Majority replicated index: 0, Committed index: 0, Last appended: 0.0, Last appended by leader: 0, Current term: 0, Majority size: -1, State: 0, Mode: NON_LEADER, active raft config: opid_index: -1 OBSOLETE_local: false peers { permanent_uuid: "106720c1b84e49e4b43aed752531b585" member_type: VOTER last_known_addr { host: "127.12.87.195" port: 33027 } } peers { permanent_uuid: "7109fdda2550479eaab988911b69afbd" member_type: VOTER last_known_addr { host: "127.12.87.193" port: 38265 } } peers { permanent_uuid: "966cf4fa6a754b7b9e27bff2bc2e18f5" member_type: VOTER last_known_addr { host: "127.12.87.196" port: 33879 } }
I20260608 12:45:14.147516 16000 ts_tablet_manager.cc:1434] T 0efbb4567da04c62825ac223d4c90e4d P 7109fdda2550479eaab988911b69afbd: Time spent starting tablet: real 0.021s	user 0.005s	sys 0.003s
I20260608 12:45:14.148597 16000 tablet_bootstrap.cc:492] T f74a75af52534c74b62a1eb413288e55 P 7109fdda2550479eaab988911b69afbd: Bootstrap starting.
I20260608 12:45:14.149482 16007 ts_tablet_manager.cc:1434] T e74158db642545d699c692837812c31c P 966cf4fa6a754b7b9e27bff2bc2e18f5: Time spent starting tablet: real 0.027s	user 0.007s	sys 0.000s
I20260608 12:45:14.155063 16007 tablet_bootstrap.cc:492] T ff4209354ded4f16b1d423d303e78542 P 966cf4fa6a754b7b9e27bff2bc2e18f5: Bootstrap starting.
I20260608 12:45:14.157096 16000 tablet_bootstrap.cc:654] T f74a75af52534c74b62a1eb413288e55 P 7109fdda2550479eaab988911b69afbd: Neither blocks nor log segments found. Creating new log.
I20260608 12:45:14.157135 16003 tablet_bootstrap.cc:492] T 7a1aeeaa4b59453b9498921c013e213a P 106720c1b84e49e4b43aed752531b585: No bootstrap required, opened a new log
I20260608 12:45:14.158259 16003 ts_tablet_manager.cc:1403] T 7a1aeeaa4b59453b9498921c013e213a P 106720c1b84e49e4b43aed752531b585: Time spent bootstrapping tablet: real 0.031s	user 0.014s	sys 0.014s
I20260608 12:45:14.161696 16007 tablet_bootstrap.cc:654] T ff4209354ded4f16b1d423d303e78542 P 966cf4fa6a754b7b9e27bff2bc2e18f5: Neither blocks nor log segments found. Creating new log.
I20260608 12:45:14.161579 16003 raft_consensus.cc:359] T 7a1aeeaa4b59453b9498921c013e213a P 106720c1b84e49e4b43aed752531b585 [term 0 FOLLOWER]: Replica starting. Triggering 0 pending ops. Active config: opid_index: -1 OBSOLETE_local: false peers { permanent_uuid: "966cf4fa6a754b7b9e27bff2bc2e18f5" member_type: VOTER last_known_addr { host: "127.12.87.196" port: 33879 } } peers { permanent_uuid: "106720c1b84e49e4b43aed752531b585" member_type: VOTER last_known_addr { host: "127.12.87.195" port: 33027 } } peers { permanent_uuid: "7109fdda2550479eaab988911b69afbd" member_type: VOTER last_known_addr { host: "127.12.87.193" port: 38265 } }
I20260608 12:45:14.162551 16003 raft_consensus.cc:385] T 7a1aeeaa4b59453b9498921c013e213a P 106720c1b84e49e4b43aed752531b585 [term 0 FOLLOWER]: Consensus starting up: Expiring failure detector timer to make a prompt election more likely
I20260608 12:45:14.162955 16003 raft_consensus.cc:740] T 7a1aeeaa4b59453b9498921c013e213a P 106720c1b84e49e4b43aed752531b585 [term 0 FOLLOWER]: Becoming Follower/Learner. State: Replica: 106720c1b84e49e4b43aed752531b585, State: Initialized, Role: FOLLOWER
I20260608 12:45:14.164005 16003 consensus_queue.cc:260] T 7a1aeeaa4b59453b9498921c013e213a P 106720c1b84e49e4b43aed752531b585 [NON_LEADER]: Queue going to NON_LEADER mode. State: All replicated index: 0, Majority replicated index: 0, Committed index: 0, Last appended: 0.0, Last appended by leader: 0, Current term: 0, Majority size: -1, State: 0, Mode: NON_LEADER, active raft config: opid_index: -1 OBSOLETE_local: false peers { permanent_uuid: "966cf4fa6a754b7b9e27bff2bc2e18f5" member_type: VOTER last_known_addr { host: "127.12.87.196" port: 33879 } } peers { permanent_uuid: "106720c1b84e49e4b43aed752531b585" member_type: VOTER last_known_addr { host: "127.12.87.195" port: 33027 } } peers { permanent_uuid: "7109fdda2550479eaab988911b69afbd" member_type: VOTER last_known_addr { host: "127.12.87.193" port: 38265 } }
I20260608 12:45:14.166477 16001 tablet_bootstrap.cc:654] T f74a75af52534c74b62a1eb413288e55 P 2066ec7b50ad489bb003089903a9ed77: Neither blocks nor log segments found. Creating new log.
I20260608 12:45:14.167085 15860 raft_consensus.cc:493] T 07ab94cb86034811927eb924e7543c36 P 106720c1b84e49e4b43aed752531b585 [term 0 FOLLOWER]: Starting pre-election (no leader contacted us within the election timeout)
I20260608 12:45:14.167622 15860 raft_consensus.cc:515] T 07ab94cb86034811927eb924e7543c36 P 106720c1b84e49e4b43aed752531b585 [term 0 FOLLOWER]: Starting pre-election with config: opid_index: -1 OBSOLETE_local: false peers { permanent_uuid: "7109fdda2550479eaab988911b69afbd" member_type: VOTER last_known_addr { host: "127.12.87.193" port: 38265 } } peers { permanent_uuid: "966cf4fa6a754b7b9e27bff2bc2e18f5" member_type: VOTER last_known_addr { host: "127.12.87.196" port: 33879 } } peers { permanent_uuid: "106720c1b84e49e4b43aed752531b585" member_type: VOTER last_known_addr { host: "127.12.87.195" port: 33027 } }
I20260608 12:45:14.169951 15860 leader_election.cc:290] T 07ab94cb86034811927eb924e7543c36 P 106720c1b84e49e4b43aed752531b585 [CANDIDATE]: Term 1 pre-election: Requested pre-vote from peers 7109fdda2550479eaab988911b69afbd (127.12.87.193:38265), 966cf4fa6a754b7b9e27bff2bc2e18f5 (127.12.87.196:33879)
I20260608 12:45:14.172951 15968 tablet_service.cc:1917] Received RequestConsensusVote() RPC: tablet_id: "07ab94cb86034811927eb924e7543c36" candidate_uuid: "106720c1b84e49e4b43aed752531b585" candidate_term: 1 candidate_status { last_received { term: 0 index: 0 } } ignore_live_leader: false dest_uuid: "966cf4fa6a754b7b9e27bff2bc2e18f5" is_pre_election: true
I20260608 12:45:14.174922 15968 raft_consensus.cc:2468] T 07ab94cb86034811927eb924e7543c36 P 966cf4fa6a754b7b9e27bff2bc2e18f5 [term 0 FOLLOWER]: Leader pre-election vote request: Granting yes vote for candidate 106720c1b84e49e4b43aed752531b585 in term 0.
I20260608 12:45:14.174067 15659 tablet_service.cc:1917] Received RequestConsensusVote() RPC: tablet_id: "07ab94cb86034811927eb924e7543c36" candidate_uuid: "106720c1b84e49e4b43aed752531b585" candidate_term: 1 candidate_status { last_received { term: 0 index: 0 } } ignore_live_leader: false dest_uuid: "7109fdda2550479eaab988911b69afbd" is_pre_election: true
I20260608 12:45:14.176728 15659 raft_consensus.cc:2468] T 07ab94cb86034811927eb924e7543c36 P 7109fdda2550479eaab988911b69afbd [term 0 FOLLOWER]: Leader pre-election vote request: Granting yes vote for candidate 106720c1b84e49e4b43aed752531b585 in term 0.
I20260608 12:45:14.177663 15774 leader_election.cc:304] T 07ab94cb86034811927eb924e7543c36 P 106720c1b84e49e4b43aed752531b585 [CANDIDATE]: Term 1 pre-election: Election decided. Result: candidate won. Election summary: received 2 responses out of 3 voters: 2 yes votes; 0 no votes. yes voters: 106720c1b84e49e4b43aed752531b585, 966cf4fa6a754b7b9e27bff2bc2e18f5; no voters: 
I20260608 12:45:14.180624 15860 raft_consensus.cc:2804] T 07ab94cb86034811927eb924e7543c36 P 106720c1b84e49e4b43aed752531b585 [term 0 FOLLOWER]: Leader pre-election won for term 1
I20260608 12:45:14.181159 15860 raft_consensus.cc:493] T 07ab94cb86034811927eb924e7543c36 P 106720c1b84e49e4b43aed752531b585 [term 0 FOLLOWER]: Starting leader election (no leader contacted us within the election timeout)
I20260608 12:45:14.182394 15860 raft_consensus.cc:3060] T 07ab94cb86034811927eb924e7543c36 P 106720c1b84e49e4b43aed752531b585 [term 0 FOLLOWER]: Advancing to term 1
I20260608 12:45:14.184711 16000 tablet_bootstrap.cc:492] T f74a75af52534c74b62a1eb413288e55 P 7109fdda2550479eaab988911b69afbd: No bootstrap required, opened a new log
I20260608 12:45:14.185177 16000 ts_tablet_manager.cc:1403] T f74a75af52534c74b62a1eb413288e55 P 7109fdda2550479eaab988911b69afbd: Time spent bootstrapping tablet: real 0.037s	user 0.010s	sys 0.007s
I20260608 12:45:14.187465 16003 ts_tablet_manager.cc:1434] T 7a1aeeaa4b59453b9498921c013e213a P 106720c1b84e49e4b43aed752531b585: Time spent starting tablet: real 0.029s	user 0.007s	sys 0.001s
I20260608 12:45:14.188294 16000 raft_consensus.cc:359] T f74a75af52534c74b62a1eb413288e55 P 7109fdda2550479eaab988911b69afbd [term 0 FOLLOWER]: Replica starting. Triggering 0 pending ops. Active config: opid_index: -1 OBSOLETE_local: false peers { permanent_uuid: "966cf4fa6a754b7b9e27bff2bc2e18f5" member_type: VOTER last_known_addr { host: "127.12.87.196" port: 33879 } } peers { permanent_uuid: "7109fdda2550479eaab988911b69afbd" member_type: VOTER last_known_addr { host: "127.12.87.193" port: 38265 } } peers { permanent_uuid: "2066ec7b50ad489bb003089903a9ed77" member_type: VOTER last_known_addr { host: "127.12.87.194" port: 41515 } }
I20260608 12:45:14.189034 16000 raft_consensus.cc:385] T f74a75af52534c74b62a1eb413288e55 P 7109fdda2550479eaab988911b69afbd [term 0 FOLLOWER]: Consensus starting up: Expiring failure detector timer to make a prompt election more likely
I20260608 12:45:14.189322 16000 raft_consensus.cc:740] T f74a75af52534c74b62a1eb413288e55 P 7109fdda2550479eaab988911b69afbd [term 0 FOLLOWER]: Becoming Follower/Learner. State: Replica: 7109fdda2550479eaab988911b69afbd, State: Initialized, Role: FOLLOWER
I20260608 12:45:14.190428 16000 consensus_queue.cc:260] T f74a75af52534c74b62a1eb413288e55 P 7109fdda2550479eaab988911b69afbd [NON_LEADER]: Queue going to NON_LEADER mode. State: All replicated index: 0, Majority replicated index: 0, Committed index: 0, Last appended: 0.0, Last appended by leader: 0, Current term: 0, Majority size: -1, State: 0, Mode: NON_LEADER, active raft config: opid_index: -1 OBSOLETE_local: false peers { permanent_uuid: "966cf4fa6a754b7b9e27bff2bc2e18f5" member_type: VOTER last_known_addr { host: "127.12.87.196" port: 33879 } } peers { permanent_uuid: "7109fdda2550479eaab988911b69afbd" member_type: VOTER last_known_addr { host: "127.12.87.193" port: 38265 } } peers { permanent_uuid: "2066ec7b50ad489bb003089903a9ed77" member_type: VOTER last_known_addr { host: "127.12.87.194" port: 41515 } }
I20260608 12:45:14.194681 15860 raft_consensus.cc:515] T 07ab94cb86034811927eb924e7543c36 P 106720c1b84e49e4b43aed752531b585 [term 1 FOLLOWER]: Starting leader election with config: opid_index: -1 OBSOLETE_local: false peers { permanent_uuid: "7109fdda2550479eaab988911b69afbd" member_type: VOTER last_known_addr { host: "127.12.87.193" port: 38265 } } peers { permanent_uuid: "966cf4fa6a754b7b9e27bff2bc2e18f5" member_type: VOTER last_known_addr { host: "127.12.87.196" port: 33879 } } peers { permanent_uuid: "106720c1b84e49e4b43aed752531b585" member_type: VOTER last_known_addr { host: "127.12.87.195" port: 33027 } }
I20260608 12:45:14.195451 16007 tablet_bootstrap.cc:492] T ff4209354ded4f16b1d423d303e78542 P 966cf4fa6a754b7b9e27bff2bc2e18f5: No bootstrap required, opened a new log
I20260608 12:45:14.195964 16007 ts_tablet_manager.cc:1403] T ff4209354ded4f16b1d423d303e78542 P 966cf4fa6a754b7b9e27bff2bc2e18f5: Time spent bootstrapping tablet: real 0.041s	user 0.007s	sys 0.015s
I20260608 12:45:14.197716 15659 tablet_service.cc:1917] Received RequestConsensusVote() RPC: tablet_id: "07ab94cb86034811927eb924e7543c36" candidate_uuid: "106720c1b84e49e4b43aed752531b585" candidate_term: 1 candidate_status { last_received { term: 0 index: 0 } } ignore_live_leader: false dest_uuid: "7109fdda2550479eaab988911b69afbd"
I20260608 12:45:14.198329 15659 raft_consensus.cc:3060] T 07ab94cb86034811927eb924e7543c36 P 7109fdda2550479eaab988911b69afbd [term 0 FOLLOWER]: Advancing to term 1
I20260608 12:45:14.198860 15968 tablet_service.cc:1917] Received RequestConsensusVote() RPC: tablet_id: "07ab94cb86034811927eb924e7543c36" candidate_uuid: "106720c1b84e49e4b43aed752531b585" candidate_term: 1 candidate_status { last_received { term: 0 index: 0 } } ignore_live_leader: false dest_uuid: "966cf4fa6a754b7b9e27bff2bc2e18f5"
I20260608 12:45:14.199458 15968 raft_consensus.cc:3060] T 07ab94cb86034811927eb924e7543c36 P 966cf4fa6a754b7b9e27bff2bc2e18f5 [term 0 FOLLOWER]: Advancing to term 1
I20260608 12:45:14.199291 16007 raft_consensus.cc:359] T ff4209354ded4f16b1d423d303e78542 P 966cf4fa6a754b7b9e27bff2bc2e18f5 [term 0 FOLLOWER]: Replica starting. Triggering 0 pending ops. Active config: opid_index: -1 OBSOLETE_local: false peers { permanent_uuid: "2066ec7b50ad489bb003089903a9ed77" member_type: VOTER last_known_addr { host: "127.12.87.194" port: 41515 } } peers { permanent_uuid: "966cf4fa6a754b7b9e27bff2bc2e18f5" member_type: VOTER last_known_addr { host: "127.12.87.196" port: 33879 } } peers { permanent_uuid: "106720c1b84e49e4b43aed752531b585" member_type: VOTER last_known_addr { host: "127.12.87.195" port: 33027 } }
I20260608 12:45:14.200090 16007 raft_consensus.cc:385] T ff4209354ded4f16b1d423d303e78542 P 966cf4fa6a754b7b9e27bff2bc2e18f5 [term 0 FOLLOWER]: Consensus starting up: Expiring failure detector timer to make a prompt election more likely
I20260608 12:45:14.200413 16007 raft_consensus.cc:740] T ff4209354ded4f16b1d423d303e78542 P 966cf4fa6a754b7b9e27bff2bc2e18f5 [term 0 FOLLOWER]: Becoming Follower/Learner. State: Replica: 966cf4fa6a754b7b9e27bff2bc2e18f5, State: Initialized, Role: FOLLOWER
I20260608 12:45:14.201545 16000 ts_tablet_manager.cc:1434] T f74a75af52534c74b62a1eb413288e55 P 7109fdda2550479eaab988911b69afbd: Time spent starting tablet: real 0.016s	user 0.004s	sys 0.004s
I20260608 12:45:14.201221 16007 consensus_queue.cc:260] T ff4209354ded4f16b1d423d303e78542 P 966cf4fa6a754b7b9e27bff2bc2e18f5 [NON_LEADER]: Queue going to NON_LEADER mode. State: All replicated index: 0, Majority replicated index: 0, Committed index: 0, Last appended: 0.0, Last appended by leader: 0, Current term: 0, Majority size: -1, State: 0, Mode: NON_LEADER, active raft config: opid_index: -1 OBSOLETE_local: false peers { permanent_uuid: "2066ec7b50ad489bb003089903a9ed77" member_type: VOTER last_known_addr { host: "127.12.87.194" port: 41515 } } peers { permanent_uuid: "966cf4fa6a754b7b9e27bff2bc2e18f5" member_type: VOTER last_known_addr { host: "127.12.87.196" port: 33879 } } peers { permanent_uuid: "106720c1b84e49e4b43aed752531b585" member_type: VOTER last_known_addr { host: "127.12.87.195" port: 33027 } }
I20260608 12:45:14.205328 15659 raft_consensus.cc:2468] T 07ab94cb86034811927eb924e7543c36 P 7109fdda2550479eaab988911b69afbd [term 1 FOLLOWER]: Leader election vote request: Granting yes vote for candidate 106720c1b84e49e4b43aed752531b585 in term 1.
I20260608 12:45:14.206519 16007 ts_tablet_manager.cc:1434] T ff4209354ded4f16b1d423d303e78542 P 966cf4fa6a754b7b9e27bff2bc2e18f5: Time spent starting tablet: real 0.010s	user 0.007s	sys 0.002s
I20260608 12:45:14.206632 15774 leader_election.cc:304] T 07ab94cb86034811927eb924e7543c36 P 106720c1b84e49e4b43aed752531b585 [CANDIDATE]: Term 1 election: Election decided. Result: candidate won. Election summary: received 2 responses out of 3 voters: 2 yes votes; 0 no votes. yes voters: 106720c1b84e49e4b43aed752531b585, 7109fdda2550479eaab988911b69afbd; no voters: 
I20260608 12:45:14.207561 15883 raft_consensus.cc:2804] T 07ab94cb86034811927eb924e7543c36 P 106720c1b84e49e4b43aed752531b585 [term 1 FOLLOWER]: Leader election won for term 1
I20260608 12:45:14.207746 16007 tablet_bootstrap.cc:492] T 0b2f9a0f0bfd4396b7efaf26032ec318 P 966cf4fa6a754b7b9e27bff2bc2e18f5: Bootstrap starting.
I20260608 12:45:14.208109 15883 raft_consensus.cc:697] T 07ab94cb86034811927eb924e7543c36 P 106720c1b84e49e4b43aed752531b585 [term 1 LEADER]: Becoming Leader. State: Replica: 106720c1b84e49e4b43aed752531b585, State: Running, Role: LEADER
I20260608 12:45:14.209908 16000 tablet_bootstrap.cc:492] T 7a1aeeaa4b59453b9498921c013e213a P 7109fdda2550479eaab988911b69afbd: Bootstrap starting.
I20260608 12:45:14.208995 15883 consensus_queue.cc:237] T 07ab94cb86034811927eb924e7543c36 P 106720c1b84e49e4b43aed752531b585 [LEADER]: Queue going to LEADER mode. State: All replicated index: 0, Majority replicated index: 0, Committed index: 0, Last appended: 0.0, Last appended by leader: 0, Current term: 1, Majority size: 2, State: 0, Mode: LEADER, active raft config: opid_index: -1 OBSOLETE_local: false peers { permanent_uuid: "7109fdda2550479eaab988911b69afbd" member_type: VOTER last_known_addr { host: "127.12.87.193" port: 38265 } } peers { permanent_uuid: "966cf4fa6a754b7b9e27bff2bc2e18f5" member_type: VOTER last_known_addr { host: "127.12.87.196" port: 33879 } } peers { permanent_uuid: "106720c1b84e49e4b43aed752531b585" member_type: VOTER last_known_addr { host: "127.12.87.195" port: 33027 } }
I20260608 12:45:14.209026 15968 raft_consensus.cc:2468] T 07ab94cb86034811927eb924e7543c36 P 966cf4fa6a754b7b9e27bff2bc2e18f5 [term 1 FOLLOWER]: Leader election vote request: Granting yes vote for candidate 106720c1b84e49e4b43aed752531b585 in term 1.
I20260608 12:45:14.197695 15860 leader_election.cc:290] T 07ab94cb86034811927eb924e7543c36 P 106720c1b84e49e4b43aed752531b585 [CANDIDATE]: Term 1 election: Requested vote from peers 7109fdda2550479eaab988911b69afbd (127.12.87.193:38265), 966cf4fa6a754b7b9e27bff2bc2e18f5 (127.12.87.196:33879)
I20260608 12:45:14.216149 16001 tablet_bootstrap.cc:492] T f74a75af52534c74b62a1eb413288e55 P 2066ec7b50ad489bb003089903a9ed77: No bootstrap required, opened a new log
I20260608 12:45:14.217166 16001 ts_tablet_manager.cc:1403] T f74a75af52534c74b62a1eb413288e55 P 2066ec7b50ad489bb003089903a9ed77: Time spent bootstrapping tablet: real 0.085s	user 0.018s	sys 0.009s
I20260608 12:45:14.218351 16000 tablet_bootstrap.cc:654] T 7a1aeeaa4b59453b9498921c013e213a P 7109fdda2550479eaab988911b69afbd: Neither blocks nor log segments found. Creating new log.
I20260608 12:45:14.221316 16001 raft_consensus.cc:359] T f74a75af52534c74b62a1eb413288e55 P 2066ec7b50ad489bb003089903a9ed77 [term 0 FOLLOWER]: Replica starting. Triggering 0 pending ops. Active config: opid_index: -1 OBSOLETE_local: false peers { permanent_uuid: "966cf4fa6a754b7b9e27bff2bc2e18f5" member_type: VOTER last_known_addr { host: "127.12.87.196" port: 33879 } } peers { permanent_uuid: "7109fdda2550479eaab988911b69afbd" member_type: VOTER last_known_addr { host: "127.12.87.193" port: 38265 } } peers { permanent_uuid: "2066ec7b50ad489bb003089903a9ed77" member_type: VOTER last_known_addr { host: "127.12.87.194" port: 41515 } }
I20260608 12:45:14.222237 16001 raft_consensus.cc:385] T f74a75af52534c74b62a1eb413288e55 P 2066ec7b50ad489bb003089903a9ed77 [term 0 FOLLOWER]: Consensus starting up: Expiring failure detector timer to make a prompt election more likely
I20260608 12:45:14.222563 16001 raft_consensus.cc:740] T f74a75af52534c74b62a1eb413288e55 P 2066ec7b50ad489bb003089903a9ed77 [term 0 FOLLOWER]: Becoming Follower/Learner. State: Replica: 2066ec7b50ad489bb003089903a9ed77, State: Initialized, Role: FOLLOWER
I20260608 12:45:14.223268 16001 consensus_queue.cc:260] T f74a75af52534c74b62a1eb413288e55 P 2066ec7b50ad489bb003089903a9ed77 [NON_LEADER]: Queue going to NON_LEADER mode. State: All replicated index: 0, Majority replicated index: 0, Committed index: 0, Last appended: 0.0, Last appended by leader: 0, Current term: 0, Majority size: -1, State: 0, Mode: NON_LEADER, active raft config: opid_index: -1 OBSOLETE_local: false peers { permanent_uuid: "966cf4fa6a754b7b9e27bff2bc2e18f5" member_type: VOTER last_known_addr { host: "127.12.87.196" port: 33879 } } peers { permanent_uuid: "7109fdda2550479eaab988911b69afbd" member_type: VOTER last_known_addr { host: "127.12.87.193" port: 38265 } } peers { permanent_uuid: "2066ec7b50ad489bb003089903a9ed77" member_type: VOTER last_known_addr { host: "127.12.87.194" port: 41515 } }
I20260608 12:45:14.224018 16000 tablet_bootstrap.cc:492] T 7a1aeeaa4b59453b9498921c013e213a P 7109fdda2550479eaab988911b69afbd: No bootstrap required, opened a new log
I20260608 12:45:14.224541 16000 ts_tablet_manager.cc:1403] T 7a1aeeaa4b59453b9498921c013e213a P 7109fdda2550479eaab988911b69afbd: Time spent bootstrapping tablet: real 0.015s	user 0.005s	sys 0.007s
I20260608 12:45:14.227403 16007 tablet_bootstrap.cc:654] T 0b2f9a0f0bfd4396b7efaf26032ec318 P 966cf4fa6a754b7b9e27bff2bc2e18f5: Neither blocks nor log segments found. Creating new log.
I20260608 12:45:14.227705 16000 raft_consensus.cc:359] T 7a1aeeaa4b59453b9498921c013e213a P 7109fdda2550479eaab988911b69afbd [term 0 FOLLOWER]: Replica starting. Triggering 0 pending ops. Active config: opid_index: -1 OBSOLETE_local: false peers { permanent_uuid: "966cf4fa6a754b7b9e27bff2bc2e18f5" member_type: VOTER last_known_addr { host: "127.12.87.196" port: 33879 } } peers { permanent_uuid: "106720c1b84e49e4b43aed752531b585" member_type: VOTER last_known_addr { host: "127.12.87.195" port: 33027 } } peers { permanent_uuid: "7109fdda2550479eaab988911b69afbd" member_type: VOTER last_known_addr { host: "127.12.87.193" port: 38265 } }
I20260608 12:45:14.228440 16000 raft_consensus.cc:385] T 7a1aeeaa4b59453b9498921c013e213a P 7109fdda2550479eaab988911b69afbd [term 0 FOLLOWER]: Consensus starting up: Expiring failure detector timer to make a prompt election more likely
I20260608 12:45:14.228780 16000 raft_consensus.cc:740] T 7a1aeeaa4b59453b9498921c013e213a P 7109fdda2550479eaab988911b69afbd [term 0 FOLLOWER]: Becoming Follower/Learner. State: Replica: 7109fdda2550479eaab988911b69afbd, State: Initialized, Role: FOLLOWER
I20260608 12:45:14.225513 16001 ts_tablet_manager.cc:1434] T f74a75af52534c74b62a1eb413288e55 P 2066ec7b50ad489bb003089903a9ed77: Time spent starting tablet: real 0.008s	user 0.004s	sys 0.000s
I20260608 12:45:14.229563 16000 consensus_queue.cc:260] T 7a1aeeaa4b59453b9498921c013e213a P 7109fdda2550479eaab988911b69afbd [NON_LEADER]: Queue going to NON_LEADER mode. State: All replicated index: 0, Majority replicated index: 0, Committed index: 0, Last appended: 0.0, Last appended by leader: 0, Current term: 0, Majority size: -1, State: 0, Mode: NON_LEADER, active raft config: opid_index: -1 OBSOLETE_local: false peers { permanent_uuid: "966cf4fa6a754b7b9e27bff2bc2e18f5" member_type: VOTER last_known_addr { host: "127.12.87.196" port: 33879 } } peers { permanent_uuid: "106720c1b84e49e4b43aed752531b585" member_type: VOTER last_known_addr { host: "127.12.87.195" port: 33027 } } peers { permanent_uuid: "7109fdda2550479eaab988911b69afbd" member_type: VOTER last_known_addr { host: "127.12.87.193" port: 38265 } }
I20260608 12:45:14.232803 16013 raft_consensus.cc:493] T 2b004de60b0244d1ae6a05890ac4854f P 966cf4fa6a754b7b9e27bff2bc2e18f5 [term 0 FOLLOWER]: Starting pre-election (no leader contacted us within the election timeout)
I20260608 12:45:14.233312 16013 raft_consensus.cc:515] T 2b004de60b0244d1ae6a05890ac4854f P 966cf4fa6a754b7b9e27bff2bc2e18f5 [term 0 FOLLOWER]: Starting pre-election with config: opid_index: -1 OBSOLETE_local: false peers { permanent_uuid: "966cf4fa6a754b7b9e27bff2bc2e18f5" member_type: VOTER last_known_addr { host: "127.12.87.196" port: 33879 } } peers { permanent_uuid: "2066ec7b50ad489bb003089903a9ed77" member_type: VOTER last_known_addr { host: "127.12.87.194" port: 41515 } } peers { permanent_uuid: "7109fdda2550479eaab988911b69afbd" member_type: VOTER last_known_addr { host: "127.12.87.193" port: 38265 } }
I20260608 12:45:14.238382 15874 raft_consensus.cc:493] T 0b2f9a0f0bfd4396b7efaf26032ec318 P 2066ec7b50ad489bb003089903a9ed77 [term 0 FOLLOWER]: Starting pre-election (no leader contacted us within the election timeout)
I20260608 12:45:14.238935 15874 raft_consensus.cc:515] T 0b2f9a0f0bfd4396b7efaf26032ec318 P 2066ec7b50ad489bb003089903a9ed77 [term 0 FOLLOWER]: Starting pre-election with config: opid_index: -1 OBSOLETE_local: false peers { permanent_uuid: "966cf4fa6a754b7b9e27bff2bc2e18f5" member_type: VOTER last_known_addr { host: "127.12.87.196" port: 33879 } } peers { permanent_uuid: "2066ec7b50ad489bb003089903a9ed77" member_type: VOTER last_known_addr { host: "127.12.87.194" port: 41515 } } peers { permanent_uuid: "106720c1b84e49e4b43aed752531b585" member_type: VOTER last_known_addr { host: "127.12.87.195" port: 33027 } }
I20260608 12:45:14.241681 15874 leader_election.cc:290] T 0b2f9a0f0bfd4396b7efaf26032ec318 P 2066ec7b50ad489bb003089903a9ed77 [CANDIDATE]: Term 1 pre-election: Requested pre-vote from peers 966cf4fa6a754b7b9e27bff2bc2e18f5 (127.12.87.196:33879), 106720c1b84e49e4b43aed752531b585 (127.12.87.195:33027)
I20260608 12:45:14.242870 15558 catalog_manager.cc:5696] T 07ab94cb86034811927eb924e7543c36 P 106720c1b84e49e4b43aed752531b585 reported cstate change: term changed from 0 to 1, leader changed from <none> to 106720c1b84e49e4b43aed752531b585 (127.12.87.195). New cstate: current_term: 1 leader_uuid: "106720c1b84e49e4b43aed752531b585" committed_config { opid_index: -1 OBSOLETE_local: false peers { permanent_uuid: "7109fdda2550479eaab988911b69afbd" member_type: VOTER last_known_addr { host: "127.12.87.193" port: 38265 } health_report { overall_health: UNKNOWN } } peers { permanent_uuid: "966cf4fa6a754b7b9e27bff2bc2e18f5" member_type: VOTER last_known_addr { host: "127.12.87.196" port: 33879 } health_report { overall_health: UNKNOWN } } peers { permanent_uuid: "106720c1b84e49e4b43aed752531b585" member_type: VOTER last_known_addr { host: "127.12.87.195" port: 33027 } health_report { overall_health: HEALTHY } } }
I20260608 12:45:14.250021 16000 ts_tablet_manager.cc:1434] T 7a1aeeaa4b59453b9498921c013e213a P 7109fdda2550479eaab988911b69afbd: Time spent starting tablet: real 0.025s	user 0.008s	sys 0.001s
I20260608 12:45:14.253118 16007 tablet_bootstrap.cc:492] T 0b2f9a0f0bfd4396b7efaf26032ec318 P 966cf4fa6a754b7b9e27bff2bc2e18f5: No bootstrap required, opened a new log
I20260608 12:45:14.253870 16007 ts_tablet_manager.cc:1403] T 0b2f9a0f0bfd4396b7efaf26032ec318 P 966cf4fa6a754b7b9e27bff2bc2e18f5: Time spent bootstrapping tablet: real 0.046s	user 0.014s	sys 0.011s
I20260608 12:45:14.257802 15874 raft_consensus.cc:493] T f74a75af52534c74b62a1eb413288e55 P 2066ec7b50ad489bb003089903a9ed77 [term 0 FOLLOWER]: Starting pre-election (no leader contacted us within the election timeout)
I20260608 12:45:14.257911 16007 raft_consensus.cc:359] T 0b2f9a0f0bfd4396b7efaf26032ec318 P 966cf4fa6a754b7b9e27bff2bc2e18f5 [term 0 FOLLOWER]: Replica starting. Triggering 0 pending ops. Active config: opid_index: -1 OBSOLETE_local: false peers { permanent_uuid: "966cf4fa6a754b7b9e27bff2bc2e18f5" member_type: VOTER last_known_addr { host: "127.12.87.196" port: 33879 } } peers { permanent_uuid: "2066ec7b50ad489bb003089903a9ed77" member_type: VOTER last_known_addr { host: "127.12.87.194" port: 41515 } } peers { permanent_uuid: "106720c1b84e49e4b43aed752531b585" member_type: VOTER last_known_addr { host: "127.12.87.195" port: 33027 } }
I20260608 12:45:14.258788 16007 raft_consensus.cc:385] T 0b2f9a0f0bfd4396b7efaf26032ec318 P 966cf4fa6a754b7b9e27bff2bc2e18f5 [term 0 FOLLOWER]: Consensus starting up: Expiring failure detector timer to make a prompt election more likely
I20260608 12:45:14.259119 16007 raft_consensus.cc:740] T 0b2f9a0f0bfd4396b7efaf26032ec318 P 966cf4fa6a754b7b9e27bff2bc2e18f5 [term 0 FOLLOWER]: Becoming Follower/Learner. State: Replica: 966cf4fa6a754b7b9e27bff2bc2e18f5, State: Initialized, Role: FOLLOWER
I20260608 12:45:14.258538 15874 raft_consensus.cc:515] T f74a75af52534c74b62a1eb413288e55 P 2066ec7b50ad489bb003089903a9ed77 [term 0 FOLLOWER]: Starting pre-election with config: opid_index: -1 OBSOLETE_local: false peers { permanent_uuid: "966cf4fa6a754b7b9e27bff2bc2e18f5" member_type: VOTER last_known_addr { host: "127.12.87.196" port: 33879 } } peers { permanent_uuid: "7109fdda2550479eaab988911b69afbd" member_type: VOTER last_known_addr { host: "127.12.87.193" port: 38265 } } peers { permanent_uuid: "2066ec7b50ad489bb003089903a9ed77" member_type: VOTER last_known_addr { host: "127.12.87.194" port: 41515 } }
I20260608 12:45:14.261858 16013 leader_election.cc:290] T 2b004de60b0244d1ae6a05890ac4854f P 966cf4fa6a754b7b9e27bff2bc2e18f5 [CANDIDATE]: Term 1 pre-election: Requested pre-vote from peers 2066ec7b50ad489bb003089903a9ed77 (127.12.87.194:41515), 7109fdda2550479eaab988911b69afbd (127.12.87.193:38265)
I20260608 12:45:14.264443 16007 consensus_queue.cc:260] T 0b2f9a0f0bfd4396b7efaf26032ec318 P 966cf4fa6a754b7b9e27bff2bc2e18f5 [NON_LEADER]: Queue going to NON_LEADER mode. State: All replicated index: 0, Majority replicated index: 0, Committed index: 0, Last appended: 0.0, Last appended by leader: 0, Current term: 0, Majority size: -1, State: 0, Mode: NON_LEADER, active raft config: opid_index: -1 OBSOLETE_local: false peers { permanent_uuid: "966cf4fa6a754b7b9e27bff2bc2e18f5" member_type: VOTER last_known_addr { host: "127.12.87.196" port: 33879 } } peers { permanent_uuid: "2066ec7b50ad489bb003089903a9ed77" member_type: VOTER last_known_addr { host: "127.12.87.194" port: 41515 } } peers { permanent_uuid: "106720c1b84e49e4b43aed752531b585" member_type: VOTER last_known_addr { host: "127.12.87.195" port: 33027 } }
I20260608 12:45:14.265151 15874 leader_election.cc:290] T f74a75af52534c74b62a1eb413288e55 P 2066ec7b50ad489bb003089903a9ed77 [CANDIDATE]: Term 1 pre-election: Requested pre-vote from peers 966cf4fa6a754b7b9e27bff2bc2e18f5 (127.12.87.196:33879), 7109fdda2550479eaab988911b69afbd (127.12.87.193:38265)
I20260608 12:45:14.267145 16007 ts_tablet_manager.cc:1434] T 0b2f9a0f0bfd4396b7efaf26032ec318 P 966cf4fa6a754b7b9e27bff2bc2e18f5: Time spent starting tablet: real 0.013s	user 0.004s	sys 0.003s
I20260608 12:45:14.268151 16007 tablet_bootstrap.cc:492] T f74a75af52534c74b62a1eb413288e55 P 966cf4fa6a754b7b9e27bff2bc2e18f5: Bootstrap starting.
I20260608 12:45:14.273068 15808 tablet_service.cc:1917] Received RequestConsensusVote() RPC: tablet_id: "0b2f9a0f0bfd4396b7efaf26032ec318" candidate_uuid: "2066ec7b50ad489bb003089903a9ed77" candidate_term: 1 candidate_status { last_received { term: 0 index: 0 } } ignore_live_leader: false dest_uuid: "106720c1b84e49e4b43aed752531b585" is_pre_election: true
I20260608 12:45:14.273888 15808 raft_consensus.cc:2468] T 0b2f9a0f0bfd4396b7efaf26032ec318 P 106720c1b84e49e4b43aed752531b585 [term 0 FOLLOWER]: Leader pre-election vote request: Granting yes vote for candidate 2066ec7b50ad489bb003089903a9ed77 in term 0.
I20260608 12:45:14.275416 15700 leader_election.cc:304] T 0b2f9a0f0bfd4396b7efaf26032ec318 P 2066ec7b50ad489bb003089903a9ed77 [CANDIDATE]: Term 1 pre-election: Election decided. Result: candidate won. Election summary: received 2 responses out of 3 voters: 2 yes votes; 0 no votes. yes voters: 106720c1b84e49e4b43aed752531b585, 2066ec7b50ad489bb003089903a9ed77; no voters: 
I20260608 12:45:14.276935 15659 tablet_service.cc:1917] Received RequestConsensusVote() RPC: tablet_id: "f74a75af52534c74b62a1eb413288e55" candidate_uuid: "2066ec7b50ad489bb003089903a9ed77" candidate_term: 1 candidate_status { last_received { term: 0 index: 0 } } ignore_live_leader: false dest_uuid: "7109fdda2550479eaab988911b69afbd" is_pre_election: true
I20260608 12:45:14.277413 15659 raft_consensus.cc:2468] T f74a75af52534c74b62a1eb413288e55 P 7109fdda2550479eaab988911b69afbd [term 0 FOLLOWER]: Leader pre-election vote request: Granting yes vote for candidate 2066ec7b50ad489bb003089903a9ed77 in term 0.
I20260608 12:45:14.276408 15874 raft_consensus.cc:2804] T 0b2f9a0f0bfd4396b7efaf26032ec318 P 2066ec7b50ad489bb003089903a9ed77 [term 0 FOLLOWER]: Leader pre-election won for term 1
I20260608 12:45:14.278244 15874 raft_consensus.cc:493] T 0b2f9a0f0bfd4396b7efaf26032ec318 P 2066ec7b50ad489bb003089903a9ed77 [term 0 FOLLOWER]: Starting leader election (no leader contacted us within the election timeout)
I20260608 12:45:14.278628 15874 raft_consensus.cc:3060] T 0b2f9a0f0bfd4396b7efaf26032ec318 P 2066ec7b50ad489bb003089903a9ed77 [term 0 FOLLOWER]: Advancing to term 1
I20260608 12:45:14.278633 15700 leader_election.cc:304] T f74a75af52534c74b62a1eb413288e55 P 2066ec7b50ad489bb003089903a9ed77 [CANDIDATE]: Term 1 pre-election: Election decided. Result: candidate won. Election summary: received 2 responses out of 3 voters: 2 yes votes; 0 no votes. yes voters: 2066ec7b50ad489bb003089903a9ed77, 7109fdda2550479eaab988911b69afbd; no voters: 
I20260608 12:45:14.279707 15917 raft_consensus.cc:2804] T f74a75af52534c74b62a1eb413288e55 P 2066ec7b50ad489bb003089903a9ed77 [term 0 FOLLOWER]: Leader pre-election won for term 1
I20260608 12:45:14.280092 15917 raft_consensus.cc:493] T f74a75af52534c74b62a1eb413288e55 P 2066ec7b50ad489bb003089903a9ed77 [term 0 FOLLOWER]: Starting leader election (no leader contacted us within the election timeout)
I20260608 12:45:14.280427 15917 raft_consensus.cc:3060] T f74a75af52534c74b62a1eb413288e55 P 2066ec7b50ad489bb003089903a9ed77 [term 0 FOLLOWER]: Advancing to term 1
I20260608 12:45:14.287925 15734 tablet_service.cc:1917] Received RequestConsensusVote() RPC: tablet_id: "2b004de60b0244d1ae6a05890ac4854f" candidate_uuid: "966cf4fa6a754b7b9e27bff2bc2e18f5" candidate_term: 1 candidate_status { last_received { term: 0 index: 0 } } ignore_live_leader: false dest_uuid: "2066ec7b50ad489bb003089903a9ed77" is_pre_election: true
I20260608 12:45:14.288491 15734 raft_consensus.cc:2468] T 2b004de60b0244d1ae6a05890ac4854f P 2066ec7b50ad489bb003089903a9ed77 [term 0 FOLLOWER]: Leader pre-election vote request: Granting yes vote for candidate 966cf4fa6a754b7b9e27bff2bc2e18f5 in term 0.
I20260608 12:45:14.290582 15934 leader_election.cc:304] T 2b004de60b0244d1ae6a05890ac4854f P 966cf4fa6a754b7b9e27bff2bc2e18f5 [CANDIDATE]: Term 1 pre-election: Election decided. Result: candidate won. Election summary: received 2 responses out of 3 voters: 2 yes votes; 0 no votes. yes voters: 2066ec7b50ad489bb003089903a9ed77, 966cf4fa6a754b7b9e27bff2bc2e18f5; no voters: 
I20260608 12:45:14.291633 16013 raft_consensus.cc:2804] T 2b004de60b0244d1ae6a05890ac4854f P 966cf4fa6a754b7b9e27bff2bc2e18f5 [term 0 FOLLOWER]: Leader pre-election won for term 1
I20260608 12:45:14.292016 16013 raft_consensus.cc:493] T 2b004de60b0244d1ae6a05890ac4854f P 966cf4fa6a754b7b9e27bff2bc2e18f5 [term 0 FOLLOWER]: Starting leader election (no leader contacted us within the election timeout)
I20260608 12:45:14.292465 16013 raft_consensus.cc:3060] T 2b004de60b0244d1ae6a05890ac4854f P 966cf4fa6a754b7b9e27bff2bc2e18f5 [term 0 FOLLOWER]: Advancing to term 1
I20260608 12:45:14.292101 15917 raft_consensus.cc:515] T f74a75af52534c74b62a1eb413288e55 P 2066ec7b50ad489bb003089903a9ed77 [term 1 FOLLOWER]: Starting leader election with config: opid_index: -1 OBSOLETE_local: false peers { permanent_uuid: "966cf4fa6a754b7b9e27bff2bc2e18f5" member_type: VOTER last_known_addr { host: "127.12.87.196" port: 33879 } } peers { permanent_uuid: "7109fdda2550479eaab988911b69afbd" member_type: VOTER last_known_addr { host: "127.12.87.193" port: 38265 } } peers { permanent_uuid: "2066ec7b50ad489bb003089903a9ed77" member_type: VOTER last_known_addr { host: "127.12.87.194" port: 41515 } }
I20260608 12:45:14.297955 15917 leader_election.cc:290] T f74a75af52534c74b62a1eb413288e55 P 2066ec7b50ad489bb003089903a9ed77 [CANDIDATE]: Term 1 election: Requested vote from peers 966cf4fa6a754b7b9e27bff2bc2e18f5 (127.12.87.196:33879), 7109fdda2550479eaab988911b69afbd (127.12.87.193:38265)
I20260608 12:45:14.298981 15659 tablet_service.cc:1917] Received RequestConsensusVote() RPC: tablet_id: "f74a75af52534c74b62a1eb413288e55" candidate_uuid: "2066ec7b50ad489bb003089903a9ed77" candidate_term: 1 candidate_status { last_received { term: 0 index: 0 } } ignore_live_leader: false dest_uuid: "7109fdda2550479eaab988911b69afbd"
I20260608 12:45:14.299738 15659 raft_consensus.cc:3060] T f74a75af52534c74b62a1eb413288e55 P 7109fdda2550479eaab988911b69afbd [term 0 FOLLOWER]: Advancing to term 1
I20260608 12:45:14.300976 15874 raft_consensus.cc:515] T 0b2f9a0f0bfd4396b7efaf26032ec318 P 2066ec7b50ad489bb003089903a9ed77 [term 1 FOLLOWER]: Starting leader election with config: opid_index: -1 OBSOLETE_local: false peers { permanent_uuid: "966cf4fa6a754b7b9e27bff2bc2e18f5" member_type: VOTER last_known_addr { host: "127.12.87.196" port: 33879 } } peers { permanent_uuid: "2066ec7b50ad489bb003089903a9ed77" member_type: VOTER last_known_addr { host: "127.12.87.194" port: 41515 } } peers { permanent_uuid: "106720c1b84e49e4b43aed752531b585" member_type: VOTER last_known_addr { host: "127.12.87.195" port: 33027 } }
I20260608 12:45:14.308350 16013 raft_consensus.cc:515] T 2b004de60b0244d1ae6a05890ac4854f P 966cf4fa6a754b7b9e27bff2bc2e18f5 [term 1 FOLLOWER]: Starting leader election with config: opid_index: -1 OBSOLETE_local: false peers { permanent_uuid: "966cf4fa6a754b7b9e27bff2bc2e18f5" member_type: VOTER last_known_addr { host: "127.12.87.196" port: 33879 } } peers { permanent_uuid: "2066ec7b50ad489bb003089903a9ed77" member_type: VOTER last_known_addr { host: "127.12.87.194" port: 41515 } } peers { permanent_uuid: "7109fdda2550479eaab988911b69afbd" member_type: VOTER last_known_addr { host: "127.12.87.193" port: 38265 } }
I20260608 12:45:14.310068 15808 tablet_service.cc:1917] Received RequestConsensusVote() RPC: tablet_id: "0b2f9a0f0bfd4396b7efaf26032ec318" candidate_uuid: "2066ec7b50ad489bb003089903a9ed77" candidate_term: 1 candidate_status { last_received { term: 0 index: 0 } } ignore_live_leader: false dest_uuid: "106720c1b84e49e4b43aed752531b585"
I20260608 12:45:14.310509 16013 leader_election.cc:290] T 2b004de60b0244d1ae6a05890ac4854f P 966cf4fa6a754b7b9e27bff2bc2e18f5 [CANDIDATE]: Term 1 election: Requested vote from peers 2066ec7b50ad489bb003089903a9ed77 (127.12.87.194:41515), 7109fdda2550479eaab988911b69afbd (127.12.87.193:38265)
I20260608 12:45:14.310657 15808 raft_consensus.cc:3060] T 0b2f9a0f0bfd4396b7efaf26032ec318 P 106720c1b84e49e4b43aed752531b585 [term 0 FOLLOWER]: Advancing to term 1
