W20260608 12:44:54.135406 15645 instance_detector.cc:116] could not retrieve OpenStack instance metadata: Network error: curl error: HTTP response code said error: The requested URL returned error: 404
I20260608 12:44:54.136498 12802 server_base.cc:1061] running on GCE node
I20260608 12:44:54.137444 12802 hybrid_clock.cc:584] initializing the hybrid clock with 'system_unsync' time source
W20260608 12:44:54.137651 12802 system_unsync_time.cc:38] NTP support is disabled. Clock error bounds will not be accurate. This configuration is not suitable for distributed clusters.
I20260608 12:44:54.137821 12802 hybrid_clock.cc:648] HybridClock initialized: now 1780922694137804 us; error 0 us; skew 500 ppm
I20260608 12:44:54.138411 12802 server_base.cc:861] Flag tcmalloc_max_total_thread_cache_bytes is not working since tcmalloc is not enabled.
I20260608 12:44:54.140806 12802 webserver.cc:533] Webserver started at http://127.12.128.190:42917/ using document root <none> and password file <none>
I20260608 12:44:54.141444 12802 fs_manager.cc:362] Metadata directory not provided
I20260608 12:44:54.141690 12802 fs_manager.cc:368] Using write-ahead log directory (fs_wal_dir) as metadata directory
I20260608 12:44:54.141990 12802 server_base.cc:909] This appears to be a new deployment of Kudu; creating new FS layout
I20260608 12:44:54.143244 12802 fs_manager.cc:1068] Generated new instance metadata in path /tmp/dist-test-taskVFkFg3/test-tmp/auto_rebalancer-test.0.AutoRebalancerTest.RangeAwareRebalancesNewRangeReplicas.1780922618757351-12802-0/minicluster-data/master-0-root/instance:
uuid: "b3c4ef4b8c4241f48ff0c6965d0cd483"
format_stamp: "Formatted at 2026-06-08 12:44:54 on dist-test-slave-5h8s"
I20260608 12:44:54.147822 12802 fs_manager.cc:696] Time spent creating directory manager: real 0.004s	user 0.000s	sys 0.004s
I20260608 12:44:54.151249 15650 log_block_manager.cc:4031] Time spent loading block containers with low live blocks: real 0.000s	user 0.000s	sys 0.000s
I20260608 12:44:54.152129 12802 fs_manager.cc:730] Time spent opening block manager: real 0.002s	user 0.003s	sys 0.001s
I20260608 12:44:54.152390 12802 fs_manager.cc:647] Opened local filesystem: /tmp/dist-test-taskVFkFg3/test-tmp/auto_rebalancer-test.0.AutoRebalancerTest.RangeAwareRebalancesNewRangeReplicas.1780922618757351-12802-0/minicluster-data/master-0-root
uuid: "b3c4ef4b8c4241f48ff0c6965d0cd483"
format_stamp: "Formatted at 2026-06-08 12:44:54 on dist-test-slave-5h8s"
I20260608 12:44:54.152618 12802 fs_report.cc:389] FS layout report
--------------------
wal directory: /tmp/dist-test-taskVFkFg3/test-tmp/auto_rebalancer-test.0.AutoRebalancerTest.RangeAwareRebalancesNewRangeReplicas.1780922618757351-12802-0/minicluster-data/master-0-root
metadata directory: /tmp/dist-test-taskVFkFg3/test-tmp/auto_rebalancer-test.0.AutoRebalancerTest.RangeAwareRebalancesNewRangeReplicas.1780922618757351-12802-0/minicluster-data/master-0-root
1 data directories: /tmp/dist-test-taskVFkFg3/test-tmp/auto_rebalancer-test.0.AutoRebalancerTest.RangeAwareRebalancesNewRangeReplicas.1780922618757351-12802-0/minicluster-data/master-0-root/data
Total live blocks: 0
Total live bytes: 0
Total live bytes (after alignment): 0
Total number of LBM containers: 0 (0 full)
Did not check for missing blocks
Did not check for orphaned blocks
Total full LBM containers with extra space: 0 (0 repaired)
Total full LBM container extra space in bytes: 0 (0 repaired)
Total incomplete LBM containers: 0 (0 repaired)
Total LBM partial records: 0 (0 repaired)
Total corrupted LBM metadata records in RocksDB: 0 (0 repaired)
I20260608 12:44:54.180343 12802 rpc_server.cc:225] running with OpenSSL 1.1.1  11 Sep 2018
I20260608 12:44:54.181411 12802 kserver.cc:163] Server-wide thread pool size limit: 3276
I20260608 12:44:54.218576 12802 rpc_server.cc:307] RPC server started. Bound to: 127.12.128.190:43945
I20260608 12:44:54.218746 15701 acceptor_pool.cc:272] collecting diagnostics on the listening RPC socket 127.12.128.190:43945 every 8 connection(s)
I20260608 12:44:54.222816 15702 data_dirs.cc:400] Could only allocate 1 dirs of requested 3 for tablet 00000000000000000000000000000000. 1 dirs total, 0 dirs full, 0 dirs failed
I20260608 12:44:54.232592 15702 tablet_bootstrap.cc:492] T 00000000000000000000000000000000 P b3c4ef4b8c4241f48ff0c6965d0cd483: Bootstrap starting.
I20260608 12:44:54.236982 15702 tablet_bootstrap.cc:654] T 00000000000000000000000000000000 P b3c4ef4b8c4241f48ff0c6965d0cd483: Neither blocks nor log segments found. Creating new log.
I20260608 12:44:54.241048 15702 tablet_bootstrap.cc:492] T 00000000000000000000000000000000 P b3c4ef4b8c4241f48ff0c6965d0cd483: No bootstrap required, opened a new log
I20260608 12:44:54.243168 15702 raft_consensus.cc:359] T 00000000000000000000000000000000 P b3c4ef4b8c4241f48ff0c6965d0cd483 [term 0 FOLLOWER]: Replica starting. Triggering 0 pending ops. Active config: opid_index: -1 OBSOLETE_local: true peers { permanent_uuid: "b3c4ef4b8c4241f48ff0c6965d0cd483" member_type: VOTER }
I20260608 12:44:54.243572 15702 raft_consensus.cc:385] T 00000000000000000000000000000000 P b3c4ef4b8c4241f48ff0c6965d0cd483 [term 0 FOLLOWER]: Consensus starting up: Expiring failure detector timer to make a prompt election more likely
I20260608 12:44:54.243795 15702 raft_consensus.cc:740] T 00000000000000000000000000000000 P b3c4ef4b8c4241f48ff0c6965d0cd483 [term 0 FOLLOWER]: Becoming Follower/Learner. State: Replica: b3c4ef4b8c4241f48ff0c6965d0cd483, State: Initialized, Role: FOLLOWER
I20260608 12:44:54.244431 15702 consensus_queue.cc:260] T 00000000000000000000000000000000 P b3c4ef4b8c4241f48ff0c6965d0cd483 [NON_LEADER]: Queue going to NON_LEADER mode. State: All replicated index: 0, Majority replicated index: 0, Committed index: 0, Last appended: 0.0, Last appended by leader: 0, Current term: 0, Majority size: -1, State: 0, Mode: NON_LEADER, active raft config: opid_index: -1 OBSOLETE_local: true peers { permanent_uuid: "b3c4ef4b8c4241f48ff0c6965d0cd483" member_type: VOTER }
I20260608 12:44:54.244900 15702 raft_consensus.cc:399] T 00000000000000000000000000000000 P b3c4ef4b8c4241f48ff0c6965d0cd483 [term 0 FOLLOWER]: Only one voter in the Raft config. Triggering election immediately
I20260608 12:44:54.245136 15702 raft_consensus.cc:493] T 00000000000000000000000000000000 P b3c4ef4b8c4241f48ff0c6965d0cd483 [term 0 FOLLOWER]: Starting leader election (initial election of a single-replica configuration)
I20260608 12:44:54.245420 15702 raft_consensus.cc:3060] T 00000000000000000000000000000000 P b3c4ef4b8c4241f48ff0c6965d0cd483 [term 0 FOLLOWER]: Advancing to term 1
I20260608 12:44:54.249668 15702 raft_consensus.cc:515] T 00000000000000000000000000000000 P b3c4ef4b8c4241f48ff0c6965d0cd483 [term 1 FOLLOWER]: Starting leader election with config: opid_index: -1 OBSOLETE_local: true peers { permanent_uuid: "b3c4ef4b8c4241f48ff0c6965d0cd483" member_type: VOTER }
I20260608 12:44:54.250204 15702 leader_election.cc:304] T 00000000000000000000000000000000 P b3c4ef4b8c4241f48ff0c6965d0cd483 [CANDIDATE]: Term 1 election: Election decided. Result: candidate won. Election summary: received 1 responses out of 1 voters: 1 yes votes; 0 no votes. yes voters: b3c4ef4b8c4241f48ff0c6965d0cd483; no voters: 
I20260608 12:44:54.251430 15702 leader_election.cc:290] T 00000000000000000000000000000000 P b3c4ef4b8c4241f48ff0c6965d0cd483 [CANDIDATE]: Term 1 election: Requested vote from peers 
I20260608 12:44:54.251832 15705 raft_consensus.cc:2804] T 00000000000000000000000000000000 P b3c4ef4b8c4241f48ff0c6965d0cd483 [term 1 FOLLOWER]: Leader election won for term 1
I20260608 12:44:54.253258 15705 raft_consensus.cc:697] T 00000000000000000000000000000000 P b3c4ef4b8c4241f48ff0c6965d0cd483 [term 1 LEADER]: Becoming Leader. State: Replica: b3c4ef4b8c4241f48ff0c6965d0cd483, State: Running, Role: LEADER
I20260608 12:44:54.253934 15705 consensus_queue.cc:237] T 00000000000000000000000000000000 P b3c4ef4b8c4241f48ff0c6965d0cd483 [LEADER]: Queue going to LEADER mode. State: All replicated index: 0, Majority replicated index: 0, Committed index: 0, Last appended: 0.0, Last appended by leader: 0, Current term: 1, Majority size: 1, State: 0, Mode: LEADER, active raft config: opid_index: -1 OBSOLETE_local: true peers { permanent_uuid: "b3c4ef4b8c4241f48ff0c6965d0cd483" member_type: VOTER }
I20260608 12:44:54.254679 15702 sys_catalog.cc:565] T 00000000000000000000000000000000 P b3c4ef4b8c4241f48ff0c6965d0cd483 [sys.catalog]: configured and running, proceeding with master startup.
I20260608 12:44:54.257061 15706 sys_catalog.cc:455] T 00000000000000000000000000000000 P b3c4ef4b8c4241f48ff0c6965d0cd483 [sys.catalog]: SysCatalogTable state changed. Reason: RaftConsensus started. Latest consensus state: current_term: 1 leader_uuid: "b3c4ef4b8c4241f48ff0c6965d0cd483" committed_config { opid_index: -1 OBSOLETE_local: true peers { permanent_uuid: "b3c4ef4b8c4241f48ff0c6965d0cd483" member_type: VOTER } }
I20260608 12:44:54.257153 15707 sys_catalog.cc:455] T 00000000000000000000000000000000 P b3c4ef4b8c4241f48ff0c6965d0cd483 [sys.catalog]: SysCatalogTable state changed. Reason: New leader b3c4ef4b8c4241f48ff0c6965d0cd483. Latest consensus state: current_term: 1 leader_uuid: "b3c4ef4b8c4241f48ff0c6965d0cd483" committed_config { opid_index: -1 OBSOLETE_local: true peers { permanent_uuid: "b3c4ef4b8c4241f48ff0c6965d0cd483" member_type: VOTER } }
I20260608 12:44:54.257941 15707 sys_catalog.cc:458] T 00000000000000000000000000000000 P b3c4ef4b8c4241f48ff0c6965d0cd483 [sys.catalog]: This master's current role is: LEADER
I20260608 12:44:54.258469 15706 sys_catalog.cc:458] T 00000000000000000000000000000000 P b3c4ef4b8c4241f48ff0c6965d0cd483 [sys.catalog]: This master's current role is: LEADER
I20260608 12:44:54.262138 15711 catalog_manager.cc:1510] Loading table and tablet metadata into memory...
I20260608 12:44:54.267227 15711 catalog_manager.cc:1519] Initializing Kudu cluster ID...
I20260608 12:44:54.269964 12802 internal_mini_cluster.cc:184] Waiting to initialize catalog manager on master 0
I20260608 12:44:54.277185 15711 catalog_manager.cc:1382] Generated new cluster ID: b5c82ebc712e46febd50d1dc73961749
I20260608 12:44:54.277477 15711 catalog_manager.cc:1530] Initializing Kudu internal certificate authority...
I20260608 12:44:54.304543 15711 catalog_manager.cc:1405] Generated new certificate authority record
I20260608 12:44:54.305924 15711 catalog_manager.cc:1539] Loading token signing keys...
I20260608 12:44:54.322170 15711 catalog_manager.cc:6069] T 00000000000000000000000000000000 P b3c4ef4b8c4241f48ff0c6965d0cd483: Generated new TSK 0
I20260608 12:44:54.322921 15711 catalog_manager.cc:1549] Initializing in-progress tserver states...
I20260608 12:44:54.339900 12802 file_cache.cc:492] Constructed file cache file cache with capacity 419430
W20260608 12:44:54.346326 15723 instance_detector.cc:116] could not retrieve AWS instance metadata: Network error: curl error: HTTP response code said error: The requested URL returned error: 404
W20260608 12:44:54.347009 15724 instance_detector.cc:116] could not retrieve Azure instance metadata: Network error: curl error: HTTP response code said error: The requested URL returned error: 404
W20260608 12:44:54.349243 15726 instance_detector.cc:116] could not retrieve OpenStack instance metadata: Network error: curl error: HTTP response code said error: The requested URL returned error: 404
I20260608 12:44:54.349534 12802 server_base.cc:1061] running on GCE node
I20260608 12:44:54.350448 12802 hybrid_clock.cc:584] initializing the hybrid clock with 'system_unsync' time source
W20260608 12:44:54.350626 12802 system_unsync_time.cc:38] NTP support is disabled. Clock error bounds will not be accurate. This configuration is not suitable for distributed clusters.
I20260608 12:44:54.350840 12802 hybrid_clock.cc:648] HybridClock initialized: now 1780922694350824 us; error 0 us; skew 500 ppm
I20260608 12:44:54.351394 12802 server_base.cc:861] Flag tcmalloc_max_total_thread_cache_bytes is not working since tcmalloc is not enabled.
I20260608 12:44:54.353678 12802 webserver.cc:533] Webserver started at http://127.12.128.129:38225/ using document root <none> and password file <none>
I20260608 12:44:54.354233 12802 fs_manager.cc:362] Metadata directory not provided
I20260608 12:44:54.354436 12802 fs_manager.cc:368] Using write-ahead log directory (fs_wal_dir) as metadata directory
I20260608 12:44:54.354717 12802 server_base.cc:909] This appears to be a new deployment of Kudu; creating new FS layout
I20260608 12:44:54.355958 12802 fs_manager.cc:1068] Generated new instance metadata in path /tmp/dist-test-taskVFkFg3/test-tmp/auto_rebalancer-test.0.AutoRebalancerTest.RangeAwareRebalancesNewRangeReplicas.1780922618757351-12802-0/minicluster-data/ts-0-root/instance:
uuid: "70b932327cd74f6a8461297c8300ef6e"
format_stamp: "Formatted at 2026-06-08 12:44:54 on dist-test-slave-5h8s"
I20260608 12:44:54.360603 12802 fs_manager.cc:696] Time spent creating directory manager: real 0.004s	user 0.005s	sys 0.000s
I20260608 12:44:54.364465 15731 log_block_manager.cc:4031] Time spent loading block containers with low live blocks: real 0.000s	user 0.000s	sys 0.000s
I20260608 12:44:54.365449 12802 fs_manager.cc:730] Time spent opening block manager: real 0.003s	user 0.004s	sys 0.000s
I20260608 12:44:54.365705 12802 fs_manager.cc:647] Opened local filesystem: /tmp/dist-test-taskVFkFg3/test-tmp/auto_rebalancer-test.0.AutoRebalancerTest.RangeAwareRebalancesNewRangeReplicas.1780922618757351-12802-0/minicluster-data/ts-0-root
uuid: "70b932327cd74f6a8461297c8300ef6e"
format_stamp: "Formatted at 2026-06-08 12:44:54 on dist-test-slave-5h8s"
I20260608 12:44:54.365945 12802 fs_report.cc:389] FS layout report
--------------------
wal directory: /tmp/dist-test-taskVFkFg3/test-tmp/auto_rebalancer-test.0.AutoRebalancerTest.RangeAwareRebalancesNewRangeReplicas.1780922618757351-12802-0/minicluster-data/ts-0-root
metadata directory: /tmp/dist-test-taskVFkFg3/test-tmp/auto_rebalancer-test.0.AutoRebalancerTest.RangeAwareRebalancesNewRangeReplicas.1780922618757351-12802-0/minicluster-data/ts-0-root
1 data directories: /tmp/dist-test-taskVFkFg3/test-tmp/auto_rebalancer-test.0.AutoRebalancerTest.RangeAwareRebalancesNewRangeReplicas.1780922618757351-12802-0/minicluster-data/ts-0-root/data
Total live blocks: 0
Total live bytes: 0
Total live bytes (after alignment): 0
Total number of LBM containers: 0 (0 full)
Did not check for missing blocks
Did not check for orphaned blocks
Total full LBM containers with extra space: 0 (0 repaired)
Total full LBM container extra space in bytes: 0 (0 repaired)
Total incomplete LBM containers: 0 (0 repaired)
Total LBM partial records: 0 (0 repaired)
Total corrupted LBM metadata records in RocksDB: 0 (0 repaired)
I20260608 12:44:54.377810 12802 rpc_server.cc:225] running with OpenSSL 1.1.1  11 Sep 2018
I20260608 12:44:54.379009 12802 kserver.cc:163] Server-wide thread pool size limit: 3276
I20260608 12:44:54.380385 12802 txn_system_client.cc:432] TxnSystemClient initialization is disabled...
I20260608 12:44:54.382630 12802 ts_tablet_manager.cc:585] Loaded tablet metadata (0 total tablets, 0 live tablets)
I20260608 12:44:54.382849 12802 ts_tablet_manager.cc:531] Time spent load tablet metadata: real 0.000s	user 0.000s	sys 0.000s
I20260608 12:44:54.383131 12802 ts_tablet_manager.cc:616] Registered 0 tablets
I20260608 12:44:54.383307 12802 ts_tablet_manager.cc:595] Time spent register tablets: real 0.000s	user 0.000s	sys 0.000s
I20260608 12:44:54.421190 12802 rpc_server.cc:307] RPC server started. Bound to: 127.12.128.129:36567
I20260608 12:44:54.421304 15793 acceptor_pool.cc:272] collecting diagnostics on the listening RPC socket 127.12.128.129:36567 every 8 connection(s)
I20260608 12:44:54.426592 12802 file_cache.cc:492] Constructed file cache file cache with capacity 419430
W20260608 12:44:54.434298 15798 instance_detector.cc:116] could not retrieve AWS instance metadata: Network error: curl error: HTTP response code said error: The requested URL returned error: 404
W20260608 12:44:54.436259 15799 instance_detector.cc:116] could not retrieve Azure instance metadata: Network error: curl error: HTTP response code said error: The requested URL returned error: 404
I20260608 12:44:54.439195 15794 heartbeater.cc:344] Connected to a master server at 127.12.128.190:43945
I20260608 12:44:54.439697 15794 heartbeater.cc:461] Registering TS with master...
I20260608 12:44:54.440191 12802 server_base.cc:1061] running on GCE node
W20260608 12:44:54.440299 15801 instance_detector.cc:116] could not retrieve OpenStack instance metadata: Network error: curl error: HTTP response code said error: The requested URL returned error: 404
I20260608 12:44:54.440711 15794 heartbeater.cc:507] Master 127.12.128.190:43945 requested a full tablet report, sending...
I20260608 12:44:54.441390 12802 hybrid_clock.cc:584] initializing the hybrid clock with 'system_unsync' time source
W20260608 12:44:54.441668 12802 system_unsync_time.cc:38] NTP support is disabled. Clock error bounds will not be accurate. This configuration is not suitable for distributed clusters.
I20260608 12:44:54.441857 12802 hybrid_clock.cc:648] HybridClock initialized: now 1780922694441841 us; error 0 us; skew 500 ppm
I20260608 12:44:54.442631 12802 server_base.cc:861] Flag tcmalloc_max_total_thread_cache_bytes is not working since tcmalloc is not enabled.
I20260608 12:44:54.443136 15667 ts_manager.cc:194] Registered new tserver with Master: 70b932327cd74f6a8461297c8300ef6e (127.12.128.129:36567)
I20260608 12:44:54.445464 12802 webserver.cc:533] Webserver started at http://127.12.128.130:44663/ using document root <none> and password file <none>
I20260608 12:44:54.445775 15667 master_service.cc:502] Signed X509 certificate for tserver {username='slave'} at 127.0.0.1:57718
I20260608 12:44:54.446169 12802 fs_manager.cc:362] Metadata directory not provided
I20260608 12:44:54.446451 12802 fs_manager.cc:368] Using write-ahead log directory (fs_wal_dir) as metadata directory
I20260608 12:44:54.446827 12802 server_base.cc:909] This appears to be a new deployment of Kudu; creating new FS layout
I20260608 12:44:54.447958 12802 fs_manager.cc:1068] Generated new instance metadata in path /tmp/dist-test-taskVFkFg3/test-tmp/auto_rebalancer-test.0.AutoRebalancerTest.RangeAwareRebalancesNewRangeReplicas.1780922618757351-12802-0/minicluster-data/ts-1-root/instance:
uuid: "0f6ff0057cde42a9b585d7896f535337"
format_stamp: "Formatted at 2026-06-08 12:44:54 on dist-test-slave-5h8s"
I20260608 12:44:54.452410 12802 fs_manager.cc:696] Time spent creating directory manager: real 0.004s	user 0.005s	sys 0.000s
I20260608 12:44:54.455794 15806 log_block_manager.cc:4031] Time spent loading block containers with low live blocks: real 0.000s	user 0.000s	sys 0.000s
I20260608 12:44:54.456523 12802 fs_manager.cc:730] Time spent opening block manager: real 0.002s	user 0.002s	sys 0.001s
I20260608 12:44:54.456820 12802 fs_manager.cc:647] Opened local filesystem: /tmp/dist-test-taskVFkFg3/test-tmp/auto_rebalancer-test.0.AutoRebalancerTest.RangeAwareRebalancesNewRangeReplicas.1780922618757351-12802-0/minicluster-data/ts-1-root
uuid: "0f6ff0057cde42a9b585d7896f535337"
format_stamp: "Formatted at 2026-06-08 12:44:54 on dist-test-slave-5h8s"
I20260608 12:44:54.457103 12802 fs_report.cc:389] FS layout report
--------------------
wal directory: /tmp/dist-test-taskVFkFg3/test-tmp/auto_rebalancer-test.0.AutoRebalancerTest.RangeAwareRebalancesNewRangeReplicas.1780922618757351-12802-0/minicluster-data/ts-1-root
metadata directory: /tmp/dist-test-taskVFkFg3/test-tmp/auto_rebalancer-test.0.AutoRebalancerTest.RangeAwareRebalancesNewRangeReplicas.1780922618757351-12802-0/minicluster-data/ts-1-root
1 data directories: /tmp/dist-test-taskVFkFg3/test-tmp/auto_rebalancer-test.0.AutoRebalancerTest.RangeAwareRebalancesNewRangeReplicas.1780922618757351-12802-0/minicluster-data/ts-1-root/data
Total live blocks: 0
Total live bytes: 0
Total live bytes (after alignment): 0
Total number of LBM containers: 0 (0 full)
Did not check for missing blocks
Did not check for orphaned blocks
Total full LBM containers with extra space: 0 (0 repaired)
Total full LBM container extra space in bytes: 0 (0 repaired)
Total incomplete LBM containers: 0 (0 repaired)
Total LBM partial records: 0 (0 repaired)
Total corrupted LBM metadata records in RocksDB: 0 (0 repaired)
I20260608 12:44:54.469579 12802 rpc_server.cc:225] running with OpenSSL 1.1.1  11 Sep 2018
I20260608 12:44:54.470717 12802 kserver.cc:163] Server-wide thread pool size limit: 3276
I20260608 12:44:54.472107 12802 txn_system_client.cc:432] TxnSystemClient initialization is disabled...
I20260608 12:44:54.474390 12802 ts_tablet_manager.cc:585] Loaded tablet metadata (0 total tablets, 0 live tablets)
I20260608 12:44:54.474618 12802 ts_tablet_manager.cc:531] Time spent load tablet metadata: real 0.000s	user 0.000s	sys 0.000s
I20260608 12:44:54.474928 12802 ts_tablet_manager.cc:616] Registered 0 tablets
I20260608 12:44:54.475102 12802 ts_tablet_manager.cc:595] Time spent register tablets: real 0.000s	user 0.000s	sys 0.000s
I20260608 12:44:54.513010 12802 rpc_server.cc:307] RPC server started. Bound to: 127.12.128.130:35039
I20260608 12:44:54.513130 15868 acceptor_pool.cc:272] collecting diagnostics on the listening RPC socket 127.12.128.130:35039 every 8 connection(s)
I20260608 12:44:54.518200 12802 file_cache.cc:492] Constructed file cache file cache with capacity 419430
W20260608 12:44:54.524894 15872 instance_detector.cc:116] could not retrieve AWS instance metadata: Network error: curl error: HTTP response code said error: The requested URL returned error: 404
W20260608 12:44:54.525961 15873 instance_detector.cc:116] could not retrieve Azure instance metadata: Network error: curl error: HTTP response code said error: The requested URL returned error: 404
W20260608 12:44:54.528141 15875 instance_detector.cc:116] could not retrieve OpenStack instance metadata: Network error: curl error: HTTP response code said error: The requested URL returned error: 404
I20260608 12:44:54.528951 12802 server_base.cc:1061] running on GCE node
I20260608 12:44:54.530197 12802 hybrid_clock.cc:584] initializing the hybrid clock with 'system_unsync' time source
W20260608 12:44:54.530447 12802 system_unsync_time.cc:38] NTP support is disabled. Clock error bounds will not be accurate. This configuration is not suitable for distributed clusters.
I20260608 12:44:54.530639 15869 heartbeater.cc:344] Connected to a master server at 127.12.128.190:43945
I20260608 12:44:54.530676 12802 hybrid_clock.cc:648] HybridClock initialized: now 1780922694530638 us; error 0 us; skew 500 ppm
I20260608 12:44:54.531176 15869 heartbeater.cc:461] Registering TS with master...
I20260608 12:44:54.531605 12802 server_base.cc:861] Flag tcmalloc_max_total_thread_cache_bytes is not working since tcmalloc is not enabled.
I20260608 12:44:54.531980 15869 heartbeater.cc:507] Master 127.12.128.190:43945 requested a full tablet report, sending...
I20260608 12:44:54.534442 12802 webserver.cc:533] Webserver started at http://127.12.128.131:37955/ using document root <none> and password file <none>
I20260608 12:44:54.534507 15667 ts_manager.cc:194] Registered new tserver with Master: 0f6ff0057cde42a9b585d7896f535337 (127.12.128.130:35039)
I20260608 12:44:54.535097 12802 fs_manager.cc:362] Metadata directory not provided
I20260608 12:44:54.535356 12802 fs_manager.cc:368] Using write-ahead log directory (fs_wal_dir) as metadata directory
I20260608 12:44:54.535636 12802 server_base.cc:909] This appears to be a new deployment of Kudu; creating new FS layout
I20260608 12:44:54.536168 15667 master_service.cc:502] Signed X509 certificate for tserver {username='slave'} at 127.0.0.1:57732
I20260608 12:44:54.536790 12802 fs_manager.cc:1068] Generated new instance metadata in path /tmp/dist-test-taskVFkFg3/test-tmp/auto_rebalancer-test.0.AutoRebalancerTest.RangeAwareRebalancesNewRangeReplicas.1780922618757351-12802-0/minicluster-data/ts-2-root/instance:
uuid: "b7ab9653fcae49ffb1ca3cd02cb655a7"
format_stamp: "Formatted at 2026-06-08 12:44:54 on dist-test-slave-5h8s"
I20260608 12:44:54.541347 12802 fs_manager.cc:696] Time spent creating directory manager: real 0.004s	user 0.006s	sys 0.000s
I20260608 12:44:54.544665 15880 log_block_manager.cc:4031] Time spent loading block containers with low live blocks: real 0.000s	user 0.000s	sys 0.000s
I20260608 12:44:54.545465 12802 fs_manager.cc:730] Time spent opening block manager: real 0.002s	user 0.002s	sys 0.000s
I20260608 12:44:54.545758 12802 fs_manager.cc:647] Opened local filesystem: /tmp/dist-test-taskVFkFg3/test-tmp/auto_rebalancer-test.0.AutoRebalancerTest.RangeAwareRebalancesNewRangeReplicas.1780922618757351-12802-0/minicluster-data/ts-2-root
uuid: "b7ab9653fcae49ffb1ca3cd02cb655a7"
format_stamp: "Formatted at 2026-06-08 12:44:54 on dist-test-slave-5h8s"
I20260608 12:44:54.546051 12802 fs_report.cc:389] FS layout report
--------------------
wal directory: /tmp/dist-test-taskVFkFg3/test-tmp/auto_rebalancer-test.0.AutoRebalancerTest.RangeAwareRebalancesNewRangeReplicas.1780922618757351-12802-0/minicluster-data/ts-2-root
metadata directory: /tmp/dist-test-taskVFkFg3/test-tmp/auto_rebalancer-test.0.AutoRebalancerTest.RangeAwareRebalancesNewRangeReplicas.1780922618757351-12802-0/minicluster-data/ts-2-root
1 data directories: /tmp/dist-test-taskVFkFg3/test-tmp/auto_rebalancer-test.0.AutoRebalancerTest.RangeAwareRebalancesNewRangeReplicas.1780922618757351-12802-0/minicluster-data/ts-2-root/data
Total live blocks: 0
Total live bytes: 0
Total live bytes (after alignment): 0
Total number of LBM containers: 0 (0 full)
Did not check for missing blocks
Did not check for orphaned blocks
Total full LBM containers with extra space: 0 (0 repaired)
Total full LBM container extra space in bytes: 0 (0 repaired)
Total incomplete LBM containers: 0 (0 repaired)
Total LBM partial records: 0 (0 repaired)
Total corrupted LBM metadata records in RocksDB: 0 (0 repaired)
I20260608 12:44:54.571372 12802 rpc_server.cc:225] running with OpenSSL 1.1.1  11 Sep 2018
I20260608 12:44:54.572476 12802 kserver.cc:163] Server-wide thread pool size limit: 3276
I20260608 12:44:54.573979 12802 txn_system_client.cc:432] TxnSystemClient initialization is disabled...
I20260608 12:44:54.576300 12802 ts_tablet_manager.cc:585] Loaded tablet metadata (0 total tablets, 0 live tablets)
I20260608 12:44:54.576545 12802 ts_tablet_manager.cc:531] Time spent load tablet metadata: real 0.000s	user 0.000s	sys 0.000s
I20260608 12:44:54.576793 12802 ts_tablet_manager.cc:616] Registered 0 tablets
I20260608 12:44:54.576977 12802 ts_tablet_manager.cc:595] Time spent register tablets: real 0.000s	user 0.000s	sys 0.000s
I20260608 12:44:54.616912 12802 rpc_server.cc:307] RPC server started. Bound to: 127.12.128.131:45197
I20260608 12:44:54.617040 15942 acceptor_pool.cc:272] collecting diagnostics on the listening RPC socket 127.12.128.131:45197 every 8 connection(s)
I20260608 12:44:54.631081 15943 heartbeater.cc:344] Connected to a master server at 127.12.128.190:43945
I20260608 12:44:54.631561 15943 heartbeater.cc:461] Registering TS with master...
I20260608 12:44:54.632292 15943 heartbeater.cc:507] Master 127.12.128.190:43945 requested a full tablet report, sending...
I20260608 12:44:54.634378 15667 ts_manager.cc:194] Registered new tserver with Master: b7ab9653fcae49ffb1ca3cd02cb655a7 (127.12.128.131:45197)
I20260608 12:44:54.635076 12802 internal_mini_cluster.cc:371] 3 TS(s) registered with all masters after 0.01462738s
I20260608 12:44:54.635885 15667 master_service.cc:502] Signed X509 certificate for tserver {username='slave'} at 127.0.0.1:57736
I20260608 12:44:55.448530 15794 heartbeater.cc:499] Master 127.12.128.190:43945 was elected leader, sending a full tablet report...
I20260608 12:44:55.538594 15869 heartbeater.cc:499] Master 127.12.128.190:43945 was elected leader, sending a full tablet report...
I20260608 12:44:55.638468 15943 heartbeater.cc:499] Master 127.12.128.190:43945 was elected leader, sending a full tablet report...
I20260608 12:44:55.688513 15667 catalog_manager.cc:2282] Servicing CreateTable request from {username='slave'} at 127.0.0.1:57750:
name: "range_aware_rebalance_new_range"
schema {
  columns {
    name: "key"
    type: INT32
    is_key: true
    is_nullable: false
    encoding: AUTO_ENCODING
    compression: DEFAULT_COMPRESSION
    cfile_block_size: 0
    immutable: false
  }
}
num_replicas: 3
split_rows_range_bounds {
  rows: "\006\001\000\000\000\000\007\001\n\000\000\000""\006\001\000\000\000\000\007\001\n\000\000\000"
  indirect_data: """"
}
partition_schema {
  hash_schema {
    columns {
      name: "key"
    }
    num_buckets: 8
    seed: 0
  }
  range_schema {
    columns {
      name: "key"
    }
  }
}
W20260608 12:44:55.690716 15667 catalog_manager.cc:7076] The number of live tablet servers is not enough to re-replicate a tablet replica of the newly created table range_aware_rebalance_new_range in case of a server failure: 4 tablet servers would be needed, 3 are available. Consider bringing up more tablet servers.
I20260608 12:44:55.756036 15834 tablet_service.cc:1511] Processing CreateTablet for tablet d96a57ea3da848668ebc4aa58f6437e5 (DEFAULT_TABLE table=range_aware_rebalance_new_range [id=f5cf59746c57464e935438a9ce288e10]), partition=HASH (key) PARTITION 0, RANGE (key) PARTITION 0 <= VALUES < 10
I20260608 12:44:55.757638 15834 data_dirs.cc:400] Could only allocate 1 dirs of requested 3 for tablet d96a57ea3da848668ebc4aa58f6437e5. 1 dirs total, 0 dirs full, 0 dirs failed
I20260608 12:44:55.760753 15833 tablet_service.cc:1511] Processing CreateTablet for tablet 8bc3f00340ab41f5bd885eb68c4d847c (DEFAULT_TABLE table=range_aware_rebalance_new_range [id=f5cf59746c57464e935438a9ce288e10]), partition=HASH (key) PARTITION 1, RANGE (key) PARTITION 0 <= VALUES < 10
I20260608 12:44:55.762440 15833 data_dirs.cc:400] Could only allocate 1 dirs of requested 3 for tablet 8bc3f00340ab41f5bd885eb68c4d847c. 1 dirs total, 0 dirs full, 0 dirs failed
I20260608 12:44:55.762033 15831 tablet_service.cc:1511] Processing CreateTablet for tablet 60eb78a191524d198c501c7f8dbdcdb7 (DEFAULT_TABLE table=range_aware_rebalance_new_range [id=f5cf59746c57464e935438a9ce288e10]), partition=HASH (key) PARTITION 3, RANGE (key) PARTITION 0 <= VALUES < 10
I20260608 12:44:55.763561 15831 data_dirs.cc:400] Could only allocate 1 dirs of requested 3 for tablet 60eb78a191524d198c501c7f8dbdcdb7. 1 dirs total, 0 dirs full, 0 dirs failed
I20260608 12:44:55.764479 15832 tablet_service.cc:1511] Processing CreateTablet for tablet bdc74b7819404d3b9c88a141b0d4d489 (DEFAULT_TABLE table=range_aware_rebalance_new_range [id=f5cf59746c57464e935438a9ce288e10]), partition=HASH (key) PARTITION 2, RANGE (key) PARTITION 0 <= VALUES < 10
I20260608 12:44:55.765884 15832 data_dirs.cc:400] Could only allocate 1 dirs of requested 3 for tablet bdc74b7819404d3b9c88a141b0d4d489. 1 dirs total, 0 dirs full, 0 dirs failed
I20260608 12:44:55.772791 15830 tablet_service.cc:1511] Processing CreateTablet for tablet 91131044b2dc48cb9664cbc79b99312e (DEFAULT_TABLE table=range_aware_rebalance_new_range [id=f5cf59746c57464e935438a9ce288e10]), partition=HASH (key) PARTITION 4, RANGE (key) PARTITION 0 <= VALUES < 10
I20260608 12:44:55.774214 15830 data_dirs.cc:400] Could only allocate 1 dirs of requested 3 for tablet 91131044b2dc48cb9664cbc79b99312e. 1 dirs total, 0 dirs full, 0 dirs failed
I20260608 12:44:55.785496 15831 tablet_service.cc:1511] Processing CreateTablet for tablet d817f41568654dc0ab6ad65b2d5dcfe0 (DEFAULT_TABLE table=range_aware_rebalance_new_range [id=f5cf59746c57464e935438a9ce288e10]), partition=HASH (key) PARTITION 5, RANGE (key) PARTITION 0 <= VALUES < 10
I20260608 12:44:55.787078 15831 data_dirs.cc:400] Could only allocate 1 dirs of requested 3 for tablet d817f41568654dc0ab6ad65b2d5dcfe0. 1 dirs total, 0 dirs full, 0 dirs failed
I20260608 12:44:55.788648 15832 tablet_service.cc:1511] Processing CreateTablet for tablet e7bc9814dd944d3bb729a507dbe113dc (DEFAULT_TABLE table=range_aware_rebalance_new_range [id=f5cf59746c57464e935438a9ce288e10]), partition=HASH (key) PARTITION 6, RANGE (key) PARTITION 0 <= VALUES < 10
I20260608 12:44:55.790014 15832 data_dirs.cc:400] Could only allocate 1 dirs of requested 3 for tablet e7bc9814dd944d3bb729a507dbe113dc. 1 dirs total, 0 dirs full, 0 dirs failed
I20260608 12:44:55.791798 15759 tablet_service.cc:1511] Processing CreateTablet for tablet d96a57ea3da848668ebc4aa58f6437e5 (DEFAULT_TABLE table=range_aware_rebalance_new_range [id=f5cf59746c57464e935438a9ce288e10]), partition=HASH (key) PARTITION 0, RANGE (key) PARTITION 0 <= VALUES < 10
I20260608 12:44:55.793252 15759 data_dirs.cc:400] Could only allocate 1 dirs of requested 3 for tablet d96a57ea3da848668ebc4aa58f6437e5. 1 dirs total, 0 dirs full, 0 dirs failed
I20260608 12:44:55.794947 15963 tablet_bootstrap.cc:492] T d96a57ea3da848668ebc4aa58f6437e5 P 0f6ff0057cde42a9b585d7896f535337: Bootstrap starting.
I20260608 12:44:55.795744 15753 tablet_service.cc:1511] Processing CreateTablet for tablet e7bc9814dd944d3bb729a507dbe113dc (DEFAULT_TABLE table=range_aware_rebalance_new_range [id=f5cf59746c57464e935438a9ce288e10]), partition=HASH (key) PARTITION 6, RANGE (key) PARTITION 0 <= VALUES < 10
I20260608 12:44:55.797472 15754 tablet_service.cc:1511] Processing CreateTablet for tablet d817f41568654dc0ab6ad65b2d5dcfe0 (DEFAULT_TABLE table=range_aware_rebalance_new_range [id=f5cf59746c57464e935438a9ce288e10]), partition=HASH (key) PARTITION 5, RANGE (key) PARTITION 0 <= VALUES < 10
I20260608 12:44:55.802614 15757 tablet_service.cc:1511] Processing CreateTablet for tablet bdc74b7819404d3b9c88a141b0d4d489 (DEFAULT_TABLE table=range_aware_rebalance_new_range [id=f5cf59746c57464e935438a9ce288e10]), partition=HASH (key) PARTITION 2, RANGE (key) PARTITION 0 <= VALUES < 10
I20260608 12:44:55.803634 15753 data_dirs.cc:400] Could only allocate 1 dirs of requested 3 for tablet e7bc9814dd944d3bb729a507dbe113dc. 1 dirs total, 0 dirs full, 0 dirs failed
I20260608 12:44:55.805179 15757 data_dirs.cc:400] Could only allocate 1 dirs of requested 3 for tablet bdc74b7819404d3b9c88a141b0d4d489. 1 dirs total, 0 dirs full, 0 dirs failed
I20260608 12:44:55.803704 15758 tablet_service.cc:1511] Processing CreateTablet for tablet 8bc3f00340ab41f5bd885eb68c4d847c (DEFAULT_TABLE table=range_aware_rebalance_new_range [id=f5cf59746c57464e935438a9ce288e10]), partition=HASH (key) PARTITION 1, RANGE (key) PARTITION 0 <= VALUES < 10
I20260608 12:44:55.810276 15758 data_dirs.cc:400] Could only allocate 1 dirs of requested 3 for tablet 8bc3f00340ab41f5bd885eb68c4d847c. 1 dirs total, 0 dirs full, 0 dirs failed
I20260608 12:44:55.800940 15756 tablet_service.cc:1511] Processing CreateTablet for tablet 60eb78a191524d198c501c7f8dbdcdb7 (DEFAULT_TABLE table=range_aware_rebalance_new_range [id=f5cf59746c57464e935438a9ce288e10]), partition=HASH (key) PARTITION 3, RANGE (key) PARTITION 0 <= VALUES < 10
I20260608 12:44:55.799249 15755 tablet_service.cc:1511] Processing CreateTablet for tablet 91131044b2dc48cb9664cbc79b99312e (DEFAULT_TABLE table=range_aware_rebalance_new_range [id=f5cf59746c57464e935438a9ce288e10]), partition=HASH (key) PARTITION 4, RANGE (key) PARTITION 0 <= VALUES < 10
I20260608 12:44:55.811730 15756 data_dirs.cc:400] Could only allocate 1 dirs of requested 3 for tablet 60eb78a191524d198c501c7f8dbdcdb7. 1 dirs total, 0 dirs full, 0 dirs failed
I20260608 12:44:55.812300 15752 tablet_service.cc:1511] Processing CreateTablet for tablet 26465825c0504da1b764e42c6d3d3c5b (DEFAULT_TABLE table=range_aware_rebalance_new_range [id=f5cf59746c57464e935438a9ce288e10]), partition=HASH (key) PARTITION 7, RANGE (key) PARTITION 0 <= VALUES < 10
I20260608 12:44:55.813723 15752 data_dirs.cc:400] Could only allocate 1 dirs of requested 3 for tablet 26465825c0504da1b764e42c6d3d3c5b. 1 dirs total, 0 dirs full, 0 dirs failed
I20260608 12:44:55.815174 15754 data_dirs.cc:400] Could only allocate 1 dirs of requested 3 for tablet d817f41568654dc0ab6ad65b2d5dcfe0. 1 dirs total, 0 dirs full, 0 dirs failed
I20260608 12:44:55.815822 15755 data_dirs.cc:400] Could only allocate 1 dirs of requested 3 for tablet 91131044b2dc48cb9664cbc79b99312e. 1 dirs total, 0 dirs full, 0 dirs failed
I20260608 12:44:55.823413 15832 tablet_service.cc:1511] Processing CreateTablet for tablet 26465825c0504da1b764e42c6d3d3c5b (DEFAULT_TABLE table=range_aware_rebalance_new_range [id=f5cf59746c57464e935438a9ce288e10]), partition=HASH (key) PARTITION 7, RANGE (key) PARTITION 0 <= VALUES < 10
I20260608 12:44:55.828981 15907 tablet_service.cc:1511] Processing CreateTablet for tablet 8bc3f00340ab41f5bd885eb68c4d847c (DEFAULT_TABLE table=range_aware_rebalance_new_range [id=f5cf59746c57464e935438a9ce288e10]), partition=HASH (key) PARTITION 1, RANGE (key) PARTITION 0 <= VALUES < 10
I20260608 12:44:55.830032 15901 tablet_service.cc:1511] Processing CreateTablet for tablet 26465825c0504da1b764e42c6d3d3c5b (DEFAULT_TABLE table=range_aware_rebalance_new_range [id=f5cf59746c57464e935438a9ce288e10]), partition=HASH (key) PARTITION 7, RANGE (key) PARTITION 0 <= VALUES < 10
I20260608 12:44:55.831676 15906 tablet_service.cc:1511] Processing CreateTablet for tablet bdc74b7819404d3b9c88a141b0d4d489 (DEFAULT_TABLE table=range_aware_rebalance_new_range [id=f5cf59746c57464e935438a9ce288e10]), partition=HASH (key) PARTITION 2, RANGE (key) PARTITION 0 <= VALUES < 10
I20260608 12:44:55.833616 15964 tablet_bootstrap.cc:492] T bdc74b7819404d3b9c88a141b0d4d489 P 70b932327cd74f6a8461297c8300ef6e: Bootstrap starting.
I20260608 12:44:55.835191 15904 tablet_service.cc:1511] Processing CreateTablet for tablet 91131044b2dc48cb9664cbc79b99312e (DEFAULT_TABLE table=range_aware_rebalance_new_range [id=f5cf59746c57464e935438a9ce288e10]), partition=HASH (key) PARTITION 4, RANGE (key) PARTITION 0 <= VALUES < 10
I20260608 12:44:55.836992 15902 tablet_service.cc:1511] Processing CreateTablet for tablet e7bc9814dd944d3bb729a507dbe113dc (DEFAULT_TABLE table=range_aware_rebalance_new_range [id=f5cf59746c57464e935438a9ce288e10]), partition=HASH (key) PARTITION 6, RANGE (key) PARTITION 0 <= VALUES < 10
I20260608 12:44:55.839409 15903 tablet_service.cc:1511] Processing CreateTablet for tablet d817f41568654dc0ab6ad65b2d5dcfe0 (DEFAULT_TABLE table=range_aware_rebalance_new_range [id=f5cf59746c57464e935438a9ce288e10]), partition=HASH (key) PARTITION 5, RANGE (key) PARTITION 0 <= VALUES < 10
I20260608 12:44:55.833935 15905 tablet_service.cc:1511] Processing CreateTablet for tablet 60eb78a191524d198c501c7f8dbdcdb7 (DEFAULT_TABLE table=range_aware_rebalance_new_range [id=f5cf59746c57464e935438a9ce288e10]), partition=HASH (key) PARTITION 3, RANGE (key) PARTITION 0 <= VALUES < 10
I20260608 12:44:55.827250 15908 tablet_service.cc:1511] Processing CreateTablet for tablet d96a57ea3da848668ebc4aa58f6437e5 (DEFAULT_TABLE table=range_aware_rebalance_new_range [id=f5cf59746c57464e935438a9ce288e10]), partition=HASH (key) PARTITION 0, RANGE (key) PARTITION 0 <= VALUES < 10
I20260608 12:44:55.830583 15907 data_dirs.cc:400] Could only allocate 1 dirs of requested 3 for tablet 8bc3f00340ab41f5bd885eb68c4d847c. 1 dirs total, 0 dirs full, 0 dirs failed
I20260608 12:44:55.843344 15902 data_dirs.cc:400] Could only allocate 1 dirs of requested 3 for tablet e7bc9814dd944d3bb729a507dbe113dc. 1 dirs total, 0 dirs full, 0 dirs failed
I20260608 12:44:55.844022 15904 data_dirs.cc:400] Could only allocate 1 dirs of requested 3 for tablet 91131044b2dc48cb9664cbc79b99312e. 1 dirs total, 0 dirs full, 0 dirs failed
I20260608 12:44:55.844911 15906 data_dirs.cc:400] Could only allocate 1 dirs of requested 3 for tablet bdc74b7819404d3b9c88a141b0d4d489. 1 dirs total, 0 dirs full, 0 dirs failed
I20260608 12:44:55.845304 15832 data_dirs.cc:400] Could only allocate 1 dirs of requested 3 for tablet 26465825c0504da1b764e42c6d3d3c5b. 1 dirs total, 0 dirs full, 0 dirs failed
I20260608 12:44:55.847633 15908 data_dirs.cc:400] Could only allocate 1 dirs of requested 3 for tablet d96a57ea3da848668ebc4aa58f6437e5. 1 dirs total, 0 dirs full, 0 dirs failed
I20260608 12:44:55.850750 15905 data_dirs.cc:400] Could only allocate 1 dirs of requested 3 for tablet 60eb78a191524d198c501c7f8dbdcdb7. 1 dirs total, 0 dirs full, 0 dirs failed
I20260608 12:44:55.852520 15901 data_dirs.cc:400] Could only allocate 1 dirs of requested 3 for tablet 26465825c0504da1b764e42c6d3d3c5b. 1 dirs total, 0 dirs full, 0 dirs failed
I20260608 12:44:55.854205 15903 data_dirs.cc:400] Could only allocate 1 dirs of requested 3 for tablet d817f41568654dc0ab6ad65b2d5dcfe0. 1 dirs total, 0 dirs full, 0 dirs failed
I20260608 12:44:55.869036 15963 tablet_bootstrap.cc:654] T d96a57ea3da848668ebc4aa58f6437e5 P 0f6ff0057cde42a9b585d7896f535337: Neither blocks nor log segments found. Creating new log.
I20260608 12:44:55.893440 15964 tablet_bootstrap.cc:654] T bdc74b7819404d3b9c88a141b0d4d489 P 70b932327cd74f6a8461297c8300ef6e: Neither blocks nor log segments found. Creating new log.
I20260608 12:44:55.916836 15965 tablet_bootstrap.cc:492] T 8bc3f00340ab41f5bd885eb68c4d847c P b7ab9653fcae49ffb1ca3cd02cb655a7: Bootstrap starting.
I20260608 12:44:55.921262 15963 tablet_bootstrap.cc:492] T d96a57ea3da848668ebc4aa58f6437e5 P 0f6ff0057cde42a9b585d7896f535337: No bootstrap required, opened a new log
I20260608 12:44:55.921866 15963 ts_tablet_manager.cc:1403] T d96a57ea3da848668ebc4aa58f6437e5 P 0f6ff0057cde42a9b585d7896f535337: Time spent bootstrapping tablet: real 0.135s	user 0.010s	sys 0.021s
I20260608 12:44:55.925231 15963 raft_consensus.cc:359] T d96a57ea3da848668ebc4aa58f6437e5 P 0f6ff0057cde42a9b585d7896f535337 [term 0 FOLLOWER]: Replica starting. Triggering 0 pending ops. Active config: opid_index: -1 OBSOLETE_local: false peers { permanent_uuid: "0f6ff0057cde42a9b585d7896f535337" member_type: VOTER last_known_addr { host: "127.12.128.130" port: 35039 } } peers { permanent_uuid: "b7ab9653fcae49ffb1ca3cd02cb655a7" member_type: VOTER last_known_addr { host: "127.12.128.131" port: 45197 } } peers { permanent_uuid: "70b932327cd74f6a8461297c8300ef6e" member_type: VOTER last_known_addr { host: "127.12.128.129" port: 36567 } }
I20260608 12:44:55.925973 15963 raft_consensus.cc:385] T d96a57ea3da848668ebc4aa58f6437e5 P 0f6ff0057cde42a9b585d7896f535337 [term 0 FOLLOWER]: Consensus starting up: Expiring failure detector timer to make a prompt election more likely
I20260608 12:44:55.926136 15965 tablet_bootstrap.cc:654] T 8bc3f00340ab41f5bd885eb68c4d847c P b7ab9653fcae49ffb1ca3cd02cb655a7: Neither blocks nor log segments found. Creating new log.
I20260608 12:44:55.926167 15964 tablet_bootstrap.cc:492] T bdc74b7819404d3b9c88a141b0d4d489 P 70b932327cd74f6a8461297c8300ef6e: No bootstrap required, opened a new log
I20260608 12:44:55.926331 15963 raft_consensus.cc:740] T d96a57ea3da848668ebc4aa58f6437e5 P 0f6ff0057cde42a9b585d7896f535337 [term 0 FOLLOWER]: Becoming Follower/Learner. State: Replica: 0f6ff0057cde42a9b585d7896f535337, State: Initialized, Role: FOLLOWER
I20260608 12:44:55.926995 15964 ts_tablet_manager.cc:1403] T bdc74b7819404d3b9c88a141b0d4d489 P 70b932327cd74f6a8461297c8300ef6e: Time spent bootstrapping tablet: real 0.094s	user 0.017s	sys 0.007s
I20260608 12:44:55.927393 15963 consensus_queue.cc:260] T d96a57ea3da848668ebc4aa58f6437e5 P 0f6ff0057cde42a9b585d7896f535337 [NON_LEADER]: Queue going to NON_LEADER mode. State: All replicated index: 0, Majority replicated index: 0, Committed index: 0, Last appended: 0.0, Last appended by leader: 0, Current term: 0, Majority size: -1, State: 0, Mode: NON_LEADER, active raft config: opid_index: -1 OBSOLETE_local: false peers { permanent_uuid: "0f6ff0057cde42a9b585d7896f535337" member_type: VOTER last_known_addr { host: "127.12.128.130" port: 35039 } } peers { permanent_uuid: "b7ab9653fcae49ffb1ca3cd02cb655a7" member_type: VOTER last_known_addr { host: "127.12.128.131" port: 45197 } } peers { permanent_uuid: "70b932327cd74f6a8461297c8300ef6e" member_type: VOTER last_known_addr { host: "127.12.128.129" port: 36567 } }
I20260608 12:44:55.929332 15964 raft_consensus.cc:359] T bdc74b7819404d3b9c88a141b0d4d489 P 70b932327cd74f6a8461297c8300ef6e [term 0 FOLLOWER]: Replica starting. Triggering 0 pending ops. Active config: opid_index: -1 OBSOLETE_local: false peers { permanent_uuid: "70b932327cd74f6a8461297c8300ef6e" member_type: VOTER last_known_addr { host: "127.12.128.129" port: 36567 } } peers { permanent_uuid: "0f6ff0057cde42a9b585d7896f535337" member_type: VOTER last_known_addr { host: "127.12.128.130" port: 35039 } } peers { permanent_uuid: "b7ab9653fcae49ffb1ca3cd02cb655a7" member_type: VOTER last_known_addr { host: "127.12.128.131" port: 45197 } }
I20260608 12:44:55.930125 15964 raft_consensus.cc:385] T bdc74b7819404d3b9c88a141b0d4d489 P 70b932327cd74f6a8461297c8300ef6e [term 0 FOLLOWER]: Consensus starting up: Expiring failure detector timer to make a prompt election more likely
I20260608 12:44:55.930408 15964 raft_consensus.cc:740] T bdc74b7819404d3b9c88a141b0d4d489 P 70b932327cd74f6a8461297c8300ef6e [term 0 FOLLOWER]: Becoming Follower/Learner. State: Replica: 70b932327cd74f6a8461297c8300ef6e, State: Initialized, Role: FOLLOWER
I20260608 12:44:55.931106 15964 consensus_queue.cc:260] T bdc74b7819404d3b9c88a141b0d4d489 P 70b932327cd74f6a8461297c8300ef6e [NON_LEADER]: Queue going to NON_LEADER mode. State: All replicated index: 0, Majority replicated index: 0, Committed index: 0, Last appended: 0.0, Last appended by leader: 0, Current term: 0, Majority size: -1, State: 0, Mode: NON_LEADER, active raft config: opid_index: -1 OBSOLETE_local: false peers { permanent_uuid: "70b932327cd74f6a8461297c8300ef6e" member_type: VOTER last_known_addr { host: "127.12.128.129" port: 36567 } } peers { permanent_uuid: "0f6ff0057cde42a9b585d7896f535337" member_type: VOTER last_known_addr { host: "127.12.128.130" port: 35039 } } peers { permanent_uuid: "b7ab9653fcae49ffb1ca3cd02cb655a7" member_type: VOTER last_known_addr { host: "127.12.128.131" port: 45197 } }
I20260608 12:44:55.933832 15964 ts_tablet_manager.cc:1434] T bdc74b7819404d3b9c88a141b0d4d489 P 70b932327cd74f6a8461297c8300ef6e: Time spent starting tablet: real 0.007s	user 0.006s	sys 0.000s
I20260608 12:44:55.934829 15964 tablet_bootstrap.cc:492] T 26465825c0504da1b764e42c6d3d3c5b P 70b932327cd74f6a8461297c8300ef6e: Bootstrap starting.
I20260608 12:44:55.941581 15964 tablet_bootstrap.cc:654] T 26465825c0504da1b764e42c6d3d3c5b P 70b932327cd74f6a8461297c8300ef6e: Neither blocks nor log segments found. Creating new log.
I20260608 12:44:55.948201 15963 ts_tablet_manager.cc:1434] T d96a57ea3da848668ebc4aa58f6437e5 P 0f6ff0057cde42a9b585d7896f535337: Time spent starting tablet: real 0.026s	user 0.007s	sys 0.003s
I20260608 12:44:55.950510 15965 tablet_bootstrap.cc:492] T 8bc3f00340ab41f5bd885eb68c4d847c P b7ab9653fcae49ffb1ca3cd02cb655a7: No bootstrap required, opened a new log
I20260608 12:44:55.951017 15965 ts_tablet_manager.cc:1403] T 8bc3f00340ab41f5bd885eb68c4d847c P b7ab9653fcae49ffb1ca3cd02cb655a7: Time spent bootstrapping tablet: real 0.035s	user 0.020s	sys 0.009s
I20260608 12:44:55.953292 15963 tablet_bootstrap.cc:492] T 60eb78a191524d198c501c7f8dbdcdb7 P 0f6ff0057cde42a9b585d7896f535337: Bootstrap starting.
I20260608 12:44:55.953979 15964 tablet_bootstrap.cc:492] T 26465825c0504da1b764e42c6d3d3c5b P 70b932327cd74f6a8461297c8300ef6e: No bootstrap required, opened a new log
I20260608 12:44:55.954492 15964 ts_tablet_manager.cc:1403] T 26465825c0504da1b764e42c6d3d3c5b P 70b932327cd74f6a8461297c8300ef6e: Time spent bootstrapping tablet: real 0.020s	user 0.006s	sys 0.010s
I20260608 12:44:55.954131 15965 raft_consensus.cc:359] T 8bc3f00340ab41f5bd885eb68c4d847c P b7ab9653fcae49ffb1ca3cd02cb655a7 [term 0 FOLLOWER]: Replica starting. Triggering 0 pending ops. Active config: opid_index: -1 OBSOLETE_local: false peers { permanent_uuid: "0f6ff0057cde42a9b585d7896f535337" member_type: VOTER last_known_addr { host: "127.12.128.130" port: 35039 } } peers { permanent_uuid: "70b932327cd74f6a8461297c8300ef6e" member_type: VOTER last_known_addr { host: "127.12.128.129" port: 36567 } } peers { permanent_uuid: "b7ab9653fcae49ffb1ca3cd02cb655a7" member_type: VOTER last_known_addr { host: "127.12.128.131" port: 45197 } }
I20260608 12:44:55.954957 15965 raft_consensus.cc:385] T 8bc3f00340ab41f5bd885eb68c4d847c P b7ab9653fcae49ffb1ca3cd02cb655a7 [term 0 FOLLOWER]: Consensus starting up: Expiring failure detector timer to make a prompt election more likely
I20260608 12:44:55.955281 15965 raft_consensus.cc:740] T 8bc3f00340ab41f5bd885eb68c4d847c P b7ab9653fcae49ffb1ca3cd02cb655a7 [term 0 FOLLOWER]: Becoming Follower/Learner. State: Replica: b7ab9653fcae49ffb1ca3cd02cb655a7, State: Initialized, Role: FOLLOWER
I20260608 12:44:55.956012 15965 consensus_queue.cc:260] T 8bc3f00340ab41f5bd885eb68c4d847c P b7ab9653fcae49ffb1ca3cd02cb655a7 [NON_LEADER]: Queue going to NON_LEADER mode. State: All replicated index: 0, Majority replicated index: 0, Committed index: 0, Last appended: 0.0, Last appended by leader: 0, Current term: 0, Majority size: -1, State: 0, Mode: NON_LEADER, active raft config: opid_index: -1 OBSOLETE_local: false peers { permanent_uuid: "0f6ff0057cde42a9b585d7896f535337" member_type: VOTER last_known_addr { host: "127.12.128.130" port: 35039 } } peers { permanent_uuid: "70b932327cd74f6a8461297c8300ef6e" member_type: VOTER last_known_addr { host: "127.12.128.129" port: 36567 } } peers { permanent_uuid: "b7ab9653fcae49ffb1ca3cd02cb655a7" member_type: VOTER last_known_addr { host: "127.12.128.131" port: 45197 } }
