I20260608 12:43:36.909438 13021 sys_catalog.cc:455] T 00000000000000000000000000000000 P edf00546a7044c09a627d36796361803 [sys.catalog]: SysCatalogTable state changed. Reason: Peer health change. Latest consensus state: current_term: 1 leader_uuid: "edf00546a7044c09a627d36796361803" committed_config { opid_index: -1 OBSOLETE_local: false peers { permanent_uuid: "edf00546a7044c09a627d36796361803" member_type: VOTER last_known_addr { host: "127.12.132.62" port: 42739 } } peers { permanent_uuid: "38fe26f73b57403a8b04f7261d7341d4" member_type: VOTER last_known_addr { host: "127.12.132.61" port: 43441 } } peers { permanent_uuid: "39800544526a45bfaa0e4051e7ab662a" member_type: VOTER last_known_addr { host: "127.12.132.60" port: 42111 } } }
I20260608 12:43:36.909874 13058 sys_catalog.cc:458] T 00000000000000000000000000000000 P edf00546a7044c09a627d36796361803 [sys.catalog]: This master's current role is: LEADER
I20260608 12:43:36.910218 13021 sys_catalog.cc:458] T 00000000000000000000000000000000 P edf00546a7044c09a627d36796361803 [sys.catalog]: This master's current role is: LEADER
I20260608 12:43:36.911739 13065 catalog_manager.cc:1382] Generated new cluster ID: 4caab1b9288a42fc83bc37b6cd9f4079
I20260608 12:43:36.912062 13065 catalog_manager.cc:1530] Initializing Kudu internal certificate authority...
I20260608 12:43:36.916316 13023 sys_catalog.cc:455] T 00000000000000000000000000000000 P 39800544526a45bfaa0e4051e7ab662a [sys.catalog]: SysCatalogTable state changed. Reason: Replicated consensus-only round. Latest consensus state: current_term: 1 leader_uuid: "edf00546a7044c09a627d36796361803" committed_config { opid_index: -1 OBSOLETE_local: false peers { permanent_uuid: "edf00546a7044c09a627d36796361803" member_type: VOTER last_known_addr { host: "127.12.132.62" port: 42739 } } peers { permanent_uuid: "38fe26f73b57403a8b04f7261d7341d4" member_type: VOTER last_known_addr { host: "127.12.132.61" port: 43441 } } peers { permanent_uuid: "39800544526a45bfaa0e4051e7ab662a" member_type: VOTER last_known_addr { host: "127.12.132.60" port: 42111 } } }
I20260608 12:43:36.917168 13023 sys_catalog.cc:458] T 00000000000000000000000000000000 P 39800544526a45bfaa0e4051e7ab662a [sys.catalog]: This master's current role is: FOLLOWER
I20260608 12:43:36.941243 13022 sys_catalog.cc:455] T 00000000000000000000000000000000 P 38fe26f73b57403a8b04f7261d7341d4 [sys.catalog]: SysCatalogTable state changed. Reason: Replicated consensus-only round. Latest consensus state: current_term: 1 leader_uuid: "edf00546a7044c09a627d36796361803" committed_config { opid_index: -1 OBSOLETE_local: false peers { permanent_uuid: "edf00546a7044c09a627d36796361803" member_type: VOTER last_known_addr { host: "127.12.132.62" port: 42739 } } peers { permanent_uuid: "38fe26f73b57403a8b04f7261d7341d4" member_type: VOTER last_known_addr { host: "127.12.132.61" port: 43441 } } peers { permanent_uuid: "39800544526a45bfaa0e4051e7ab662a" member_type: VOTER last_known_addr { host: "127.12.132.60" port: 42111 } } }
I20260608 12:43:36.942378 13022 sys_catalog.cc:458] T 00000000000000000000000000000000 P 38fe26f73b57403a8b04f7261d7341d4 [sys.catalog]: This master's current role is: FOLLOWER
I20260608 12:43:36.975136 13065 catalog_manager.cc:1405] Generated new certificate authority record
I20260608 12:43:36.978120 13065 catalog_manager.cc:1539] Loading token signing keys...
I20260608 12:43:37.018959 13065 catalog_manager.cc:6069] T 00000000000000000000000000000000 P edf00546a7044c09a627d36796361803: Generated new TSK 0
I20260608 12:43:37.020514 13065 catalog_manager.cc:1549] Initializing in-progress tserver states...
I20260608 12:43:37.084301 12816 rpc_server.cc:307] RPC server started. Bound to: 127.12.132.1:40817
I20260608 12:43:37.084615 13140 acceptor_pool.cc:272] collecting diagnostics on the listening RPC socket 127.12.132.1:40817 every 8 connection(s)
I20260608 12:43:37.104609 12816 file_cache.cc:492] Constructed file cache file cache with capacity 419430
W20260608 12:43:37.122331 13147 instance_detector.cc:116] could not retrieve AWS instance metadata: Network error: curl error: HTTP response code said error: The requested URL returned error: 404
I20260608 12:43:37.123878 13142 heartbeater.cc:344] Connected to a master server at 127.12.132.61:43441
I20260608 12:43:37.124511 13142 heartbeater.cc:461] Registering TS with master...
I20260608 12:43:37.125993 13142 heartbeater.cc:507] Master 127.12.132.61:43441 requested a full tablet report, sending...
I20260608 12:43:37.130590 13141 heartbeater.cc:344] Connected to a master server at 127.12.132.60:42111
I20260608 12:43:37.130965 13141 heartbeater.cc:461] Registering TS with master...
I20260608 12:43:37.131469 12913 ts_manager.cc:194] Registered new tserver with Master: 48702442af864d99800fa56150a6ef81 (127.12.132.1:40817)
I20260608 12:43:37.132004 13141 heartbeater.cc:507] Master 127.12.132.60:42111 requested a full tablet report, sending...
I20260608 12:43:37.135335 12978 ts_manager.cc:194] Registered new tserver with Master: 48702442af864d99800fa56150a6ef81 (127.12.132.1:40817)
I20260608 12:43:37.140878 13143 heartbeater.cc:344] Connected to a master server at 127.12.132.62:42739
I20260608 12:43:37.141353 13143 heartbeater.cc:461] Registering TS with master...
W20260608 12:43:37.142033 13149 instance_detector.cc:116] could not retrieve Azure instance metadata: Network error: curl error: HTTP response code said error: The requested URL returned error: 404
I20260608 12:43:37.142637 13143 heartbeater.cc:507] Master 127.12.132.62:42739 requested a full tablet report, sending...
I20260608 12:43:37.146332 12848 ts_manager.cc:194] Registered new tserver with Master: 48702442af864d99800fa56150a6ef81 (127.12.132.1:40817)
I20260608 12:43:37.147325 12816 server_base.cc:1061] running on GCE node
W20260608 12:43:37.147974 13152 instance_detector.cc:116] could not retrieve OpenStack instance metadata: Network error: curl error: HTTP response code said error: The requested URL returned error: 404
I20260608 12:43:37.149163 12816 hybrid_clock.cc:584] initializing the hybrid clock with 'system_unsync' time source
W20260608 12:43:37.149446 12816 system_unsync_time.cc:38] NTP support is disabled. Clock error bounds will not be accurate. This configuration is not suitable for distributed clusters.
I20260608 12:43:37.149642 12848 master_service.cc:502] Signed X509 certificate for tserver {username='slave'} at 127.0.0.1:41038
I20260608 12:43:37.149662 12816 hybrid_clock.cc:648] HybridClock initialized: now 1780922617149641 us; error 0 us; skew 500 ppm
I20260608 12:43:37.150781 12816 server_base.cc:861] Flag tcmalloc_max_total_thread_cache_bytes is not working since tcmalloc is not enabled.
I20260608 12:43:37.156939 12816 webserver.cc:533] Webserver started at http://127.12.132.2:34911/ using document root <none> and password file <none>
I20260608 12:43:37.157672 12816 fs_manager.cc:362] Metadata directory not provided
I20260608 12:43:37.157918 12816 fs_manager.cc:368] Using write-ahead log directory (fs_wal_dir) as metadata directory
I20260608 12:43:37.158246 12816 server_base.cc:909] This appears to be a new deployment of Kudu; creating new FS layout
I20260608 12:43:37.159703 12816 fs_manager.cc:1068] Generated new instance metadata in path /tmp/dist-test-taskHf8x9d/test-tmp/auto_rebalancer-test.0.AutoRebalancerTest.OnlyLeaderDoesAutoRebalancing.1780922614724698-12816-0/minicluster-data/ts-1-root/instance:
uuid: "57b30a82c87641babe1432db8d5fffb7"
format_stamp: "Formatted at 2026-06-08 12:43:37 on dist-test-slave-fcrv"
I20260608 12:43:37.165642 12816 fs_manager.cc:696] Time spent creating directory manager: real 0.005s	user 0.002s	sys 0.004s
I20260608 12:43:37.169970 13156 log_block_manager.cc:4031] Time spent loading block containers with low live blocks: real 0.000s	user 0.000s	sys 0.000s
I20260608 12:43:37.170900 12816 fs_manager.cc:730] Time spent opening block manager: real 0.003s	user 0.003s	sys 0.000s
I20260608 12:43:37.171245 12816 fs_manager.cc:647] Opened local filesystem: /tmp/dist-test-taskHf8x9d/test-tmp/auto_rebalancer-test.0.AutoRebalancerTest.OnlyLeaderDoesAutoRebalancing.1780922614724698-12816-0/minicluster-data/ts-1-root
uuid: "57b30a82c87641babe1432db8d5fffb7"
format_stamp: "Formatted at 2026-06-08 12:43:37 on dist-test-slave-fcrv"
I20260608 12:43:37.171603 12816 fs_report.cc:389] FS layout report
--------------------
wal directory: /tmp/dist-test-taskHf8x9d/test-tmp/auto_rebalancer-test.0.AutoRebalancerTest.OnlyLeaderDoesAutoRebalancing.1780922614724698-12816-0/minicluster-data/ts-1-root
metadata directory: /tmp/dist-test-taskHf8x9d/test-tmp/auto_rebalancer-test.0.AutoRebalancerTest.OnlyLeaderDoesAutoRebalancing.1780922614724698-12816-0/minicluster-data/ts-1-root
1 data directories: /tmp/dist-test-taskHf8x9d/test-tmp/auto_rebalancer-test.0.AutoRebalancerTest.OnlyLeaderDoesAutoRebalancing.1780922614724698-12816-0/minicluster-data/ts-1-root/data
Total live blocks: 0
Total live bytes: 0
Total live bytes (after alignment): 0
Total number of LBM containers: 0 (0 full)
Did not check for missing blocks
Did not check for orphaned blocks
Total full LBM containers with extra space: 0 (0 repaired)
Total full LBM container extra space in bytes: 0 (0 repaired)
Total incomplete LBM containers: 0 (0 repaired)
Total LBM partial records: 0 (0 repaired)
Total corrupted LBM metadata records in RocksDB: 0 (0 repaired)
I20260608 12:43:37.206748 12816 rpc_server.cc:225] running with OpenSSL 1.1.1  11 Sep 2018
I20260608 12:43:37.208637 12816 kserver.cc:163] Server-wide thread pool size limit: 3276
I20260608 12:43:37.210311 12816 txn_system_client.cc:432] TxnSystemClient initialization is disabled...
I20260608 12:43:37.213379 12816 ts_tablet_manager.cc:585] Loaded tablet metadata (0 total tablets, 0 live tablets)
I20260608 12:43:37.213806 12816 ts_tablet_manager.cc:531] Time spent load tablet metadata: real 0.000s	user 0.001s	sys 0.000s
I20260608 12:43:37.214111 12816 ts_tablet_manager.cc:616] Registered 0 tablets
I20260608 12:43:37.214347 12816 ts_tablet_manager.cc:595] Time spent register tablets: real 0.000s	user 0.000s	sys 0.000s
I20260608 12:43:37.302846 12816 rpc_server.cc:307] RPC server started. Bound to: 127.12.132.2:36349
I20260608 12:43:37.302939 13218 acceptor_pool.cc:272] collecting diagnostics on the listening RPC socket 127.12.132.2:36349 every 8 connection(s)
I20260608 12:43:37.338198 13219 heartbeater.cc:344] Connected to a master server at 127.12.132.60:42111
I20260608 12:43:37.338687 13219 heartbeater.cc:461] Registering TS with master...
I20260608 12:43:37.339733 13219 heartbeater.cc:507] Master 127.12.132.60:42111 requested a full tablet report, sending...
I20260608 12:43:37.341750 13220 heartbeater.cc:344] Connected to a master server at 127.12.132.61:43441
I20260608 12:43:37.342140 13220 heartbeater.cc:461] Registering TS with master...
I20260608 12:43:37.343057 13220 heartbeater.cc:507] Master 127.12.132.61:43441 requested a full tablet report, sending...
I20260608 12:43:37.343164 12978 ts_manager.cc:194] Registered new tserver with Master: 57b30a82c87641babe1432db8d5fffb7 (127.12.132.2:36349)
I20260608 12:43:37.343538 12816 file_cache.cc:492] Constructed file cache file cache with capacity 419430
I20260608 12:43:37.345970 12913 ts_manager.cc:194] Registered new tserver with Master: 57b30a82c87641babe1432db8d5fffb7 (127.12.132.2:36349)
W20260608 12:43:37.351709 13226 instance_detector.cc:116] could not retrieve AWS instance metadata: Network error: curl error: HTTP response code said error: The requested URL returned error: 404
I20260608 12:43:37.356241 13221 heartbeater.cc:344] Connected to a master server at 127.12.132.62:42739
I20260608 12:43:37.356878 13221 heartbeater.cc:461] Registering TS with master...
I20260608 12:43:37.358218 13221 heartbeater.cc:507] Master 127.12.132.62:42739 requested a full tablet report, sending...
I20260608 12:43:37.361920 12848 ts_manager.cc:194] Registered new tserver with Master: 57b30a82c87641babe1432db8d5fffb7 (127.12.132.2:36349)
I20260608 12:43:37.364408 12848 master_service.cc:502] Signed X509 certificate for tserver {username='slave'} at 127.0.0.1:41042
W20260608 12:43:37.369302 13227 instance_detector.cc:116] could not retrieve Azure instance metadata: Network error: curl error: HTTP response code said error: The requested URL returned error: 404
W20260608 12:43:37.372812 13229 instance_detector.cc:116] could not retrieve OpenStack instance metadata: Network error: curl error: HTTP response code said error: The requested URL returned error: 404
I20260608 12:43:37.374313 12816 server_base.cc:1061] running on GCE node
I20260608 12:43:37.375284 12816 hybrid_clock.cc:584] initializing the hybrid clock with 'system_unsync' time source
W20260608 12:43:37.375509 12816 system_unsync_time.cc:38] NTP support is disabled. Clock error bounds will not be accurate. This configuration is not suitable for distributed clusters.
I20260608 12:43:37.375716 12816 hybrid_clock.cc:648] HybridClock initialized: now 1780922617375691 us; error 0 us; skew 500 ppm
I20260608 12:43:37.376346 12816 server_base.cc:861] Flag tcmalloc_max_total_thread_cache_bytes is not working since tcmalloc is not enabled.
I20260608 12:43:37.379263 12816 webserver.cc:533] Webserver started at http://127.12.132.3:42171/ using document root <none> and password file <none>
I20260608 12:43:37.379815 12816 fs_manager.cc:362] Metadata directory not provided
I20260608 12:43:37.380031 12816 fs_manager.cc:368] Using write-ahead log directory (fs_wal_dir) as metadata directory
I20260608 12:43:37.380306 12816 server_base.cc:909] This appears to be a new deployment of Kudu; creating new FS layout
I20260608 12:43:37.381385 12816 fs_manager.cc:1068] Generated new instance metadata in path /tmp/dist-test-taskHf8x9d/test-tmp/auto_rebalancer-test.0.AutoRebalancerTest.OnlyLeaderDoesAutoRebalancing.1780922614724698-12816-0/minicluster-data/ts-2-root/instance:
uuid: "cc90cd47664b417ab8f97d4a86d0c6b4"
format_stamp: "Formatted at 2026-06-08 12:43:37 on dist-test-slave-fcrv"
I20260608 12:43:37.386385 12816 fs_manager.cc:696] Time spent creating directory manager: real 0.004s	user 0.006s	sys 0.000s
I20260608 12:43:37.390372 13234 log_block_manager.cc:4031] Time spent loading block containers with low live blocks: real 0.000s	user 0.000s	sys 0.000s
I20260608 12:43:37.391310 12816 fs_manager.cc:730] Time spent opening block manager: real 0.003s	user 0.003s	sys 0.000s
I20260608 12:43:37.391637 12816 fs_manager.cc:647] Opened local filesystem: /tmp/dist-test-taskHf8x9d/test-tmp/auto_rebalancer-test.0.AutoRebalancerTest.OnlyLeaderDoesAutoRebalancing.1780922614724698-12816-0/minicluster-data/ts-2-root
uuid: "cc90cd47664b417ab8f97d4a86d0c6b4"
format_stamp: "Formatted at 2026-06-08 12:43:37 on dist-test-slave-fcrv"
I20260608 12:43:37.391938 12816 fs_report.cc:389] FS layout report
--------------------
wal directory: /tmp/dist-test-taskHf8x9d/test-tmp/auto_rebalancer-test.0.AutoRebalancerTest.OnlyLeaderDoesAutoRebalancing.1780922614724698-12816-0/minicluster-data/ts-2-root
metadata directory: /tmp/dist-test-taskHf8x9d/test-tmp/auto_rebalancer-test.0.AutoRebalancerTest.OnlyLeaderDoesAutoRebalancing.1780922614724698-12816-0/minicluster-data/ts-2-root
1 data directories: /tmp/dist-test-taskHf8x9d/test-tmp/auto_rebalancer-test.0.AutoRebalancerTest.OnlyLeaderDoesAutoRebalancing.1780922614724698-12816-0/minicluster-data/ts-2-root/data
Total live blocks: 0
Total live bytes: 0
Total live bytes (after alignment): 0
Total number of LBM containers: 0 (0 full)
Did not check for missing blocks
Did not check for orphaned blocks
Total full LBM containers with extra space: 0 (0 repaired)
Total full LBM container extra space in bytes: 0 (0 repaired)
Total incomplete LBM containers: 0 (0 repaired)
Total LBM partial records: 0 (0 repaired)
Total corrupted LBM metadata records in RocksDB: 0 (0 repaired)
I20260608 12:43:37.429064 12816 rpc_server.cc:225] running with OpenSSL 1.1.1  11 Sep 2018
I20260608 12:43:37.430469 12816 kserver.cc:163] Server-wide thread pool size limit: 3276
I20260608 12:43:37.431879 12816 txn_system_client.cc:432] TxnSystemClient initialization is disabled...
I20260608 12:43:37.435588 12816 ts_tablet_manager.cc:585] Loaded tablet metadata (0 total tablets, 0 live tablets)
I20260608 12:43:37.435856 12816 ts_tablet_manager.cc:531] Time spent load tablet metadata: real 0.000s	user 0.000s	sys 0.000s
I20260608 12:43:37.436170 12816 ts_tablet_manager.cc:616] Registered 0 tablets
I20260608 12:43:37.436378 12816 ts_tablet_manager.cc:595] Time spent register tablets: real 0.000s	user 0.000s	sys 0.000s
I20260608 12:43:37.534157 12816 rpc_server.cc:307] RPC server started. Bound to: 127.12.132.3:43543
I20260608 12:43:37.534693 13296 acceptor_pool.cc:272] collecting diagnostics on the listening RPC socket 127.12.132.3:43543 every 8 connection(s)
I20260608 12:43:37.568145 13298 heartbeater.cc:344] Connected to a master server at 127.12.132.61:43441
I20260608 12:43:37.568660 13298 heartbeater.cc:461] Registering TS with master...
I20260608 12:43:37.569751 13298 heartbeater.cc:507] Master 127.12.132.61:43441 requested a full tablet report, sending...
I20260608 12:43:37.572973 12913 ts_manager.cc:194] Registered new tserver with Master: cc90cd47664b417ab8f97d4a86d0c6b4 (127.12.132.3:43543)
I20260608 12:43:37.578325 13297 heartbeater.cc:344] Connected to a master server at 127.12.132.60:42111
I20260608 12:43:37.578838 13297 heartbeater.cc:461] Registering TS with master...
I20260608 12:43:37.579952 13297 heartbeater.cc:507] Master 127.12.132.60:42111 requested a full tablet report, sending...
I20260608 12:43:37.581558 13299 heartbeater.cc:344] Connected to a master server at 127.12.132.62:42739
I20260608 12:43:37.582065 13299 heartbeater.cc:461] Registering TS with master...
I20260608 12:43:37.582985 12978 ts_manager.cc:194] Registered new tserver with Master: cc90cd47664b417ab8f97d4a86d0c6b4 (127.12.132.3:43543)
I20260608 12:43:37.583210 13299 heartbeater.cc:507] Master 127.12.132.62:42739 requested a full tablet report, sending...
I20260608 12:43:37.586683 12848 ts_manager.cc:194] Registered new tserver with Master: cc90cd47664b417ab8f97d4a86d0c6b4 (127.12.132.3:43543)
I20260608 12:43:37.587308 12816 internal_mini_cluster.cc:371] 3 TS(s) registered with all masters after 0.012897026s
I20260608 12:43:37.588568 12848 master_service.cc:502] Signed X509 certificate for tserver {username='slave'} at 127.0.0.1:41058
I20260608 12:43:37.777817 13055 catalog_manager.cc:1294] Loaded cluster ID: 4caab1b9288a42fc83bc37b6cd9f4079
I20260608 12:43:37.778095 13055 catalog_manager.cc:1587] T 00000000000000000000000000000000 P 39800544526a45bfaa0e4051e7ab662a: loading cluster ID for follower catalog manager: success
I20260608 12:43:37.782986 13055 catalog_manager.cc:1609] T 00000000000000000000000000000000 P 39800544526a45bfaa0e4051e7ab662a: acquiring CA information for follower catalog manager: success
I20260608 12:43:37.787921 13055 catalog_manager.cc:1637] T 00000000000000000000000000000000 P 39800544526a45bfaa0e4051e7ab662a: importing token verification keys for follower catalog manager: success; most recent TSK sequence number 0
I20260608 12:43:37.789499 13053 catalog_manager.cc:1294] Loaded cluster ID: 4caab1b9288a42fc83bc37b6cd9f4079
I20260608 12:43:37.789763 13053 catalog_manager.cc:1587] T 00000000000000000000000000000000 P 38fe26f73b57403a8b04f7261d7341d4: loading cluster ID for follower catalog manager: success
I20260608 12:43:37.794776 13053 catalog_manager.cc:1609] T 00000000000000000000000000000000 P 38fe26f73b57403a8b04f7261d7341d4: acquiring CA information for follower catalog manager: success
I20260608 12:43:37.798794 13053 catalog_manager.cc:1637] T 00000000000000000000000000000000 P 38fe26f73b57403a8b04f7261d7341d4: importing token verification keys for follower catalog manager: success; most recent TSK sequence number 0
I20260608 12:43:38.153151 13143 heartbeater.cc:499] Master 127.12.132.62:42739 was elected leader, sending a full tablet report...
I20260608 12:43:38.368551 13221 heartbeater.cc:499] Master 127.12.132.62:42739 was elected leader, sending a full tablet report...
I20260608 12:43:38.591686 13299 heartbeater.cc:499] Master 127.12.132.62:42739 was elected leader, sending a full tablet report...
I20260608 12:43:38.764284 13054 auto_leader_rebalancer.cc:451] All tables' leader rebalancing finished this round
I20260608 12:43:38.947914 12848 catalog_manager.cc:2282] Servicing CreateTable request from {username='slave'} at 127.0.0.1:53592:
name: "test-workload"
schema {
  columns {
    name: "key"
    type: INT32
    is_key: true
    is_nullable: false
    encoding: AUTO_ENCODING
    compression: DEFAULT_COMPRESSION
    cfile_block_size: 0
    immutable: false
  }
  columns {
    name: "int_val"
    type: INT32
    is_key: false
    is_nullable: false
    encoding: AUTO_ENCODING
    compression: DEFAULT_COMPRESSION
    cfile_block_size: 0
    immutable: false
  }
  columns {
    name: "string_val"
    type: STRING
    is_key: false
    is_nullable: true
    encoding: AUTO_ENCODING
    compression: DEFAULT_COMPRESSION
    cfile_block_size: 0
    immutable: false
  }
}
num_replicas: 1
split_rows_range_bounds {
  rows: "\004\001\000\377\377\377\037\004\001\000\376\377\377?\004\001\000\375\377\377_""\004\001\000\377\377\377\037\004\001\000\376\377\377?\004\001\000\375\377\377_"
  indirect_data: """"
}
partition_schema {
  range_schema {
    columns {
      name: "key"
    }
  }
}
I20260608 12:43:39.040874 13184 tablet_service.cc:1511] Processing CreateTablet for tablet 3c21f7babc364345a7fe575f6dd27361 (DEFAULT_TABLE table=test-workload [id=75e3667161e74fef8e140430b3b754fa]), partition=RANGE (key) PARTITION 536870911 <= VALUES < 1073741822
I20260608 12:43:39.042526 13184 data_dirs.cc:400] Could only allocate 1 dirs of requested 3 for tablet 3c21f7babc364345a7fe575f6dd27361. 1 dirs total, 0 dirs full, 0 dirs failed
I20260608 12:43:39.043588 13262 tablet_service.cc:1511] Processing CreateTablet for tablet 2d6e34bf570544599dd7829336cabd28 (DEFAULT_TABLE table=test-workload [id=75e3667161e74fef8e140430b3b754fa]), partition=RANGE (key) PARTITION 1073741822 <= VALUES < 1610612733
I20260608 12:43:39.045078 13262 data_dirs.cc:400] Could only allocate 1 dirs of requested 3 for tablet 2d6e34bf570544599dd7829336cabd28. 1 dirs total, 0 dirs full, 0 dirs failed
I20260608 12:43:39.047799 13106 tablet_service.cc:1511] Processing CreateTablet for tablet 7813c65f324749b799470ec824df3372 (DEFAULT_TABLE table=test-workload [id=75e3667161e74fef8e140430b3b754fa]), partition=RANGE (key) PARTITION VALUES < 536870911
I20260608 12:43:39.048319 13105 tablet_service.cc:1511] Processing CreateTablet for tablet e714c51dbd4a43f0ae3dd13a3846b37d (DEFAULT_TABLE table=test-workload [id=75e3667161e74fef8e140430b3b754fa]), partition=RANGE (key) PARTITION 1610612733 <= VALUES
I20260608 12:43:39.049278 13106 data_dirs.cc:400] Could only allocate 1 dirs of requested 3 for tablet 7813c65f324749b799470ec824df3372. 1 dirs total, 0 dirs full, 0 dirs failed
I20260608 12:43:39.054845 13105 data_dirs.cc:400] Could only allocate 1 dirs of requested 3 for tablet e714c51dbd4a43f0ae3dd13a3846b37d. 1 dirs total, 0 dirs full, 0 dirs failed
I20260608 12:43:39.065080 13335 tablet_bootstrap.cc:492] T 3c21f7babc364345a7fe575f6dd27361 P 57b30a82c87641babe1432db8d5fffb7: Bootstrap starting.
I20260608 12:43:39.069939 13336 tablet_bootstrap.cc:492] T 2d6e34bf570544599dd7829336cabd28 P cc90cd47664b417ab8f97d4a86d0c6b4: Bootstrap starting.
I20260608 12:43:39.071635 13337 tablet_bootstrap.cc:492] T 7813c65f324749b799470ec824df3372 P 48702442af864d99800fa56150a6ef81: Bootstrap starting.
I20260608 12:43:39.077960 13335 tablet_bootstrap.cc:654] T 3c21f7babc364345a7fe575f6dd27361 P 57b30a82c87641babe1432db8d5fffb7: Neither blocks nor log segments found. Creating new log.
I20260608 12:43:39.078198 13336 tablet_bootstrap.cc:654] T 2d6e34bf570544599dd7829336cabd28 P cc90cd47664b417ab8f97d4a86d0c6b4: Neither blocks nor log segments found. Creating new log.
I20260608 12:43:39.079733 13337 tablet_bootstrap.cc:654] T 7813c65f324749b799470ec824df3372 P 48702442af864d99800fa56150a6ef81: Neither blocks nor log segments found. Creating new log.
I20260608 12:43:39.087890 13336 tablet_bootstrap.cc:492] T 2d6e34bf570544599dd7829336cabd28 P cc90cd47664b417ab8f97d4a86d0c6b4: No bootstrap required, opened a new log
I20260608 12:43:39.088125 13337 tablet_bootstrap.cc:492] T 7813c65f324749b799470ec824df3372 P 48702442af864d99800fa56150a6ef81: No bootstrap required, opened a new log
I20260608 12:43:39.088282 13335 tablet_bootstrap.cc:492] T 3c21f7babc364345a7fe575f6dd27361 P 57b30a82c87641babe1432db8d5fffb7: No bootstrap required, opened a new log
I20260608 12:43:39.088506 13336 ts_tablet_manager.cc:1403] T 2d6e34bf570544599dd7829336cabd28 P cc90cd47664b417ab8f97d4a86d0c6b4: Time spent bootstrapping tablet: real 0.019s	user 0.007s	sys 0.010s
I20260608 12:43:39.088773 13337 ts_tablet_manager.cc:1403] T 7813c65f324749b799470ec824df3372 P 48702442af864d99800fa56150a6ef81: Time spent bootstrapping tablet: real 0.018s	user 0.012s	sys 0.000s
I20260608 12:43:39.088826 13335 ts_tablet_manager.cc:1403] T 3c21f7babc364345a7fe575f6dd27361 P 57b30a82c87641babe1432db8d5fffb7: Time spent bootstrapping tablet: real 0.024s	user 0.010s	sys 0.009s
I20260608 12:43:39.091329 13337 raft_consensus.cc:359] T 7813c65f324749b799470ec824df3372 P 48702442af864d99800fa56150a6ef81 [term 0 FOLLOWER]: Replica starting. Triggering 0 pending ops. Active config: opid_index: -1 OBSOLETE_local: true peers { permanent_uuid: "48702442af864d99800fa56150a6ef81" member_type: VOTER last_known_addr { host: "127.12.132.1" port: 40817 } }
I20260608 12:43:39.091817 13337 raft_consensus.cc:385] T 7813c65f324749b799470ec824df3372 P 48702442af864d99800fa56150a6ef81 [term 0 FOLLOWER]: Consensus starting up: Expiring failure detector timer to make a prompt election more likely
I20260608 12:43:39.091812 13336 raft_consensus.cc:359] T 2d6e34bf570544599dd7829336cabd28 P cc90cd47664b417ab8f97d4a86d0c6b4 [term 0 FOLLOWER]: Replica starting. Triggering 0 pending ops. Active config: opid_index: -1 OBSOLETE_local: true peers { permanent_uuid: "cc90cd47664b417ab8f97d4a86d0c6b4" member_type: VOTER last_known_addr { host: "127.12.132.3" port: 43543 } }
I20260608 12:43:39.092217 13337 raft_consensus.cc:740] T 7813c65f324749b799470ec824df3372 P 48702442af864d99800fa56150a6ef81 [term 0 FOLLOWER]: Becoming Follower/Learner. State: Replica: 48702442af864d99800fa56150a6ef81, State: Initialized, Role: FOLLOWER
I20260608 12:43:39.092051 13335 raft_consensus.cc:359] T 3c21f7babc364345a7fe575f6dd27361 P 57b30a82c87641babe1432db8d5fffb7 [term 0 FOLLOWER]: Replica starting. Triggering 0 pending ops. Active config: opid_index: -1 OBSOLETE_local: true peers { permanent_uuid: "57b30a82c87641babe1432db8d5fffb7" member_type: VOTER last_known_addr { host: "127.12.132.2" port: 36349 } }
I20260608 12:43:39.092720 13335 raft_consensus.cc:385] T 3c21f7babc364345a7fe575f6dd27361 P 57b30a82c87641babe1432db8d5fffb7 [term 0 FOLLOWER]: Consensus starting up: Expiring failure detector timer to make a prompt election more likely
I20260608 12:43:39.093166 13335 raft_consensus.cc:740] T 3c21f7babc364345a7fe575f6dd27361 P 57b30a82c87641babe1432db8d5fffb7 [term 0 FOLLOWER]: Becoming Follower/Learner. State: Replica: 57b30a82c87641babe1432db8d5fffb7, State: Initialized, Role: FOLLOWER
I20260608 12:43:39.093474 13337 consensus_queue.cc:260] T 7813c65f324749b799470ec824df3372 P 48702442af864d99800fa56150a6ef81 [NON_LEADER]: Queue going to NON_LEADER mode. State: All replicated index: 0, Majority replicated index: 0, Committed index: 0, Last appended: 0.0, Last appended by leader: 0, Current term: 0, Majority size: -1, State: 0, Mode: NON_LEADER, active raft config: opid_index: -1 OBSOLETE_local: true peers { permanent_uuid: "48702442af864d99800fa56150a6ef81" member_type: VOTER last_known_addr { host: "127.12.132.1" port: 40817 } }
I20260608 12:43:39.093930 13335 consensus_queue.cc:260] T 3c21f7babc364345a7fe575f6dd27361 P 57b30a82c87641babe1432db8d5fffb7 [NON_LEADER]: Queue going to NON_LEADER mode. State: All replicated index: 0, Majority replicated index: 0, Committed index: 0, Last appended: 0.0, Last appended by leader: 0, Current term: 0, Majority size: -1, State: 0, Mode: NON_LEADER, active raft config: opid_index: -1 OBSOLETE_local: true peers { permanent_uuid: "57b30a82c87641babe1432db8d5fffb7" member_type: VOTER last_known_addr { host: "127.12.132.2" port: 36349 } }
I20260608 12:43:39.094213 13337 raft_consensus.cc:399] T 7813c65f324749b799470ec824df3372 P 48702442af864d99800fa56150a6ef81 [term 0 FOLLOWER]: Only one voter in the Raft config. Triggering election immediately
I20260608 12:43:39.094558 13336 raft_consensus.cc:385] T 2d6e34bf570544599dd7829336cabd28 P cc90cd47664b417ab8f97d4a86d0c6b4 [term 0 FOLLOWER]: Consensus starting up: Expiring failure detector timer to make a prompt election more likely
I20260608 12:43:39.094698 13335 raft_consensus.cc:399] T 3c21f7babc364345a7fe575f6dd27361 P 57b30a82c87641babe1432db8d5fffb7 [term 0 FOLLOWER]: Only one voter in the Raft config. Triggering election immediately
I20260608 12:43:39.094790 13337 raft_consensus.cc:493] T 7813c65f324749b799470ec824df3372 P 48702442af864d99800fa56150a6ef81 [term 0 FOLLOWER]: Starting leader election (initial election of a single-replica configuration)
I20260608 12:43:39.094987 13336 raft_consensus.cc:740] T 2d6e34bf570544599dd7829336cabd28 P cc90cd47664b417ab8f97d4a86d0c6b4 [term 0 FOLLOWER]: Becoming Follower/Learner. State: Replica: cc90cd47664b417ab8f97d4a86d0c6b4, State: Initialized, Role: FOLLOWER
I20260608 12:43:39.095148 13335 raft_consensus.cc:493] T 3c21f7babc364345a7fe575f6dd27361 P 57b30a82c87641babe1432db8d5fffb7 [term 0 FOLLOWER]: Starting leader election (initial election of a single-replica configuration)
I20260608 12:43:39.095281 13337 raft_consensus.cc:3060] T 7813c65f324749b799470ec824df3372 P 48702442af864d99800fa56150a6ef81 [term 0 FOLLOWER]: Advancing to term 1
I20260608 12:43:39.095645 13335 raft_consensus.cc:3060] T 3c21f7babc364345a7fe575f6dd27361 P 57b30a82c87641babe1432db8d5fffb7 [term 0 FOLLOWER]: Advancing to term 1
I20260608 12:43:39.096057 13336 consensus_queue.cc:260] T 2d6e34bf570544599dd7829336cabd28 P cc90cd47664b417ab8f97d4a86d0c6b4 [NON_LEADER]: Queue going to NON_LEADER mode. State: All replicated index: 0, Majority replicated index: 0, Committed index: 0, Last appended: 0.0, Last appended by leader: 0, Current term: 0, Majority size: -1, State: 0, Mode: NON_LEADER, active raft config: opid_index: -1 OBSOLETE_local: true peers { permanent_uuid: "cc90cd47664b417ab8f97d4a86d0c6b4" member_type: VOTER last_known_addr { host: "127.12.132.3" port: 43543 } }
I20260608 12:43:39.096786 13336 raft_consensus.cc:399] T 2d6e34bf570544599dd7829336cabd28 P cc90cd47664b417ab8f97d4a86d0c6b4 [term 0 FOLLOWER]: Only one voter in the Raft config. Triggering election immediately
I20260608 12:43:39.097113 13336 raft_consensus.cc:493] T 2d6e34bf570544599dd7829336cabd28 P cc90cd47664b417ab8f97d4a86d0c6b4 [term 0 FOLLOWER]: Starting leader election (initial election of a single-replica configuration)
I20260608 12:43:39.097474 13336 raft_consensus.cc:3060] T 2d6e34bf570544599dd7829336cabd28 P cc90cd47664b417ab8f97d4a86d0c6b4 [term 0 FOLLOWER]: Advancing to term 1
I20260608 12:43:39.100618 13337 raft_consensus.cc:515] T 7813c65f324749b799470ec824df3372 P 48702442af864d99800fa56150a6ef81 [term 1 FOLLOWER]: Starting leader election with config: opid_index: -1 OBSOLETE_local: true peers { permanent_uuid: "48702442af864d99800fa56150a6ef81" member_type: VOTER last_known_addr { host: "127.12.132.1" port: 40817 } }
I20260608 12:43:39.101365 13337 leader_election.cc:304] T 7813c65f324749b799470ec824df3372 P 48702442af864d99800fa56150a6ef81 [CANDIDATE]: Term 1 election: Election decided. Result: candidate won. Election summary: received 1 responses out of 1 voters: 1 yes votes; 0 no votes. yes voters: 48702442af864d99800fa56150a6ef81; no voters: 
I20260608 12:43:39.102779 13335 raft_consensus.cc:515] T 3c21f7babc364345a7fe575f6dd27361 P 57b30a82c87641babe1432db8d5fffb7 [term 1 FOLLOWER]: Starting leader election with config: opid_index: -1 OBSOLETE_local: true peers { permanent_uuid: "57b30a82c87641babe1432db8d5fffb7" member_type: VOTER last_known_addr { host: "127.12.132.2" port: 36349 } }
I20260608 12:43:39.103652 13335 leader_election.cc:304] T 3c21f7babc364345a7fe575f6dd27361 P 57b30a82c87641babe1432db8d5fffb7 [CANDIDATE]: Term 1 election: Election decided. Result: candidate won. Election summary: received 1 responses out of 1 voters: 1 yes votes; 0 no votes. yes voters: 57b30a82c87641babe1432db8d5fffb7; no voters: 
I20260608 12:43:39.104106 13336 raft_consensus.cc:515] T 2d6e34bf570544599dd7829336cabd28 P cc90cd47664b417ab8f97d4a86d0c6b4 [term 1 FOLLOWER]: Starting leader election with config: opid_index: -1 OBSOLETE_local: true peers { permanent_uuid: "cc90cd47664b417ab8f97d4a86d0c6b4" member_type: VOTER last_known_addr { host: "127.12.132.3" port: 43543 } }
I20260608 12:43:39.104931 13336 leader_election.cc:304] T 2d6e34bf570544599dd7829336cabd28 P cc90cd47664b417ab8f97d4a86d0c6b4 [CANDIDATE]: Term 1 election: Election decided. Result: candidate won. Election summary: received 1 responses out of 1 voters: 1 yes votes; 0 no votes. yes voters: cc90cd47664b417ab8f97d4a86d0c6b4; no voters: 
I20260608 12:43:39.109083 13337 leader_election.cc:290] T 7813c65f324749b799470ec824df3372 P 48702442af864d99800fa56150a6ef81 [CANDIDATE]: Term 1 election: Requested vote from peers 
I20260608 12:43:39.110138 13341 raft_consensus.cc:2804] T 7813c65f324749b799470ec824df3372 P 48702442af864d99800fa56150a6ef81 [term 1 FOLLOWER]: Leader election won for term 1
I20260608 12:43:39.111725 13336 leader_election.cc:290] T 2d6e34bf570544599dd7829336cabd28 P cc90cd47664b417ab8f97d4a86d0c6b4 [CANDIDATE]: Term 1 election: Requested vote from peers 
I20260608 12:43:39.112572 13342 raft_consensus.cc:2804] T 3c21f7babc364345a7fe575f6dd27361 P 57b30a82c87641babe1432db8d5fffb7 [term 1 FOLLOWER]: Leader election won for term 1
I20260608 12:43:39.113260 13335 leader_election.cc:290] T 3c21f7babc364345a7fe575f6dd27361 P 57b30a82c87641babe1432db8d5fffb7 [CANDIDATE]: Term 1 election: Requested vote from peers 
I20260608 12:43:39.114629 13343 raft_consensus.cc:2804] T 2d6e34bf570544599dd7829336cabd28 P cc90cd47664b417ab8f97d4a86d0c6b4 [term 1 FOLLOWER]: Leader election won for term 1
I20260608 12:43:39.118607 13337 ts_tablet_manager.cc:1434] T 7813c65f324749b799470ec824df3372 P 48702442af864d99800fa56150a6ef81: Time spent starting tablet: real 0.029s	user 0.006s	sys 0.023s
I20260608 12:43:39.119438 13341 raft_consensus.cc:697] T 7813c65f324749b799470ec824df3372 P 48702442af864d99800fa56150a6ef81 [term 1 LEADER]: Becoming Leader. State: Replica: 48702442af864d99800fa56150a6ef81, State: Running, Role: LEADER
I20260608 12:43:39.120752 13341 consensus_queue.cc:237] T 7813c65f324749b799470ec824df3372 P 48702442af864d99800fa56150a6ef81 [LEADER]: Queue going to LEADER mode. State: All replicated index: 0, Majority replicated index: 0, Committed index: 0, Last appended: 0.0, Last appended by leader: 0, Current term: 1, Majority size: 1, State: 0, Mode: LEADER, active raft config: opid_index: -1 OBSOLETE_local: true peers { permanent_uuid: "48702442af864d99800fa56150a6ef81" member_type: VOTER last_known_addr { host: "127.12.132.1" port: 40817 } }
I20260608 12:43:39.125595 13337 tablet_bootstrap.cc:492] T e714c51dbd4a43f0ae3dd13a3846b37d P 48702442af864d99800fa56150a6ef81: Bootstrap starting.
I20260608 12:43:39.131688 13342 raft_consensus.cc:697] T 3c21f7babc364345a7fe575f6dd27361 P 57b30a82c87641babe1432db8d5fffb7 [term 1 LEADER]: Becoming Leader. State: Replica: 57b30a82c87641babe1432db8d5fffb7, State: Running, Role: LEADER
I20260608 12:43:39.132840 13335 ts_tablet_manager.cc:1434] T 3c21f7babc364345a7fe575f6dd27361 P 57b30a82c87641babe1432db8d5fffb7: Time spent starting tablet: real 0.043s	user 0.010s	sys 0.021s
I20260608 12:43:39.132714 13342 consensus_queue.cc:237] T 3c21f7babc364345a7fe575f6dd27361 P 57b30a82c87641babe1432db8d5fffb7 [LEADER]: Queue going to LEADER mode. State: All replicated index: 0, Majority replicated index: 0, Committed index: 0, Last appended: 0.0, Last appended by leader: 0, Current term: 1, Majority size: 1, State: 0, Mode: LEADER, active raft config: opid_index: -1 OBSOLETE_local: true peers { permanent_uuid: "57b30a82c87641babe1432db8d5fffb7" member_type: VOTER last_known_addr { host: "127.12.132.2" port: 36349 } }
I20260608 12:43:39.135025 13337 tablet_bootstrap.cc:654] T e714c51dbd4a43f0ae3dd13a3846b37d P 48702442af864d99800fa56150a6ef81: Neither blocks nor log segments found. Creating new log.
I20260608 12:43:39.137341 13343 raft_consensus.cc:697] T 2d6e34bf570544599dd7829336cabd28 P cc90cd47664b417ab8f97d4a86d0c6b4 [term 1 LEADER]: Becoming Leader. State: Replica: cc90cd47664b417ab8f97d4a86d0c6b4, State: Running, Role: LEADER
I20260608 12:43:39.139247 13343 consensus_queue.cc:237] T 2d6e34bf570544599dd7829336cabd28 P cc90cd47664b417ab8f97d4a86d0c6b4 [LEADER]: Queue going to LEADER mode. State: All replicated index: 0, Majority replicated index: 0, Committed index: 0, Last appended: 0.0, Last appended by leader: 0, Current term: 1, Majority size: 1, State: 0, Mode: LEADER, active raft config: opid_index: -1 OBSOLETE_local: true peers { permanent_uuid: "cc90cd47664b417ab8f97d4a86d0c6b4" member_type: VOTER last_known_addr { host: "127.12.132.3" port: 43543 } }
I20260608 12:43:39.142748 13336 ts_tablet_manager.cc:1434] T 2d6e34bf570544599dd7829336cabd28 P cc90cd47664b417ab8f97d4a86d0c6b4: Time spent starting tablet: real 0.054s	user 0.014s	sys 0.019s
I20260608 12:43:39.155435 12848 catalog_manager.cc:5696] T 7813c65f324749b799470ec824df3372 P 48702442af864d99800fa56150a6ef81 reported cstate change: term changed from 0 to 1, leader changed from <none> to 48702442af864d99800fa56150a6ef81 (127.12.132.1). New cstate: current_term: 1 leader_uuid: "48702442af864d99800fa56150a6ef81" committed_config { opid_index: -1 OBSOLETE_local: true peers { permanent_uuid: "48702442af864d99800fa56150a6ef81" member_type: VOTER last_known_addr { host: "127.12.132.1" port: 40817 } health_report { overall_health: HEALTHY } } }
I20260608 12:43:39.172034 13337 tablet_bootstrap.cc:492] T e714c51dbd4a43f0ae3dd13a3846b37d P 48702442af864d99800fa56150a6ef81: No bootstrap required, opened a new log
I20260608 12:43:39.172797 13337 ts_tablet_manager.cc:1403] T e714c51dbd4a43f0ae3dd13a3846b37d P 48702442af864d99800fa56150a6ef81: Time spent bootstrapping tablet: real 0.048s	user 0.023s	sys 0.012s
I20260608 12:43:39.169755 12847 catalog_manager.cc:5696] T 3c21f7babc364345a7fe575f6dd27361 P 57b30a82c87641babe1432db8d5fffb7 reported cstate change: term changed from 0 to 1, leader changed from <none> to 57b30a82c87641babe1432db8d5fffb7 (127.12.132.2). New cstate: current_term: 1 leader_uuid: "57b30a82c87641babe1432db8d5fffb7" committed_config { opid_index: -1 OBSOLETE_local: true peers { permanent_uuid: "57b30a82c87641babe1432db8d5fffb7" member_type: VOTER last_known_addr { host: "127.12.132.2" port: 36349 } health_report { overall_health: HEALTHY } } }
I20260608 12:43:39.176993 13337 raft_consensus.cc:359] T e714c51dbd4a43f0ae3dd13a3846b37d P 48702442af864d99800fa56150a6ef81 [term 0 FOLLOWER]: Replica starting. Triggering 0 pending ops. Active config: opid_index: -1 OBSOLETE_local: true peers { permanent_uuid: "48702442af864d99800fa56150a6ef81" member_type: VOTER last_known_addr { host: "127.12.132.1" port: 40817 } }
I20260608 12:43:39.207300 13337 raft_consensus.cc:385] T e714c51dbd4a43f0ae3dd13a3846b37d P 48702442af864d99800fa56150a6ef81 [term 0 FOLLOWER]: Consensus starting up: Expiring failure detector timer to make a prompt election more likely
I20260608 12:43:39.207903 13337 raft_consensus.cc:740] T e714c51dbd4a43f0ae3dd13a3846b37d P 48702442af864d99800fa56150a6ef81 [term 0 FOLLOWER]: Becoming Follower/Learner. State: Replica: 48702442af864d99800fa56150a6ef81, State: Initialized, Role: FOLLOWER
I20260608 12:43:39.209183 13337 consensus_queue.cc:260] T e714c51dbd4a43f0ae3dd13a3846b37d P 48702442af864d99800fa56150a6ef81 [NON_LEADER]: Queue going to NON_LEADER mode. State: All replicated index: 0, Majority replicated index: 0, Committed index: 0, Last appended: 0.0, Last appended by leader: 0, Current term: 0, Majority size: -1, State: 0, Mode: NON_LEADER, active raft config: opid_index: -1 OBSOLETE_local: true peers { permanent_uuid: "48702442af864d99800fa56150a6ef81" member_type: VOTER last_known_addr { host: "127.12.132.1" port: 40817 } }
I20260608 12:43:39.210501 13337 raft_consensus.cc:399] T e714c51dbd4a43f0ae3dd13a3846b37d P 48702442af864d99800fa56150a6ef81 [term 0 FOLLOWER]: Only one voter in the Raft config. Triggering election immediately
I20260608 12:43:39.211022 13337 raft_consensus.cc:493] T e714c51dbd4a43f0ae3dd13a3846b37d P 48702442af864d99800fa56150a6ef81 [term 0 FOLLOWER]: Starting leader election (initial election of a single-replica configuration)
I20260608 12:43:39.211557 13337 raft_consensus.cc:3060] T e714c51dbd4a43f0ae3dd13a3846b37d P 48702442af864d99800fa56150a6ef81 [term 0 FOLLOWER]: Advancing to term 1
I20260608 12:43:39.223913 13337 raft_consensus.cc:515] T e714c51dbd4a43f0ae3dd13a3846b37d P 48702442af864d99800fa56150a6ef81 [term 1 FOLLOWER]: Starting leader election with config: opid_index: -1 OBSOLETE_local: true peers { permanent_uuid: "48702442af864d99800fa56150a6ef81" member_type: VOTER last_known_addr { host: "127.12.132.1" port: 40817 } }
I20260608 12:43:39.225533 13337 leader_election.cc:304] T e714c51dbd4a43f0ae3dd13a3846b37d P 48702442af864d99800fa56150a6ef81 [CANDIDATE]: Term 1 election: Election decided. Result: candidate won. Election summary: received 1 responses out of 1 voters: 1 yes votes; 0 no votes. yes voters: 48702442af864d99800fa56150a6ef81; no voters: 
I20260608 12:43:39.226940 13344 raft_consensus.cc:2804] T e714c51dbd4a43f0ae3dd13a3846b37d P 48702442af864d99800fa56150a6ef81 [term 1 FOLLOWER]: Leader election won for term 1
I20260608 12:43:39.227696 13344 raft_consensus.cc:697] T e714c51dbd4a43f0ae3dd13a3846b37d P 48702442af864d99800fa56150a6ef81 [term 1 LEADER]: Becoming Leader. State: Replica: 48702442af864d99800fa56150a6ef81, State: Running, Role: LEADER
I20260608 12:43:39.228760 13344 consensus_queue.cc:237] T e714c51dbd4a43f0ae3dd13a3846b37d P 48702442af864d99800fa56150a6ef81 [LEADER]: Queue going to LEADER mode. State: All replicated index: 0, Majority replicated index: 0, Committed index: 0, Last appended: 0.0, Last appended by leader: 0, Current term: 1, Majority size: 1, State: 0, Mode: LEADER, active raft config: opid_index: -1 OBSOLETE_local: true peers { permanent_uuid: "48702442af864d99800fa56150a6ef81" member_type: VOTER last_known_addr { host: "127.12.132.1" port: 40817 } }
I20260608 12:43:39.237582 13337 leader_election.cc:290] T e714c51dbd4a43f0ae3dd13a3846b37d P 48702442af864d99800fa56150a6ef81 [CANDIDATE]: Term 1 election: Requested vote from peers 
I20260608 12:43:39.241277 13337 ts_tablet_manager.cc:1434] T e714c51dbd4a43f0ae3dd13a3846b37d P 48702442af864d99800fa56150a6ef81: Time spent starting tablet: real 0.068s	user 0.020s	sys 0.001s
I20260608 12:43:39.275226 12848 catalog_manager.cc:5696] T e714c51dbd4a43f0ae3dd13a3846b37d P 48702442af864d99800fa56150a6ef81 reported cstate change: term changed from 0 to 1, leader changed from <none> to 48702442af864d99800fa56150a6ef81 (127.12.132.1). New cstate: current_term: 1 leader_uuid: "48702442af864d99800fa56150a6ef81" committed_config { opid_index: -1 OBSOLETE_local: true peers { permanent_uuid: "48702442af864d99800fa56150a6ef81" member_type: VOTER last_known_addr { host: "127.12.132.1" port: 40817 } health_report { overall_health: HEALTHY } } }
I20260608 12:43:39.288621 12847 catalog_manager.cc:5696] T 2d6e34bf570544599dd7829336cabd28 P cc90cd47664b417ab8f97d4a86d0c6b4 reported cstate change: term changed from 0 to 1, leader changed from <none> to cc90cd47664b417ab8f97d4a86d0c6b4 (127.12.132.3). New cstate: current_term: 1 leader_uuid: "cc90cd47664b417ab8f97d4a86d0c6b4" committed_config { opid_index: -1 OBSOLETE_local: true peers { permanent_uuid: "cc90cd47664b417ab8f97d4a86d0c6b4" member_type: VOTER last_known_addr { host: "127.12.132.3" port: 43543 } health_report { overall_health: HEALTHY } } }
I20260608 12:43:39.347143 12816 tablet_server.cc:179] TabletServer@127.12.132.1:0 shutting down...
I20260608 12:43:39.369499 12816 ts_tablet_manager.cc:1507] Shutting down tablet manager...
I20260608 12:43:39.370529 12816 tablet_replica.cc:333] T e714c51dbd4a43f0ae3dd13a3846b37d P 48702442af864d99800fa56150a6ef81: stopping tablet replica
I20260608 12:43:39.371194 12816 raft_consensus.cc:2243] T e714c51dbd4a43f0ae3dd13a3846b37d P 48702442af864d99800fa56150a6ef81 [term 1 LEADER]: Raft consensus shutting down.
I20260608 12:43:39.371744 12816 raft_consensus.cc:2272] T e714c51dbd4a43f0ae3dd13a3846b37d P 48702442af864d99800fa56150a6ef81 [term 1 FOLLOWER]: Raft consensus is shut down!
I20260608 12:43:39.374789 12816 tablet_replica.cc:333] T 7813c65f324749b799470ec824df3372 P 48702442af864d99800fa56150a6ef81: stopping tablet replica
I20260608 12:43:39.375313 12816 raft_consensus.cc:2243] T 7813c65f324749b799470ec824df3372 P 48702442af864d99800fa56150a6ef81 [term 1 LEADER]: Raft consensus shutting down.
I20260608 12:43:39.375747 12816 raft_consensus.cc:2272] T 7813c65f324749b799470ec824df3372 P 48702442af864d99800fa56150a6ef81 [term 1 FOLLOWER]: Raft consensus is shut down!
I20260608 12:43:39.529501 12816 tablet_server.cc:196] TabletServer@127.12.132.1:0 shutdown complete.
I20260608 12:43:39.540376 12816 tablet_server.cc:179] TabletServer@127.12.132.2:0 shutting down...
I20260608 12:43:39.559725 12816 ts_tablet_manager.cc:1507] Shutting down tablet manager...
I20260608 12:43:39.560719 12816 tablet_replica.cc:333] T 3c21f7babc364345a7fe575f6dd27361 P 57b30a82c87641babe1432db8d5fffb7: stopping tablet replica
I20260608 12:43:39.561302 12816 raft_consensus.cc:2243] T 3c21f7babc364345a7fe575f6dd27361 P 57b30a82c87641babe1432db8d5fffb7 [term 1 LEADER]: Raft consensus shutting down.
I20260608 12:43:39.561779 12816 raft_consensus.cc:2272] T 3c21f7babc364345a7fe575f6dd27361 P 57b30a82c87641babe1432db8d5fffb7 [term 1 FOLLOWER]: Raft consensus is shut down!
I20260608 12:43:39.580999 12816 tablet_server.cc:196] TabletServer@127.12.132.2:0 shutdown complete.
I20260608 12:43:39.589392 12816 tablet_server.cc:179] TabletServer@127.12.132.3:0 shutting down...
I20260608 12:43:39.605155 12816 ts_tablet_manager.cc:1507] Shutting down tablet manager...
I20260608 12:43:39.605962 12816 tablet_replica.cc:333] T 2d6e34bf570544599dd7829336cabd28 P cc90cd47664b417ab8f97d4a86d0c6b4: stopping tablet replica
I20260608 12:43:39.606534 12816 raft_consensus.cc:2243] T 2d6e34bf570544599dd7829336cabd28 P cc90cd47664b417ab8f97d4a86d0c6b4 [term 1 LEADER]: Raft consensus shutting down.
I20260608 12:43:39.606941 12816 raft_consensus.cc:2272] T 2d6e34bf570544599dd7829336cabd28 P cc90cd47664b417ab8f97d4a86d0c6b4 [term 1 FOLLOWER]: Raft consensus is shut down!
I20260608 12:43:39.626569 12816 tablet_server.cc:196] TabletServer@127.12.132.3:0 shutdown complete.
I20260608 12:43:39.635596 12816 master.cc:562] Master@127.12.132.62:42739 shutting down...
I20260608 12:43:39.733474 12816 raft_consensus.cc:2243] T 00000000000000000000000000000000 P edf00546a7044c09a627d36796361803 [term 1 LEADER]: Raft consensus shutting down.
I20260608 12:43:39.734568 12816 raft_consensus.cc:2272] T 00000000000000000000000000000000 P edf00546a7044c09a627d36796361803 [term 1 FOLLOWER]: Raft consensus is shut down!
I20260608 12:43:39.734992 12816 tablet_replica.cc:333] T 00000000000000000000000000000000 P edf00546a7044c09a627d36796361803: stopping tablet replica
I20260608 12:43:39.747296 12816 master.cc:584] Master@127.12.132.62:42739 shutdown complete.
I20260608 12:43:39.759295 12816 master.cc:562] Master@127.12.132.61:43441 shutting down...
I20260608 12:43:39.776764 12816 raft_consensus.cc:2243] T 00000000000000000000000000000000 P 38fe26f73b57403a8b04f7261d7341d4 [term 1 FOLLOWER]: Raft consensus shutting down.
I20260608 12:43:39.777364 12816 raft_consensus.cc:2272] T 00000000000000000000000000000000 P 38fe26f73b57403a8b04f7261d7341d4 [term 1 FOLLOWER]: Raft consensus is shut down!
I20260608 12:43:39.777715 12816 tablet_replica.cc:333] T 00000000000000000000000000000000 P 38fe26f73b57403a8b04f7261d7341d4: stopping tablet replica
I20260608 12:43:39.814471 12816 master.cc:584] Master@127.12.132.61:43441 shutdown complete.
I20260608 12:43:39.826345 12816 master.cc:562] Master@127.12.132.60:42111 shutting down...
I20260608 12:43:39.843719 12816 raft_consensus.cc:2243] T 00000000000000000000000000000000 P 39800544526a45bfaa0e4051e7ab662a [term 1 FOLLOWER]: Raft consensus shutting down.
I20260608 12:43:39.844233 12816 raft_consensus.cc:2272] T 00000000000000000000000000000000 P 39800544526a45bfaa0e4051e7ab662a [term 1 FOLLOWER]: Raft consensus is shut down!
I20260608 12:43:39.844506 12816 tablet_replica.cc:333] T 00000000000000000000000000000000 P 39800544526a45bfaa0e4051e7ab662a: stopping tablet replica
I20260608 12:43:39.863698 12816 master.cc:584] Master@127.12.132.60:42111 shutdown complete.
[       OK ] AutoRebalancerTest.OnlyLeaderDoesAutoRebalancing (4999 ms)
[ RUN      ] AutoRebalancerTest.AutoRebalancingTurnOffAndOn
I20260608 12:43:39.894330 12816 internal_mini_cluster.cc:156] Creating distributed mini masters. Addrs: 127.12.132.62:36177
I20260608 12:43:39.895581 12816 file_cache.cc:492] Constructed file cache file cache with capacity 419430
W20260608 12:43:39.900503 13359 instance_detector.cc:116] could not retrieve AWS instance metadata: Network error: curl error: HTTP response code said error: The requested URL returned error: 404
