I20260608 12:43:55.327629 13949 raft_consensus.cc:2393] T 00000000000000000000000000000000 P bc3acbda9ddd42db8bc5f454afb60a02 [term 2 FOLLOWER]: Leader election vote request: Denying vote to candidate f49615ecb3ca40bfa66d17090e0cb86b in current term 2: Already voted for candidate bc3acbda9ddd42db8bc5f454afb60a02 in this term.
W20260608 12:43:55.331317 13989 leader_election.cc:336] T 00000000000000000000000000000000 P f49615ecb3ca40bfa66d17090e0cb86b [CANDIDATE]: Term 2 election: RPC error from VoteRequest() call to peer 2a3ba870801a4a9dbc35d8959e82a8e3 (127.12.136.188:39729): Network error: Client connection negotiation failed: client connection to 127.12.136.188:39729: connect: Connection refused (error 111)
I20260608 12:43:55.331898 13989 leader_election.cc:304] T 00000000000000000000000000000000 P f49615ecb3ca40bfa66d17090e0cb86b [CANDIDATE]: Term 2 election: Election decided. Result: candidate lost. Election summary: received 3 responses out of 3 voters: 1 yes votes; 2 no votes. yes voters: f49615ecb3ca40bfa66d17090e0cb86b; no voters: 2a3ba870801a4a9dbc35d8959e82a8e3, bc3acbda9ddd42db8bc5f454afb60a02
W20260608 12:43:55.332551 13924 leader_election.cc:336] T 00000000000000000000000000000000 P bc3acbda9ddd42db8bc5f454afb60a02 [CANDIDATE]: Term 2 election: RPC error from VoteRequest() call to peer 2a3ba870801a4a9dbc35d8959e82a8e3 (127.12.136.188:39729): Network error: Client connection negotiation failed: client connection to 127.12.136.188:39729: connect: Connection refused (error 111)
I20260608 12:43:55.332765 14447 raft_consensus.cc:2749] T 00000000000000000000000000000000 P f49615ecb3ca40bfa66d17090e0cb86b [term 2 FOLLOWER]: Leader election lost for term 2. Reason: could not achieve majority
I20260608 12:43:55.333202 13924 leader_election.cc:304] T 00000000000000000000000000000000 P bc3acbda9ddd42db8bc5f454afb60a02 [CANDIDATE]: Term 2 election: Election decided. Result: candidate lost. Election summary: received 3 responses out of 3 voters: 1 yes votes; 2 no votes. yes voters: bc3acbda9ddd42db8bc5f454afb60a02; no voters: 2a3ba870801a4a9dbc35d8959e82a8e3, f49615ecb3ca40bfa66d17090e0cb86b
I20260608 12:43:55.334097 14448 raft_consensus.cc:2749] T 00000000000000000000000000000000 P bc3acbda9ddd42db8bc5f454afb60a02 [term 2 FOLLOWER]: Leader election lost for term 2. Reason: could not achieve majority
I20260608 12:43:56.969515 14459 raft_consensus.cc:493] T 00000000000000000000000000000000 P f49615ecb3ca40bfa66d17090e0cb86b [term 2 FOLLOWER]: Starting pre-election (no leader contacted us within the election timeout)
I20260608 12:43:56.969972 14459 raft_consensus.cc:515] T 00000000000000000000000000000000 P f49615ecb3ca40bfa66d17090e0cb86b [term 2 FOLLOWER]: Starting pre-election with config: opid_index: -1 OBSOLETE_local: false peers { permanent_uuid: "bc3acbda9ddd42db8bc5f454afb60a02" member_type: VOTER last_known_addr { host: "127.12.136.190" port: 44359 } } peers { permanent_uuid: "f49615ecb3ca40bfa66d17090e0cb86b" member_type: VOTER last_known_addr { host: "127.12.136.189" port: 37577 } } peers { permanent_uuid: "2a3ba870801a4a9dbc35d8959e82a8e3" member_type: VOTER last_known_addr { host: "127.12.136.188" port: 39729 } }
I20260608 12:43:56.972070 14459 leader_election.cc:290] T 00000000000000000000000000000000 P f49615ecb3ca40bfa66d17090e0cb86b [CANDIDATE]: Term 3 pre-election: Requested pre-vote from peers bc3acbda9ddd42db8bc5f454afb60a02 (127.12.136.190:44359), 2a3ba870801a4a9dbc35d8959e82a8e3 (127.12.136.188:39729)
I20260608 12:43:56.972903 13949 tablet_service.cc:1917] Received RequestConsensusVote() RPC: tablet_id: "00000000000000000000000000000000" candidate_uuid: "f49615ecb3ca40bfa66d17090e0cb86b" candidate_term: 3 candidate_status { last_received { term: 1 index: 9 } } ignore_live_leader: false dest_uuid: "bc3acbda9ddd42db8bc5f454afb60a02" is_pre_election: true
I20260608 12:43:56.973811 13949 raft_consensus.cc:2468] T 00000000000000000000000000000000 P bc3acbda9ddd42db8bc5f454afb60a02 [term 2 FOLLOWER]: Leader pre-election vote request: Granting yes vote for candidate f49615ecb3ca40bfa66d17090e0cb86b in term 2.
I20260608 12:43:56.975078 13989 leader_election.cc:304] T 00000000000000000000000000000000 P f49615ecb3ca40bfa66d17090e0cb86b [CANDIDATE]: Term 3 pre-election: Election decided. Result: candidate won. Election summary: received 2 responses out of 3 voters: 2 yes votes; 0 no votes. yes voters: bc3acbda9ddd42db8bc5f454afb60a02, f49615ecb3ca40bfa66d17090e0cb86b; no voters: 
I20260608 12:43:56.975826 14459 raft_consensus.cc:2804] T 00000000000000000000000000000000 P f49615ecb3ca40bfa66d17090e0cb86b [term 2 FOLLOWER]: Leader pre-election won for term 3
I20260608 12:43:56.976289 14459 raft_consensus.cc:493] T 00000000000000000000000000000000 P f49615ecb3ca40bfa66d17090e0cb86b [term 2 FOLLOWER]: Starting leader election (no leader contacted us within the election timeout)
I20260608 12:43:56.976624 14459 raft_consensus.cc:3060] T 00000000000000000000000000000000 P f49615ecb3ca40bfa66d17090e0cb86b [term 2 FOLLOWER]: Advancing to term 3
W20260608 12:43:56.981120 13989 leader_election.cc:336] T 00000000000000000000000000000000 P f49615ecb3ca40bfa66d17090e0cb86b [CANDIDATE]: Term 3 pre-election: RPC error from VoteRequest() call to peer 2a3ba870801a4a9dbc35d8959e82a8e3 (127.12.136.188:39729): Network error: Client connection negotiation failed: client connection to 127.12.136.188:39729: connect: Connection refused (error 111)
I20260608 12:43:56.982771 14459 raft_consensus.cc:515] T 00000000000000000000000000000000 P f49615ecb3ca40bfa66d17090e0cb86b [term 3 FOLLOWER]: Starting leader election with config: opid_index: -1 OBSOLETE_local: false peers { permanent_uuid: "bc3acbda9ddd42db8bc5f454afb60a02" member_type: VOTER last_known_addr { host: "127.12.136.190" port: 44359 } } peers { permanent_uuid: "f49615ecb3ca40bfa66d17090e0cb86b" member_type: VOTER last_known_addr { host: "127.12.136.189" port: 37577 } } peers { permanent_uuid: "2a3ba870801a4a9dbc35d8959e82a8e3" member_type: VOTER last_known_addr { host: "127.12.136.188" port: 39729 } }
I20260608 12:43:56.984803 14459 leader_election.cc:290] T 00000000000000000000000000000000 P f49615ecb3ca40bfa66d17090e0cb86b [CANDIDATE]: Term 3 election: Requested vote from peers bc3acbda9ddd42db8bc5f454afb60a02 (127.12.136.190:44359), 2a3ba870801a4a9dbc35d8959e82a8e3 (127.12.136.188:39729)
I20260608 12:43:56.985538 13949 tablet_service.cc:1917] Received RequestConsensusVote() RPC: tablet_id: "00000000000000000000000000000000" candidate_uuid: "f49615ecb3ca40bfa66d17090e0cb86b" candidate_term: 3 candidate_status { last_received { term: 1 index: 9 } } ignore_live_leader: false dest_uuid: "bc3acbda9ddd42db8bc5f454afb60a02"
I20260608 12:43:56.986263 13949 raft_consensus.cc:3060] T 00000000000000000000000000000000 P bc3acbda9ddd42db8bc5f454afb60a02 [term 2 FOLLOWER]: Advancing to term 3
W20260608 12:43:56.989259 13989 leader_election.cc:336] T 00000000000000000000000000000000 P f49615ecb3ca40bfa66d17090e0cb86b [CANDIDATE]: Term 3 election: RPC error from VoteRequest() call to peer 2a3ba870801a4a9dbc35d8959e82a8e3 (127.12.136.188:39729): Network error: Client connection negotiation failed: client connection to 127.12.136.188:39729: connect: Connection refused (error 111)
I20260608 12:43:56.992851 13949 raft_consensus.cc:2468] T 00000000000000000000000000000000 P bc3acbda9ddd42db8bc5f454afb60a02 [term 3 FOLLOWER]: Leader election vote request: Granting yes vote for candidate f49615ecb3ca40bfa66d17090e0cb86b in term 3.
I20260608 12:43:56.994040 13989 leader_election.cc:304] T 00000000000000000000000000000000 P f49615ecb3ca40bfa66d17090e0cb86b [CANDIDATE]: Term 3 election: Election decided. Result: candidate won. Election summary: received 3 responses out of 3 voters: 2 yes votes; 1 no votes. yes voters: bc3acbda9ddd42db8bc5f454afb60a02, f49615ecb3ca40bfa66d17090e0cb86b; no voters: 2a3ba870801a4a9dbc35d8959e82a8e3
I20260608 12:43:56.994900 14459 raft_consensus.cc:2804] T 00000000000000000000000000000000 P f49615ecb3ca40bfa66d17090e0cb86b [term 3 FOLLOWER]: Leader election won for term 3
I20260608 12:43:56.996392 14459 raft_consensus.cc:697] T 00000000000000000000000000000000 P f49615ecb3ca40bfa66d17090e0cb86b [term 3 LEADER]: Becoming Leader. State: Replica: f49615ecb3ca40bfa66d17090e0cb86b, State: Running, Role: LEADER
I20260608 12:43:56.997296 14459 consensus_queue.cc:237] T 00000000000000000000000000000000 P f49615ecb3ca40bfa66d17090e0cb86b [LEADER]: Queue going to LEADER mode. State: All replicated index: 0, Majority replicated index: 9, Committed index: 9, Last appended: 1.9, Last appended by leader: 9, Current term: 3, Majority size: 2, State: 0, Mode: LEADER, active raft config: opid_index: -1 OBSOLETE_local: false peers { permanent_uuid: "bc3acbda9ddd42db8bc5f454afb60a02" member_type: VOTER last_known_addr { host: "127.12.136.190" port: 44359 } } peers { permanent_uuid: "f49615ecb3ca40bfa66d17090e0cb86b" member_type: VOTER last_known_addr { host: "127.12.136.189" port: 37577 } } peers { permanent_uuid: "2a3ba870801a4a9dbc35d8959e82a8e3" member_type: VOTER last_known_addr { host: "127.12.136.188" port: 39729 } }
I20260608 12:43:57.001686 14462 sys_catalog.cc:455] T 00000000000000000000000000000000 P f49615ecb3ca40bfa66d17090e0cb86b [sys.catalog]: SysCatalogTable state changed. Reason: New leader f49615ecb3ca40bfa66d17090e0cb86b. Latest consensus state: current_term: 3 leader_uuid: "f49615ecb3ca40bfa66d17090e0cb86b" committed_config { opid_index: -1 OBSOLETE_local: false peers { permanent_uuid: "bc3acbda9ddd42db8bc5f454afb60a02" member_type: VOTER last_known_addr { host: "127.12.136.190" port: 44359 } } peers { permanent_uuid: "f49615ecb3ca40bfa66d17090e0cb86b" member_type: VOTER last_known_addr { host: "127.12.136.189" port: 37577 } } peers { permanent_uuid: "2a3ba870801a4a9dbc35d8959e82a8e3" member_type: VOTER last_known_addr { host: "127.12.136.188" port: 39729 } } }
I20260608 12:43:57.002590 14462 sys_catalog.cc:458] T 00000000000000000000000000000000 P f49615ecb3ca40bfa66d17090e0cb86b [sys.catalog]: This master's current role is: LEADER
I20260608 12:43:57.004511 14464 catalog_manager.cc:1510] Loading table and tablet metadata into memory...
I20260608 12:43:57.010320 14464 catalog_manager.cc:679] Loaded metadata for table test-workload [id=ab467efa557543d3b4b6940c595e3af9]
I20260608 12:43:57.015617 14464 tablet_loader.cc:96] loaded metadata for tablet 975d636be91545808449da59dbd71b18 (table test-workload [id=ab467efa557543d3b4b6940c595e3af9])
I20260608 12:43:57.016705 14464 tablet_loader.cc:96] loaded metadata for tablet 9ae805ffa67c41af9969dc80ae112117 (table test-workload [id=ab467efa557543d3b4b6940c595e3af9])
I20260608 12:43:57.017693 14464 tablet_loader.cc:96] loaded metadata for tablet e26de2177c624c0a95810e779fdccd7c (table test-workload [id=ab467efa557543d3b4b6940c595e3af9])
I20260608 12:43:57.018610 14464 catalog_manager.cc:1519] Initializing Kudu cluster ID...
I20260608 12:43:57.021829 14464 catalog_manager.cc:1294] Loaded cluster ID: 483fc8e93e0341288e80a24cf9577fc3
I20260608 12:43:57.022063 14464 catalog_manager.cc:1530] Initializing Kudu internal certificate authority...
I20260608 12:43:57.025957 14464 catalog_manager.cc:1539] Loading token signing keys...
I20260608 12:43:57.029350 14464 catalog_manager.cc:6080] T 00000000000000000000000000000000 P f49615ecb3ca40bfa66d17090e0cb86b: Loaded TSK: 0
I20260608 12:43:57.030393 14464 catalog_manager.cc:1549] Initializing in-progress tserver states...
I20260608 12:43:57.328765 14122 auto_leader_rebalancer.cc:140] leader rebalance for table test-workload
I20260608 12:43:57.329075 14122 auto_leader_rebalancer.cc:451] All tables' leader rebalancing finished this round
I20260608 12:43:57.384629 12834 tablet_server.cc:179] TabletServer@127.12.136.129:0 shutting down...
I20260608 12:43:57.413368 12834 ts_tablet_manager.cc:1507] Shutting down tablet manager...
I20260608 12:43:57.414045 12834 tablet_replica.cc:333] T e26de2177c624c0a95810e779fdccd7c P f406a8e9b97549d999b962b00c3d82d5: stopping tablet replica
I20260608 12:43:57.414597 12834 raft_consensus.cc:2243] T e26de2177c624c0a95810e779fdccd7c P f406a8e9b97549d999b962b00c3d82d5 [term 1 LEADER]: Raft consensus shutting down.
I20260608 12:43:57.415112 12834 raft_consensus.cc:2272] T e26de2177c624c0a95810e779fdccd7c P f406a8e9b97549d999b962b00c3d82d5 [term 1 FOLLOWER]: Raft consensus is shut down!
I20260608 12:43:57.433974 12834 tablet_server.cc:196] TabletServer@127.12.136.129:0 shutdown complete.
I20260608 12:43:57.443990 12834 tablet_server.cc:179] TabletServer@127.12.136.130:0 shutting down...
I20260608 12:43:57.463857 12834 ts_tablet_manager.cc:1507] Shutting down tablet manager...
I20260608 12:43:57.464567 12834 tablet_replica.cc:333] T 975d636be91545808449da59dbd71b18 P 9354959aa6654c29a67901040d6e011a: stopping tablet replica
I20260608 12:43:57.465036 12834 raft_consensus.cc:2243] T 975d636be91545808449da59dbd71b18 P 9354959aa6654c29a67901040d6e011a [term 1 LEADER]: Raft consensus shutting down.
I20260608 12:43:57.465442 12834 raft_consensus.cc:2272] T 975d636be91545808449da59dbd71b18 P 9354959aa6654c29a67901040d6e011a [term 1 FOLLOWER]: Raft consensus is shut down!
I20260608 12:43:57.484338 12834 tablet_server.cc:196] TabletServer@127.12.136.130:0 shutdown complete.
I20260608 12:43:57.495039 12834 tablet_server.cc:179] TabletServer@127.12.136.131:0 shutting down...
I20260608 12:43:57.514217 13949 raft_consensus.cc:1275] T 00000000000000000000000000000000 P bc3acbda9ddd42db8bc5f454afb60a02 [term 3 FOLLOWER]: Refusing update from remote peer f49615ecb3ca40bfa66d17090e0cb86b: Log matching property violated. Preceding OpId in replica: term: 1 index: 9. Preceding OpId from leader: term: 3 index: 10. (index mismatch)
I20260608 12:43:57.514890 12834 ts_tablet_manager.cc:1507] Shutting down tablet manager...
I20260608 12:43:57.515694 12834 tablet_replica.cc:333] T 9ae805ffa67c41af9969dc80ae112117 P 7976f4f8839d49728b5b39e0c6797b0b: stopping tablet replica
I20260608 12:43:57.516462 12834 raft_consensus.cc:2243] T 9ae805ffa67c41af9969dc80ae112117 P 7976f4f8839d49728b5b39e0c6797b0b [term 1 LEADER]: Raft consensus shutting down.
I20260608 12:43:57.516441 14465 consensus_queue.cc:1048] T 00000000000000000000000000000000 P f49615ecb3ca40bfa66d17090e0cb86b [LEADER]: Connected to new peer: Peer: permanent_uuid: "bc3acbda9ddd42db8bc5f454afb60a02" member_type: VOTER last_known_addr { host: "127.12.136.190" port: 44359 }, Status: LMP_MISMATCH, Last received: 0.0, Next index: 10, Last known committed idx: 9, Time since last communication: 0.000s
I20260608 12:43:57.517179 12834 raft_consensus.cc:2272] T 9ae805ffa67c41af9969dc80ae112117 P 7976f4f8839d49728b5b39e0c6797b0b [term 1 FOLLOWER]: Raft consensus is shut down!
I20260608 12:43:57.523999 14466 sys_catalog.cc:455] T 00000000000000000000000000000000 P bc3acbda9ddd42db8bc5f454afb60a02 [sys.catalog]: SysCatalogTable state changed. Reason: New leader f49615ecb3ca40bfa66d17090e0cb86b. Latest consensus state: current_term: 3 leader_uuid: "f49615ecb3ca40bfa66d17090e0cb86b" committed_config { opid_index: -1 OBSOLETE_local: false peers { permanent_uuid: "bc3acbda9ddd42db8bc5f454afb60a02" member_type: VOTER last_known_addr { host: "127.12.136.190" port: 44359 } } peers { permanent_uuid: "f49615ecb3ca40bfa66d17090e0cb86b" member_type: VOTER last_known_addr { host: "127.12.136.189" port: 37577 } } peers { permanent_uuid: "2a3ba870801a4a9dbc35d8959e82a8e3" member_type: VOTER last_known_addr { host: "127.12.136.188" port: 39729 } } }
I20260608 12:43:57.525002 14466 sys_catalog.cc:458] T 00000000000000000000000000000000 P bc3acbda9ddd42db8bc5f454afb60a02 [sys.catalog]: This master's current role is: FOLLOWER
I20260608 12:43:57.527716 14468 sys_catalog.cc:455] T 00000000000000000000000000000000 P f49615ecb3ca40bfa66d17090e0cb86b [sys.catalog]: SysCatalogTable state changed. Reason: Peer health change. Latest consensus state: current_term: 3 leader_uuid: "f49615ecb3ca40bfa66d17090e0cb86b" committed_config { opid_index: -1 OBSOLETE_local: false peers { permanent_uuid: "bc3acbda9ddd42db8bc5f454afb60a02" member_type: VOTER last_known_addr { host: "127.12.136.190" port: 44359 } } peers { permanent_uuid: "f49615ecb3ca40bfa66d17090e0cb86b" member_type: VOTER last_known_addr { host: "127.12.136.189" port: 37577 } } peers { permanent_uuid: "2a3ba870801a4a9dbc35d8959e82a8e3" member_type: VOTER last_known_addr { host: "127.12.136.188" port: 39729 } } }
I20260608 12:43:57.528575 14468 sys_catalog.cc:458] T 00000000000000000000000000000000 P f49615ecb3ca40bfa66d17090e0cb86b [sys.catalog]: This master's current role is: LEADER
I20260608 12:43:57.531126 14466 sys_catalog.cc:455] T 00000000000000000000000000000000 P bc3acbda9ddd42db8bc5f454afb60a02 [sys.catalog]: SysCatalogTable state changed. Reason: Replicated consensus-only round. Latest consensus state: current_term: 3 leader_uuid: "f49615ecb3ca40bfa66d17090e0cb86b" committed_config { opid_index: -1 OBSOLETE_local: false peers { permanent_uuid: "bc3acbda9ddd42db8bc5f454afb60a02" member_type: VOTER last_known_addr { host: "127.12.136.190" port: 44359 } } peers { permanent_uuid: "f49615ecb3ca40bfa66d17090e0cb86b" member_type: VOTER last_known_addr { host: "127.12.136.189" port: 37577 } } peers { permanent_uuid: "2a3ba870801a4a9dbc35d8959e82a8e3" member_type: VOTER last_known_addr { host: "127.12.136.188" port: 39729 } } }
I20260608 12:43:57.532083 14466 sys_catalog.cc:458] T 00000000000000000000000000000000 P bc3acbda9ddd42db8bc5f454afb60a02 [sys.catalog]: This master's current role is: FOLLOWER
W20260608 12:43:57.533998 13989 consensus_peers.cc:597] T 00000000000000000000000000000000 P f49615ecb3ca40bfa66d17090e0cb86b -> Peer 2a3ba870801a4a9dbc35d8959e82a8e3 (127.12.136.188:39729): Couldn't send request to peer 2a3ba870801a4a9dbc35d8959e82a8e3. Status: Network error: Client connection negotiation failed: client connection to 127.12.136.188:39729: connect: Connection refused (error 111). This is attempt 1: this message will repeat every 5th retry.
I20260608 12:43:57.536290 12834 tablet_server.cc:196] TabletServer@127.12.136.131:0 shutdown complete.
I20260608 12:43:57.544972 12834 master.cc:562] Master@127.12.136.190:44359 shutting down...
I20260608 12:43:57.567062 12834 raft_consensus.cc:2243] T 00000000000000000000000000000000 P bc3acbda9ddd42db8bc5f454afb60a02 [term 3 FOLLOWER]: Raft consensus shutting down.
I20260608 12:43:57.567833 12834 raft_consensus.cc:2272] T 00000000000000000000000000000000 P bc3acbda9ddd42db8bc5f454afb60a02 [term 3 FOLLOWER]: Raft consensus is shut down!
I20260608 12:43:57.568315 12834 tablet_replica.cc:333] T 00000000000000000000000000000000 P bc3acbda9ddd42db8bc5f454afb60a02: stopping tablet replica
I20260608 12:43:57.588900 12834 master.cc:584] Master@127.12.136.190:44359 shutdown complete.
I20260608 12:43:57.602833 12834 master.cc:562] Master@127.12.136.189:37577 shutting down...
I20260608 12:43:57.623113 12834 raft_consensus.cc:2243] T 00000000000000000000000000000000 P f49615ecb3ca40bfa66d17090e0cb86b [term 3 LEADER]: Raft consensus shutting down.
I20260608 12:43:57.624119 12834 raft_consensus.cc:2272] T 00000000000000000000000000000000 P f49615ecb3ca40bfa66d17090e0cb86b [term 3 FOLLOWER]: Raft consensus is shut down!
I20260608 12:43:57.624650 12834 tablet_replica.cc:333] T 00000000000000000000000000000000 P f49615ecb3ca40bfa66d17090e0cb86b: stopping tablet replica
I20260608 12:43:57.644986 12834 master.cc:584] Master@127.12.136.189:37577 shutdown complete.
[       OK ] AutoRebalancerTest.NextLeaderResumesAutoRebalancing (6707 ms)
[ RUN      ] AutoRebalancerTest.MovesScheduledIfAddTserver
I20260608 12:43:57.676793 12834 internal_mini_cluster.cc:156] Creating distributed mini masters. Addrs: 127.12.136.190:33683
I20260608 12:43:57.678064 12834 file_cache.cc:492] Constructed file cache file cache with capacity 419430
W20260608 12:43:57.683468 14474 instance_detector.cc:116] could not retrieve AWS instance metadata: Network error: curl error: HTTP response code said error: The requested URL returned error: 404
W20260608 12:43:57.683692 14475 instance_detector.cc:116] could not retrieve Azure instance metadata: Network error: curl error: HTTP response code said error: The requested URL returned error: 404
W20260608 12:43:57.685309 14477 instance_detector.cc:116] could not retrieve OpenStack instance metadata: Network error: curl error: HTTP response code said error: The requested URL returned error: 404
I20260608 12:43:57.686574 12834 server_base.cc:1061] running on GCE node
I20260608 12:43:57.687328 12834 hybrid_clock.cc:584] initializing the hybrid clock with 'system_unsync' time source
W20260608 12:43:57.687585 12834 system_unsync_time.cc:38] NTP support is disabled. Clock error bounds will not be accurate. This configuration is not suitable for distributed clusters.
I20260608 12:43:57.687767 12834 hybrid_clock.cc:648] HybridClock initialized: now 1780922637687747 us; error 0 us; skew 500 ppm
I20260608 12:43:57.688364 12834 server_base.cc:861] Flag tcmalloc_max_total_thread_cache_bytes is not working since tcmalloc is not enabled.
I20260608 12:43:57.690800 12834 webserver.cc:533] Webserver started at http://127.12.136.190:36177/ using document root <none> and password file <none>
I20260608 12:43:57.691354 12834 fs_manager.cc:362] Metadata directory not provided
I20260608 12:43:57.691748 12834 fs_manager.cc:368] Using write-ahead log directory (fs_wal_dir) as metadata directory
I20260608 12:43:57.692035 12834 server_base.cc:909] This appears to be a new deployment of Kudu; creating new FS layout
I20260608 12:43:57.693127 12834 fs_manager.cc:1068] Generated new instance metadata in path /tmp/dist-test-taskt8rtdN/test-tmp/auto_rebalancer-test.0.AutoRebalancerTest.MovesScheduledIfAddTserver.1780922611424756-12834-0/minicluster-data/master-0-root/instance:
uuid: "1d824c03bb8046c5b45613993d91485d"
format_stamp: "Formatted at 2026-06-08 12:43:57 on dist-test-slave-2mg8"
I20260608 12:43:57.697814 12834 fs_manager.cc:696] Time spent creating directory manager: real 0.004s	user 0.004s	sys 0.001s
I20260608 12:43:57.701390 14482 log_block_manager.cc:4031] Time spent loading block containers with low live blocks: real 0.000s	user 0.000s	sys 0.000s
I20260608 12:43:57.702196 12834 fs_manager.cc:730] Time spent opening block manager: real 0.002s	user 0.001s	sys 0.000s
I20260608 12:43:57.702499 12834 fs_manager.cc:647] Opened local filesystem: /tmp/dist-test-taskt8rtdN/test-tmp/auto_rebalancer-test.0.AutoRebalancerTest.MovesScheduledIfAddTserver.1780922611424756-12834-0/minicluster-data/master-0-root
uuid: "1d824c03bb8046c5b45613993d91485d"
format_stamp: "Formatted at 2026-06-08 12:43:57 on dist-test-slave-2mg8"
I20260608 12:43:57.702812 12834 fs_report.cc:389] FS layout report
--------------------
wal directory: /tmp/dist-test-taskt8rtdN/test-tmp/auto_rebalancer-test.0.AutoRebalancerTest.MovesScheduledIfAddTserver.1780922611424756-12834-0/minicluster-data/master-0-root
metadata directory: /tmp/dist-test-taskt8rtdN/test-tmp/auto_rebalancer-test.0.AutoRebalancerTest.MovesScheduledIfAddTserver.1780922611424756-12834-0/minicluster-data/master-0-root
1 data directories: /tmp/dist-test-taskt8rtdN/test-tmp/auto_rebalancer-test.0.AutoRebalancerTest.MovesScheduledIfAddTserver.1780922611424756-12834-0/minicluster-data/master-0-root/data
Total live blocks: 0
Total live bytes: 0
Total live bytes (after alignment): 0
Total number of LBM containers: 0 (0 full)
Did not check for missing blocks
Did not check for orphaned blocks
Total full LBM containers with extra space: 0 (0 repaired)
Total full LBM container extra space in bytes: 0 (0 repaired)
Total incomplete LBM containers: 0 (0 repaired)
Total LBM partial records: 0 (0 repaired)
Total corrupted LBM metadata records in RocksDB: 0 (0 repaired)
I20260608 12:43:57.722474 12834 rpc_server.cc:225] running with OpenSSL 1.1.1  11 Sep 2018
I20260608 12:43:57.723861 12834 kserver.cc:163] Server-wide thread pool size limit: 3276
I20260608 12:43:57.764829 12834 rpc_server.cc:307] RPC server started. Bound to: 127.12.136.190:33683
I20260608 12:43:57.764952 14533 acceptor_pool.cc:272] collecting diagnostics on the listening RPC socket 127.12.136.190:33683 every 8 connection(s)
I20260608 12:43:57.769153 14534 data_dirs.cc:400] Could only allocate 1 dirs of requested 3 for tablet 00000000000000000000000000000000. 1 dirs total, 0 dirs full, 0 dirs failed
I20260608 12:43:57.779372 14534 tablet_bootstrap.cc:492] T 00000000000000000000000000000000 P 1d824c03bb8046c5b45613993d91485d: Bootstrap starting.
I20260608 12:43:57.784439 14534 tablet_bootstrap.cc:654] T 00000000000000000000000000000000 P 1d824c03bb8046c5b45613993d91485d: Neither blocks nor log segments found. Creating new log.
I20260608 12:43:57.788910 14534 tablet_bootstrap.cc:492] T 00000000000000000000000000000000 P 1d824c03bb8046c5b45613993d91485d: No bootstrap required, opened a new log
I20260608 12:43:57.791100 14534 raft_consensus.cc:359] T 00000000000000000000000000000000 P 1d824c03bb8046c5b45613993d91485d [term 0 FOLLOWER]: Replica starting. Triggering 0 pending ops. Active config: opid_index: -1 OBSOLETE_local: true peers { permanent_uuid: "1d824c03bb8046c5b45613993d91485d" member_type: VOTER }
I20260608 12:43:57.791476 14534 raft_consensus.cc:385] T 00000000000000000000000000000000 P 1d824c03bb8046c5b45613993d91485d [term 0 FOLLOWER]: Consensus starting up: Expiring failure detector timer to make a prompt election more likely
I20260608 12:43:57.791752 14534 raft_consensus.cc:740] T 00000000000000000000000000000000 P 1d824c03bb8046c5b45613993d91485d [term 0 FOLLOWER]: Becoming Follower/Learner. State: Replica: 1d824c03bb8046c5b45613993d91485d, State: Initialized, Role: FOLLOWER
I20260608 12:43:57.792394 14534 consensus_queue.cc:260] T 00000000000000000000000000000000 P 1d824c03bb8046c5b45613993d91485d [NON_LEADER]: Queue going to NON_LEADER mode. State: All replicated index: 0, Majority replicated index: 0, Committed index: 0, Last appended: 0.0, Last appended by leader: 0, Current term: 0, Majority size: -1, State: 0, Mode: NON_LEADER, active raft config: opid_index: -1 OBSOLETE_local: true peers { permanent_uuid: "1d824c03bb8046c5b45613993d91485d" member_type: VOTER }
I20260608 12:43:57.792855 14534 raft_consensus.cc:399] T 00000000000000000000000000000000 P 1d824c03bb8046c5b45613993d91485d [term 0 FOLLOWER]: Only one voter in the Raft config. Triggering election immediately
I20260608 12:43:57.793071 14534 raft_consensus.cc:493] T 00000000000000000000000000000000 P 1d824c03bb8046c5b45613993d91485d [term 0 FOLLOWER]: Starting leader election (initial election of a single-replica configuration)
I20260608 12:43:57.793385 14534 raft_consensus.cc:3060] T 00000000000000000000000000000000 P 1d824c03bb8046c5b45613993d91485d [term 0 FOLLOWER]: Advancing to term 1
I20260608 12:43:57.798069 14534 raft_consensus.cc:515] T 00000000000000000000000000000000 P 1d824c03bb8046c5b45613993d91485d [term 1 FOLLOWER]: Starting leader election with config: opid_index: -1 OBSOLETE_local: true peers { permanent_uuid: "1d824c03bb8046c5b45613993d91485d" member_type: VOTER }
I20260608 12:43:57.798650 14534 leader_election.cc:304] T 00000000000000000000000000000000 P 1d824c03bb8046c5b45613993d91485d [CANDIDATE]: Term 1 election: Election decided. Result: candidate won. Election summary: received 1 responses out of 1 voters: 1 yes votes; 0 no votes. yes voters: 1d824c03bb8046c5b45613993d91485d; no voters: 
I20260608 12:43:57.799860 14534 leader_election.cc:290] T 00000000000000000000000000000000 P 1d824c03bb8046c5b45613993d91485d [CANDIDATE]: Term 1 election: Requested vote from peers 
I20260608 12:43:57.800328 14537 raft_consensus.cc:2804] T 00000000000000000000000000000000 P 1d824c03bb8046c5b45613993d91485d [term 1 FOLLOWER]: Leader election won for term 1
I20260608 12:43:57.801703 14537 raft_consensus.cc:697] T 00000000000000000000000000000000 P 1d824c03bb8046c5b45613993d91485d [term 1 LEADER]: Becoming Leader. State: Replica: 1d824c03bb8046c5b45613993d91485d, State: Running, Role: LEADER
I20260608 12:43:57.802433 14537 consensus_queue.cc:237] T 00000000000000000000000000000000 P 1d824c03bb8046c5b45613993d91485d [LEADER]: Queue going to LEADER mode. State: All replicated index: 0, Majority replicated index: 0, Committed index: 0, Last appended: 0.0, Last appended by leader: 0, Current term: 1, Majority size: 1, State: 0, Mode: LEADER, active raft config: opid_index: -1 OBSOLETE_local: true peers { permanent_uuid: "1d824c03bb8046c5b45613993d91485d" member_type: VOTER }
I20260608 12:43:57.803128 14534 sys_catalog.cc:565] T 00000000000000000000000000000000 P 1d824c03bb8046c5b45613993d91485d [sys.catalog]: configured and running, proceeding with master startup.
I20260608 12:43:57.805968 14538 sys_catalog.cc:455] T 00000000000000000000000000000000 P 1d824c03bb8046c5b45613993d91485d [sys.catalog]: SysCatalogTable state changed. Reason: RaftConsensus started. Latest consensus state: current_term: 1 leader_uuid: "1d824c03bb8046c5b45613993d91485d" committed_config { opid_index: -1 OBSOLETE_local: true peers { permanent_uuid: "1d824c03bb8046c5b45613993d91485d" member_type: VOTER } }
I20260608 12:43:57.805968 14539 sys_catalog.cc:455] T 00000000000000000000000000000000 P 1d824c03bb8046c5b45613993d91485d [sys.catalog]: SysCatalogTable state changed. Reason: New leader 1d824c03bb8046c5b45613993d91485d. Latest consensus state: current_term: 1 leader_uuid: "1d824c03bb8046c5b45613993d91485d" committed_config { opid_index: -1 OBSOLETE_local: true peers { permanent_uuid: "1d824c03bb8046c5b45613993d91485d" member_type: VOTER } }
I20260608 12:43:57.806802 14538 sys_catalog.cc:458] T 00000000000000000000000000000000 P 1d824c03bb8046c5b45613993d91485d [sys.catalog]: This master's current role is: LEADER
I20260608 12:43:57.806815 14539 sys_catalog.cc:458] T 00000000000000000000000000000000 P 1d824c03bb8046c5b45613993d91485d [sys.catalog]: This master's current role is: LEADER
I20260608 12:43:57.815748 14542 catalog_manager.cc:1510] Loading table and tablet metadata into memory...
I20260608 12:43:57.821125 14542 catalog_manager.cc:1519] Initializing Kudu cluster ID...
I20260608 12:43:57.825378 12834 internal_mini_cluster.cc:184] Waiting to initialize catalog manager on master 0
I20260608 12:43:57.830960 14542 catalog_manager.cc:1382] Generated new cluster ID: 76e94a7a01d9486bb8d5553e028cb276
I20260608 12:43:57.831297 14542 catalog_manager.cc:1530] Initializing Kudu internal certificate authority...
I20260608 12:43:57.850925 14542 catalog_manager.cc:1405] Generated new certificate authority record
I20260608 12:43:57.852284 14542 catalog_manager.cc:1539] Loading token signing keys...
I20260608 12:43:57.867187 14542 catalog_manager.cc:6069] T 00000000000000000000000000000000 P 1d824c03bb8046c5b45613993d91485d: Generated new TSK 0
I20260608 12:43:57.867846 14542 catalog_manager.cc:1549] Initializing in-progress tserver states...
I20260608 12:43:57.892401 12834 file_cache.cc:492] Constructed file cache file cache with capacity 419430
W20260608 12:43:57.898622 14555 instance_detector.cc:116] could not retrieve AWS instance metadata: Network error: curl error: HTTP response code said error: The requested URL returned error: 404
W20260608 12:43:57.900563 14556 instance_detector.cc:116] could not retrieve Azure instance metadata: Network error: curl error: HTTP response code said error: The requested URL returned error: 404
W20260608 12:43:57.901401 14558 instance_detector.cc:116] could not retrieve OpenStack instance metadata: Network error: curl error: HTTP response code said error: The requested URL returned error: 404
I20260608 12:43:57.901485 12834 server_base.cc:1061] running on GCE node
I20260608 12:43:57.902578 12834 hybrid_clock.cc:584] initializing the hybrid clock with 'system_unsync' time source
W20260608 12:43:57.902783 12834 system_unsync_time.cc:38] NTP support is disabled. Clock error bounds will not be accurate. This configuration is not suitable for distributed clusters.
I20260608 12:43:57.902909 12834 hybrid_clock.cc:648] HybridClock initialized: now 1780922637902897 us; error 0 us; skew 500 ppm
I20260608 12:43:57.903426 12834 server_base.cc:861] Flag tcmalloc_max_total_thread_cache_bytes is not working since tcmalloc is not enabled.
I20260608 12:43:57.905989 12834 webserver.cc:533] Webserver started at http://127.12.136.129:37023/ using document root <none> and password file <none>
I20260608 12:43:57.906451 12834 fs_manager.cc:362] Metadata directory not provided
I20260608 12:43:57.906605 12834 fs_manager.cc:368] Using write-ahead log directory (fs_wal_dir) as metadata directory
I20260608 12:43:57.906837 12834 server_base.cc:909] This appears to be a new deployment of Kudu; creating new FS layout
I20260608 12:43:57.907976 12834 fs_manager.cc:1068] Generated new instance metadata in path /tmp/dist-test-taskt8rtdN/test-tmp/auto_rebalancer-test.0.AutoRebalancerTest.MovesScheduledIfAddTserver.1780922611424756-12834-0/minicluster-data/ts-0-root/instance:
uuid: "f9c4b3989d704b3da0ef88a2d96f1647"
format_stamp: "Formatted at 2026-06-08 12:43:57 on dist-test-slave-2mg8"
I20260608 12:43:57.912669 12834 fs_manager.cc:696] Time spent creating directory manager: real 0.004s	user 0.001s	sys 0.003s
I20260608 12:43:57.916390 14563 log_block_manager.cc:4031] Time spent loading block containers with low live blocks: real 0.000s	user 0.000s	sys 0.000s
I20260608 12:43:57.917274 12834 fs_manager.cc:730] Time spent opening block manager: real 0.003s	user 0.000s	sys 0.004s
I20260608 12:43:57.917546 12834 fs_manager.cc:647] Opened local filesystem: /tmp/dist-test-taskt8rtdN/test-tmp/auto_rebalancer-test.0.AutoRebalancerTest.MovesScheduledIfAddTserver.1780922611424756-12834-0/minicluster-data/ts-0-root
uuid: "f9c4b3989d704b3da0ef88a2d96f1647"
format_stamp: "Formatted at 2026-06-08 12:43:57 on dist-test-slave-2mg8"
I20260608 12:43:57.917804 12834 fs_report.cc:389] FS layout report
--------------------
wal directory: /tmp/dist-test-taskt8rtdN/test-tmp/auto_rebalancer-test.0.AutoRebalancerTest.MovesScheduledIfAddTserver.1780922611424756-12834-0/minicluster-data/ts-0-root
metadata directory: /tmp/dist-test-taskt8rtdN/test-tmp/auto_rebalancer-test.0.AutoRebalancerTest.MovesScheduledIfAddTserver.1780922611424756-12834-0/minicluster-data/ts-0-root
1 data directories: /tmp/dist-test-taskt8rtdN/test-tmp/auto_rebalancer-test.0.AutoRebalancerTest.MovesScheduledIfAddTserver.1780922611424756-12834-0/minicluster-data/ts-0-root/data
Total live blocks: 0
Total live bytes: 0
Total live bytes (after alignment): 0
Total number of LBM containers: 0 (0 full)
Did not check for missing blocks
Did not check for orphaned blocks
Total full LBM containers with extra space: 0 (0 repaired)
Total full LBM container extra space in bytes: 0 (0 repaired)
Total incomplete LBM containers: 0 (0 repaired)
Total LBM partial records: 0 (0 repaired)
Total corrupted LBM metadata records in RocksDB: 0 (0 repaired)
I20260608 12:43:57.936735 12834 rpc_server.cc:225] running with OpenSSL 1.1.1  11 Sep 2018
I20260608 12:43:57.937959 12834 kserver.cc:163] Server-wide thread pool size limit: 3276
I20260608 12:43:57.939429 12834 txn_system_client.cc:432] TxnSystemClient initialization is disabled...
I20260608 12:43:57.942098 12834 ts_tablet_manager.cc:585] Loaded tablet metadata (0 total tablets, 0 live tablets)
I20260608 12:43:57.942340 12834 ts_tablet_manager.cc:531] Time spent load tablet metadata: real 0.000s	user 0.000s	sys 0.000s
I20260608 12:43:57.942597 12834 ts_tablet_manager.cc:616] Registered 0 tablets
I20260608 12:43:57.942795 12834 ts_tablet_manager.cc:595] Time spent register tablets: real 0.000s	user 0.000s	sys 0.000s
I20260608 12:43:57.988602 12834 rpc_server.cc:307] RPC server started. Bound to: 127.12.136.129:37443
I20260608 12:43:57.988724 14625 acceptor_pool.cc:272] collecting diagnostics on the listening RPC socket 127.12.136.129:37443 every 8 connection(s)
I20260608 12:43:57.994053 12834 file_cache.cc:492] Constructed file cache file cache with capacity 419430
W20260608 12:43:58.003037 14630 instance_detector.cc:116] could not retrieve AWS instance metadata: Network error: curl error: HTTP response code said error: The requested URL returned error: 404
W20260608 12:43:58.005293 14631 instance_detector.cc:116] could not retrieve Azure instance metadata: Network error: curl error: HTTP response code said error: The requested URL returned error: 404
I20260608 12:43:58.008235 12834 server_base.cc:1061] running on GCE node
W20260608 12:43:58.008114 14633 instance_detector.cc:116] could not retrieve OpenStack instance metadata: Network error: curl error: HTTP response code said error: The requested URL returned error: 404
I20260608 12:43:58.009594 12834 hybrid_clock.cc:584] initializing the hybrid clock with 'system_unsync' time source
W20260608 12:43:58.009846 12834 system_unsync_time.cc:38] NTP support is disabled. Clock error bounds will not be accurate. This configuration is not suitable for distributed clusters.
I20260608 12:43:58.010089 12834 hybrid_clock.cc:648] HybridClock initialized: now 1780922638010067 us; error 0 us; skew 500 ppm
I20260608 12:43:58.010939 12834 server_base.cc:861] Flag tcmalloc_max_total_thread_cache_bytes is not working since tcmalloc is not enabled.
I20260608 12:43:58.014420 14626 heartbeater.cc:344] Connected to a master server at 127.12.136.190:33683
I20260608 12:43:58.014948 14626 heartbeater.cc:461] Registering TS with master...
I20260608 12:43:58.016305 14626 heartbeater.cc:507] Master 127.12.136.190:33683 requested a full tablet report, sending...
I20260608 12:43:58.015761 12834 webserver.cc:533] Webserver started at http://127.12.136.130:33293/ using document root <none> and password file <none>
I20260608 12:43:58.017405 12834 fs_manager.cc:362] Metadata directory not provided
I20260608 12:43:58.017674 12834 fs_manager.cc:368] Using write-ahead log directory (fs_wal_dir) as metadata directory
I20260608 12:43:58.018002 12834 server_base.cc:909] This appears to be a new deployment of Kudu; creating new FS layout
I20260608 12:43:58.019353 14499 ts_manager.cc:194] Registered new tserver with Master: f9c4b3989d704b3da0ef88a2d96f1647 (127.12.136.129:37443)
I20260608 12:43:58.019615 12834 fs_manager.cc:1068] Generated new instance metadata in path /tmp/dist-test-taskt8rtdN/test-tmp/auto_rebalancer-test.0.AutoRebalancerTest.MovesScheduledIfAddTserver.1780922611424756-12834-0/minicluster-data/ts-1-root/instance:
uuid: "6e26492a0d454f0d87d100cbddf4678b"
format_stamp: "Formatted at 2026-06-08 12:43:58 on dist-test-slave-2mg8"
I20260608 12:43:58.022832 14499 master_service.cc:502] Signed X509 certificate for tserver {username='slave'} at 127.0.0.1:56362
I20260608 12:43:58.026667 12834 fs_manager.cc:696] Time spent creating directory manager: real 0.006s	user 0.005s	sys 0.001s
I20260608 12:43:58.030819 14638 log_block_manager.cc:4031] Time spent loading block containers with low live blocks: real 0.000s	user 0.000s	sys 0.000s
I20260608 12:43:58.031895 12834 fs_manager.cc:730] Time spent opening block manager: real 0.003s	user 0.003s	sys 0.000s
I20260608 12:43:58.032236 12834 fs_manager.cc:647] Opened local filesystem: /tmp/dist-test-taskt8rtdN/test-tmp/auto_rebalancer-test.0.AutoRebalancerTest.MovesScheduledIfAddTserver.1780922611424756-12834-0/minicluster-data/ts-1-root
uuid: "6e26492a0d454f0d87d100cbddf4678b"
format_stamp: "Formatted at 2026-06-08 12:43:58 on dist-test-slave-2mg8"
I20260608 12:43:58.032526 12834 fs_report.cc:389] FS layout report
--------------------
wal directory: /tmp/dist-test-taskt8rtdN/test-tmp/auto_rebalancer-test.0.AutoRebalancerTest.MovesScheduledIfAddTserver.1780922611424756-12834-0/minicluster-data/ts-1-root
metadata directory: /tmp/dist-test-taskt8rtdN/test-tmp/auto_rebalancer-test.0.AutoRebalancerTest.MovesScheduledIfAddTserver.1780922611424756-12834-0/minicluster-data/ts-1-root
1 data directories: /tmp/dist-test-taskt8rtdN/test-tmp/auto_rebalancer-test.0.AutoRebalancerTest.MovesScheduledIfAddTserver.1780922611424756-12834-0/minicluster-data/ts-1-root/data
Total live blocks: 0
Total live bytes: 0
Total live bytes (after alignment): 0
Total number of LBM containers: 0 (0 full)
Did not check for missing blocks
Did not check for orphaned blocks
Total full LBM containers with extra space: 0 (0 repaired)
Total full LBM container extra space in bytes: 0 (0 repaired)
Total incomplete LBM containers: 0 (0 repaired)
Total LBM partial records: 0 (0 repaired)
Total corrupted LBM metadata records in RocksDB: 0 (0 repaired)
I20260608 12:43:58.048529 12834 rpc_server.cc:225] running with OpenSSL 1.1.1  11 Sep 2018
I20260608 12:43:58.049822 12834 kserver.cc:163] Server-wide thread pool size limit: 3276
I20260608 12:43:58.051390 12834 txn_system_client.cc:432] TxnSystemClient initialization is disabled...
I20260608 12:43:58.053758 12834 ts_tablet_manager.cc:585] Loaded tablet metadata (0 total tablets, 0 live tablets)
I20260608 12:43:58.053995 12834 ts_tablet_manager.cc:531] Time spent load tablet metadata: real 0.000s	user 0.000s	sys 0.000s
I20260608 12:43:58.054250 12834 ts_tablet_manager.cc:616] Registered 0 tablets
I20260608 12:43:58.054435 12834 ts_tablet_manager.cc:595] Time spent register tablets: real 0.000s	user 0.000s	sys 0.000s
I20260608 12:43:58.093782 12834 rpc_server.cc:307] RPC server started. Bound to: 127.12.136.130:46219
I20260608 12:43:58.093909 14700 acceptor_pool.cc:272] collecting diagnostics on the listening RPC socket 127.12.136.130:46219 every 8 connection(s)
I20260608 12:43:58.098851 12834 file_cache.cc:492] Constructed file cache file cache with capacity 419430
W20260608 12:43:58.107014 14705 instance_detector.cc:116] could not retrieve Azure instance metadata: Network error: curl error: HTTP response code said error: The requested URL returned error: 404
W20260608 12:43:58.107256 14704 instance_detector.cc:116] could not retrieve AWS instance metadata: Network error: curl error: HTTP response code said error: The requested URL returned error: 404
I20260608 12:43:58.112337 14701 heartbeater.cc:344] Connected to a master server at 127.12.136.190:33683
I20260608 12:43:58.112877 14701 heartbeater.cc:461] Registering TS with master...
W20260608 12:43:58.113592 14707 instance_detector.cc:116] could not retrieve OpenStack instance metadata: Network error: curl error: HTTP response code said error: The requested URL returned error: 404
I20260608 12:43:58.113706 12834 server_base.cc:1061] running on GCE node
I20260608 12:43:58.113991 14701 heartbeater.cc:507] Master 127.12.136.190:33683 requested a full tablet report, sending...
I20260608 12:43:58.114768 12834 hybrid_clock.cc:584] initializing the hybrid clock with 'system_unsync' time source
W20260608 12:43:58.115038 12834 system_unsync_time.cc:38] NTP support is disabled. Clock error bounds will not be accurate. This configuration is not suitable for distributed clusters.
I20260608 12:43:58.115240 12834 hybrid_clock.cc:648] HybridClock initialized: now 1780922638115222 us; error 0 us; skew 500 ppm
I20260608 12:43:58.115926 12834 server_base.cc:861] Flag tcmalloc_max_total_thread_cache_bytes is not working since tcmalloc is not enabled.
I20260608 12:43:58.116499 14499 ts_manager.cc:194] Registered new tserver with Master: 6e26492a0d454f0d87d100cbddf4678b (127.12.136.130:46219)
I20260608 12:43:58.118170 14499 master_service.cc:502] Signed X509 certificate for tserver {username='slave'} at 127.0.0.1:56366
I20260608 12:43:58.118728 12834 webserver.cc:533] Webserver started at http://127.12.136.131:36997/ using document root <none> and password file <none>
I20260608 12:43:58.119287 12834 fs_manager.cc:362] Metadata directory not provided
I20260608 12:43:58.119565 12834 fs_manager.cc:368] Using write-ahead log directory (fs_wal_dir) as metadata directory
I20260608 12:43:58.119935 12834 server_base.cc:909] This appears to be a new deployment of Kudu; creating new FS layout
I20260608 12:43:58.121096 12834 fs_manager.cc:1068] Generated new instance metadata in path /tmp/dist-test-taskt8rtdN/test-tmp/auto_rebalancer-test.0.AutoRebalancerTest.MovesScheduledIfAddTserver.1780922611424756-12834-0/minicluster-data/ts-2-root/instance:
uuid: "b55cea020d654cb1adfe40e4355ff241"
format_stamp: "Formatted at 2026-06-08 12:43:58 on dist-test-slave-2mg8"
I20260608 12:43:58.126037 12834 fs_manager.cc:696] Time spent creating directory manager: real 0.004s	user 0.004s	sys 0.002s
I20260608 12:43:58.129935 14712 log_block_manager.cc:4031] Time spent loading block containers with low live blocks: real 0.000s	user 0.000s	sys 0.000s
I20260608 12:43:58.130885 12834 fs_manager.cc:730] Time spent opening block manager: real 0.002s	user 0.002s	sys 0.000s
I20260608 12:43:58.131155 12834 fs_manager.cc:647] Opened local filesystem: /tmp/dist-test-taskt8rtdN/test-tmp/auto_rebalancer-test.0.AutoRebalancerTest.MovesScheduledIfAddTserver.1780922611424756-12834-0/minicluster-data/ts-2-root
uuid: "b55cea020d654cb1adfe40e4355ff241"
format_stamp: "Formatted at 2026-06-08 12:43:58 on dist-test-slave-2mg8"
I20260608 12:43:58.131394 12834 fs_report.cc:389] FS layout report
--------------------
wal directory: /tmp/dist-test-taskt8rtdN/test-tmp/auto_rebalancer-test.0.AutoRebalancerTest.MovesScheduledIfAddTserver.1780922611424756-12834-0/minicluster-data/ts-2-root
metadata directory: /tmp/dist-test-taskt8rtdN/test-tmp/auto_rebalancer-test.0.AutoRebalancerTest.MovesScheduledIfAddTserver.1780922611424756-12834-0/minicluster-data/ts-2-root
1 data directories: /tmp/dist-test-taskt8rtdN/test-tmp/auto_rebalancer-test.0.AutoRebalancerTest.MovesScheduledIfAddTserver.1780922611424756-12834-0/minicluster-data/ts-2-root/data
Total live blocks: 0
Total live bytes: 0
Total live bytes (after alignment): 0
Total number of LBM containers: 0 (0 full)
Did not check for missing blocks
Did not check for orphaned blocks
Total full LBM containers with extra space: 0 (0 repaired)
Total full LBM container extra space in bytes: 0 (0 repaired)
Total incomplete LBM containers: 0 (0 repaired)
Total LBM partial records: 0 (0 repaired)
Total corrupted LBM metadata records in RocksDB: 0 (0 repaired)
I20260608 12:43:58.147694 12834 rpc_server.cc:225] running with OpenSSL 1.1.1  11 Sep 2018
I20260608 12:43:58.148792 12834 kserver.cc:163] Server-wide thread pool size limit: 3276
I20260608 12:43:58.150190 12834 txn_system_client.cc:432] TxnSystemClient initialization is disabled...
I20260608 12:43:58.152526 12834 ts_tablet_manager.cc:585] Loaded tablet metadata (0 total tablets, 0 live tablets)
I20260608 12:43:58.152709 12834 ts_tablet_manager.cc:531] Time spent load tablet metadata: real 0.000s	user 0.000s	sys 0.000s
I20260608 12:43:58.152997 12834 ts_tablet_manager.cc:616] Registered 0 tablets
I20260608 12:43:58.153174 12834 ts_tablet_manager.cc:595] Time spent register tablets: real 0.000s	user 0.000s	sys 0.000s
I20260608 12:43:58.192699 12834 rpc_server.cc:307] RPC server started. Bound to: 127.12.136.131:44413
I20260608 12:43:58.192829 14774 acceptor_pool.cc:272] collecting diagnostics on the listening RPC socket 127.12.136.131:44413 every 8 connection(s)
I20260608 12:43:58.207571 14775 heartbeater.cc:344] Connected to a master server at 127.12.136.190:33683
I20260608 12:43:58.207979 14775 heartbeater.cc:461] Registering TS with master...
I20260608 12:43:58.208699 14775 heartbeater.cc:507] Master 127.12.136.190:33683 requested a full tablet report, sending...
I20260608 12:43:58.210775 14499 ts_manager.cc:194] Registered new tserver with Master: b55cea020d654cb1adfe40e4355ff241 (127.12.136.131:44413)
I20260608 12:43:58.211268 12834 internal_mini_cluster.cc:371] 3 TS(s) registered with all masters after 0.01504149s
I20260608 12:43:58.212330 14499 master_service.cc:502] Signed X509 certificate for tserver {username='slave'} at 127.0.0.1:56376
I20260608 12:43:59.026110 14626 heartbeater.cc:499] Master 127.12.136.190:33683 was elected leader, sending a full tablet report...
I20260608 12:43:59.121385 14701 heartbeater.cc:499] Master 127.12.136.190:33683 was elected leader, sending a full tablet report...
I20260608 12:43:59.215741 14775 heartbeater.cc:499] Master 127.12.136.190:33683 was elected leader, sending a full tablet report...
I20260608 12:43:59.270517 14499 catalog_manager.cc:2282] Servicing CreateTable request from {username='slave'} at 127.0.0.1:56388:
name: "test-workload"
schema {
  columns {
    name: "key"
    type: INT32
    is_key: true
    is_nullable: false
    encoding: AUTO_ENCODING
    compression: DEFAULT_COMPRESSION
    cfile_block_size: 0
    immutable: false
  }
  columns {
    name: "int_val"
    type: INT32
    is_key: false
    is_nullable: false
    encoding: AUTO_ENCODING
    compression: DEFAULT_COMPRESSION
    cfile_block_size: 0
    immutable: false
  }
  columns {
    name: "string_val"
    type: STRING
    is_key: false
    is_nullable: true
    encoding: AUTO_ENCODING
    compression: DEFAULT_COMPRESSION
    cfile_block_size: 0
    immutable: false
  }
}
num_replicas: 3
split_rows_range_bounds {
  rows: "\004\001\000\377\377\377?""\004\001\000\377\377\377?"
  indirect_data: """"
}
partition_schema {
  range_schema {
    columns {
      name: "key"
    }
  }
}
W20260608 12:43:59.272632 14499 catalog_manager.cc:7076] The number of live tablet servers is not enough to re-replicate a tablet replica of the newly created table test-workload in case of a server failure: 4 tablet servers would be needed, 3 are available. Consider bringing up more tablet servers.
I20260608 12:43:59.324542 14590 tablet_service.cc:1511] Processing CreateTablet for tablet 23d4b90b97394dd58f934e38b62de30d (DEFAULT_TABLE table=test-workload [id=53c6332e64a34e099364b65b664041c4]), partition=RANGE (key) PARTITION 1073741823 <= VALUES
I20260608 12:43:59.324542 14591 tablet_service.cc:1511] Processing CreateTablet for tablet c18a652bad804b70a5808c0d37b6ad77 (DEFAULT_TABLE table=test-workload [id=53c6332e64a34e099364b65b664041c4]), partition=RANGE (key) PARTITION VALUES < 1073741823
