I20260608 12:44:56.171917 16019 tablet_bootstrap.cc:492] T 105aff0b749a4eb2afe20413028c6293 P 92e67dae5d1142e3b676c87a032c82ff: No bootstrap required, opened a new log
I20260608 12:44:56.175936 16019 ts_tablet_manager.cc:1403] T 105aff0b749a4eb2afe20413028c6293 P 92e67dae5d1142e3b676c87a032c82ff: Time spent bootstrapping tablet: real 0.026s	user 0.015s	sys 0.003s
I20260608 12:44:56.179836 16028 raft_consensus.cc:2749] T 3e836bb7a3844a3fb6b122bbbcff0d20 P 78a3ba286ba74914850ea922e8bf563c [term 1 FOLLOWER]: Leader pre-election lost for term 1. Reason: could not achieve majority
I20260608 12:44:56.179831 16019 raft_consensus.cc:359] T 105aff0b749a4eb2afe20413028c6293 P 92e67dae5d1142e3b676c87a032c82ff [term 0 FOLLOWER]: Replica starting. Triggering 0 pending ops. Active config: opid_index: -1 OBSOLETE_local: false peers { permanent_uuid: "92e67dae5d1142e3b676c87a032c82ff" member_type: VOTER last_known_addr { host: "127.12.136.130" port: 44743 } } peers { permanent_uuid: "78a3ba286ba74914850ea922e8bf563c" member_type: VOTER last_known_addr { host: "127.12.136.129" port: 46105 } } peers { permanent_uuid: "633f7089d96c4ab29692abd800cb726f" member_type: VOTER last_known_addr { host: "127.12.136.131" port: 40747 } }
I20260608 12:44:56.180985 16019 raft_consensus.cc:385] T 105aff0b749a4eb2afe20413028c6293 P 92e67dae5d1142e3b676c87a032c82ff [term 0 FOLLOWER]: Consensus starting up: Expiring failure detector timer to make a prompt election more likely
I20260608 12:44:56.181305 16019 raft_consensus.cc:740] T 105aff0b749a4eb2afe20413028c6293 P 92e67dae5d1142e3b676c87a032c82ff [term 0 FOLLOWER]: Becoming Follower/Learner. State: Replica: 92e67dae5d1142e3b676c87a032c82ff, State: Initialized, Role: FOLLOWER
I20260608 12:44:56.182004 16019 consensus_queue.cc:260] T 105aff0b749a4eb2afe20413028c6293 P 92e67dae5d1142e3b676c87a032c82ff [NON_LEADER]: Queue going to NON_LEADER mode. State: All replicated index: 0, Majority replicated index: 0, Committed index: 0, Last appended: 0.0, Last appended by leader: 0, Current term: 0, Majority size: -1, State: 0, Mode: NON_LEADER, active raft config: opid_index: -1 OBSOLETE_local: false peers { permanent_uuid: "92e67dae5d1142e3b676c87a032c82ff" member_type: VOTER last_known_addr { host: "127.12.136.130" port: 44743 } } peers { permanent_uuid: "78a3ba286ba74914850ea922e8bf563c" member_type: VOTER last_known_addr { host: "127.12.136.129" port: 46105 } } peers { permanent_uuid: "633f7089d96c4ab29692abd800cb726f" member_type: VOTER last_known_addr { host: "127.12.136.131" port: 40747 } }
I20260608 12:44:56.183733 16019 ts_tablet_manager.cc:1434] T 105aff0b749a4eb2afe20413028c6293 P 92e67dae5d1142e3b676c87a032c82ff: Time spent starting tablet: real 0.007s	user 0.008s	sys 0.000s
I20260608 12:44:56.186094 15722 catalog_manager.cc:5696] T af3e396a2cb2438b8c6b57c799cf5a17 P 92e67dae5d1142e3b676c87a032c82ff reported cstate change: term changed from 0 to 1, leader changed from <none> to 92e67dae5d1142e3b676c87a032c82ff (127.12.136.130). New cstate: current_term: 1 leader_uuid: "92e67dae5d1142e3b676c87a032c82ff" committed_config { opid_index: -1 OBSOLETE_local: false peers { permanent_uuid: "78a3ba286ba74914850ea922e8bf563c" member_type: VOTER last_known_addr { host: "127.12.136.129" port: 46105 } health_report { overall_health: UNKNOWN } } peers { permanent_uuid: "92e67dae5d1142e3b676c87a032c82ff" member_type: VOTER last_known_addr { host: "127.12.136.130" port: 44743 } health_report { overall_health: HEALTHY } } peers { permanent_uuid: "633f7089d96c4ab29692abd800cb726f" member_type: VOTER last_known_addr { host: "127.12.136.131" port: 40747 } health_report { overall_health: UNKNOWN } } }
I20260608 12:44:56.192669 16026 raft_consensus.cc:493] T 3a0d5620c5fc4fe1851da840c7c82700 P 92e67dae5d1142e3b676c87a032c82ff [term 0 FOLLOWER]: Starting pre-election (no leader contacted us within the election timeout)
I20260608 12:44:56.193154 16026 raft_consensus.cc:515] T 3a0d5620c5fc4fe1851da840c7c82700 P 92e67dae5d1142e3b676c87a032c82ff [term 0 FOLLOWER]: Starting pre-election with config: opid_index: -1 OBSOLETE_local: false peers { permanent_uuid: "78a3ba286ba74914850ea922e8bf563c" member_type: VOTER last_known_addr { host: "127.12.136.129" port: 46105 } } peers { permanent_uuid: "92e67dae5d1142e3b676c87a032c82ff" member_type: VOTER last_known_addr { host: "127.12.136.130" port: 44743 } } peers { permanent_uuid: "633f7089d96c4ab29692abd800cb726f" member_type: VOTER last_known_addr { host: "127.12.136.131" port: 40747 } }
I20260608 12:44:56.195305 16026 leader_election.cc:290] T 3a0d5620c5fc4fe1851da840c7c82700 P 92e67dae5d1142e3b676c87a032c82ff [CANDIDATE]: Term 1 pre-election: Requested pre-vote from peers 78a3ba286ba74914850ea922e8bf563c (127.12.136.129:46105), 633f7089d96c4ab29692abd800cb726f (127.12.136.131:40747)
I20260608 12:44:56.196254 15825 tablet_service.cc:1917] Received RequestConsensusVote() RPC: tablet_id: "3a0d5620c5fc4fe1851da840c7c82700" candidate_uuid: "92e67dae5d1142e3b676c87a032c82ff" candidate_term: 1 candidate_status { last_received { term: 0 index: 0 } } ignore_live_leader: false dest_uuid: "78a3ba286ba74914850ea922e8bf563c" is_pre_election: true
I20260608 12:44:56.196470 15973 tablet_service.cc:1917] Received RequestConsensusVote() RPC: tablet_id: "3a0d5620c5fc4fe1851da840c7c82700" candidate_uuid: "92e67dae5d1142e3b676c87a032c82ff" candidate_term: 1 candidate_status { last_received { term: 0 index: 0 } } ignore_live_leader: false dest_uuid: "633f7089d96c4ab29692abd800cb726f" is_pre_election: true
I20260608 12:44:56.197062 15825 raft_consensus.cc:2468] T 3a0d5620c5fc4fe1851da840c7c82700 P 78a3ba286ba74914850ea922e8bf563c [term 0 FOLLOWER]: Leader pre-election vote request: Granting yes vote for candidate 92e67dae5d1142e3b676c87a032c82ff in term 0.
I20260608 12:44:56.197192 15973 raft_consensus.cc:2468] T 3a0d5620c5fc4fe1851da840c7c82700 P 633f7089d96c4ab29692abd800cb726f [term 0 FOLLOWER]: Leader pre-election vote request: Granting yes vote for candidate 92e67dae5d1142e3b676c87a032c82ff in term 0.
I20260608 12:44:56.198356 15866 leader_election.cc:304] T 3a0d5620c5fc4fe1851da840c7c82700 P 92e67dae5d1142e3b676c87a032c82ff [CANDIDATE]: Term 1 pre-election: Election decided. Result: candidate won. Election summary: received 2 responses out of 3 voters: 2 yes votes; 0 no votes. yes voters: 633f7089d96c4ab29692abd800cb726f, 92e67dae5d1142e3b676c87a032c82ff; no voters: 
I20260608 12:44:56.199131 16026 raft_consensus.cc:2804] T 3a0d5620c5fc4fe1851da840c7c82700 P 92e67dae5d1142e3b676c87a032c82ff [term 0 FOLLOWER]: Leader pre-election won for term 1
I20260608 12:44:56.199548 16026 raft_consensus.cc:493] T 3a0d5620c5fc4fe1851da840c7c82700 P 92e67dae5d1142e3b676c87a032c82ff [term 0 FOLLOWER]: Starting leader election (no leader contacted us within the election timeout)
I20260608 12:44:56.199862 16026 raft_consensus.cc:3060] T 3a0d5620c5fc4fe1851da840c7c82700 P 92e67dae5d1142e3b676c87a032c82ff [term 0 FOLLOWER]: Advancing to term 1
I20260608 12:44:56.205089 16026 raft_consensus.cc:515] T 3a0d5620c5fc4fe1851da840c7c82700 P 92e67dae5d1142e3b676c87a032c82ff [term 1 FOLLOWER]: Starting leader election with config: opid_index: -1 OBSOLETE_local: false peers { permanent_uuid: "78a3ba286ba74914850ea922e8bf563c" member_type: VOTER last_known_addr { host: "127.12.136.129" port: 46105 } } peers { permanent_uuid: "92e67dae5d1142e3b676c87a032c82ff" member_type: VOTER last_known_addr { host: "127.12.136.130" port: 44743 } } peers { permanent_uuid: "633f7089d96c4ab29692abd800cb726f" member_type: VOTER last_known_addr { host: "127.12.136.131" port: 40747 } }
I20260608 12:44:56.206797 16026 leader_election.cc:290] T 3a0d5620c5fc4fe1851da840c7c82700 P 92e67dae5d1142e3b676c87a032c82ff [CANDIDATE]: Term 1 election: Requested vote from peers 78a3ba286ba74914850ea922e8bf563c (127.12.136.129:46105), 633f7089d96c4ab29692abd800cb726f (127.12.136.131:40747)
I20260608 12:44:56.207871 15973 tablet_service.cc:1917] Received RequestConsensusVote() RPC: tablet_id: "3a0d5620c5fc4fe1851da840c7c82700" candidate_uuid: "92e67dae5d1142e3b676c87a032c82ff" candidate_term: 1 candidate_status { last_received { term: 0 index: 0 } } ignore_live_leader: false dest_uuid: "633f7089d96c4ab29692abd800cb726f"
I20260608 12:44:56.207748 15825 tablet_service.cc:1917] Received RequestConsensusVote() RPC: tablet_id: "3a0d5620c5fc4fe1851da840c7c82700" candidate_uuid: "92e67dae5d1142e3b676c87a032c82ff" candidate_term: 1 candidate_status { last_received { term: 0 index: 0 } } ignore_live_leader: false dest_uuid: "78a3ba286ba74914850ea922e8bf563c"
I20260608 12:44:56.208462 15973 raft_consensus.cc:3060] T 3a0d5620c5fc4fe1851da840c7c82700 P 633f7089d96c4ab29692abd800cb726f [term 0 FOLLOWER]: Advancing to term 1
I20260608 12:44:56.208516 15825 raft_consensus.cc:3060] T 3a0d5620c5fc4fe1851da840c7c82700 P 78a3ba286ba74914850ea922e8bf563c [term 0 FOLLOWER]: Advancing to term 1
I20260608 12:44:56.215855 15973 raft_consensus.cc:2468] T 3a0d5620c5fc4fe1851da840c7c82700 P 633f7089d96c4ab29692abd800cb726f [term 1 FOLLOWER]: Leader election vote request: Granting yes vote for candidate 92e67dae5d1142e3b676c87a032c82ff in term 1.
I20260608 12:44:56.215855 15825 raft_consensus.cc:2468] T 3a0d5620c5fc4fe1851da840c7c82700 P 78a3ba286ba74914850ea922e8bf563c [term 1 FOLLOWER]: Leader election vote request: Granting yes vote for candidate 92e67dae5d1142e3b676c87a032c82ff in term 1.
I20260608 12:44:56.217442 15866 leader_election.cc:304] T 3a0d5620c5fc4fe1851da840c7c82700 P 92e67dae5d1142e3b676c87a032c82ff [CANDIDATE]: Term 1 election: Election decided. Result: candidate won. Election summary: received 2 responses out of 3 voters: 2 yes votes; 0 no votes. yes voters: 633f7089d96c4ab29692abd800cb726f, 92e67dae5d1142e3b676c87a032c82ff; no voters: 
I20260608 12:44:56.218211 16026 raft_consensus.cc:2804] T 3a0d5620c5fc4fe1851da840c7c82700 P 92e67dae5d1142e3b676c87a032c82ff [term 1 FOLLOWER]: Leader election won for term 1
I20260608 12:44:56.218644 16026 raft_consensus.cc:697] T 3a0d5620c5fc4fe1851da840c7c82700 P 92e67dae5d1142e3b676c87a032c82ff [term 1 LEADER]: Becoming Leader. State: Replica: 92e67dae5d1142e3b676c87a032c82ff, State: Running, Role: LEADER
I20260608 12:44:56.219439 16026 consensus_queue.cc:237] T 3a0d5620c5fc4fe1851da840c7c82700 P 92e67dae5d1142e3b676c87a032c82ff [LEADER]: Queue going to LEADER mode. State: All replicated index: 0, Majority replicated index: 0, Committed index: 0, Last appended: 0.0, Last appended by leader: 0, Current term: 1, Majority size: 2, State: 0, Mode: LEADER, active raft config: opid_index: -1 OBSOLETE_local: false peers { permanent_uuid: "78a3ba286ba74914850ea922e8bf563c" member_type: VOTER last_known_addr { host: "127.12.136.129" port: 46105 } } peers { permanent_uuid: "92e67dae5d1142e3b676c87a032c82ff" member_type: VOTER last_known_addr { host: "127.12.136.130" port: 44743 } } peers { permanent_uuid: "633f7089d96c4ab29692abd800cb726f" member_type: VOTER last_known_addr { host: "127.12.136.131" port: 40747 } }
I20260608 12:44:56.219820 16060 raft_consensus.cc:493] T 105aff0b749a4eb2afe20413028c6293 P 92e67dae5d1142e3b676c87a032c82ff [term 0 FOLLOWER]: Starting pre-election (no leader contacted us within the election timeout)
I20260608 12:44:56.220329 16060 raft_consensus.cc:515] T 105aff0b749a4eb2afe20413028c6293 P 92e67dae5d1142e3b676c87a032c82ff [term 0 FOLLOWER]: Starting pre-election with config: opid_index: -1 OBSOLETE_local: false peers { permanent_uuid: "92e67dae5d1142e3b676c87a032c82ff" member_type: VOTER last_known_addr { host: "127.12.136.130" port: 44743 } } peers { permanent_uuid: "78a3ba286ba74914850ea922e8bf563c" member_type: VOTER last_known_addr { host: "127.12.136.129" port: 46105 } } peers { permanent_uuid: "633f7089d96c4ab29692abd800cb726f" member_type: VOTER last_known_addr { host: "127.12.136.131" port: 40747 } }
I20260608 12:44:56.222241 16060 leader_election.cc:290] T 105aff0b749a4eb2afe20413028c6293 P 92e67dae5d1142e3b676c87a032c82ff [CANDIDATE]: Term 1 pre-election: Requested pre-vote from peers 78a3ba286ba74914850ea922e8bf563c (127.12.136.129:46105), 633f7089d96c4ab29692abd800cb726f (127.12.136.131:40747)
I20260608 12:44:56.222718 16027 raft_consensus.cc:493] T 105aff0b749a4eb2afe20413028c6293 P 633f7089d96c4ab29692abd800cb726f [term 0 FOLLOWER]: Starting pre-election (no leader contacted us within the election timeout)
I20260608 12:44:56.222795 16028 raft_consensus.cc:493] T 4871d63ca5264f54a9081077606d3041 P 78a3ba286ba74914850ea922e8bf563c [term 0 FOLLOWER]: Starting pre-election (no leader contacted us within the election timeout)
I20260608 12:44:56.223909 16027 raft_consensus.cc:515] T 105aff0b749a4eb2afe20413028c6293 P 633f7089d96c4ab29692abd800cb726f [term 0 FOLLOWER]: Starting pre-election with config: opid_index: -1 OBSOLETE_local: false peers { permanent_uuid: "92e67dae5d1142e3b676c87a032c82ff" member_type: VOTER last_known_addr { host: "127.12.136.130" port: 44743 } } peers { permanent_uuid: "78a3ba286ba74914850ea922e8bf563c" member_type: VOTER last_known_addr { host: "127.12.136.129" port: 46105 } } peers { permanent_uuid: "633f7089d96c4ab29692abd800cb726f" member_type: VOTER last_known_addr { host: "127.12.136.131" port: 40747 } }
I20260608 12:44:56.224198 15973 tablet_service.cc:1917] Received RequestConsensusVote() RPC: tablet_id: "105aff0b749a4eb2afe20413028c6293" candidate_uuid: "92e67dae5d1142e3b676c87a032c82ff" candidate_term: 1 candidate_status { last_received { term: 0 index: 0 } } ignore_live_leader: false dest_uuid: "633f7089d96c4ab29692abd800cb726f" is_pre_election: true
I20260608 12:44:56.225082 15973 raft_consensus.cc:2468] T 105aff0b749a4eb2afe20413028c6293 P 633f7089d96c4ab29692abd800cb726f [term 0 FOLLOWER]: Leader pre-election vote request: Granting yes vote for candidate 92e67dae5d1142e3b676c87a032c82ff in term 0.
I20260608 12:44:56.226292 16027 leader_election.cc:290] T 105aff0b749a4eb2afe20413028c6293 P 633f7089d96c4ab29692abd800cb726f [CANDIDATE]: Term 1 pre-election: Requested pre-vote from peers 92e67dae5d1142e3b676c87a032c82ff (127.12.136.130:44743), 78a3ba286ba74914850ea922e8bf563c (127.12.136.129:46105)
I20260608 12:44:56.226333 15866 leader_election.cc:304] T 105aff0b749a4eb2afe20413028c6293 P 92e67dae5d1142e3b676c87a032c82ff [CANDIDATE]: Term 1 pre-election: Election decided. Result: candidate won. Election summary: received 2 responses out of 3 voters: 2 yes votes; 0 no votes. yes voters: 633f7089d96c4ab29692abd800cb726f, 92e67dae5d1142e3b676c87a032c82ff; no voters: 
I20260608 12:44:56.224112 15825 tablet_service.cc:1917] Received RequestConsensusVote() RPC: tablet_id: "105aff0b749a4eb2afe20413028c6293" candidate_uuid: "92e67dae5d1142e3b676c87a032c82ff" candidate_term: 1 candidate_status { last_received { term: 0 index: 0 } } ignore_live_leader: false dest_uuid: "78a3ba286ba74914850ea922e8bf563c" is_pre_election: true
I20260608 12:44:56.227254 15825 raft_consensus.cc:2468] T 105aff0b749a4eb2afe20413028c6293 P 78a3ba286ba74914850ea922e8bf563c [term 0 FOLLOWER]: Leader pre-election vote request: Granting yes vote for candidate 92e67dae5d1142e3b676c87a032c82ff in term 0.
I20260608 12:44:56.227908 16026 raft_consensus.cc:2804] T 105aff0b749a4eb2afe20413028c6293 P 92e67dae5d1142e3b676c87a032c82ff [term 0 FOLLOWER]: Leader pre-election won for term 1
I20260608 12:44:56.228087 15899 tablet_service.cc:1917] Received RequestConsensusVote() RPC: tablet_id: "105aff0b749a4eb2afe20413028c6293" candidate_uuid: "633f7089d96c4ab29692abd800cb726f" candidate_term: 1 candidate_status { last_received { term: 0 index: 0 } } ignore_live_leader: false dest_uuid: "92e67dae5d1142e3b676c87a032c82ff" is_pre_election: true
I20260608 12:44:56.228367 16026 raft_consensus.cc:493] T 105aff0b749a4eb2afe20413028c6293 P 92e67dae5d1142e3b676c87a032c82ff [term 0 FOLLOWER]: Starting leader election (no leader contacted us within the election timeout)
I20260608 12:44:56.227626 16028 raft_consensus.cc:515] T 4871d63ca5264f54a9081077606d3041 P 78a3ba286ba74914850ea922e8bf563c [term 0 FOLLOWER]: Starting pre-election with config: opid_index: -1 OBSOLETE_local: false peers { permanent_uuid: "78a3ba286ba74914850ea922e8bf563c" member_type: VOTER last_known_addr { host: "127.12.136.129" port: 46105 } } peers { permanent_uuid: "92e67dae5d1142e3b676c87a032c82ff" member_type: VOTER last_known_addr { host: "127.12.136.130" port: 44743 } } peers { permanent_uuid: "633f7089d96c4ab29692abd800cb726f" member_type: VOTER last_known_addr { host: "127.12.136.131" port: 40747 } }
I20260608 12:44:56.229271 15825 tablet_service.cc:1917] Received RequestConsensusVote() RPC: tablet_id: "105aff0b749a4eb2afe20413028c6293" candidate_uuid: "633f7089d96c4ab29692abd800cb726f" candidate_term: 1 candidate_status { last_received { term: 0 index: 0 } } ignore_live_leader: false dest_uuid: "78a3ba286ba74914850ea922e8bf563c" is_pre_election: true
I20260608 12:44:56.229888 15825 raft_consensus.cc:2468] T 105aff0b749a4eb2afe20413028c6293 P 78a3ba286ba74914850ea922e8bf563c [term 0 FOLLOWER]: Leader pre-election vote request: Granting yes vote for candidate 633f7089d96c4ab29692abd800cb726f in term 0.
I20260608 12:44:56.230170 15722 catalog_manager.cc:5696] T 3a0d5620c5fc4fe1851da840c7c82700 P 92e67dae5d1142e3b676c87a032c82ff reported cstate change: term changed from 0 to 1, leader changed from <none> to 92e67dae5d1142e3b676c87a032c82ff (127.12.136.130). New cstate: current_term: 1 leader_uuid: "92e67dae5d1142e3b676c87a032c82ff" committed_config { opid_index: -1 OBSOLETE_local: false peers { permanent_uuid: "78a3ba286ba74914850ea922e8bf563c" member_type: VOTER last_known_addr { host: "127.12.136.129" port: 46105 } health_report { overall_health: UNKNOWN } } peers { permanent_uuid: "92e67dae5d1142e3b676c87a032c82ff" member_type: VOTER last_known_addr { host: "127.12.136.130" port: 44743 } health_report { overall_health: HEALTHY } } peers { permanent_uuid: "633f7089d96c4ab29692abd800cb726f" member_type: VOTER last_known_addr { host: "127.12.136.131" port: 40747 } health_report { overall_health: UNKNOWN } } }
I20260608 12:44:56.230739 16028 leader_election.cc:290] T 4871d63ca5264f54a9081077606d3041 P 78a3ba286ba74914850ea922e8bf563c [CANDIDATE]: Term 1 pre-election: Requested pre-vote from peers 92e67dae5d1142e3b676c87a032c82ff (127.12.136.130:44743), 633f7089d96c4ab29692abd800cb726f (127.12.136.131:40747)
I20260608 12:44:56.231981 15973 tablet_service.cc:1917] Received RequestConsensusVote() RPC: tablet_id: "4871d63ca5264f54a9081077606d3041" candidate_uuid: "78a3ba286ba74914850ea922e8bf563c" candidate_term: 1 candidate_status { last_received { term: 0 index: 0 } } ignore_live_leader: false dest_uuid: "633f7089d96c4ab29692abd800cb726f" is_pre_election: true
I20260608 12:44:56.232194 15937 leader_election.cc:304] T 105aff0b749a4eb2afe20413028c6293 P 633f7089d96c4ab29692abd800cb726f [CANDIDATE]: Term 1 pre-election: Election decided. Result: candidate won. Election summary: received 2 responses out of 3 voters: 2 yes votes; 0 no votes. yes voters: 633f7089d96c4ab29692abd800cb726f, 78a3ba286ba74914850ea922e8bf563c; no voters: 
I20260608 12:44:56.228796 16026 raft_consensus.cc:3060] T 105aff0b749a4eb2afe20413028c6293 P 92e67dae5d1142e3b676c87a032c82ff [term 0 FOLLOWER]: Advancing to term 1
I20260608 12:44:56.232635 15973 raft_consensus.cc:2468] T 4871d63ca5264f54a9081077606d3041 P 633f7089d96c4ab29692abd800cb726f [term 0 FOLLOWER]: Leader pre-election vote request: Granting yes vote for candidate 78a3ba286ba74914850ea922e8bf563c in term 0.
I20260608 12:44:56.233310 15900 tablet_service.cc:1917] Received RequestConsensusVote() RPC: tablet_id: "4871d63ca5264f54a9081077606d3041" candidate_uuid: "78a3ba286ba74914850ea922e8bf563c" candidate_term: 1 candidate_status { last_received { term: 0 index: 0 } } ignore_live_leader: false dest_uuid: "92e67dae5d1142e3b676c87a032c82ff" is_pre_election: true
I20260608 12:44:56.233947 15900 raft_consensus.cc:2468] T 4871d63ca5264f54a9081077606d3041 P 92e67dae5d1142e3b676c87a032c82ff [term 0 FOLLOWER]: Leader pre-election vote request: Granting yes vote for candidate 78a3ba286ba74914850ea922e8bf563c in term 0.
I20260608 12:44:56.233884 15791 leader_election.cc:304] T 4871d63ca5264f54a9081077606d3041 P 78a3ba286ba74914850ea922e8bf563c [CANDIDATE]: Term 1 pre-election: Election decided. Result: candidate won. Election summary: received 2 responses out of 3 voters: 2 yes votes; 0 no votes. yes voters: 633f7089d96c4ab29692abd800cb726f, 78a3ba286ba74914850ea922e8bf563c; no voters: 
I20260608 12:44:56.236392 16028 raft_consensus.cc:2804] T 4871d63ca5264f54a9081077606d3041 P 78a3ba286ba74914850ea922e8bf563c [term 0 FOLLOWER]: Leader pre-election won for term 1
I20260608 12:44:56.236776 16028 raft_consensus.cc:493] T 4871d63ca5264f54a9081077606d3041 P 78a3ba286ba74914850ea922e8bf563c [term 0 FOLLOWER]: Starting leader election (no leader contacted us within the election timeout)
I20260608 12:44:56.237085 16028 raft_consensus.cc:3060] T 4871d63ca5264f54a9081077606d3041 P 78a3ba286ba74914850ea922e8bf563c [term 0 FOLLOWER]: Advancing to term 1
I20260608 12:44:56.238960 16026 raft_consensus.cc:515] T 105aff0b749a4eb2afe20413028c6293 P 92e67dae5d1142e3b676c87a032c82ff [term 1 FOLLOWER]: Starting leader election with config: opid_index: -1 OBSOLETE_local: false peers { permanent_uuid: "92e67dae5d1142e3b676c87a032c82ff" member_type: VOTER last_known_addr { host: "127.12.136.130" port: 44743 } } peers { permanent_uuid: "78a3ba286ba74914850ea922e8bf563c" member_type: VOTER last_known_addr { host: "127.12.136.129" port: 46105 } } peers { permanent_uuid: "633f7089d96c4ab29692abd800cb726f" member_type: VOTER last_known_addr { host: "127.12.136.131" port: 40747 } }
I20260608 12:44:56.240370 15899 raft_consensus.cc:2393] T 105aff0b749a4eb2afe20413028c6293 P 92e67dae5d1142e3b676c87a032c82ff [term 1 FOLLOWER]: Leader pre-election vote request: Denying vote to candidate 633f7089d96c4ab29692abd800cb726f in current term 1: Already voted for candidate 92e67dae5d1142e3b676c87a032c82ff in this term.
I20260608 12:44:56.241549 16027 raft_consensus.cc:2804] T 105aff0b749a4eb2afe20413028c6293 P 633f7089d96c4ab29692abd800cb726f [term 0 FOLLOWER]: Leader pre-election won for term 1
I20260608 12:44:56.241806 16026 leader_election.cc:290] T 105aff0b749a4eb2afe20413028c6293 P 92e67dae5d1142e3b676c87a032c82ff [CANDIDATE]: Term 1 election: Requested vote from peers 78a3ba286ba74914850ea922e8bf563c (127.12.136.129:46105), 633f7089d96c4ab29692abd800cb726f (127.12.136.131:40747)
I20260608 12:44:56.242039 16027 raft_consensus.cc:493] T 105aff0b749a4eb2afe20413028c6293 P 633f7089d96c4ab29692abd800cb726f [term 0 FOLLOWER]: Starting leader election (no leader contacted us within the election timeout)
I20260608 12:44:56.242475 16027 raft_consensus.cc:3060] T 105aff0b749a4eb2afe20413028c6293 P 633f7089d96c4ab29692abd800cb726f [term 0 FOLLOWER]: Advancing to term 1
I20260608 12:44:56.242542 15973 tablet_service.cc:1917] Received RequestConsensusVote() RPC: tablet_id: "105aff0b749a4eb2afe20413028c6293" candidate_uuid: "92e67dae5d1142e3b676c87a032c82ff" candidate_term: 1 candidate_status { last_received { term: 0 index: 0 } } ignore_live_leader: false dest_uuid: "633f7089d96c4ab29692abd800cb726f"
I20260608 12:44:56.244262 15825 tablet_service.cc:1917] Received RequestConsensusVote() RPC: tablet_id: "105aff0b749a4eb2afe20413028c6293" candidate_uuid: "92e67dae5d1142e3b676c87a032c82ff" candidate_term: 1 candidate_status { last_received { term: 0 index: 0 } } ignore_live_leader: false dest_uuid: "78a3ba286ba74914850ea922e8bf563c"
I20260608 12:44:56.245003 15825 raft_consensus.cc:3060] T 105aff0b749a4eb2afe20413028c6293 P 78a3ba286ba74914850ea922e8bf563c [term 0 FOLLOWER]: Advancing to term 1
I20260608 12:44:56.246793 16028 raft_consensus.cc:515] T 4871d63ca5264f54a9081077606d3041 P 78a3ba286ba74914850ea922e8bf563c [term 1 FOLLOWER]: Starting leader election with config: opid_index: -1 OBSOLETE_local: false peers { permanent_uuid: "78a3ba286ba74914850ea922e8bf563c" member_type: VOTER last_known_addr { host: "127.12.136.129" port: 46105 } } peers { permanent_uuid: "92e67dae5d1142e3b676c87a032c82ff" member_type: VOTER last_known_addr { host: "127.12.136.130" port: 44743 } } peers { permanent_uuid: "633f7089d96c4ab29692abd800cb726f" member_type: VOTER last_known_addr { host: "127.12.136.131" port: 40747 } }
I20260608 12:44:56.248843 16028 leader_election.cc:290] T 4871d63ca5264f54a9081077606d3041 P 78a3ba286ba74914850ea922e8bf563c [CANDIDATE]: Term 1 election: Requested vote from peers 92e67dae5d1142e3b676c87a032c82ff (127.12.136.130:44743), 633f7089d96c4ab29692abd800cb726f (127.12.136.131:40747)
I20260608 12:44:56.249653 15899 tablet_service.cc:1917] Received RequestConsensusVote() RPC: tablet_id: "4871d63ca5264f54a9081077606d3041" candidate_uuid: "78a3ba286ba74914850ea922e8bf563c" candidate_term: 1 candidate_status { last_received { term: 0 index: 0 } } ignore_live_leader: false dest_uuid: "92e67dae5d1142e3b676c87a032c82ff"
I20260608 12:44:56.249912 15974 tablet_service.cc:1917] Received RequestConsensusVote() RPC: tablet_id: "4871d63ca5264f54a9081077606d3041" candidate_uuid: "78a3ba286ba74914850ea922e8bf563c" candidate_term: 1 candidate_status { last_received { term: 0 index: 0 } } ignore_live_leader: false dest_uuid: "633f7089d96c4ab29692abd800cb726f"
I20260608 12:44:56.250300 15899 raft_consensus.cc:3060] T 4871d63ca5264f54a9081077606d3041 P 92e67dae5d1142e3b676c87a032c82ff [term 0 FOLLOWER]: Advancing to term 1
I20260608 12:44:56.250533 15974 raft_consensus.cc:3060] T 4871d63ca5264f54a9081077606d3041 P 633f7089d96c4ab29692abd800cb726f [term 0 FOLLOWER]: Advancing to term 1
I20260608 12:44:56.250761 16027 raft_consensus.cc:515] T 105aff0b749a4eb2afe20413028c6293 P 633f7089d96c4ab29692abd800cb726f [term 1 FOLLOWER]: Starting leader election with config: opid_index: -1 OBSOLETE_local: false peers { permanent_uuid: "92e67dae5d1142e3b676c87a032c82ff" member_type: VOTER last_known_addr { host: "127.12.136.130" port: 44743 } } peers { permanent_uuid: "78a3ba286ba74914850ea922e8bf563c" member_type: VOTER last_known_addr { host: "127.12.136.129" port: 46105 } } peers { permanent_uuid: "633f7089d96c4ab29692abd800cb726f" member_type: VOTER last_known_addr { host: "127.12.136.131" port: 40747 } }
I20260608 12:44:56.252048 15973 raft_consensus.cc:2393] T 105aff0b749a4eb2afe20413028c6293 P 633f7089d96c4ab29692abd800cb726f [term 1 FOLLOWER]: Leader election vote request: Denying vote to candidate 92e67dae5d1142e3b676c87a032c82ff in current term 1: Already voted for candidate 633f7089d96c4ab29692abd800cb726f in this term.
I20260608 12:44:56.255157 15825 raft_consensus.cc:2468] T 105aff0b749a4eb2afe20413028c6293 P 78a3ba286ba74914850ea922e8bf563c [term 1 FOLLOWER]: Leader election vote request: Granting yes vote for candidate 92e67dae5d1142e3b676c87a032c82ff in term 1.
I20260608 12:44:56.255511 16027 leader_election.cc:290] T 105aff0b749a4eb2afe20413028c6293 P 633f7089d96c4ab29692abd800cb726f [CANDIDATE]: Term 1 election: Requested vote from peers 92e67dae5d1142e3b676c87a032c82ff (127.12.136.130:44743), 78a3ba286ba74914850ea922e8bf563c (127.12.136.129:46105)
I20260608 12:44:56.256956 15900 tablet_service.cc:1917] Received RequestConsensusVote() RPC: tablet_id: "105aff0b749a4eb2afe20413028c6293" candidate_uuid: "633f7089d96c4ab29692abd800cb726f" candidate_term: 1 candidate_status { last_received { term: 0 index: 0 } } ignore_live_leader: false dest_uuid: "92e67dae5d1142e3b676c87a032c82ff"
I20260608 12:44:56.256978 15863 leader_election.cc:304] T 105aff0b749a4eb2afe20413028c6293 P 92e67dae5d1142e3b676c87a032c82ff [CANDIDATE]: Term 1 election: Election decided. Result: candidate won. Election summary: received 3 responses out of 3 voters: 2 yes votes; 1 no votes. yes voters: 78a3ba286ba74914850ea922e8bf563c, 92e67dae5d1142e3b676c87a032c82ff; no voters: 633f7089d96c4ab29692abd800cb726f
I20260608 12:44:56.257550 15974 raft_consensus.cc:2468] T 4871d63ca5264f54a9081077606d3041 P 633f7089d96c4ab29692abd800cb726f [term 1 FOLLOWER]: Leader election vote request: Granting yes vote for candidate 78a3ba286ba74914850ea922e8bf563c in term 1.
I20260608 12:44:56.257994 15900 raft_consensus.cc:2393] T 105aff0b749a4eb2afe20413028c6293 P 92e67dae5d1142e3b676c87a032c82ff [term 1 FOLLOWER]: Leader election vote request: Denying vote to candidate 633f7089d96c4ab29692abd800cb726f in current term 1: Already voted for candidate 92e67dae5d1142e3b676c87a032c82ff in this term.
I20260608 12:44:56.258400 16026 raft_consensus.cc:2804] T 105aff0b749a4eb2afe20413028c6293 P 92e67dae5d1142e3b676c87a032c82ff [term 1 FOLLOWER]: Leader election won for term 1
I20260608 12:44:56.258780 15825 tablet_service.cc:1917] Received RequestConsensusVote() RPC: tablet_id: "105aff0b749a4eb2afe20413028c6293" candidate_uuid: "633f7089d96c4ab29692abd800cb726f" candidate_term: 1 candidate_status { last_received { term: 0 index: 0 } } ignore_live_leader: false dest_uuid: "78a3ba286ba74914850ea922e8bf563c"
I20260608 12:44:56.258848 15791 leader_election.cc:304] T 4871d63ca5264f54a9081077606d3041 P 78a3ba286ba74914850ea922e8bf563c [CANDIDATE]: Term 1 election: Election decided. Result: candidate won. Election summary: received 2 responses out of 3 voters: 2 yes votes; 0 no votes. yes voters: 633f7089d96c4ab29692abd800cb726f, 78a3ba286ba74914850ea922e8bf563c; no voters: 
I20260608 12:44:56.259087 16026 raft_consensus.cc:697] T 105aff0b749a4eb2afe20413028c6293 P 92e67dae5d1142e3b676c87a032c82ff [term 1 LEADER]: Becoming Leader. State: Replica: 92e67dae5d1142e3b676c87a032c82ff, State: Running, Role: LEADER
I20260608 12:44:56.259701 15825 raft_consensus.cc:2393] T 105aff0b749a4eb2afe20413028c6293 P 78a3ba286ba74914850ea922e8bf563c [term 1 FOLLOWER]: Leader election vote request: Denying vote to candidate 633f7089d96c4ab29692abd800cb726f in current term 1: Already voted for candidate 92e67dae5d1142e3b676c87a032c82ff in this term.
I20260608 12:44:56.260470 15899 raft_consensus.cc:2468] T 4871d63ca5264f54a9081077606d3041 P 92e67dae5d1142e3b676c87a032c82ff [term 1 FOLLOWER]: Leader election vote request: Granting yes vote for candidate 78a3ba286ba74914850ea922e8bf563c in term 1.
I20260608 12:44:56.260665 16028 raft_consensus.cc:2804] T 4871d63ca5264f54a9081077606d3041 P 78a3ba286ba74914850ea922e8bf563c [term 1 FOLLOWER]: Leader election won for term 1
I20260608 12:44:56.260161 16026 consensus_queue.cc:237] T 105aff0b749a4eb2afe20413028c6293 P 92e67dae5d1142e3b676c87a032c82ff [LEADER]: Queue going to LEADER mode. State: All replicated index: 0, Majority replicated index: 0, Committed index: 0, Last appended: 0.0, Last appended by leader: 0, Current term: 1, Majority size: 2, State: 0, Mode: LEADER, active raft config: opid_index: -1 OBSOLETE_local: false peers { permanent_uuid: "92e67dae5d1142e3b676c87a032c82ff" member_type: VOTER last_known_addr { host: "127.12.136.130" port: 44743 } } peers { permanent_uuid: "78a3ba286ba74914850ea922e8bf563c" member_type: VOTER last_known_addr { host: "127.12.136.129" port: 46105 } } peers { permanent_uuid: "633f7089d96c4ab29692abd800cb726f" member_type: VOTER last_known_addr { host: "127.12.136.131" port: 40747 } }
I20260608 12:44:56.260785 15937 leader_election.cc:304] T 105aff0b749a4eb2afe20413028c6293 P 633f7089d96c4ab29692abd800cb726f [CANDIDATE]: Term 1 election: Election decided. Result: candidate lost. Election summary: received 3 responses out of 3 voters: 1 yes votes; 2 no votes. yes voters: 633f7089d96c4ab29692abd800cb726f; no voters: 78a3ba286ba74914850ea922e8bf563c, 92e67dae5d1142e3b676c87a032c82ff
I20260608 12:44:56.261507 16028 raft_consensus.cc:697] T 4871d63ca5264f54a9081077606d3041 P 78a3ba286ba74914850ea922e8bf563c [term 1 LEADER]: Becoming Leader. State: Replica: 78a3ba286ba74914850ea922e8bf563c, State: Running, Role: LEADER
I20260608 12:44:56.262367 16027 raft_consensus.cc:2749] T 105aff0b749a4eb2afe20413028c6293 P 633f7089d96c4ab29692abd800cb726f [term 1 FOLLOWER]: Leader election lost for term 1. Reason: could not achieve majority
I20260608 12:44:56.262451 16028 consensus_queue.cc:237] T 4871d63ca5264f54a9081077606d3041 P 78a3ba286ba74914850ea922e8bf563c [LEADER]: Queue going to LEADER mode. State: All replicated index: 0, Majority replicated index: 0, Committed index: 0, Last appended: 0.0, Last appended by leader: 0, Current term: 1, Majority size: 2, State: 0, Mode: LEADER, active raft config: opid_index: -1 OBSOLETE_local: false peers { permanent_uuid: "78a3ba286ba74914850ea922e8bf563c" member_type: VOTER last_known_addr { host: "127.12.136.129" port: 46105 } } peers { permanent_uuid: "92e67dae5d1142e3b676c87a032c82ff" member_type: VOTER last_known_addr { host: "127.12.136.130" port: 44743 } } peers { permanent_uuid: "633f7089d96c4ab29692abd800cb726f" member_type: VOTER last_known_addr { host: "127.12.136.131" port: 40747 } }
I20260608 12:44:56.270491 15722 catalog_manager.cc:5696] T 105aff0b749a4eb2afe20413028c6293 P 92e67dae5d1142e3b676c87a032c82ff reported cstate change: term changed from 0 to 1, leader changed from <none> to 92e67dae5d1142e3b676c87a032c82ff (127.12.136.130). New cstate: current_term: 1 leader_uuid: "92e67dae5d1142e3b676c87a032c82ff" committed_config { opid_index: -1 OBSOLETE_local: false peers { permanent_uuid: "92e67dae5d1142e3b676c87a032c82ff" member_type: VOTER last_known_addr { host: "127.12.136.130" port: 44743 } health_report { overall_health: HEALTHY } } peers { permanent_uuid: "78a3ba286ba74914850ea922e8bf563c" member_type: VOTER last_known_addr { host: "127.12.136.129" port: 46105 } health_report { overall_health: UNKNOWN } } peers { permanent_uuid: "633f7089d96c4ab29692abd800cb726f" member_type: VOTER last_known_addr { host: "127.12.136.131" port: 40747 } health_report { overall_health: UNKNOWN } } }
I20260608 12:44:56.272926 15721 catalog_manager.cc:5696] T 4871d63ca5264f54a9081077606d3041 P 78a3ba286ba74914850ea922e8bf563c reported cstate change: term changed from 0 to 1, leader changed from <none> to 78a3ba286ba74914850ea922e8bf563c (127.12.136.129). New cstate: current_term: 1 leader_uuid: "78a3ba286ba74914850ea922e8bf563c" committed_config { opid_index: -1 OBSOLETE_local: false peers { permanent_uuid: "78a3ba286ba74914850ea922e8bf563c" member_type: VOTER last_known_addr { host: "127.12.136.129" port: 46105 } health_report { overall_health: HEALTHY } } peers { permanent_uuid: "92e67dae5d1142e3b676c87a032c82ff" member_type: VOTER last_known_addr { host: "127.12.136.130" port: 44743 } health_report { overall_health: UNKNOWN } } peers { permanent_uuid: "633f7089d96c4ab29692abd800cb726f" member_type: VOTER last_known_addr { host: "127.12.136.131" port: 40747 } health_report { overall_health: UNKNOWN } } }
I20260608 12:44:56.299893 16026 raft_consensus.cc:493] T 19ec21cdf5aa4fbd9dd6db8d6c562f6e P 92e67dae5d1142e3b676c87a032c82ff [term 0 FOLLOWER]: Starting pre-election (no leader contacted us within the election timeout)
I20260608 12:44:56.300424 16026 raft_consensus.cc:515] T 19ec21cdf5aa4fbd9dd6db8d6c562f6e P 92e67dae5d1142e3b676c87a032c82ff [term 0 FOLLOWER]: Starting pre-election with config: opid_index: -1 OBSOLETE_local: false peers { permanent_uuid: "92e67dae5d1142e3b676c87a032c82ff" member_type: VOTER last_known_addr { host: "127.12.136.130" port: 44743 } } peers { permanent_uuid: "78a3ba286ba74914850ea922e8bf563c" member_type: VOTER last_known_addr { host: "127.12.136.129" port: 46105 } } peers { permanent_uuid: "633f7089d96c4ab29692abd800cb726f" member_type: VOTER last_known_addr { host: "127.12.136.131" port: 40747 } }
I20260608 12:44:56.302491 16026 leader_election.cc:290] T 19ec21cdf5aa4fbd9dd6db8d6c562f6e P 92e67dae5d1142e3b676c87a032c82ff [CANDIDATE]: Term 1 pre-election: Requested pre-vote from peers 78a3ba286ba74914850ea922e8bf563c (127.12.136.129:46105), 633f7089d96c4ab29692abd800cb726f (127.12.136.131:40747)
I20260608 12:44:56.303350 15825 tablet_service.cc:1917] Received RequestConsensusVote() RPC: tablet_id: "19ec21cdf5aa4fbd9dd6db8d6c562f6e" candidate_uuid: "92e67dae5d1142e3b676c87a032c82ff" candidate_term: 1 candidate_status { last_received { term: 0 index: 0 } } ignore_live_leader: false dest_uuid: "78a3ba286ba74914850ea922e8bf563c" is_pre_election: true
I20260608 12:44:56.303586 15974 tablet_service.cc:1917] Received RequestConsensusVote() RPC: tablet_id: "19ec21cdf5aa4fbd9dd6db8d6c562f6e" candidate_uuid: "92e67dae5d1142e3b676c87a032c82ff" candidate_term: 1 candidate_status { last_received { term: 0 index: 0 } } ignore_live_leader: false dest_uuid: "633f7089d96c4ab29692abd800cb726f" is_pre_election: true
I20260608 12:44:56.304126 15825 raft_consensus.cc:2468] T 19ec21cdf5aa4fbd9dd6db8d6c562f6e P 78a3ba286ba74914850ea922e8bf563c [term 0 FOLLOWER]: Leader pre-election vote request: Granting yes vote for candidate 92e67dae5d1142e3b676c87a032c82ff in term 0.
I20260608 12:44:56.304190 15974 raft_consensus.cc:2468] T 19ec21cdf5aa4fbd9dd6db8d6c562f6e P 633f7089d96c4ab29692abd800cb726f [term 0 FOLLOWER]: Leader pre-election vote request: Granting yes vote for candidate 92e67dae5d1142e3b676c87a032c82ff in term 0.
I20260608 12:44:56.305464 15863 leader_election.cc:304] T 19ec21cdf5aa4fbd9dd6db8d6c562f6e P 92e67dae5d1142e3b676c87a032c82ff [CANDIDATE]: Term 1 pre-election: Election decided. Result: candidate won. Election summary: received 2 responses out of 3 voters: 2 yes votes; 0 no votes. yes voters: 78a3ba286ba74914850ea922e8bf563c, 92e67dae5d1142e3b676c87a032c82ff; no voters: 
I20260608 12:44:56.306207 16026 raft_consensus.cc:2804] T 19ec21cdf5aa4fbd9dd6db8d6c562f6e P 92e67dae5d1142e3b676c87a032c82ff [term 0 FOLLOWER]: Leader pre-election won for term 1
I20260608 12:44:56.306592 16026 raft_consensus.cc:493] T 19ec21cdf5aa4fbd9dd6db8d6c562f6e P 92e67dae5d1142e3b676c87a032c82ff [term 0 FOLLOWER]: Starting leader election (no leader contacted us within the election timeout)
I20260608 12:44:56.306910 16026 raft_consensus.cc:3060] T 19ec21cdf5aa4fbd9dd6db8d6c562f6e P 92e67dae5d1142e3b676c87a032c82ff [term 0 FOLLOWER]: Advancing to term 1
I20260608 12:44:56.312233 16026 raft_consensus.cc:515] T 19ec21cdf5aa4fbd9dd6db8d6c562f6e P 92e67dae5d1142e3b676c87a032c82ff [term 1 FOLLOWER]: Starting leader election with config: opid_index: -1 OBSOLETE_local: false peers { permanent_uuid: "92e67dae5d1142e3b676c87a032c82ff" member_type: VOTER last_known_addr { host: "127.12.136.130" port: 44743 } } peers { permanent_uuid: "78a3ba286ba74914850ea922e8bf563c" member_type: VOTER last_known_addr { host: "127.12.136.129" port: 46105 } } peers { permanent_uuid: "633f7089d96c4ab29692abd800cb726f" member_type: VOTER last_known_addr { host: "127.12.136.131" port: 40747 } }
I20260608 12:44:56.314343 16026 leader_election.cc:290] T 19ec21cdf5aa4fbd9dd6db8d6c562f6e P 92e67dae5d1142e3b676c87a032c82ff [CANDIDATE]: Term 1 election: Requested vote from peers 78a3ba286ba74914850ea922e8bf563c (127.12.136.129:46105), 633f7089d96c4ab29692abd800cb726f (127.12.136.131:40747)
I20260608 12:44:56.315480 15974 tablet_service.cc:1917] Received RequestConsensusVote() RPC: tablet_id: "19ec21cdf5aa4fbd9dd6db8d6c562f6e" candidate_uuid: "92e67dae5d1142e3b676c87a032c82ff" candidate_term: 1 candidate_status { last_received { term: 0 index: 0 } } ignore_live_leader: false dest_uuid: "633f7089d96c4ab29692abd800cb726f"
I20260608 12:44:56.315470 15825 tablet_service.cc:1917] Received RequestConsensusVote() RPC: tablet_id: "19ec21cdf5aa4fbd9dd6db8d6c562f6e" candidate_uuid: "92e67dae5d1142e3b676c87a032c82ff" candidate_term: 1 candidate_status { last_received { term: 0 index: 0 } } ignore_live_leader: false dest_uuid: "78a3ba286ba74914850ea922e8bf563c"
I20260608 12:44:56.316322 15825 raft_consensus.cc:3060] T 19ec21cdf5aa4fbd9dd6db8d6c562f6e P 78a3ba286ba74914850ea922e8bf563c [term 0 FOLLOWER]: Advancing to term 1
I20260608 12:44:56.316322 15974 raft_consensus.cc:3060] T 19ec21cdf5aa4fbd9dd6db8d6c562f6e P 633f7089d96c4ab29692abd800cb726f [term 0 FOLLOWER]: Advancing to term 1
I20260608 12:44:56.323354 15974 raft_consensus.cc:2468] T 19ec21cdf5aa4fbd9dd6db8d6c562f6e P 633f7089d96c4ab29692abd800cb726f [term 1 FOLLOWER]: Leader election vote request: Granting yes vote for candidate 92e67dae5d1142e3b676c87a032c82ff in term 1.
I20260608 12:44:56.323354 15825 raft_consensus.cc:2468] T 19ec21cdf5aa4fbd9dd6db8d6c562f6e P 78a3ba286ba74914850ea922e8bf563c [term 1 FOLLOWER]: Leader election vote request: Granting yes vote for candidate 92e67dae5d1142e3b676c87a032c82ff in term 1.
I20260608 12:44:56.324854 15866 leader_election.cc:304] T 19ec21cdf5aa4fbd9dd6db8d6c562f6e P 92e67dae5d1142e3b676c87a032c82ff [CANDIDATE]: Term 1 election: Election decided. Result: candidate won. Election summary: received 2 responses out of 3 voters: 2 yes votes; 0 no votes. yes voters: 633f7089d96c4ab29692abd800cb726f, 92e67dae5d1142e3b676c87a032c82ff; no voters: 
I20260608 12:44:56.325582 16026 raft_consensus.cc:2804] T 19ec21cdf5aa4fbd9dd6db8d6c562f6e P 92e67dae5d1142e3b676c87a032c82ff [term 1 FOLLOWER]: Leader election won for term 1
I20260608 12:44:56.326036 16026 raft_consensus.cc:697] T 19ec21cdf5aa4fbd9dd6db8d6c562f6e P 92e67dae5d1142e3b676c87a032c82ff [term 1 LEADER]: Becoming Leader. State: Replica: 92e67dae5d1142e3b676c87a032c82ff, State: Running, Role: LEADER
I20260608 12:44:56.327023 16026 consensus_queue.cc:237] T 19ec21cdf5aa4fbd9dd6db8d6c562f6e P 92e67dae5d1142e3b676c87a032c82ff [LEADER]: Queue going to LEADER mode. State: All replicated index: 0, Majority replicated index: 0, Committed index: 0, Last appended: 0.0, Last appended by leader: 0, Current term: 1, Majority size: 2, State: 0, Mode: LEADER, active raft config: opid_index: -1 OBSOLETE_local: false peers { permanent_uuid: "92e67dae5d1142e3b676c87a032c82ff" member_type: VOTER last_known_addr { host: "127.12.136.130" port: 44743 } } peers { permanent_uuid: "78a3ba286ba74914850ea922e8bf563c" member_type: VOTER last_known_addr { host: "127.12.136.129" port: 46105 } } peers { permanent_uuid: "633f7089d96c4ab29692abd800cb726f" member_type: VOTER last_known_addr { host: "127.12.136.131" port: 40747 } }
I20260608 12:44:56.335362 15721 catalog_manager.cc:5696] T 19ec21cdf5aa4fbd9dd6db8d6c562f6e P 92e67dae5d1142e3b676c87a032c82ff reported cstate change: term changed from 0 to 1, leader changed from <none> to 92e67dae5d1142e3b676c87a032c82ff (127.12.136.130). New cstate: current_term: 1 leader_uuid: "92e67dae5d1142e3b676c87a032c82ff" committed_config { opid_index: -1 OBSOLETE_local: false peers { permanent_uuid: "92e67dae5d1142e3b676c87a032c82ff" member_type: VOTER last_known_addr { host: "127.12.136.130" port: 44743 } health_report { overall_health: HEALTHY } } peers { permanent_uuid: "78a3ba286ba74914850ea922e8bf563c" member_type: VOTER last_known_addr { host: "127.12.136.129" port: 46105 } health_report { overall_health: UNKNOWN } } peers { permanent_uuid: "633f7089d96c4ab29692abd800cb726f" member_type: VOTER last_known_addr { host: "127.12.136.131" port: 40747 } health_report { overall_health: UNKNOWN } } }
I20260608 12:44:56.366724 16026 raft_consensus.cc:493] T 6e64392cc412475a86551e818f8ba2ed P 92e67dae5d1142e3b676c87a032c82ff [term 0 FOLLOWER]: Starting pre-election (no leader contacted us within the election timeout)
I20260608 12:44:56.367264 16026 raft_consensus.cc:515] T 6e64392cc412475a86551e818f8ba2ed P 92e67dae5d1142e3b676c87a032c82ff [term 0 FOLLOWER]: Starting pre-election with config: opid_index: -1 OBSOLETE_local: false peers { permanent_uuid: "78a3ba286ba74914850ea922e8bf563c" member_type: VOTER last_known_addr { host: "127.12.136.129" port: 46105 } } peers { permanent_uuid: "92e67dae5d1142e3b676c87a032c82ff" member_type: VOTER last_known_addr { host: "127.12.136.130" port: 44743 } } peers { permanent_uuid: "633f7089d96c4ab29692abd800cb726f" member_type: VOTER last_known_addr { host: "127.12.136.131" port: 40747 } }
I20260608 12:44:56.369532 16026 leader_election.cc:290] T 6e64392cc412475a86551e818f8ba2ed P 92e67dae5d1142e3b676c87a032c82ff [CANDIDATE]: Term 1 pre-election: Requested pre-vote from peers 78a3ba286ba74914850ea922e8bf563c (127.12.136.129:46105), 633f7089d96c4ab29692abd800cb726f (127.12.136.131:40747)
I20260608 12:44:56.370412 15825 tablet_service.cc:1917] Received RequestConsensusVote() RPC: tablet_id: "6e64392cc412475a86551e818f8ba2ed" candidate_uuid: "92e67dae5d1142e3b676c87a032c82ff" candidate_term: 1 candidate_status { last_received { term: 0 index: 0 } } ignore_live_leader: false dest_uuid: "78a3ba286ba74914850ea922e8bf563c" is_pre_election: true
I20260608 12:44:56.370627 15974 tablet_service.cc:1917] Received RequestConsensusVote() RPC: tablet_id: "6e64392cc412475a86551e818f8ba2ed" candidate_uuid: "92e67dae5d1142e3b676c87a032c82ff" candidate_term: 1 candidate_status { last_received { term: 0 index: 0 } } ignore_live_leader: false dest_uuid: "633f7089d96c4ab29692abd800cb726f" is_pre_election: true
I20260608 12:44:56.371285 15825 raft_consensus.cc:2393] T 6e64392cc412475a86551e818f8ba2ed P 78a3ba286ba74914850ea922e8bf563c [term 1 FOLLOWER]: Leader pre-election vote request: Denying vote to candidate 92e67dae5d1142e3b676c87a032c82ff in current term 1: Already voted for candidate 633f7089d96c4ab29692abd800cb726f in this term.
I20260608 12:44:56.372332 15863 leader_election.cc:304] T 6e64392cc412475a86551e818f8ba2ed P 92e67dae5d1142e3b676c87a032c82ff [CANDIDATE]: Term 1 pre-election: Election decided. Result: candidate lost. Election summary: received 3 responses out of 3 voters: 1 yes votes; 2 no votes. yes voters: 92e67dae5d1142e3b676c87a032c82ff; no voters: 633f7089d96c4ab29692abd800cb726f, 78a3ba286ba74914850ea922e8bf563c
I20260608 12:44:56.373039 16026 raft_consensus.cc:3060] T 6e64392cc412475a86551e818f8ba2ed P 92e67dae5d1142e3b676c87a032c82ff [term 0 FOLLOWER]: Advancing to term 1
I20260608 12:44:56.378015 16026 raft_consensus.cc:2749] T 6e64392cc412475a86551e818f8ba2ed P 92e67dae5d1142e3b676c87a032c82ff [term 1 FOLLOWER]: Leader pre-election lost for term 1. Reason: could not achieve majority
I20260608 12:44:56.392915 16027 raft_consensus.cc:493] T af3e396a2cb2438b8c6b57c799cf5a17 P 633f7089d96c4ab29692abd800cb726f [term 0 FOLLOWER]: Starting pre-election (no leader contacted us within the election timeout)
I20260608 12:44:56.393553 16027 raft_consensus.cc:515] T af3e396a2cb2438b8c6b57c799cf5a17 P 633f7089d96c4ab29692abd800cb726f [term 0 FOLLOWER]: Starting pre-election with config: opid_index: -1 OBSOLETE_local: false peers { permanent_uuid: "78a3ba286ba74914850ea922e8bf563c" member_type: VOTER last_known_addr { host: "127.12.136.129" port: 46105 } } peers { permanent_uuid: "92e67dae5d1142e3b676c87a032c82ff" member_type: VOTER last_known_addr { host: "127.12.136.130" port: 44743 } } peers { permanent_uuid: "633f7089d96c4ab29692abd800cb726f" member_type: VOTER last_known_addr { host: "127.12.136.131" port: 40747 } }
I20260608 12:44:56.395349 16027 leader_election.cc:290] T af3e396a2cb2438b8c6b57c799cf5a17 P 633f7089d96c4ab29692abd800cb726f [CANDIDATE]: Term 1 pre-election: Requested pre-vote from peers 78a3ba286ba74914850ea922e8bf563c (127.12.136.129:46105), 92e67dae5d1142e3b676c87a032c82ff (127.12.136.130:44743)
I20260608 12:44:56.396399 15825 tablet_service.cc:1917] Received RequestConsensusVote() RPC: tablet_id: "af3e396a2cb2438b8c6b57c799cf5a17" candidate_uuid: "633f7089d96c4ab29692abd800cb726f" candidate_term: 1 candidate_status { last_received { term: 0 index: 0 } } ignore_live_leader: false dest_uuid: "78a3ba286ba74914850ea922e8bf563c" is_pre_election: true
I20260608 12:44:56.396756 15899 tablet_service.cc:1917] Received RequestConsensusVote() RPC: tablet_id: "af3e396a2cb2438b8c6b57c799cf5a17" candidate_uuid: "633f7089d96c4ab29692abd800cb726f" candidate_term: 1 candidate_status { last_received { term: 0 index: 0 } } ignore_live_leader: false dest_uuid: "92e67dae5d1142e3b676c87a032c82ff" is_pre_election: true
I20260608 12:44:56.397153 15825 raft_consensus.cc:2393] T af3e396a2cb2438b8c6b57c799cf5a17 P 78a3ba286ba74914850ea922e8bf563c [term 1 FOLLOWER]: Leader pre-election vote request: Denying vote to candidate 633f7089d96c4ab29692abd800cb726f in current term 1: Already voted for candidate 92e67dae5d1142e3b676c87a032c82ff in this term.
I20260608 12:44:56.398334 15937 leader_election.cc:304] T af3e396a2cb2438b8c6b57c799cf5a17 P 633f7089d96c4ab29692abd800cb726f [CANDIDATE]: Term 1 pre-election: Election decided. Result: candidate lost. Election summary: received 3 responses out of 3 voters: 1 yes votes; 2 no votes. yes voters: 633f7089d96c4ab29692abd800cb726f; no voters: 78a3ba286ba74914850ea922e8bf563c, 92e67dae5d1142e3b676c87a032c82ff
I20260608 12:44:56.399039 16027 raft_consensus.cc:3060] T af3e396a2cb2438b8c6b57c799cf5a17 P 633f7089d96c4ab29692abd800cb726f [term 0 FOLLOWER]: Advancing to term 1
I20260608 12:44:56.403831 16027 raft_consensus.cc:2749] T af3e396a2cb2438b8c6b57c799cf5a17 P 633f7089d96c4ab29692abd800cb726f [term 1 FOLLOWER]: Leader pre-election lost for term 1. Reason: could not achieve majority
I20260608 12:44:56.407581 16025 consensus_queue.cc:1048] T 6e64392cc412475a86551e818f8ba2ed P 633f7089d96c4ab29692abd800cb726f [LEADER]: Connected to new peer: Peer: permanent_uuid: "78a3ba286ba74914850ea922e8bf563c" member_type: VOTER last_known_addr { host: "127.12.136.129" port: 46105 }, Status: LMP_MISMATCH, Last received: 0.0, Next index: 1, Last known committed idx: 0, Time since last communication: 0.000s
I20260608 12:44:56.415791 16028 consensus_queue.cc:1048] T ce4abf2b11c7487ab7f35e184cd79a85 P 78a3ba286ba74914850ea922e8bf563c [LEADER]: Connected to new peer: Peer: permanent_uuid: "633f7089d96c4ab29692abd800cb726f" member_type: VOTER last_known_addr { host: "127.12.136.131" port: 40747 }, Status: LMP_MISMATCH, Last received: 0.0, Next index: 1, Last known committed idx: 0, Time since last communication: 0.001s
