I20260608 12:43:38.287894 13360 catalog_manager.cc:5696] T fedd5ac0788c46b98c67273a3652c84e P fd12ee2d2375461bbfd0ee0309d53cf9 reported cstate change: term changed from 0 to 1, leader changed from <none> to fd12ee2d2375461bbfd0ee0309d53cf9 (127.12.126.3). New cstate: current_term: 1 leader_uuid: "fd12ee2d2375461bbfd0ee0309d53cf9" committed_config { opid_index: -1 OBSOLETE_local: false peers { permanent_uuid: "b35ed99de83c4468a146986dd6fd6fd3" member_type: VOTER last_known_addr { host: "127.12.126.2" port: 34535 } health_report { overall_health: UNKNOWN } } peers { permanent_uuid: "fd12ee2d2375461bbfd0ee0309d53cf9" member_type: VOTER last_known_addr { host: "127.12.126.3" port: 41415 } health_report { overall_health: HEALTHY } } peers { permanent_uuid: "2d87aebd177741cca479828566c87245" member_type: VOTER last_known_addr { host: "127.12.126.1" port: 45437 } health_report { overall_health: UNKNOWN } } }
I20260608 12:43:38.291533 13657 raft_consensus.cc:359] T 5231ac05fb8b4a2cbbf1d633e1226f46 P fd12ee2d2375461bbfd0ee0309d53cf9 [term 0 FOLLOWER]: Replica starting. Triggering 0 pending ops. Active config: opid_index: -1 OBSOLETE_local: false peers { permanent_uuid: "2d87aebd177741cca479828566c87245" member_type: VOTER last_known_addr { host: "127.12.126.1" port: 45437 } } peers { permanent_uuid: "b35ed99de83c4468a146986dd6fd6fd3" member_type: VOTER last_known_addr { host: "127.12.126.2" port: 34535 } } peers { permanent_uuid: "fd12ee2d2375461bbfd0ee0309d53cf9" member_type: VOTER last_known_addr { host: "127.12.126.3" port: 41415 } }
I20260608 12:43:38.292095 13657 raft_consensus.cc:385] T 5231ac05fb8b4a2cbbf1d633e1226f46 P fd12ee2d2375461bbfd0ee0309d53cf9 [term 0 FOLLOWER]: Consensus starting up: Expiring failure detector timer to make a prompt election more likely
I20260608 12:43:38.292343 13657 raft_consensus.cc:740] T 5231ac05fb8b4a2cbbf1d633e1226f46 P fd12ee2d2375461bbfd0ee0309d53cf9 [term 0 FOLLOWER]: Becoming Follower/Learner. State: Replica: fd12ee2d2375461bbfd0ee0309d53cf9, State: Initialized, Role: FOLLOWER
I20260608 12:43:38.292996 13657 consensus_queue.cc:260] T 5231ac05fb8b4a2cbbf1d633e1226f46 P fd12ee2d2375461bbfd0ee0309d53cf9 [NON_LEADER]: Queue going to NON_LEADER mode. State: All replicated index: 0, Majority replicated index: 0, Committed index: 0, Last appended: 0.0, Last appended by leader: 0, Current term: 0, Majority size: -1, State: 0, Mode: NON_LEADER, active raft config: opid_index: -1 OBSOLETE_local: false peers { permanent_uuid: "2d87aebd177741cca479828566c87245" member_type: VOTER last_known_addr { host: "127.12.126.1" port: 45437 } } peers { permanent_uuid: "b35ed99de83c4468a146986dd6fd6fd3" member_type: VOTER last_known_addr { host: "127.12.126.2" port: 34535 } } peers { permanent_uuid: "fd12ee2d2375461bbfd0ee0309d53cf9" member_type: VOTER last_known_addr { host: "127.12.126.3" port: 41415 } }
I20260608 12:43:38.294588 13657 ts_tablet_manager.cc:1434] T 5231ac05fb8b4a2cbbf1d633e1226f46 P fd12ee2d2375461bbfd0ee0309d53cf9: Time spent starting tablet: real 0.006s	user 0.003s	sys 0.003s
I20260608 12:43:38.295359 13660 consensus_queue.cc:260] T 12729203147f40a8b99e7167a2daec8a P 2d87aebd177741cca479828566c87245 [NON_LEADER]: Queue going to NON_LEADER mode. State: All replicated index: 0, Majority replicated index: 0, Committed index: 0, Last appended: 0.0, Last appended by leader: 0, Current term: 0, Majority size: -1, State: 0, Mode: NON_LEADER, active raft config: opid_index: -1 OBSOLETE_local: false peers { permanent_uuid: "2d87aebd177741cca479828566c87245" member_type: VOTER last_known_addr { host: "127.12.126.1" port: 45437 } } peers { permanent_uuid: "b35ed99de83c4468a146986dd6fd6fd3" member_type: VOTER last_known_addr { host: "127.12.126.2" port: 34535 } } peers { permanent_uuid: "fd12ee2d2375461bbfd0ee0309d53cf9" member_type: VOTER last_known_addr { host: "127.12.126.3" port: 41415 } }
I20260608 12:43:38.297678 13660 ts_tablet_manager.cc:1434] T 12729203147f40a8b99e7167a2daec8a P 2d87aebd177741cca479828566c87245: Time spent starting tablet: real 0.018s	user 0.007s	sys 0.002s
I20260608 12:43:38.298422 13660 tablet_bootstrap.cc:492] T fedd5ac0788c46b98c67273a3652c84e P 2d87aebd177741cca479828566c87245: Bootstrap starting.
I20260608 12:43:38.303242 13660 tablet_bootstrap.cc:654] T fedd5ac0788c46b98c67273a3652c84e P 2d87aebd177741cca479828566c87245: Neither blocks nor log segments found. Creating new log.
I20260608 12:43:38.307904 13660 tablet_bootstrap.cc:492] T fedd5ac0788c46b98c67273a3652c84e P 2d87aebd177741cca479828566c87245: No bootstrap required, opened a new log
I20260608 12:43:38.308380 13660 ts_tablet_manager.cc:1403] T fedd5ac0788c46b98c67273a3652c84e P 2d87aebd177741cca479828566c87245: Time spent bootstrapping tablet: real 0.010s	user 0.004s	sys 0.004s
I20260608 12:43:38.311196 13660 raft_consensus.cc:359] T fedd5ac0788c46b98c67273a3652c84e P 2d87aebd177741cca479828566c87245 [term 0 FOLLOWER]: Replica starting. Triggering 0 pending ops. Active config: opid_index: -1 OBSOLETE_local: false peers { permanent_uuid: "b35ed99de83c4468a146986dd6fd6fd3" member_type: VOTER last_known_addr { host: "127.12.126.2" port: 34535 } } peers { permanent_uuid: "fd12ee2d2375461bbfd0ee0309d53cf9" member_type: VOTER last_known_addr { host: "127.12.126.3" port: 41415 } } peers { permanent_uuid: "2d87aebd177741cca479828566c87245" member_type: VOTER last_known_addr { host: "127.12.126.1" port: 45437 } }
I20260608 12:43:38.311833 13660 raft_consensus.cc:385] T fedd5ac0788c46b98c67273a3652c84e P 2d87aebd177741cca479828566c87245 [term 0 FOLLOWER]: Consensus starting up: Expiring failure detector timer to make a prompt election more likely
I20260608 12:43:38.311774 13661 raft_consensus.cc:493] T f3b9aad3569f4409845d6bae776f884b P fd12ee2d2375461bbfd0ee0309d53cf9 [term 0 FOLLOWER]: Starting pre-election (no leader contacted us within the election timeout)
I20260608 12:43:38.312278 13660 raft_consensus.cc:740] T fedd5ac0788c46b98c67273a3652c84e P 2d87aebd177741cca479828566c87245 [term 0 FOLLOWER]: Becoming Follower/Learner. State: Replica: 2d87aebd177741cca479828566c87245, State: Initialized, Role: FOLLOWER
I20260608 12:43:38.312505 13661 raft_consensus.cc:515] T f3b9aad3569f4409845d6bae776f884b P fd12ee2d2375461bbfd0ee0309d53cf9 [term 0 FOLLOWER]: Starting pre-election with config: opid_index: -1 OBSOLETE_local: false peers { permanent_uuid: "2d87aebd177741cca479828566c87245" member_type: VOTER last_known_addr { host: "127.12.126.1" port: 45437 } } peers { permanent_uuid: "b35ed99de83c4468a146986dd6fd6fd3" member_type: VOTER last_known_addr { host: "127.12.126.2" port: 34535 } } peers { permanent_uuid: "fd12ee2d2375461bbfd0ee0309d53cf9" member_type: VOTER last_known_addr { host: "127.12.126.3" port: 41415 } }
I20260608 12:43:38.314343 13661 leader_election.cc:290] T f3b9aad3569f4409845d6bae776f884b P fd12ee2d2375461bbfd0ee0309d53cf9 [CANDIDATE]: Term 1 pre-election: Requested pre-vote from peers 2d87aebd177741cca479828566c87245 (127.12.126.1:45437), b35ed99de83c4468a146986dd6fd6fd3 (127.12.126.2:34535)
I20260608 12:43:38.314205 13660 consensus_queue.cc:260] T fedd5ac0788c46b98c67273a3652c84e P 2d87aebd177741cca479828566c87245 [NON_LEADER]: Queue going to NON_LEADER mode. State: All replicated index: 0, Majority replicated index: 0, Committed index: 0, Last appended: 0.0, Last appended by leader: 0, Current term: 0, Majority size: -1, State: 0, Mode: NON_LEADER, active raft config: opid_index: -1 OBSOLETE_local: false peers { permanent_uuid: "b35ed99de83c4468a146986dd6fd6fd3" member_type: VOTER last_known_addr { host: "127.12.126.2" port: 34535 } } peers { permanent_uuid: "fd12ee2d2375461bbfd0ee0309d53cf9" member_type: VOTER last_known_addr { host: "127.12.126.3" port: 41415 } } peers { permanent_uuid: "2d87aebd177741cca479828566c87245" member_type: VOTER last_known_addr { host: "127.12.126.1" port: 45437 } }
I20260608 12:43:38.315184 13463 tablet_service.cc:1917] Received RequestConsensusVote() RPC: tablet_id: "f3b9aad3569f4409845d6bae776f884b" candidate_uuid: "fd12ee2d2375461bbfd0ee0309d53cf9" candidate_term: 1 candidate_status { last_received { term: 0 index: 0 } } ignore_live_leader: false dest_uuid: "2d87aebd177741cca479828566c87245" is_pre_election: true
I20260608 12:43:38.315507 13538 tablet_service.cc:1917] Received RequestConsensusVote() RPC: tablet_id: "f3b9aad3569f4409845d6bae776f884b" candidate_uuid: "fd12ee2d2375461bbfd0ee0309d53cf9" candidate_term: 1 candidate_status { last_received { term: 0 index: 0 } } ignore_live_leader: false dest_uuid: "b35ed99de83c4468a146986dd6fd6fd3" is_pre_election: true
I20260608 12:43:38.315863 13463 raft_consensus.cc:2468] T f3b9aad3569f4409845d6bae776f884b P 2d87aebd177741cca479828566c87245 [term 0 FOLLOWER]: Leader pre-election vote request: Granting yes vote for candidate fd12ee2d2375461bbfd0ee0309d53cf9 in term 0.
I20260608 12:43:38.316166 13660 ts_tablet_manager.cc:1434] T fedd5ac0788c46b98c67273a3652c84e P 2d87aebd177741cca479828566c87245: Time spent starting tablet: real 0.007s	user 0.006s	sys 0.001s
I20260608 12:43:38.316115 13538 raft_consensus.cc:2468] T f3b9aad3569f4409845d6bae776f884b P b35ed99de83c4468a146986dd6fd6fd3 [term 0 FOLLOWER]: Leader pre-election vote request: Granting yes vote for candidate fd12ee2d2375461bbfd0ee0309d53cf9 in term 0.
I20260608 12:43:38.317176 13576 leader_election.cc:304] T f3b9aad3569f4409845d6bae776f884b P fd12ee2d2375461bbfd0ee0309d53cf9 [CANDIDATE]: Term 1 pre-election: Election decided. Result: candidate won. Election summary: received 2 responses out of 3 voters: 2 yes votes; 0 no votes. yes voters: 2d87aebd177741cca479828566c87245, fd12ee2d2375461bbfd0ee0309d53cf9; no voters: 
I20260608 12:43:38.317991 13661 raft_consensus.cc:2804] T f3b9aad3569f4409845d6bae776f884b P fd12ee2d2375461bbfd0ee0309d53cf9 [term 0 FOLLOWER]: Leader pre-election won for term 1
I20260608 12:43:38.318373 13661 raft_consensus.cc:493] T f3b9aad3569f4409845d6bae776f884b P fd12ee2d2375461bbfd0ee0309d53cf9 [term 0 FOLLOWER]: Starting leader election (no leader contacted us within the election timeout)
I20260608 12:43:38.318681 13661 raft_consensus.cc:3060] T f3b9aad3569f4409845d6bae776f884b P fd12ee2d2375461bbfd0ee0309d53cf9 [term 0 FOLLOWER]: Advancing to term 1
I20260608 12:43:38.323686 13661 raft_consensus.cc:515] T f3b9aad3569f4409845d6bae776f884b P fd12ee2d2375461bbfd0ee0309d53cf9 [term 1 FOLLOWER]: Starting leader election with config: opid_index: -1 OBSOLETE_local: false peers { permanent_uuid: "2d87aebd177741cca479828566c87245" member_type: VOTER last_known_addr { host: "127.12.126.1" port: 45437 } } peers { permanent_uuid: "b35ed99de83c4468a146986dd6fd6fd3" member_type: VOTER last_known_addr { host: "127.12.126.2" port: 34535 } } peers { permanent_uuid: "fd12ee2d2375461bbfd0ee0309d53cf9" member_type: VOTER last_known_addr { host: "127.12.126.3" port: 41415 } }
I20260608 12:43:38.325641 13661 leader_election.cc:290] T f3b9aad3569f4409845d6bae776f884b P fd12ee2d2375461bbfd0ee0309d53cf9 [CANDIDATE]: Term 1 election: Requested vote from peers 2d87aebd177741cca479828566c87245 (127.12.126.1:45437), b35ed99de83c4468a146986dd6fd6fd3 (127.12.126.2:34535)
I20260608 12:43:38.326309 13463 tablet_service.cc:1917] Received RequestConsensusVote() RPC: tablet_id: "f3b9aad3569f4409845d6bae776f884b" candidate_uuid: "fd12ee2d2375461bbfd0ee0309d53cf9" candidate_term: 1 candidate_status { last_received { term: 0 index: 0 } } ignore_live_leader: false dest_uuid: "2d87aebd177741cca479828566c87245"
I20260608 12:43:38.326718 13538 tablet_service.cc:1917] Received RequestConsensusVote() RPC: tablet_id: "f3b9aad3569f4409845d6bae776f884b" candidate_uuid: "fd12ee2d2375461bbfd0ee0309d53cf9" candidate_term: 1 candidate_status { last_received { term: 0 index: 0 } } ignore_live_leader: false dest_uuid: "b35ed99de83c4468a146986dd6fd6fd3"
I20260608 12:43:38.326884 13463 raft_consensus.cc:3060] T f3b9aad3569f4409845d6bae776f884b P 2d87aebd177741cca479828566c87245 [term 0 FOLLOWER]: Advancing to term 1
I20260608 12:43:38.327261 13538 raft_consensus.cc:3060] T f3b9aad3569f4409845d6bae776f884b P b35ed99de83c4468a146986dd6fd6fd3 [term 0 FOLLOWER]: Advancing to term 1
I20260608 12:43:38.331442 13463 raft_consensus.cc:2468] T f3b9aad3569f4409845d6bae776f884b P 2d87aebd177741cca479828566c87245 [term 1 FOLLOWER]: Leader election vote request: Granting yes vote for candidate fd12ee2d2375461bbfd0ee0309d53cf9 in term 1.
I20260608 12:43:38.331717 13538 raft_consensus.cc:2468] T f3b9aad3569f4409845d6bae776f884b P b35ed99de83c4468a146986dd6fd6fd3 [term 1 FOLLOWER]: Leader election vote request: Granting yes vote for candidate fd12ee2d2375461bbfd0ee0309d53cf9 in term 1.
I20260608 12:43:38.332608 13576 leader_election.cc:304] T f3b9aad3569f4409845d6bae776f884b P fd12ee2d2375461bbfd0ee0309d53cf9 [CANDIDATE]: Term 1 election: Election decided. Result: candidate won. Election summary: received 2 responses out of 3 voters: 2 yes votes; 0 no votes. yes voters: 2d87aebd177741cca479828566c87245, fd12ee2d2375461bbfd0ee0309d53cf9; no voters: 
I20260608 12:43:38.333479 13665 raft_consensus.cc:493] T 5231ac05fb8b4a2cbbf1d633e1226f46 P b35ed99de83c4468a146986dd6fd6fd3 [term 0 FOLLOWER]: Starting pre-election (no leader contacted us within the election timeout)
I20260608 12:43:38.333479 13661 raft_consensus.cc:2804] T f3b9aad3569f4409845d6bae776f884b P fd12ee2d2375461bbfd0ee0309d53cf9 [term 1 FOLLOWER]: Leader election won for term 1
I20260608 12:43:38.334362 13661 raft_consensus.cc:697] T f3b9aad3569f4409845d6bae776f884b P fd12ee2d2375461bbfd0ee0309d53cf9 [term 1 LEADER]: Becoming Leader. State: Replica: fd12ee2d2375461bbfd0ee0309d53cf9, State: Running, Role: LEADER
I20260608 12:43:38.334208 13665 raft_consensus.cc:515] T 5231ac05fb8b4a2cbbf1d633e1226f46 P b35ed99de83c4468a146986dd6fd6fd3 [term 0 FOLLOWER]: Starting pre-election with config: opid_index: -1 OBSOLETE_local: false peers { permanent_uuid: "2d87aebd177741cca479828566c87245" member_type: VOTER last_known_addr { host: "127.12.126.1" port: 45437 } } peers { permanent_uuid: "b35ed99de83c4468a146986dd6fd6fd3" member_type: VOTER last_known_addr { host: "127.12.126.2" port: 34535 } } peers { permanent_uuid: "fd12ee2d2375461bbfd0ee0309d53cf9" member_type: VOTER last_known_addr { host: "127.12.126.3" port: 41415 } }
I20260608 12:43:38.335098 13661 consensus_queue.cc:237] T f3b9aad3569f4409845d6bae776f884b P fd12ee2d2375461bbfd0ee0309d53cf9 [LEADER]: Queue going to LEADER mode. State: All replicated index: 0, Majority replicated index: 0, Committed index: 0, Last appended: 0.0, Last appended by leader: 0, Current term: 1, Majority size: 2, State: 0, Mode: LEADER, active raft config: opid_index: -1 OBSOLETE_local: false peers { permanent_uuid: "2d87aebd177741cca479828566c87245" member_type: VOTER last_known_addr { host: "127.12.126.1" port: 45437 } } peers { permanent_uuid: "b35ed99de83c4468a146986dd6fd6fd3" member_type: VOTER last_known_addr { host: "127.12.126.2" port: 34535 } } peers { permanent_uuid: "fd12ee2d2375461bbfd0ee0309d53cf9" member_type: VOTER last_known_addr { host: "127.12.126.3" port: 41415 } }
I20260608 12:43:38.336246 13665 leader_election.cc:290] T 5231ac05fb8b4a2cbbf1d633e1226f46 P b35ed99de83c4468a146986dd6fd6fd3 [CANDIDATE]: Term 1 pre-election: Requested pre-vote from peers 2d87aebd177741cca479828566c87245 (127.12.126.1:45437), fd12ee2d2375461bbfd0ee0309d53cf9 (127.12.126.3:41415)
I20260608 12:43:38.337019 13463 tablet_service.cc:1917] Received RequestConsensusVote() RPC: tablet_id: "5231ac05fb8b4a2cbbf1d633e1226f46" candidate_uuid: "b35ed99de83c4468a146986dd6fd6fd3" candidate_term: 1 candidate_status { last_received { term: 0 index: 0 } } ignore_live_leader: false dest_uuid: "2d87aebd177741cca479828566c87245" is_pre_election: true
I20260608 12:43:38.337563 13612 tablet_service.cc:1917] Received RequestConsensusVote() RPC: tablet_id: "5231ac05fb8b4a2cbbf1d633e1226f46" candidate_uuid: "b35ed99de83c4468a146986dd6fd6fd3" candidate_term: 1 candidate_status { last_received { term: 0 index: 0 } } ignore_live_leader: false dest_uuid: "fd12ee2d2375461bbfd0ee0309d53cf9" is_pre_election: true
I20260608 12:43:38.337718 13463 raft_consensus.cc:2468] T 5231ac05fb8b4a2cbbf1d633e1226f46 P 2d87aebd177741cca479828566c87245 [term 0 FOLLOWER]: Leader pre-election vote request: Granting yes vote for candidate b35ed99de83c4468a146986dd6fd6fd3 in term 0.
I20260608 12:43:38.338114 13612 raft_consensus.cc:2468] T 5231ac05fb8b4a2cbbf1d633e1226f46 P fd12ee2d2375461bbfd0ee0309d53cf9 [term 0 FOLLOWER]: Leader pre-election vote request: Granting yes vote for candidate b35ed99de83c4468a146986dd6fd6fd3 in term 0.
I20260608 12:43:38.339075 13502 leader_election.cc:304] T 5231ac05fb8b4a2cbbf1d633e1226f46 P b35ed99de83c4468a146986dd6fd6fd3 [CANDIDATE]: Term 1 pre-election: Election decided. Result: candidate won. Election summary: received 2 responses out of 3 voters: 2 yes votes; 0 no votes. yes voters: 2d87aebd177741cca479828566c87245, b35ed99de83c4468a146986dd6fd6fd3; no voters: 
I20260608 12:43:38.340350 13665 raft_consensus.cc:2804] T 5231ac05fb8b4a2cbbf1d633e1226f46 P b35ed99de83c4468a146986dd6fd6fd3 [term 0 FOLLOWER]: Leader pre-election won for term 1
I20260608 12:43:38.340726 13665 raft_consensus.cc:493] T 5231ac05fb8b4a2cbbf1d633e1226f46 P b35ed99de83c4468a146986dd6fd6fd3 [term 0 FOLLOWER]: Starting leader election (no leader contacted us within the election timeout)
I20260608 12:43:38.341061 13665 raft_consensus.cc:3060] T 5231ac05fb8b4a2cbbf1d633e1226f46 P b35ed99de83c4468a146986dd6fd6fd3 [term 0 FOLLOWER]: Advancing to term 1
I20260608 12:43:38.346153 13665 raft_consensus.cc:515] T 5231ac05fb8b4a2cbbf1d633e1226f46 P b35ed99de83c4468a146986dd6fd6fd3 [term 1 FOLLOWER]: Starting leader election with config: opid_index: -1 OBSOLETE_local: false peers { permanent_uuid: "2d87aebd177741cca479828566c87245" member_type: VOTER last_known_addr { host: "127.12.126.1" port: 45437 } } peers { permanent_uuid: "b35ed99de83c4468a146986dd6fd6fd3" member_type: VOTER last_known_addr { host: "127.12.126.2" port: 34535 } } peers { permanent_uuid: "fd12ee2d2375461bbfd0ee0309d53cf9" member_type: VOTER last_known_addr { host: "127.12.126.3" port: 41415 } }
I20260608 12:43:38.346247 13360 catalog_manager.cc:5696] T f3b9aad3569f4409845d6bae776f884b P fd12ee2d2375461bbfd0ee0309d53cf9 reported cstate change: term changed from 0 to 1, leader changed from <none> to fd12ee2d2375461bbfd0ee0309d53cf9 (127.12.126.3). New cstate: current_term: 1 leader_uuid: "fd12ee2d2375461bbfd0ee0309d53cf9" committed_config { opid_index: -1 OBSOLETE_local: false peers { permanent_uuid: "2d87aebd177741cca479828566c87245" member_type: VOTER last_known_addr { host: "127.12.126.1" port: 45437 } health_report { overall_health: UNKNOWN } } peers { permanent_uuid: "b35ed99de83c4468a146986dd6fd6fd3" member_type: VOTER last_known_addr { host: "127.12.126.2" port: 34535 } health_report { overall_health: UNKNOWN } } peers { permanent_uuid: "fd12ee2d2375461bbfd0ee0309d53cf9" member_type: VOTER last_known_addr { host: "127.12.126.3" port: 41415 } health_report { overall_health: HEALTHY } } }
I20260608 12:43:38.347280 13666 raft_consensus.cc:493] T 12729203147f40a8b99e7167a2daec8a P 2d87aebd177741cca479828566c87245 [term 0 FOLLOWER]: Starting pre-election (no leader contacted us within the election timeout)
I20260608 12:43:38.347687 13666 raft_consensus.cc:515] T 12729203147f40a8b99e7167a2daec8a P 2d87aebd177741cca479828566c87245 [term 0 FOLLOWER]: Starting pre-election with config: opid_index: -1 OBSOLETE_local: false peers { permanent_uuid: "2d87aebd177741cca479828566c87245" member_type: VOTER last_known_addr { host: "127.12.126.1" port: 45437 } } peers { permanent_uuid: "b35ed99de83c4468a146986dd6fd6fd3" member_type: VOTER last_known_addr { host: "127.12.126.2" port: 34535 } } peers { permanent_uuid: "fd12ee2d2375461bbfd0ee0309d53cf9" member_type: VOTER last_known_addr { host: "127.12.126.3" port: 41415 } }
I20260608 12:43:38.349414 13666 leader_election.cc:290] T 12729203147f40a8b99e7167a2daec8a P 2d87aebd177741cca479828566c87245 [CANDIDATE]: Term 1 pre-election: Requested pre-vote from peers b35ed99de83c4468a146986dd6fd6fd3 (127.12.126.2:34535), fd12ee2d2375461bbfd0ee0309d53cf9 (127.12.126.3:41415)
I20260608 12:43:38.350159 13538 tablet_service.cc:1917] Received RequestConsensusVote() RPC: tablet_id: "12729203147f40a8b99e7167a2daec8a" candidate_uuid: "2d87aebd177741cca479828566c87245" candidate_term: 1 candidate_status { last_received { term: 0 index: 0 } } ignore_live_leader: false dest_uuid: "b35ed99de83c4468a146986dd6fd6fd3" is_pre_election: true
I20260608 12:43:38.350939 13538 raft_consensus.cc:2393] T 12729203147f40a8b99e7167a2daec8a P b35ed99de83c4468a146986dd6fd6fd3 [term 1 FOLLOWER]: Leader pre-election vote request: Denying vote to candidate 2d87aebd177741cca479828566c87245 in current term 1: Already voted for candidate fd12ee2d2375461bbfd0ee0309d53cf9 in this term.
I20260608 12:43:38.350976 13612 tablet_service.cc:1917] Received RequestConsensusVote() RPC: tablet_id: "12729203147f40a8b99e7167a2daec8a" candidate_uuid: "2d87aebd177741cca479828566c87245" candidate_term: 1 candidate_status { last_received { term: 0 index: 0 } } ignore_live_leader: false dest_uuid: "fd12ee2d2375461bbfd0ee0309d53cf9" is_pre_election: true
I20260608 12:43:38.352684 13427 leader_election.cc:304] T 12729203147f40a8b99e7167a2daec8a P 2d87aebd177741cca479828566c87245 [CANDIDATE]: Term 1 pre-election: Election decided. Result: candidate lost. Election summary: received 3 responses out of 3 voters: 1 yes votes; 2 no votes. yes voters: 2d87aebd177741cca479828566c87245; no voters: b35ed99de83c4468a146986dd6fd6fd3, fd12ee2d2375461bbfd0ee0309d53cf9
I20260608 12:43:38.354082 13612 tablet_service.cc:1917] Received RequestConsensusVote() RPC: tablet_id: "5231ac05fb8b4a2cbbf1d633e1226f46" candidate_uuid: "b35ed99de83c4468a146986dd6fd6fd3" candidate_term: 1 candidate_status { last_received { term: 0 index: 0 } } ignore_live_leader: false dest_uuid: "fd12ee2d2375461bbfd0ee0309d53cf9"
I20260608 12:43:38.354604 13612 raft_consensus.cc:3060] T 5231ac05fb8b4a2cbbf1d633e1226f46 P fd12ee2d2375461bbfd0ee0309d53cf9 [term 0 FOLLOWER]: Advancing to term 1
I20260608 12:43:38.359309 13612 raft_consensus.cc:2468] T 5231ac05fb8b4a2cbbf1d633e1226f46 P fd12ee2d2375461bbfd0ee0309d53cf9 [term 1 FOLLOWER]: Leader election vote request: Granting yes vote for candidate b35ed99de83c4468a146986dd6fd6fd3 in term 1.
I20260608 12:43:38.359792 13666 raft_consensus.cc:3060] T 12729203147f40a8b99e7167a2daec8a P 2d87aebd177741cca479828566c87245 [term 0 FOLLOWER]: Advancing to term 1
I20260608 12:43:38.360380 13502 leader_election.cc:304] T 5231ac05fb8b4a2cbbf1d633e1226f46 P b35ed99de83c4468a146986dd6fd6fd3 [CANDIDATE]: Term 1 election: Election decided. Result: candidate won. Election summary: received 2 responses out of 3 voters: 2 yes votes; 0 no votes. yes voters: b35ed99de83c4468a146986dd6fd6fd3, fd12ee2d2375461bbfd0ee0309d53cf9; no voters: 
I20260608 12:43:38.360666 13463 tablet_service.cc:1917] Received RequestConsensusVote() RPC: tablet_id: "5231ac05fb8b4a2cbbf1d633e1226f46" candidate_uuid: "b35ed99de83c4468a146986dd6fd6fd3" candidate_term: 1 candidate_status { last_received { term: 0 index: 0 } } ignore_live_leader: false dest_uuid: "2d87aebd177741cca479828566c87245"
I20260608 12:43:38.361243 13463 raft_consensus.cc:3060] T 5231ac05fb8b4a2cbbf1d633e1226f46 P 2d87aebd177741cca479828566c87245 [term 0 FOLLOWER]: Advancing to term 1
I20260608 12:43:38.361306 13690 raft_consensus.cc:2804] T 5231ac05fb8b4a2cbbf1d633e1226f46 P b35ed99de83c4468a146986dd6fd6fd3 [term 1 FOLLOWER]: Leader election won for term 1
I20260608 12:43:38.362519 13690 raft_consensus.cc:697] T 5231ac05fb8b4a2cbbf1d633e1226f46 P b35ed99de83c4468a146986dd6fd6fd3 [term 1 LEADER]: Becoming Leader. State: Replica: b35ed99de83c4468a146986dd6fd6fd3, State: Running, Role: LEADER
I20260608 12:43:38.363420 13690 consensus_queue.cc:237] T 5231ac05fb8b4a2cbbf1d633e1226f46 P b35ed99de83c4468a146986dd6fd6fd3 [LEADER]: Queue going to LEADER mode. State: All replicated index: 0, Majority replicated index: 0, Committed index: 0, Last appended: 0.0, Last appended by leader: 0, Current term: 1, Majority size: 2, State: 0, Mode: LEADER, active raft config: opid_index: -1 OBSOLETE_local: false peers { permanent_uuid: "2d87aebd177741cca479828566c87245" member_type: VOTER last_known_addr { host: "127.12.126.1" port: 45437 } } peers { permanent_uuid: "b35ed99de83c4468a146986dd6fd6fd3" member_type: VOTER last_known_addr { host: "127.12.126.2" port: 34535 } } peers { permanent_uuid: "fd12ee2d2375461bbfd0ee0309d53cf9" member_type: VOTER last_known_addr { host: "127.12.126.3" port: 41415 } }
I20260608 12:43:38.353013 13665 leader_election.cc:290] T 5231ac05fb8b4a2cbbf1d633e1226f46 P b35ed99de83c4468a146986dd6fd6fd3 [CANDIDATE]: Term 1 election: Requested vote from peers 2d87aebd177741cca479828566c87245 (127.12.126.1:45437), fd12ee2d2375461bbfd0ee0309d53cf9 (127.12.126.3:41415)
I20260608 12:43:38.365336 13666 raft_consensus.cc:2749] T 12729203147f40a8b99e7167a2daec8a P 2d87aebd177741cca479828566c87245 [term 1 FOLLOWER]: Leader pre-election lost for term 1. Reason: could not achieve majority
I20260608 12:43:38.368108 13463 raft_consensus.cc:2468] T 5231ac05fb8b4a2cbbf1d633e1226f46 P 2d87aebd177741cca479828566c87245 [term 1 FOLLOWER]: Leader election vote request: Granting yes vote for candidate b35ed99de83c4468a146986dd6fd6fd3 in term 1.
I20260608 12:43:38.372004 13360 catalog_manager.cc:5696] T 5231ac05fb8b4a2cbbf1d633e1226f46 P b35ed99de83c4468a146986dd6fd6fd3 reported cstate change: term changed from 0 to 1, leader changed from <none> to b35ed99de83c4468a146986dd6fd6fd3 (127.12.126.2). New cstate: current_term: 1 leader_uuid: "b35ed99de83c4468a146986dd6fd6fd3" committed_config { opid_index: -1 OBSOLETE_local: false peers { permanent_uuid: "2d87aebd177741cca479828566c87245" member_type: VOTER last_known_addr { host: "127.12.126.1" port: 45437 } health_report { overall_health: UNKNOWN } } peers { permanent_uuid: "b35ed99de83c4468a146986dd6fd6fd3" member_type: VOTER last_known_addr { host: "127.12.126.2" port: 34535 } health_report { overall_health: HEALTHY } } peers { permanent_uuid: "fd12ee2d2375461bbfd0ee0309d53cf9" member_type: VOTER last_known_addr { host: "127.12.126.3" port: 41415 } health_report { overall_health: UNKNOWN } } }
I20260608 12:43:38.385708 13661 raft_consensus.cc:493] T abf1c619e01e4a7899008201a5ebaa60 P fd12ee2d2375461bbfd0ee0309d53cf9 [term 0 FOLLOWER]: Starting pre-election (no leader contacted us within the election timeout)
I20260608 12:43:38.386196 13661 raft_consensus.cc:515] T abf1c619e01e4a7899008201a5ebaa60 P fd12ee2d2375461bbfd0ee0309d53cf9 [term 0 FOLLOWER]: Starting pre-election with config: opid_index: -1 OBSOLETE_local: false peers { permanent_uuid: "2d87aebd177741cca479828566c87245" member_type: VOTER last_known_addr { host: "127.12.126.1" port: 45437 } } peers { permanent_uuid: "b35ed99de83c4468a146986dd6fd6fd3" member_type: VOTER last_known_addr { host: "127.12.126.2" port: 34535 } } peers { permanent_uuid: "fd12ee2d2375461bbfd0ee0309d53cf9" member_type: VOTER last_known_addr { host: "127.12.126.3" port: 41415 } }
I20260608 12:43:38.388180 13661 leader_election.cc:290] T abf1c619e01e4a7899008201a5ebaa60 P fd12ee2d2375461bbfd0ee0309d53cf9 [CANDIDATE]: Term 1 pre-election: Requested pre-vote from peers 2d87aebd177741cca479828566c87245 (127.12.126.1:45437), b35ed99de83c4468a146986dd6fd6fd3 (127.12.126.2:34535)
I20260608 12:43:38.388971 13463 tablet_service.cc:1917] Received RequestConsensusVote() RPC: tablet_id: "abf1c619e01e4a7899008201a5ebaa60" candidate_uuid: "fd12ee2d2375461bbfd0ee0309d53cf9" candidate_term: 1 candidate_status { last_received { term: 0 index: 0 } } ignore_live_leader: false dest_uuid: "2d87aebd177741cca479828566c87245" is_pre_election: true
I20260608 12:43:38.389364 13538 tablet_service.cc:1917] Received RequestConsensusVote() RPC: tablet_id: "abf1c619e01e4a7899008201a5ebaa60" candidate_uuid: "fd12ee2d2375461bbfd0ee0309d53cf9" candidate_term: 1 candidate_status { last_received { term: 0 index: 0 } } ignore_live_leader: false dest_uuid: "b35ed99de83c4468a146986dd6fd6fd3" is_pre_election: true
I20260608 12:43:38.389710 13463 raft_consensus.cc:2393] T abf1c619e01e4a7899008201a5ebaa60 P 2d87aebd177741cca479828566c87245 [term 1 FOLLOWER]: Leader pre-election vote request: Denying vote to candidate fd12ee2d2375461bbfd0ee0309d53cf9 in current term 1: Already voted for candidate 2d87aebd177741cca479828566c87245 in this term.
I20260608 12:43:38.390164 13538 raft_consensus.cc:2393] T abf1c619e01e4a7899008201a5ebaa60 P b35ed99de83c4468a146986dd6fd6fd3 [term 1 FOLLOWER]: Leader pre-election vote request: Denying vote to candidate fd12ee2d2375461bbfd0ee0309d53cf9 in current term 1: Already voted for candidate b35ed99de83c4468a146986dd6fd6fd3 in this term.
I20260608 12:43:38.391216 13575 leader_election.cc:304] T abf1c619e01e4a7899008201a5ebaa60 P fd12ee2d2375461bbfd0ee0309d53cf9 [CANDIDATE]: Term 1 pre-election: Election decided. Result: candidate lost. Election summary: received 3 responses out of 3 voters: 1 yes votes; 2 no votes. yes voters: fd12ee2d2375461bbfd0ee0309d53cf9; no voters: 2d87aebd177741cca479828566c87245, b35ed99de83c4468a146986dd6fd6fd3
I20260608 12:43:38.391834 13661 raft_consensus.cc:3060] T abf1c619e01e4a7899008201a5ebaa60 P fd12ee2d2375461bbfd0ee0309d53cf9 [term 0 FOLLOWER]: Advancing to term 1
I20260608 12:43:38.396231 13661 raft_consensus.cc:2749] T abf1c619e01e4a7899008201a5ebaa60 P fd12ee2d2375461bbfd0ee0309d53cf9 [term 1 FOLLOWER]: Leader pre-election lost for term 1. Reason: could not achieve majority
I20260608 12:43:38.427619 13666 raft_consensus.cc:493] T bd9d83c7317b4f65b5db5024d2b6f786 P 2d87aebd177741cca479828566c87245 [term 0 FOLLOWER]: Starting pre-election (no leader contacted us within the election timeout)
I20260608 12:43:38.428153 13666 raft_consensus.cc:515] T bd9d83c7317b4f65b5db5024d2b6f786 P 2d87aebd177741cca479828566c87245 [term 0 FOLLOWER]: Starting pre-election with config: opid_index: -1 OBSOLETE_local: false peers { permanent_uuid: "2d87aebd177741cca479828566c87245" member_type: VOTER last_known_addr { host: "127.12.126.1" port: 45437 } } peers { permanent_uuid: "b35ed99de83c4468a146986dd6fd6fd3" member_type: VOTER last_known_addr { host: "127.12.126.2" port: 34535 } } peers { permanent_uuid: "fd12ee2d2375461bbfd0ee0309d53cf9" member_type: VOTER last_known_addr { host: "127.12.126.3" port: 41415 } }
I20260608 12:43:38.429958 13666 leader_election.cc:290] T bd9d83c7317b4f65b5db5024d2b6f786 P 2d87aebd177741cca479828566c87245 [CANDIDATE]: Term 1 pre-election: Requested pre-vote from peers b35ed99de83c4468a146986dd6fd6fd3 (127.12.126.2:34535), fd12ee2d2375461bbfd0ee0309d53cf9 (127.12.126.3:41415)
I20260608 12:43:38.430953 13538 tablet_service.cc:1917] Received RequestConsensusVote() RPC: tablet_id: "bd9d83c7317b4f65b5db5024d2b6f786" candidate_uuid: "2d87aebd177741cca479828566c87245" candidate_term: 1 candidate_status { last_received { term: 0 index: 0 } } ignore_live_leader: false dest_uuid: "b35ed99de83c4468a146986dd6fd6fd3" is_pre_election: true
I20260608 12:43:38.431160 13612 tablet_service.cc:1917] Received RequestConsensusVote() RPC: tablet_id: "bd9d83c7317b4f65b5db5024d2b6f786" candidate_uuid: "2d87aebd177741cca479828566c87245" candidate_term: 1 candidate_status { last_received { term: 0 index: 0 } } ignore_live_leader: false dest_uuid: "fd12ee2d2375461bbfd0ee0309d53cf9" is_pre_election: true
I20260608 12:43:38.431538 13538 raft_consensus.cc:2468] T bd9d83c7317b4f65b5db5024d2b6f786 P b35ed99de83c4468a146986dd6fd6fd3 [term 0 FOLLOWER]: Leader pre-election vote request: Granting yes vote for candidate 2d87aebd177741cca479828566c87245 in term 0.
I20260608 12:43:38.431763 13612 raft_consensus.cc:2468] T bd9d83c7317b4f65b5db5024d2b6f786 P fd12ee2d2375461bbfd0ee0309d53cf9 [term 0 FOLLOWER]: Leader pre-election vote request: Granting yes vote for candidate 2d87aebd177741cca479828566c87245 in term 0.
I20260608 12:43:38.432714 13426 leader_election.cc:304] T bd9d83c7317b4f65b5db5024d2b6f786 P 2d87aebd177741cca479828566c87245 [CANDIDATE]: Term 1 pre-election: Election decided. Result: candidate won. Election summary: received 2 responses out of 3 voters: 2 yes votes; 0 no votes. yes voters: 2d87aebd177741cca479828566c87245, b35ed99de83c4468a146986dd6fd6fd3; no voters: 
I20260608 12:43:38.433517 13666 raft_consensus.cc:2804] T bd9d83c7317b4f65b5db5024d2b6f786 P 2d87aebd177741cca479828566c87245 [term 0 FOLLOWER]: Leader pre-election won for term 1
I20260608 12:43:38.433846 13666 raft_consensus.cc:493] T bd9d83c7317b4f65b5db5024d2b6f786 P 2d87aebd177741cca479828566c87245 [term 0 FOLLOWER]: Starting leader election (no leader contacted us within the election timeout)
I20260608 12:43:38.434154 13666 raft_consensus.cc:3060] T bd9d83c7317b4f65b5db5024d2b6f786 P 2d87aebd177741cca479828566c87245 [term 0 FOLLOWER]: Advancing to term 1
I20260608 12:43:38.438674 13666 raft_consensus.cc:515] T bd9d83c7317b4f65b5db5024d2b6f786 P 2d87aebd177741cca479828566c87245 [term 1 FOLLOWER]: Starting leader election with config: opid_index: -1 OBSOLETE_local: false peers { permanent_uuid: "2d87aebd177741cca479828566c87245" member_type: VOTER last_known_addr { host: "127.12.126.1" port: 45437 } } peers { permanent_uuid: "b35ed99de83c4468a146986dd6fd6fd3" member_type: VOTER last_known_addr { host: "127.12.126.2" port: 34535 } } peers { permanent_uuid: "fd12ee2d2375461bbfd0ee0309d53cf9" member_type: VOTER last_known_addr { host: "127.12.126.3" port: 41415 } }
I20260608 12:43:38.440444 13666 leader_election.cc:290] T bd9d83c7317b4f65b5db5024d2b6f786 P 2d87aebd177741cca479828566c87245 [CANDIDATE]: Term 1 election: Requested vote from peers b35ed99de83c4468a146986dd6fd6fd3 (127.12.126.2:34535), fd12ee2d2375461bbfd0ee0309d53cf9 (127.12.126.3:41415)
I20260608 12:43:38.441560 13538 tablet_service.cc:1917] Received RequestConsensusVote() RPC: tablet_id: "bd9d83c7317b4f65b5db5024d2b6f786" candidate_uuid: "2d87aebd177741cca479828566c87245" candidate_term: 1 candidate_status { last_received { term: 0 index: 0 } } ignore_live_leader: false dest_uuid: "b35ed99de83c4468a146986dd6fd6fd3"
I20260608 12:43:38.441710 13612 tablet_service.cc:1917] Received RequestConsensusVote() RPC: tablet_id: "bd9d83c7317b4f65b5db5024d2b6f786" candidate_uuid: "2d87aebd177741cca479828566c87245" candidate_term: 1 candidate_status { last_received { term: 0 index: 0 } } ignore_live_leader: false dest_uuid: "fd12ee2d2375461bbfd0ee0309d53cf9"
I20260608 12:43:38.442063 13538 raft_consensus.cc:3060] T bd9d83c7317b4f65b5db5024d2b6f786 P b35ed99de83c4468a146986dd6fd6fd3 [term 0 FOLLOWER]: Advancing to term 1
I20260608 12:43:38.442269 13612 raft_consensus.cc:3060] T bd9d83c7317b4f65b5db5024d2b6f786 P fd12ee2d2375461bbfd0ee0309d53cf9 [term 0 FOLLOWER]: Advancing to term 1
I20260608 12:43:38.447014 13538 raft_consensus.cc:2468] T bd9d83c7317b4f65b5db5024d2b6f786 P b35ed99de83c4468a146986dd6fd6fd3 [term 1 FOLLOWER]: Leader election vote request: Granting yes vote for candidate 2d87aebd177741cca479828566c87245 in term 1.
I20260608 12:43:38.447014 13612 raft_consensus.cc:2468] T bd9d83c7317b4f65b5db5024d2b6f786 P fd12ee2d2375461bbfd0ee0309d53cf9 [term 1 FOLLOWER]: Leader election vote request: Granting yes vote for candidate 2d87aebd177741cca479828566c87245 in term 1.
I20260608 12:43:38.448287 13427 leader_election.cc:304] T bd9d83c7317b4f65b5db5024d2b6f786 P 2d87aebd177741cca479828566c87245 [CANDIDATE]: Term 1 election: Election decided. Result: candidate won. Election summary: received 2 responses out of 3 voters: 2 yes votes; 0 no votes. yes voters: 2d87aebd177741cca479828566c87245, fd12ee2d2375461bbfd0ee0309d53cf9; no voters: 
I20260608 12:43:38.449003 13666 raft_consensus.cc:2804] T bd9d83c7317b4f65b5db5024d2b6f786 P 2d87aebd177741cca479828566c87245 [term 1 FOLLOWER]: Leader election won for term 1
I20260608 12:43:38.449580 13666 raft_consensus.cc:697] T bd9d83c7317b4f65b5db5024d2b6f786 P 2d87aebd177741cca479828566c87245 [term 1 LEADER]: Becoming Leader. State: Replica: 2d87aebd177741cca479828566c87245, State: Running, Role: LEADER
I20260608 12:43:38.450245 13666 consensus_queue.cc:237] T bd9d83c7317b4f65b5db5024d2b6f786 P 2d87aebd177741cca479828566c87245 [LEADER]: Queue going to LEADER mode. State: All replicated index: 0, Majority replicated index: 0, Committed index: 0, Last appended: 0.0, Last appended by leader: 0, Current term: 1, Majority size: 2, State: 0, Mode: LEADER, active raft config: opid_index: -1 OBSOLETE_local: false peers { permanent_uuid: "2d87aebd177741cca479828566c87245" member_type: VOTER last_known_addr { host: "127.12.126.1" port: 45437 } } peers { permanent_uuid: "b35ed99de83c4468a146986dd6fd6fd3" member_type: VOTER last_known_addr { host: "127.12.126.2" port: 34535 } } peers { permanent_uuid: "fd12ee2d2375461bbfd0ee0309d53cf9" member_type: VOTER last_known_addr { host: "127.12.126.3" port: 41415 } }
I20260608 12:43:38.458339 13360 catalog_manager.cc:5696] T bd9d83c7317b4f65b5db5024d2b6f786 P 2d87aebd177741cca479828566c87245 reported cstate change: term changed from 0 to 1, leader changed from <none> to 2d87aebd177741cca479828566c87245 (127.12.126.1). New cstate: current_term: 1 leader_uuid: "2d87aebd177741cca479828566c87245" committed_config { opid_index: -1 OBSOLETE_local: false peers { permanent_uuid: "2d87aebd177741cca479828566c87245" member_type: VOTER last_known_addr { host: "127.12.126.1" port: 45437 } health_report { overall_health: HEALTHY } } peers { permanent_uuid: "b35ed99de83c4468a146986dd6fd6fd3" member_type: VOTER last_known_addr { host: "127.12.126.2" port: 34535 } health_report { overall_health: UNKNOWN } } peers { permanent_uuid: "fd12ee2d2375461bbfd0ee0309d53cf9" member_type: VOTER last_known_addr { host: "127.12.126.3" port: 41415 } health_report { overall_health: UNKNOWN } } }
I20260608 12:43:38.529879 13661 consensus_queue.cc:1048] T 12729203147f40a8b99e7167a2daec8a P fd12ee2d2375461bbfd0ee0309d53cf9 [LEADER]: Connected to new peer: Peer: permanent_uuid: "2d87aebd177741cca479828566c87245" member_type: VOTER last_known_addr { host: "127.12.126.1" port: 45437 }, Status: LMP_MISMATCH, Last received: 0.0, Next index: 1, Last known committed idx: 0, Time since last communication: 0.000s
I20260608 12:43:38.543217 13683 consensus_queue.cc:1048] T 12729203147f40a8b99e7167a2daec8a P fd12ee2d2375461bbfd0ee0309d53cf9 [LEADER]: Connected to new peer: Peer: permanent_uuid: "b35ed99de83c4468a146986dd6fd6fd3" member_type: VOTER last_known_addr { host: "127.12.126.2" port: 34535 }, Status: LMP_MISMATCH, Last received: 0.0, Next index: 1, Last known committed idx: 0, Time since last communication: 0.001s
I20260608 12:43:38.574370 13690 consensus_queue.cc:1048] T 438f8dc0761247bfa85865afa54d1bd5 P b35ed99de83c4468a146986dd6fd6fd3 [LEADER]: Connected to new peer: Peer: permanent_uuid: "2d87aebd177741cca479828566c87245" member_type: VOTER last_known_addr { host: "127.12.126.1" port: 45437 }, Status: LMP_MISMATCH, Last received: 0.0, Next index: 1, Last known committed idx: 0, Time since last communication: 0.000s
I20260608 12:43:38.583643 13612 raft_consensus.cc:3060] T 438f8dc0761247bfa85865afa54d1bd5 P fd12ee2d2375461bbfd0ee0309d53cf9 [term 0 FOLLOWER]: Advancing to term 1
I20260608 12:43:38.591250 13665 consensus_queue.cc:1048] T 438f8dc0761247bfa85865afa54d1bd5 P b35ed99de83c4468a146986dd6fd6fd3 [LEADER]: Connected to new peer: Peer: permanent_uuid: "fd12ee2d2375461bbfd0ee0309d53cf9" member_type: VOTER last_known_addr { host: "127.12.126.3" port: 41415 }, Status: LMP_MISMATCH, Last received: 0.0, Next index: 1, Last known committed idx: 0, Time since last communication: 0.000s
I20260608 12:43:38.675112 13666 consensus_queue.cc:1048] T e8799544097c462e9d492bdeb419665d P 2d87aebd177741cca479828566c87245 [LEADER]: Connected to new peer: Peer: permanent_uuid: "fd12ee2d2375461bbfd0ee0309d53cf9" member_type: VOTER last_known_addr { host: "127.12.126.3" port: 41415 }, Status: LMP_MISMATCH, Last received: 0.0, Next index: 1, Last known committed idx: 0, Time since last communication: 0.000s
I20260608 12:43:38.686017 13669 consensus_queue.cc:1048] T e8799544097c462e9d492bdeb419665d P 2d87aebd177741cca479828566c87245 [LEADER]: Connected to new peer: Peer: permanent_uuid: "b35ed99de83c4468a146986dd6fd6fd3" member_type: VOTER last_known_addr { host: "127.12.126.2" port: 34535 }, Status: LMP_MISMATCH, Last received: 0.0, Next index: 1, Last known committed idx: 0, Time since last communication: 0.000s
I20260608 12:43:38.695541 13463 raft_consensus.cc:3060] T fedd5ac0788c46b98c67273a3652c84e P 2d87aebd177741cca479828566c87245 [term 0 FOLLOWER]: Advancing to term 1
I20260608 12:43:38.702852 13683 consensus_queue.cc:1048] T fedd5ac0788c46b98c67273a3652c84e P fd12ee2d2375461bbfd0ee0309d53cf9 [LEADER]: Connected to new peer: Peer: permanent_uuid: "2d87aebd177741cca479828566c87245" member_type: VOTER last_known_addr { host: "127.12.126.1" port: 45437 }, Status: LMP_MISMATCH, Last received: 0.0, Next index: 1, Last known committed idx: 0, Time since last communication: 0.000s
I20260608 12:43:38.715713 13681 consensus_queue.cc:1048] T fedd5ac0788c46b98c67273a3652c84e P fd12ee2d2375461bbfd0ee0309d53cf9 [LEADER]: Connected to new peer: Peer: permanent_uuid: "b35ed99de83c4468a146986dd6fd6fd3" member_type: VOTER last_known_addr { host: "127.12.126.2" port: 34535 }, Status: LMP_MISMATCH, Last received: 0.0, Next index: 1, Last known committed idx: 0, Time since last communication: 0.000s
I20260608 12:43:38.748792 13665 consensus_queue.cc:1048] T 5231ac05fb8b4a2cbbf1d633e1226f46 P b35ed99de83c4468a146986dd6fd6fd3 [LEADER]: Connected to new peer: Peer: permanent_uuid: "2d87aebd177741cca479828566c87245" member_type: VOTER last_known_addr { host: "127.12.126.1" port: 45437 }, Status: LMP_MISMATCH, Last received: 0.0, Next index: 1, Last known committed idx: 0, Time since last communication: 0.000s
I20260608 12:43:38.760942 13665 consensus_queue.cc:1048] T 5231ac05fb8b4a2cbbf1d633e1226f46 P b35ed99de83c4468a146986dd6fd6fd3 [LEADER]: Connected to new peer: Peer: permanent_uuid: "fd12ee2d2375461bbfd0ee0309d53cf9" member_type: VOTER last_known_addr { host: "127.12.126.3" port: 41415 }, Status: LMP_MISMATCH, Last received: 0.0, Next index: 1, Last known committed idx: 0, Time since last communication: 0.000s
I20260608 12:43:38.774637 13681 consensus_queue.cc:1048] T f3b9aad3569f4409845d6bae776f884b P fd12ee2d2375461bbfd0ee0309d53cf9 [LEADER]: Connected to new peer: Peer: permanent_uuid: "2d87aebd177741cca479828566c87245" member_type: VOTER last_known_addr { host: "127.12.126.1" port: 45437 }, Status: LMP_MISMATCH, Last received: 0.0, Next index: 1, Last known committed idx: 0, Time since last communication: 0.000s
I20260608 12:43:38.787487 13661 consensus_queue.cc:1048] T f3b9aad3569f4409845d6bae776f884b P fd12ee2d2375461bbfd0ee0309d53cf9 [LEADER]: Connected to new peer: Peer: permanent_uuid: "b35ed99de83c4468a146986dd6fd6fd3" member_type: VOTER last_known_addr { host: "127.12.126.2" port: 34535 }, Status: LMP_MISMATCH, Last received: 0.0, Next index: 1, Last known committed idx: 0, Time since last communication: 0.000s
I20260608 12:43:38.851269 13669 consensus_queue.cc:1048] T bd9d83c7317b4f65b5db5024d2b6f786 P 2d87aebd177741cca479828566c87245 [LEADER]: Connected to new peer: Peer: permanent_uuid: "fd12ee2d2375461bbfd0ee0309d53cf9" member_type: VOTER last_known_addr { host: "127.12.126.3" port: 41415 }, Status: LMP_MISMATCH, Last received: 0.0, Next index: 1, Last known committed idx: 0, Time since last communication: 0.000s
I20260608 12:43:38.863195 13666 consensus_queue.cc:1048] T bd9d83c7317b4f65b5db5024d2b6f786 P 2d87aebd177741cca479828566c87245 [LEADER]: Connected to new peer: Peer: permanent_uuid: "b35ed99de83c4468a146986dd6fd6fd3" member_type: VOTER last_known_addr { host: "127.12.126.2" port: 34535 }, Status: LMP_MISMATCH, Last received: 0.0, Next index: 1, Last known committed idx: 0, Time since last communication: 0.000s
W20260608 12:43:39.069990 13409 auto_rebalancer.cc:259] Could not retrieve cluster info: Service unavailable: Tablet not running
I20260608 12:43:39.861511 13669 raft_consensus.cc:493] T abf1c619e01e4a7899008201a5ebaa60 P 2d87aebd177741cca479828566c87245 [term 1 FOLLOWER]: Starting pre-election (no leader contacted us within the election timeout)
I20260608 12:43:39.862006 13669 raft_consensus.cc:515] T abf1c619e01e4a7899008201a5ebaa60 P 2d87aebd177741cca479828566c87245 [term 1 FOLLOWER]: Starting pre-election with config: opid_index: -1 OBSOLETE_local: false peers { permanent_uuid: "2d87aebd177741cca479828566c87245" member_type: VOTER last_known_addr { host: "127.12.126.1" port: 45437 } } peers { permanent_uuid: "b35ed99de83c4468a146986dd6fd6fd3" member_type: VOTER last_known_addr { host: "127.12.126.2" port: 34535 } } peers { permanent_uuid: "fd12ee2d2375461bbfd0ee0309d53cf9" member_type: VOTER last_known_addr { host: "127.12.126.3" port: 41415 } }
I20260608 12:43:39.863801 13669 leader_election.cc:290] T abf1c619e01e4a7899008201a5ebaa60 P 2d87aebd177741cca479828566c87245 [CANDIDATE]: Term 2 pre-election: Requested pre-vote from peers b35ed99de83c4468a146986dd6fd6fd3 (127.12.126.2:34535), fd12ee2d2375461bbfd0ee0309d53cf9 (127.12.126.3:41415)
I20260608 12:43:39.864813 13538 tablet_service.cc:1917] Received RequestConsensusVote() RPC: tablet_id: "abf1c619e01e4a7899008201a5ebaa60" candidate_uuid: "2d87aebd177741cca479828566c87245" candidate_term: 2 candidate_status { last_received { term: 0 index: 0 } } ignore_live_leader: false dest_uuid: "b35ed99de83c4468a146986dd6fd6fd3" is_pre_election: true
I20260608 12:43:39.864995 13612 tablet_service.cc:1917] Received RequestConsensusVote() RPC: tablet_id: "abf1c619e01e4a7899008201a5ebaa60" candidate_uuid: "2d87aebd177741cca479828566c87245" candidate_term: 2 candidate_status { last_received { term: 0 index: 0 } } ignore_live_leader: false dest_uuid: "fd12ee2d2375461bbfd0ee0309d53cf9" is_pre_election: true
I20260608 12:43:39.865535 13538 raft_consensus.cc:2468] T abf1c619e01e4a7899008201a5ebaa60 P b35ed99de83c4468a146986dd6fd6fd3 [term 1 FOLLOWER]: Leader pre-election vote request: Granting yes vote for candidate 2d87aebd177741cca479828566c87245 in term 1.
I20260608 12:43:39.865558 13612 raft_consensus.cc:2468] T abf1c619e01e4a7899008201a5ebaa60 P fd12ee2d2375461bbfd0ee0309d53cf9 [term 1 FOLLOWER]: Leader pre-election vote request: Granting yes vote for candidate 2d87aebd177741cca479828566c87245 in term 1.
I20260608 12:43:39.866956 13426 leader_election.cc:304] T abf1c619e01e4a7899008201a5ebaa60 P 2d87aebd177741cca479828566c87245 [CANDIDATE]: Term 2 pre-election: Election decided. Result: candidate won. Election summary: received 2 responses out of 3 voters: 2 yes votes; 0 no votes. yes voters: 2d87aebd177741cca479828566c87245, b35ed99de83c4468a146986dd6fd6fd3; no voters: 
I20260608 12:43:39.867812 13669 raft_consensus.cc:2804] T abf1c619e01e4a7899008201a5ebaa60 P 2d87aebd177741cca479828566c87245 [term 1 FOLLOWER]: Leader pre-election won for term 2
I20260608 12:43:39.868218 13669 raft_consensus.cc:493] T abf1c619e01e4a7899008201a5ebaa60 P 2d87aebd177741cca479828566c87245 [term 1 FOLLOWER]: Starting leader election (no leader contacted us within the election timeout)
I20260608 12:43:39.868618 13669 raft_consensus.cc:3060] T abf1c619e01e4a7899008201a5ebaa60 P 2d87aebd177741cca479828566c87245 [term 1 FOLLOWER]: Advancing to term 2
I20260608 12:43:39.874372 13669 raft_consensus.cc:515] T abf1c619e01e4a7899008201a5ebaa60 P 2d87aebd177741cca479828566c87245 [term 2 FOLLOWER]: Starting leader election with config: opid_index: -1 OBSOLETE_local: false peers { permanent_uuid: "2d87aebd177741cca479828566c87245" member_type: VOTER last_known_addr { host: "127.12.126.1" port: 45437 } } peers { permanent_uuid: "b35ed99de83c4468a146986dd6fd6fd3" member_type: VOTER last_known_addr { host: "127.12.126.2" port: 34535 } } peers { permanent_uuid: "fd12ee2d2375461bbfd0ee0309d53cf9" member_type: VOTER last_known_addr { host: "127.12.126.3" port: 41415 } }
I20260608 12:43:39.875923 13669 leader_election.cc:290] T abf1c619e01e4a7899008201a5ebaa60 P 2d87aebd177741cca479828566c87245 [CANDIDATE]: Term 2 election: Requested vote from peers b35ed99de83c4468a146986dd6fd6fd3 (127.12.126.2:34535), fd12ee2d2375461bbfd0ee0309d53cf9 (127.12.126.3:41415)
I20260608 12:43:39.876852 13538 tablet_service.cc:1917] Received RequestConsensusVote() RPC: tablet_id: "abf1c619e01e4a7899008201a5ebaa60" candidate_uuid: "2d87aebd177741cca479828566c87245" candidate_term: 2 candidate_status { last_received { term: 0 index: 0 } } ignore_live_leader: false dest_uuid: "b35ed99de83c4468a146986dd6fd6fd3"
I20260608 12:43:39.877117 13612 tablet_service.cc:1917] Received RequestConsensusVote() RPC: tablet_id: "abf1c619e01e4a7899008201a5ebaa60" candidate_uuid: "2d87aebd177741cca479828566c87245" candidate_term: 2 candidate_status { last_received { term: 0 index: 0 } } ignore_live_leader: false dest_uuid: "fd12ee2d2375461bbfd0ee0309d53cf9"
I20260608 12:43:39.877470 13538 raft_consensus.cc:3060] T abf1c619e01e4a7899008201a5ebaa60 P b35ed99de83c4468a146986dd6fd6fd3 [term 1 FOLLOWER]: Advancing to term 2
I20260608 12:43:39.877730 13612 raft_consensus.cc:3060] T abf1c619e01e4a7899008201a5ebaa60 P fd12ee2d2375461bbfd0ee0309d53cf9 [term 1 FOLLOWER]: Advancing to term 2
I20260608 12:43:39.882326 13538 raft_consensus.cc:2468] T abf1c619e01e4a7899008201a5ebaa60 P b35ed99de83c4468a146986dd6fd6fd3 [term 2 FOLLOWER]: Leader election vote request: Granting yes vote for candidate 2d87aebd177741cca479828566c87245 in term 2.
I20260608 12:43:39.882315 13612 raft_consensus.cc:2468] T abf1c619e01e4a7899008201a5ebaa60 P fd12ee2d2375461bbfd0ee0309d53cf9 [term 2 FOLLOWER]: Leader election vote request: Granting yes vote for candidate 2d87aebd177741cca479828566c87245 in term 2.
