I20260608 12:38:19.619458  3519 raft_consensus.cc:2468] T 5efd4142260e45689fcb09316d13d61e P 432c455dd4164dbbb2ca4ffe588a627b [term 1 FOLLOWER]: Leader election vote request: Granting yes vote for candidate 5da35f9ddca7467ab130309858dc7d0e in term 1.
I20260608 12:38:19.613283  3342 catalog_manager.cc:5696] T 65ffd82ccbdf4f17982ffc91c2847ec9 P 432c455dd4164dbbb2ca4ffe588a627b reported cstate change: term changed from 0 to 1, leader changed from <none> to 432c455dd4164dbbb2ca4ffe588a627b (127.0.108.2). New cstate: current_term: 1 leader_uuid: "432c455dd4164dbbb2ca4ffe588a627b" committed_config { opid_index: -1 OBSOLETE_local: false peers { permanent_uuid: "432c455dd4164dbbb2ca4ffe588a627b" member_type: VOTER last_known_addr { host: "127.0.108.2" port: 37761 } health_report { overall_health: HEALTHY } } peers { permanent_uuid: "5da35f9ddca7467ab130309858dc7d0e" member_type: VOTER last_known_addr { host: "127.0.108.1" port: 41303 } health_report { overall_health: UNKNOWN } } peers { permanent_uuid: "2e92184eb89b425396c43ebf026d8635" member_type: VOTER last_known_addr { host: "127.0.108.4" port: 39049 } health_report { overall_health: UNKNOWN } } }
I20260608 12:38:19.621069  3791 raft_consensus.cc:385] T b280e10a06564c148a13c1204c7ea62c P 2e92184eb89b425396c43ebf026d8635 [term 0 FOLLOWER]: Consensus starting up: Expiring failure detector timer to make a prompt election more likely
I20260608 12:38:19.621382  3791 raft_consensus.cc:740] T b280e10a06564c148a13c1204c7ea62c P 2e92184eb89b425396c43ebf026d8635 [term 0 FOLLOWER]: Becoming Follower/Learner. State: Replica: 2e92184eb89b425396c43ebf026d8635, State: Initialized, Role: FOLLOWER
I20260608 12:38:19.620880  3640 raft_consensus.cc:385] T b280e10a06564c148a13c1204c7ea62c P 432c455dd4164dbbb2ca4ffe588a627b [term 0 FOLLOWER]: Consensus starting up: Expiring failure detector timer to make a prompt election more likely
I20260608 12:38:19.622176  3640 raft_consensus.cc:740] T b280e10a06564c148a13c1204c7ea62c P 432c455dd4164dbbb2ca4ffe588a627b [term 0 FOLLOWER]: Becoming Follower/Learner. State: Replica: 432c455dd4164dbbb2ca4ffe588a627b, State: Initialized, Role: FOLLOWER
I20260608 12:38:19.621882  3784 tablet_bootstrap.cc:492] T 8f1296d1bf5b410f94efa1d85995c9dd P 5da35f9ddca7467ab130309858dc7d0e: No bootstrap required, opened a new log
I20260608 12:38:19.620481  3783 raft_consensus.cc:385] T 905496181a0d47e6aa6ddf00a536b1cf P 2f5c9237fc834dc285d54e4d1f584c48 [term 0 FOLLOWER]: Consensus starting up: Expiring failure detector timer to make a prompt election more likely
I20260608 12:38:19.621944  3410 leader_election.cc:304] T 5efd4142260e45689fcb09316d13d61e P 5da35f9ddca7467ab130309858dc7d0e [CANDIDATE]: Term 1 election: Election decided. Result: candidate won. Election summary: received 3 responses out of 3 voters: 2 yes votes; 1 no votes. yes voters: 432c455dd4164dbbb2ca4ffe588a627b, 5da35f9ddca7467ab130309858dc7d0e; no voters: 2e92184eb89b425396c43ebf026d8635
I20260608 12:38:19.623118  3783 raft_consensus.cc:740] T 905496181a0d47e6aa6ddf00a536b1cf P 2f5c9237fc834dc285d54e4d1f584c48 [term 0 FOLLOWER]: Becoming Follower/Learner. State: Replica: 2f5c9237fc834dc285d54e4d1f584c48, State: Initialized, Role: FOLLOWER
I20260608 12:38:19.624167  3669 raft_consensus.cc:2804] T 5efd4142260e45689fcb09316d13d61e P 5da35f9ddca7467ab130309858dc7d0e [term 1 FOLLOWER]: Leader election won for term 1
I20260608 12:38:19.624418  3784 ts_tablet_manager.cc:1403] T 8f1296d1bf5b410f94efa1d85995c9dd P 5da35f9ddca7467ab130309858dc7d0e: Time spent bootstrapping tablet: real 0.089s	user 0.011s	sys 0.003s
I20260608 12:38:19.624621  3791 consensus_queue.cc:260] T b280e10a06564c148a13c1204c7ea62c P 2e92184eb89b425396c43ebf026d8635 [NON_LEADER]: Queue going to NON_LEADER mode. State: All replicated index: 0, Majority replicated index: 0, Committed index: 0, Last appended: 0.0, Last appended by leader: 0, Current term: 0, Majority size: -1, State: 0, Mode: NON_LEADER, active raft config: opid_index: -1 OBSOLETE_local: false peers { permanent_uuid: "2e92184eb89b425396c43ebf026d8635" member_type: VOTER last_known_addr { host: "127.0.108.4" port: 39049 } } peers { permanent_uuid: "432c455dd4164dbbb2ca4ffe588a627b" member_type: VOTER last_known_addr { host: "127.0.108.2" port: 37761 } } peers { permanent_uuid: "2f5c9237fc834dc285d54e4d1f584c48" member_type: VOTER last_known_addr { host: "127.0.108.3" port: 34427 } }
I20260608 12:38:19.624918  3783 consensus_queue.cc:260] T 905496181a0d47e6aa6ddf00a536b1cf P 2f5c9237fc834dc285d54e4d1f584c48 [NON_LEADER]: Queue going to NON_LEADER mode. State: All replicated index: 0, Majority replicated index: 0, Committed index: 0, Last appended: 0.0, Last appended by leader: 0, Current term: 0, Majority size: -1, State: 0, Mode: NON_LEADER, active raft config: opid_index: -1 OBSOLETE_local: false peers { permanent_uuid: "5da35f9ddca7467ab130309858dc7d0e" member_type: VOTER last_known_addr { host: "127.0.108.1" port: 41303 } } peers { permanent_uuid: "2f5c9237fc834dc285d54e4d1f584c48" member_type: VOTER last_known_addr { host: "127.0.108.3" port: 34427 } } peers { permanent_uuid: "2e92184eb89b425396c43ebf026d8635" member_type: VOTER last_known_addr { host: "127.0.108.4" port: 39049 } }
I20260608 12:38:19.624671  3669 raft_consensus.cc:697] T 5efd4142260e45689fcb09316d13d61e P 5da35f9ddca7467ab130309858dc7d0e [term 1 LEADER]: Becoming Leader. State: Replica: 5da35f9ddca7467ab130309858dc7d0e, State: Running, Role: LEADER
I20260608 12:38:19.626816  3669 consensus_queue.cc:237] T 5efd4142260e45689fcb09316d13d61e P 5da35f9ddca7467ab130309858dc7d0e [LEADER]: Queue going to LEADER mode. State: All replicated index: 0, Majority replicated index: 0, Committed index: 0, Last appended: 0.0, Last appended by leader: 0, Current term: 1, Majority size: 2, State: 0, Mode: LEADER, active raft config: opid_index: -1 OBSOLETE_local: false peers { permanent_uuid: "5da35f9ddca7467ab130309858dc7d0e" member_type: VOTER last_known_addr { host: "127.0.108.1" port: 41303 } } peers { permanent_uuid: "2e92184eb89b425396c43ebf026d8635" member_type: VOTER last_known_addr { host: "127.0.108.4" port: 39049 } } peers { permanent_uuid: "432c455dd4164dbbb2ca4ffe588a627b" member_type: VOTER last_known_addr { host: "127.0.108.2" port: 37761 } }
I20260608 12:38:19.627449  3791 ts_tablet_manager.cc:1434] T b280e10a06564c148a13c1204c7ea62c P 2e92184eb89b425396c43ebf026d8635: Time spent starting tablet: real 0.013s	user 0.007s	sys 0.001s
I20260608 12:38:19.627774  3640 consensus_queue.cc:260] T b280e10a06564c148a13c1204c7ea62c P 432c455dd4164dbbb2ca4ffe588a627b [NON_LEADER]: Queue going to NON_LEADER mode. State: All replicated index: 0, Majority replicated index: 0, Committed index: 0, Last appended: 0.0, Last appended by leader: 0, Current term: 0, Majority size: -1, State: 0, Mode: NON_LEADER, active raft config: opid_index: -1 OBSOLETE_local: false peers { permanent_uuid: "2e92184eb89b425396c43ebf026d8635" member_type: VOTER last_known_addr { host: "127.0.108.4" port: 39049 } } peers { permanent_uuid: "432c455dd4164dbbb2ca4ffe588a627b" member_type: VOTER last_known_addr { host: "127.0.108.2" port: 37761 } } peers { permanent_uuid: "2f5c9237fc834dc285d54e4d1f584c48" member_type: VOTER last_known_addr { host: "127.0.108.3" port: 34427 } }
I20260608 12:38:19.628484  3791 tablet_bootstrap.cc:492] T 46973bdf916e4673846791d781c6700b P 2e92184eb89b425396c43ebf026d8635: Bootstrap starting.
I20260608 12:38:19.630115  3640 ts_tablet_manager.cc:1434] T b280e10a06564c148a13c1204c7ea62c P 432c455dd4164dbbb2ca4ffe588a627b: Time spent starting tablet: real 0.019s	user 0.006s	sys 0.000s
I20260608 12:38:19.627360  3783 ts_tablet_manager.cc:1434] T 905496181a0d47e6aa6ddf00a536b1cf P 2f5c9237fc834dc285d54e4d1f584c48: Time spent starting tablet: real 0.013s	user 0.007s	sys 0.001s
I20260608 12:38:19.631767  3783 tablet_bootstrap.cc:492] T b280e10a06564c148a13c1204c7ea62c P 2f5c9237fc834dc285d54e4d1f584c48: Bootstrap starting.
I20260608 12:38:19.628147  3784 raft_consensus.cc:359] T 8f1296d1bf5b410f94efa1d85995c9dd P 5da35f9ddca7467ab130309858dc7d0e [term 0 FOLLOWER]: Replica starting. Triggering 0 pending ops. Active config: opid_index: -1 OBSOLETE_local: false peers { permanent_uuid: "432c455dd4164dbbb2ca4ffe588a627b" member_type: VOTER last_known_addr { host: "127.0.108.2" port: 37761 } } peers { permanent_uuid: "5da35f9ddca7467ab130309858dc7d0e" member_type: VOTER last_known_addr { host: "127.0.108.1" port: 41303 } } peers { permanent_uuid: "2e92184eb89b425396c43ebf026d8635" member_type: VOTER last_known_addr { host: "127.0.108.4" port: 39049 } }
I20260608 12:38:19.633476  3784 raft_consensus.cc:385] T 8f1296d1bf5b410f94efa1d85995c9dd P 5da35f9ddca7467ab130309858dc7d0e [term 0 FOLLOWER]: Consensus starting up: Expiring failure detector timer to make a prompt election more likely
I20260608 12:38:19.633809  3784 raft_consensus.cc:740] T 8f1296d1bf5b410f94efa1d85995c9dd P 5da35f9ddca7467ab130309858dc7d0e [term 0 FOLLOWER]: Becoming Follower/Learner. State: Replica: 5da35f9ddca7467ab130309858dc7d0e, State: Initialized, Role: FOLLOWER
I20260608 12:38:19.634716  3784 consensus_queue.cc:260] T 8f1296d1bf5b410f94efa1d85995c9dd P 5da35f9ddca7467ab130309858dc7d0e [NON_LEADER]: Queue going to NON_LEADER mode. State: All replicated index: 0, Majority replicated index: 0, Committed index: 0, Last appended: 0.0, Last appended by leader: 0, Current term: 0, Majority size: -1, State: 0, Mode: NON_LEADER, active raft config: opid_index: -1 OBSOLETE_local: false peers { permanent_uuid: "432c455dd4164dbbb2ca4ffe588a627b" member_type: VOTER last_known_addr { host: "127.0.108.2" port: 37761 } } peers { permanent_uuid: "5da35f9ddca7467ab130309858dc7d0e" member_type: VOTER last_known_addr { host: "127.0.108.1" port: 41303 } } peers { permanent_uuid: "2e92184eb89b425396c43ebf026d8635" member_type: VOTER last_known_addr { host: "127.0.108.4" port: 39049 } }
I20260608 12:38:19.637933  3791 tablet_bootstrap.cc:654] T 46973bdf916e4673846791d781c6700b P 2e92184eb89b425396c43ebf026d8635: Neither blocks nor log segments found. Creating new log.
I20260608 12:38:19.638178  3784 ts_tablet_manager.cc:1434] T 8f1296d1bf5b410f94efa1d85995c9dd P 5da35f9ddca7467ab130309858dc7d0e: Time spent starting tablet: real 0.013s	user 0.006s	sys 0.000s
I20260608 12:38:19.639338  3784 tablet_bootstrap.cc:492] T 1f7e524e184446899d2ae0ffc1890eae P 5da35f9ddca7467ab130309858dc7d0e: Bootstrap starting.
I20260608 12:38:19.639786  3783 tablet_bootstrap.cc:654] T b280e10a06564c148a13c1204c7ea62c P 2f5c9237fc834dc285d54e4d1f584c48: Neither blocks nor log segments found. Creating new log.
I20260608 12:38:19.649598  3784 tablet_bootstrap.cc:654] T 1f7e524e184446899d2ae0ffc1890eae P 5da35f9ddca7467ab130309858dc7d0e: Neither blocks nor log segments found. Creating new log.
I20260608 12:38:19.652263  3783 tablet_bootstrap.cc:492] T b280e10a06564c148a13c1204c7ea62c P 2f5c9237fc834dc285d54e4d1f584c48: No bootstrap required, opened a new log
I20260608 12:38:19.652872  3783 ts_tablet_manager.cc:1403] T b280e10a06564c148a13c1204c7ea62c P 2f5c9237fc834dc285d54e4d1f584c48: Time spent bootstrapping tablet: real 0.021s	user 0.017s	sys 0.001s
I20260608 12:38:19.656654  3783 raft_consensus.cc:359] T b280e10a06564c148a13c1204c7ea62c P 2f5c9237fc834dc285d54e4d1f584c48 [term 0 FOLLOWER]: Replica starting. Triggering 0 pending ops. Active config: opid_index: -1 OBSOLETE_local: false peers { permanent_uuid: "2e92184eb89b425396c43ebf026d8635" member_type: VOTER last_known_addr { host: "127.0.108.4" port: 39049 } } peers { permanent_uuid: "432c455dd4164dbbb2ca4ffe588a627b" member_type: VOTER last_known_addr { host: "127.0.108.2" port: 37761 } } peers { permanent_uuid: "2f5c9237fc834dc285d54e4d1f584c48" member_type: VOTER last_known_addr { host: "127.0.108.3" port: 34427 } }
I20260608 12:38:19.657399  3783 raft_consensus.cc:385] T b280e10a06564c148a13c1204c7ea62c P 2f5c9237fc834dc285d54e4d1f584c48 [term 0 FOLLOWER]: Consensus starting up: Expiring failure detector timer to make a prompt election more likely
I20260608 12:38:19.657685  3783 raft_consensus.cc:740] T b280e10a06564c148a13c1204c7ea62c P 2f5c9237fc834dc285d54e4d1f584c48 [term 0 FOLLOWER]: Becoming Follower/Learner. State: Replica: 2f5c9237fc834dc285d54e4d1f584c48, State: Initialized, Role: FOLLOWER
I20260608 12:38:19.658497  3783 consensus_queue.cc:260] T b280e10a06564c148a13c1204c7ea62c P 2f5c9237fc834dc285d54e4d1f584c48 [NON_LEADER]: Queue going to NON_LEADER mode. State: All replicated index: 0, Majority replicated index: 0, Committed index: 0, Last appended: 0.0, Last appended by leader: 0, Current term: 0, Majority size: -1, State: 0, Mode: NON_LEADER, active raft config: opid_index: -1 OBSOLETE_local: false peers { permanent_uuid: "2e92184eb89b425396c43ebf026d8635" member_type: VOTER last_known_addr { host: "127.0.108.4" port: 39049 } } peers { permanent_uuid: "432c455dd4164dbbb2ca4ffe588a627b" member_type: VOTER last_known_addr { host: "127.0.108.2" port: 37761 } } peers { permanent_uuid: "2f5c9237fc834dc285d54e4d1f584c48" member_type: VOTER last_known_addr { host: "127.0.108.3" port: 34427 } }
I20260608 12:38:19.661247  3783 ts_tablet_manager.cc:1434] T b280e10a06564c148a13c1204c7ea62c P 2f5c9237fc834dc285d54e4d1f584c48: Time spent starting tablet: real 0.008s	user 0.009s	sys 0.000s
I20260608 12:38:19.665527  3784 tablet_bootstrap.cc:492] T 1f7e524e184446899d2ae0ffc1890eae P 5da35f9ddca7467ab130309858dc7d0e: No bootstrap required, opened a new log
I20260608 12:38:19.667652  3784 ts_tablet_manager.cc:1403] T 1f7e524e184446899d2ae0ffc1890eae P 5da35f9ddca7467ab130309858dc7d0e: Time spent bootstrapping tablet: real 0.029s	user 0.011s	sys 0.011s
I20260608 12:38:19.667802  3340 catalog_manager.cc:6241] T 00000000000000000000000000000000 P 78b74627eba64f23a1c3266872317c67: range_aware_rebalance_new_range [id=933d6f01a14a4250a40607f238e18884] alter complete (version 0)
I20260608 12:38:19.670967  3780 raft_consensus.cc:493] T 46973bdf916e4673846791d781c6700b P 2f5c9237fc834dc285d54e4d1f584c48 [term 0 FOLLOWER]: Starting pre-election (no leader contacted us within the election timeout)
I20260608 12:38:19.671600  3780 raft_consensus.cc:515] T 46973bdf916e4673846791d781c6700b P 2f5c9237fc834dc285d54e4d1f584c48 [term 0 FOLLOWER]: Starting pre-election with config: opid_index: -1 OBSOLETE_local: false peers { permanent_uuid: "2f5c9237fc834dc285d54e4d1f584c48" member_type: VOTER last_known_addr { host: "127.0.108.3" port: 34427 } } peers { permanent_uuid: "5da35f9ddca7467ab130309858dc7d0e" member_type: VOTER last_known_addr { host: "127.0.108.1" port: 41303 } } peers { permanent_uuid: "2e92184eb89b425396c43ebf026d8635" member_type: VOTER last_known_addr { host: "127.0.108.4" port: 39049 } }
I20260608 12:38:19.676931  3791 tablet_bootstrap.cc:492] T 46973bdf916e4673846791d781c6700b P 2e92184eb89b425396c43ebf026d8635: No bootstrap required, opened a new log
I20260608 12:38:19.677491  3791 ts_tablet_manager.cc:1403] T 46973bdf916e4673846791d781c6700b P 2e92184eb89b425396c43ebf026d8635: Time spent bootstrapping tablet: real 0.049s	user 0.016s	sys 0.028s
I20260608 12:38:19.677338  3784 raft_consensus.cc:359] T 1f7e524e184446899d2ae0ffc1890eae P 5da35f9ddca7467ab130309858dc7d0e [term 0 FOLLOWER]: Replica starting. Triggering 0 pending ops. Active config: opid_index: -1 OBSOLETE_local: false peers { permanent_uuid: "2e92184eb89b425396c43ebf026d8635" member_type: VOTER last_known_addr { host: "127.0.108.4" port: 39049 } } peers { permanent_uuid: "5da35f9ddca7467ab130309858dc7d0e" member_type: VOTER last_known_addr { host: "127.0.108.1" port: 41303 } } peers { permanent_uuid: "2f5c9237fc834dc285d54e4d1f584c48" member_type: VOTER last_known_addr { host: "127.0.108.3" port: 34427 } }
I20260608 12:38:19.678228  3784 raft_consensus.cc:385] T 1f7e524e184446899d2ae0ffc1890eae P 5da35f9ddca7467ab130309858dc7d0e [term 0 FOLLOWER]: Consensus starting up: Expiring failure detector timer to make a prompt election more likely
I20260608 12:38:19.678620  3784 raft_consensus.cc:740] T 1f7e524e184446899d2ae0ffc1890eae P 5da35f9ddca7467ab130309858dc7d0e [term 0 FOLLOWER]: Becoming Follower/Learner. State: Replica: 5da35f9ddca7467ab130309858dc7d0e, State: Initialized, Role: FOLLOWER
I20260608 12:38:19.679894  3445 tablet_service.cc:1917] Received RequestConsensusVote() RPC: tablet_id: "46973bdf916e4673846791d781c6700b" candidate_uuid: "2f5c9237fc834dc285d54e4d1f584c48" candidate_term: 1 candidate_status { last_received { term: 0 index: 0 } } ignore_live_leader: false dest_uuid: "5da35f9ddca7467ab130309858dc7d0e" is_pre_election: true
I20260608 12:38:19.679531  3784 consensus_queue.cc:260] T 1f7e524e184446899d2ae0ffc1890eae P 5da35f9ddca7467ab130309858dc7d0e [NON_LEADER]: Queue going to NON_LEADER mode. State: All replicated index: 0, Majority replicated index: 0, Committed index: 0, Last appended: 0.0, Last appended by leader: 0, Current term: 0, Majority size: -1, State: 0, Mode: NON_LEADER, active raft config: opid_index: -1 OBSOLETE_local: false peers { permanent_uuid: "2e92184eb89b425396c43ebf026d8635" member_type: VOTER last_known_addr { host: "127.0.108.4" port: 39049 } } peers { permanent_uuid: "5da35f9ddca7467ab130309858dc7d0e" member_type: VOTER last_known_addr { host: "127.0.108.1" port: 41303 } } peers { permanent_uuid: "2f5c9237fc834dc285d54e4d1f584c48" member_type: VOTER last_known_addr { host: "127.0.108.3" port: 34427 } }
I20260608 12:38:19.680617  3445 raft_consensus.cc:2468] T 46973bdf916e4673846791d781c6700b P 5da35f9ddca7467ab130309858dc7d0e [term 0 FOLLOWER]: Leader pre-election vote request: Granting yes vote for candidate 2f5c9237fc834dc285d54e4d1f584c48 in term 0.
I20260608 12:38:19.680822  3791 raft_consensus.cc:359] T 46973bdf916e4673846791d781c6700b P 2e92184eb89b425396c43ebf026d8635 [term 0 FOLLOWER]: Replica starting. Triggering 0 pending ops. Active config: opid_index: -1 OBSOLETE_local: false peers { permanent_uuid: "2f5c9237fc834dc285d54e4d1f584c48" member_type: VOTER last_known_addr { host: "127.0.108.3" port: 34427 } } peers { permanent_uuid: "5da35f9ddca7467ab130309858dc7d0e" member_type: VOTER last_known_addr { host: "127.0.108.1" port: 41303 } } peers { permanent_uuid: "2e92184eb89b425396c43ebf026d8635" member_type: VOTER last_known_addr { host: "127.0.108.4" port: 39049 } }
I20260608 12:38:19.685480  3784 ts_tablet_manager.cc:1434] T 1f7e524e184446899d2ae0ffc1890eae P 5da35f9ddca7467ab130309858dc7d0e: Time spent starting tablet: real 0.017s	user 0.004s	sys 0.004s
I20260608 12:38:19.681901  3791 raft_consensus.cc:385] T 46973bdf916e4673846791d781c6700b P 2e92184eb89b425396c43ebf026d8635 [term 0 FOLLOWER]: Consensus starting up: Expiring failure detector timer to make a prompt election more likely
I20260608 12:38:19.686993  3791 raft_consensus.cc:740] T 46973bdf916e4673846791d781c6700b P 2e92184eb89b425396c43ebf026d8635 [term 0 FOLLOWER]: Becoming Follower/Learner. State: Replica: 2e92184eb89b425396c43ebf026d8635, State: Initialized, Role: FOLLOWER
I20260608 12:38:19.687883  3791 consensus_queue.cc:260] T 46973bdf916e4673846791d781c6700b P 2e92184eb89b425396c43ebf026d8635 [NON_LEADER]: Queue going to NON_LEADER mode. State: All replicated index: 0, Majority replicated index: 0, Committed index: 0, Last appended: 0.0, Last appended by leader: 0, Current term: 0, Majority size: -1, State: 0, Mode: NON_LEADER, active raft config: opid_index: -1 OBSOLETE_local: false peers { permanent_uuid: "2f5c9237fc834dc285d54e4d1f584c48" member_type: VOTER last_known_addr { host: "127.0.108.3" port: 34427 } } peers { permanent_uuid: "5da35f9ddca7467ab130309858dc7d0e" member_type: VOTER last_known_addr { host: "127.0.108.1" port: 41303 } } peers { permanent_uuid: "2e92184eb89b425396c43ebf026d8635" member_type: VOTER last_known_addr { host: "127.0.108.4" port: 39049 } }
I20260608 12:38:19.690900  3791 ts_tablet_manager.cc:1434] T 46973bdf916e4673846791d781c6700b P 2e92184eb89b425396c43ebf026d8635: Time spent starting tablet: real 0.013s	user 0.008s	sys 0.000s
I20260608 12:38:19.691939  3791 tablet_bootstrap.cc:492] T 1f7e524e184446899d2ae0ffc1890eae P 2e92184eb89b425396c43ebf026d8635: Bootstrap starting.
I20260608 12:38:19.693295  3341 catalog_manager.cc:5696] T 5efd4142260e45689fcb09316d13d61e P 5da35f9ddca7467ab130309858dc7d0e reported cstate change: term changed from 0 to 1, leader changed from <none> to 5da35f9ddca7467ab130309858dc7d0e (127.0.108.1). New cstate: current_term: 1 leader_uuid: "5da35f9ddca7467ab130309858dc7d0e" committed_config { opid_index: -1 OBSOLETE_local: false peers { permanent_uuid: "5da35f9ddca7467ab130309858dc7d0e" member_type: VOTER last_known_addr { host: "127.0.108.1" port: 41303 } health_report { overall_health: HEALTHY } } peers { permanent_uuid: "2e92184eb89b425396c43ebf026d8635" member_type: VOTER last_known_addr { host: "127.0.108.4" port: 39049 } health_report { overall_health: UNKNOWN } } peers { permanent_uuid: "432c455dd4164dbbb2ca4ffe588a627b" member_type: VOTER last_known_addr { host: "127.0.108.2" port: 37761 } health_report { overall_health: UNKNOWN } } }
I20260608 12:38:19.695602  3560 leader_election.cc:304] T 46973bdf916e4673846791d781c6700b P 2f5c9237fc834dc285d54e4d1f584c48 [CANDIDATE]: Term 1 pre-election: Election decided. Result: candidate won. Election summary: received 2 responses out of 3 voters: 2 yes votes; 0 no votes. yes voters: 2f5c9237fc834dc285d54e4d1f584c48, 5da35f9ddca7467ab130309858dc7d0e; no voters: 
I20260608 12:38:19.696194  3780 leader_election.cc:290] T 46973bdf916e4673846791d781c6700b P 2f5c9237fc834dc285d54e4d1f584c48 [CANDIDATE]: Term 1 pre-election: Requested pre-vote from peers 5da35f9ddca7467ab130309858dc7d0e (127.0.108.1:41303), 2e92184eb89b425396c43ebf026d8635 (127.0.108.4:39049)
I20260608 12:38:19.697130  3684 raft_consensus.cc:2804] T 46973bdf916e4673846791d781c6700b P 2f5c9237fc834dc285d54e4d1f584c48 [term 0 FOLLOWER]: Leader pre-election won for term 1
I20260608 12:38:19.697662  3684 raft_consensus.cc:493] T 46973bdf916e4673846791d781c6700b P 2f5c9237fc834dc285d54e4d1f584c48 [term 0 FOLLOWER]: Starting leader election (no leader contacted us within the election timeout)
I20260608 12:38:19.698060  3684 raft_consensus.cc:3060] T 46973bdf916e4673846791d781c6700b P 2f5c9237fc834dc285d54e4d1f584c48 [term 0 FOLLOWER]: Advancing to term 1
I20260608 12:38:19.699492  3791 tablet_bootstrap.cc:654] T 1f7e524e184446899d2ae0ffc1890eae P 2e92184eb89b425396c43ebf026d8635: Neither blocks nor log segments found. Creating new log.
I20260608 12:38:19.717869  3684 raft_consensus.cc:515] T 46973bdf916e4673846791d781c6700b P 2f5c9237fc834dc285d54e4d1f584c48 [term 1 FOLLOWER]: Starting leader election with config: opid_index: -1 OBSOLETE_local: false peers { permanent_uuid: "2f5c9237fc834dc285d54e4d1f584c48" member_type: VOTER last_known_addr { host: "127.0.108.3" port: 34427 } } peers { permanent_uuid: "5da35f9ddca7467ab130309858dc7d0e" member_type: VOTER last_known_addr { host: "127.0.108.1" port: 41303 } } peers { permanent_uuid: "2e92184eb89b425396c43ebf026d8635" member_type: VOTER last_known_addr { host: "127.0.108.4" port: 39049 } }
I20260608 12:38:19.718916  3804 raft_consensus.cc:493] T b280e10a06564c148a13c1204c7ea62c P 2e92184eb89b425396c43ebf026d8635 [term 0 FOLLOWER]: Starting pre-election (no leader contacted us within the election timeout)
I20260608 12:38:19.719492  3804 raft_consensus.cc:515] T b280e10a06564c148a13c1204c7ea62c P 2e92184eb89b425396c43ebf026d8635 [term 0 FOLLOWER]: Starting pre-election with config: opid_index: -1 OBSOLETE_local: false peers { permanent_uuid: "2e92184eb89b425396c43ebf026d8635" member_type: VOTER last_known_addr { host: "127.0.108.4" port: 39049 } } peers { permanent_uuid: "432c455dd4164dbbb2ca4ffe588a627b" member_type: VOTER last_known_addr { host: "127.0.108.2" port: 37761 } } peers { permanent_uuid: "2f5c9237fc834dc285d54e4d1f584c48" member_type: VOTER last_known_addr { host: "127.0.108.3" port: 34427 } }
I20260608 12:38:19.736970  3684 leader_election.cc:290] T 46973bdf916e4673846791d781c6700b P 2f5c9237fc834dc285d54e4d1f584c48 [CANDIDATE]: Term 1 election: Requested vote from peers 5da35f9ddca7467ab130309858dc7d0e (127.0.108.1:41303), 2e92184eb89b425396c43ebf026d8635 (127.0.108.4:39049)
I20260608 12:38:19.737907  3445 tablet_service.cc:1917] Received RequestConsensusVote() RPC: tablet_id: "46973bdf916e4673846791d781c6700b" candidate_uuid: "2f5c9237fc834dc285d54e4d1f584c48" candidate_term: 1 candidate_status { last_received { term: 0 index: 0 } } ignore_live_leader: false dest_uuid: "5da35f9ddca7467ab130309858dc7d0e"
I20260608 12:38:19.738505  3445 raft_consensus.cc:3060] T 46973bdf916e4673846791d781c6700b P 5da35f9ddca7467ab130309858dc7d0e [term 0 FOLLOWER]: Advancing to term 1
I20260608 12:38:19.741456  3804 leader_election.cc:290] T b280e10a06564c148a13c1204c7ea62c P 2e92184eb89b425396c43ebf026d8635 [CANDIDATE]: Term 1 pre-election: Requested pre-vote from peers 432c455dd4164dbbb2ca4ffe588a627b (127.0.108.2:37761), 2f5c9237fc834dc285d54e4d1f584c48 (127.0.108.3:34427)
I20260608 12:38:19.752727  3791 tablet_bootstrap.cc:492] T 1f7e524e184446899d2ae0ffc1890eae P 2e92184eb89b425396c43ebf026d8635: No bootstrap required, opened a new log
I20260608 12:38:19.753515  3791 ts_tablet_manager.cc:1403] T 1f7e524e184446899d2ae0ffc1890eae P 2e92184eb89b425396c43ebf026d8635: Time spent bootstrapping tablet: real 0.062s	user 0.015s	sys 0.027s
I20260608 12:38:19.757201  3791 raft_consensus.cc:359] T 1f7e524e184446899d2ae0ffc1890eae P 2e92184eb89b425396c43ebf026d8635 [term 0 FOLLOWER]: Replica starting. Triggering 0 pending ops. Active config: opid_index: -1 OBSOLETE_local: false peers { permanent_uuid: "2e92184eb89b425396c43ebf026d8635" member_type: VOTER last_known_addr { host: "127.0.108.4" port: 39049 } } peers { permanent_uuid: "5da35f9ddca7467ab130309858dc7d0e" member_type: VOTER last_known_addr { host: "127.0.108.1" port: 41303 } } peers { permanent_uuid: "2f5c9237fc834dc285d54e4d1f584c48" member_type: VOTER last_known_addr { host: "127.0.108.3" port: 34427 } }
I20260608 12:38:19.757941  3791 raft_consensus.cc:385] T 1f7e524e184446899d2ae0ffc1890eae P 2e92184eb89b425396c43ebf026d8635 [term 0 FOLLOWER]: Consensus starting up: Expiring failure detector timer to make a prompt election more likely
I20260608 12:38:19.758249  3791 raft_consensus.cc:740] T 1f7e524e184446899d2ae0ffc1890eae P 2e92184eb89b425396c43ebf026d8635 [term 0 FOLLOWER]: Becoming Follower/Learner. State: Replica: 2e92184eb89b425396c43ebf026d8635, State: Initialized, Role: FOLLOWER
I20260608 12:38:19.800738  3445 raft_consensus.cc:2468] T 46973bdf916e4673846791d781c6700b P 5da35f9ddca7467ab130309858dc7d0e [term 1 FOLLOWER]: Leader election vote request: Granting yes vote for candidate 2f5c9237fc834dc285d54e4d1f584c48 in term 1.
I20260608 12:38:19.804365  3560 leader_election.cc:304] T 46973bdf916e4673846791d781c6700b P 2f5c9237fc834dc285d54e4d1f584c48 [CANDIDATE]: Term 1 election: Election decided. Result: candidate won. Election summary: received 2 responses out of 3 voters: 2 yes votes; 0 no votes. yes voters: 2f5c9237fc834dc285d54e4d1f584c48, 5da35f9ddca7467ab130309858dc7d0e; no voters: 
I20260608 12:38:19.819962  3663 raft_consensus.cc:493] T 8f1296d1bf5b410f94efa1d85995c9dd P 432c455dd4164dbbb2ca4ffe588a627b [term 0 FOLLOWER]: Starting pre-election (no leader contacted us within the election timeout)
I20260608 12:38:19.759335  3791 consensus_queue.cc:260] T 1f7e524e184446899d2ae0ffc1890eae P 2e92184eb89b425396c43ebf026d8635 [NON_LEADER]: Queue going to NON_LEADER mode. State: All replicated index: 0, Majority replicated index: 0, Committed index: 0, Last appended: 0.0, Last appended by leader: 0, Current term: 0, Majority size: -1, State: 0, Mode: NON_LEADER, active raft config: opid_index: -1 OBSOLETE_local: false peers { permanent_uuid: "2e92184eb89b425396c43ebf026d8635" member_type: VOTER last_known_addr { host: "127.0.108.4" port: 39049 } } peers { permanent_uuid: "5da35f9ddca7467ab130309858dc7d0e" member_type: VOTER last_known_addr { host: "127.0.108.1" port: 41303 } } peers { permanent_uuid: "2f5c9237fc834dc285d54e4d1f584c48" member_type: VOTER last_known_addr { host: "127.0.108.3" port: 34427 } }
I20260608 12:38:19.825243  3780 raft_consensus.cc:2804] T 46973bdf916e4673846791d781c6700b P 2f5c9237fc834dc285d54e4d1f584c48 [term 1 FOLLOWER]: Leader election won for term 1
I20260608 12:38:19.826066  3780 raft_consensus.cc:697] T 46973bdf916e4673846791d781c6700b P 2f5c9237fc834dc285d54e4d1f584c48 [term 1 LEADER]: Becoming Leader. State: Replica: 2f5c9237fc834dc285d54e4d1f584c48, State: Running, Role: LEADER
I20260608 12:38:19.827559  3780 consensus_queue.cc:237] T 46973bdf916e4673846791d781c6700b P 2f5c9237fc834dc285d54e4d1f584c48 [LEADER]: Queue going to LEADER mode. State: All replicated index: 0, Majority replicated index: 0, Committed index: 0, Last appended: 0.0, Last appended by leader: 0, Current term: 1, Majority size: 2, State: 0, Mode: LEADER, active raft config: opid_index: -1 OBSOLETE_local: false peers { permanent_uuid: "2f5c9237fc834dc285d54e4d1f584c48" member_type: VOTER last_known_addr { host: "127.0.108.3" port: 34427 } } peers { permanent_uuid: "5da35f9ddca7467ab130309858dc7d0e" member_type: VOTER last_known_addr { host: "127.0.108.1" port: 41303 } } peers { permanent_uuid: "2e92184eb89b425396c43ebf026d8635" member_type: VOTER last_known_addr { host: "127.0.108.4" port: 39049 } }
I20260608 12:38:19.828411  3791 ts_tablet_manager.cc:1434] T 1f7e524e184446899d2ae0ffc1890eae P 2e92184eb89b425396c43ebf026d8635: Time spent starting tablet: real 0.074s	user 0.004s	sys 0.008s
I20260608 12:38:19.830463  3791 tablet_bootstrap.cc:492] T 5efd4142260e45689fcb09316d13d61e P 2e92184eb89b425396c43ebf026d8635: Bootstrap starting.
I20260608 12:38:19.832758  3743 tablet_service.cc:1917] Received RequestConsensusVote() RPC: tablet_id: "46973bdf916e4673846791d781c6700b" candidate_uuid: "2f5c9237fc834dc285d54e4d1f584c48" candidate_term: 1 candidate_status { last_received { term: 0 index: 0 } } ignore_live_leader: false dest_uuid: "2e92184eb89b425396c43ebf026d8635"
I20260608 12:38:19.833756  3743 raft_consensus.cc:3060] T 46973bdf916e4673846791d781c6700b P 2e92184eb89b425396c43ebf026d8635 [term 0 FOLLOWER]: Advancing to term 1
I20260608 12:38:19.827380  3742 tablet_service.cc:1917] Received RequestConsensusVote() RPC: tablet_id: "46973bdf916e4673846791d781c6700b" candidate_uuid: "2f5c9237fc834dc285d54e4d1f584c48" candidate_term: 1 candidate_status { last_received { term: 0 index: 0 } } ignore_live_leader: false dest_uuid: "2e92184eb89b425396c43ebf026d8635" is_pre_election: true
I20260608 12:38:19.821352  3663 raft_consensus.cc:515] T 8f1296d1bf5b410f94efa1d85995c9dd P 432c455dd4164dbbb2ca4ffe588a627b [term 0 FOLLOWER]: Starting pre-election with config: opid_index: -1 OBSOLETE_local: false peers { permanent_uuid: "432c455dd4164dbbb2ca4ffe588a627b" member_type: VOTER last_known_addr { host: "127.0.108.2" port: 37761 } } peers { permanent_uuid: "5da35f9ddca7467ab130309858dc7d0e" member_type: VOTER last_known_addr { host: "127.0.108.1" port: 41303 } } peers { permanent_uuid: "2e92184eb89b425396c43ebf026d8635" member_type: VOTER last_known_addr { host: "127.0.108.4" port: 39049 } }
I20260608 12:38:19.845045  3791 tablet_bootstrap.cc:654] T 5efd4142260e45689fcb09316d13d61e P 2e92184eb89b425396c43ebf026d8635: Neither blocks nor log segments found. Creating new log.
I20260608 12:38:19.849712  3684 raft_consensus.cc:493] T ae5644029c9e4cbdbc3764f9af0e0572 P 2f5c9237fc834dc285d54e4d1f584c48 [term 0 FOLLOWER]: Starting pre-election (no leader contacted us within the election timeout)
I20260608 12:38:19.850589  3684 raft_consensus.cc:515] T ae5644029c9e4cbdbc3764f9af0e0572 P 2f5c9237fc834dc285d54e4d1f584c48 [term 0 FOLLOWER]: Starting pre-election with config: opid_index: -1 OBSOLETE_local: false peers { permanent_uuid: "2e92184eb89b425396c43ebf026d8635" member_type: VOTER last_known_addr { host: "127.0.108.4" port: 39049 } } peers { permanent_uuid: "432c455dd4164dbbb2ca4ffe588a627b" member_type: VOTER last_known_addr { host: "127.0.108.2" port: 37761 } } peers { permanent_uuid: "2f5c9237fc834dc285d54e4d1f584c48" member_type: VOTER last_known_addr { host: "127.0.108.3" port: 34427 } }
I20260608 12:38:19.851836  3444 tablet_service.cc:1917] Received RequestConsensusVote() RPC: tablet_id: "8f1296d1bf5b410f94efa1d85995c9dd" candidate_uuid: "432c455dd4164dbbb2ca4ffe588a627b" candidate_term: 1 candidate_status { last_received { term: 0 index: 0 } } ignore_live_leader: false dest_uuid: "5da35f9ddca7467ab130309858dc7d0e" is_pre_election: true
I20260608 12:38:19.852648  3444 raft_consensus.cc:2468] T 8f1296d1bf5b410f94efa1d85995c9dd P 5da35f9ddca7467ab130309858dc7d0e [term 0 FOLLOWER]: Leader pre-election vote request: Granting yes vote for candidate 432c455dd4164dbbb2ca4ffe588a627b in term 0.
I20260608 12:38:19.861295  3743 raft_consensus.cc:2468] T 46973bdf916e4673846791d781c6700b P 2e92184eb89b425396c43ebf026d8635 [term 1 FOLLOWER]: Leader election vote request: Granting yes vote for candidate 2f5c9237fc834dc285d54e4d1f584c48 in term 1.
I20260608 12:38:19.876293  3486 leader_election.cc:304] T 8f1296d1bf5b410f94efa1d85995c9dd P 432c455dd4164dbbb2ca4ffe588a627b [CANDIDATE]: Term 1 pre-election: Election decided. Result: candidate won. Election summary: received 2 responses out of 3 voters: 2 yes votes; 0 no votes. yes voters: 432c455dd4164dbbb2ca4ffe588a627b, 5da35f9ddca7467ab130309858dc7d0e; no voters: 
I20260608 12:38:19.876289  3519 tablet_service.cc:1917] Received RequestConsensusVote() RPC: tablet_id: "b280e10a06564c148a13c1204c7ea62c" candidate_uuid: "2e92184eb89b425396c43ebf026d8635" candidate_term: 1 candidate_status { last_received { term: 0 index: 0 } } ignore_live_leader: false dest_uuid: "432c455dd4164dbbb2ca4ffe588a627b" is_pre_election: true
I20260608 12:38:19.866003  3663 leader_election.cc:290] T 8f1296d1bf5b410f94efa1d85995c9dd P 432c455dd4164dbbb2ca4ffe588a627b [CANDIDATE]: Term 1 pre-election: Requested pre-vote from peers 5da35f9ddca7467ab130309858dc7d0e (127.0.108.1:41303), 2e92184eb89b425396c43ebf026d8635 (127.0.108.4:39049)
I20260608 12:38:19.887108  3742 tablet_service.cc:1917] Received RequestConsensusVote() RPC: tablet_id: "8f1296d1bf5b410f94efa1d85995c9dd" candidate_uuid: "432c455dd4164dbbb2ca4ffe588a627b" candidate_term: 1 candidate_status { last_received { term: 0 index: 0 } } ignore_live_leader: false dest_uuid: "2e92184eb89b425396c43ebf026d8635" is_pre_election: true
I20260608 12:38:19.888417  3743 tablet_service.cc:1917] Received RequestConsensusVote() RPC: tablet_id: "ae5644029c9e4cbdbc3764f9af0e0572" candidate_uuid: "2f5c9237fc834dc285d54e4d1f584c48" candidate_term: 1 candidate_status { last_received { term: 0 index: 0 } } ignore_live_leader: false dest_uuid: "2e92184eb89b425396c43ebf026d8635" is_pre_election: true
I20260608 12:38:19.889505  3684 leader_election.cc:290] T ae5644029c9e4cbdbc3764f9af0e0572 P 2f5c9237fc834dc285d54e4d1f584c48 [CANDIDATE]: Term 1 pre-election: Requested pre-vote from peers 2e92184eb89b425396c43ebf026d8635 (127.0.108.4:39049), 432c455dd4164dbbb2ca4ffe588a627b (127.0.108.2:37761)
W20260608 12:38:19.890676  3559 leader_election.cc:343] T ae5644029c9e4cbdbc3764f9af0e0572 P 2f5c9237fc834dc285d54e4d1f584c48 [CANDIDATE]: Term 1 pre-election: Tablet error from VoteRequest() call to peer 2e92184eb89b425396c43ebf026d8635 (127.0.108.4:39049): Illegal state: must be running to vote when last-logged opid is not known
I20260608 12:38:19.891544  3519 raft_consensus.cc:2468] T b280e10a06564c148a13c1204c7ea62c P 432c455dd4164dbbb2ca4ffe588a627b [term 0 FOLLOWER]: Leader pre-election vote request: Granting yes vote for candidate 2e92184eb89b425396c43ebf026d8635 in term 0.
I20260608 12:38:19.891453  3520 tablet_service.cc:1917] Received RequestConsensusVote() RPC: tablet_id: "ae5644029c9e4cbdbc3764f9af0e0572" candidate_uuid: "2f5c9237fc834dc285d54e4d1f584c48" candidate_term: 1 candidate_status { last_received { term: 0 index: 0 } } ignore_live_leader: false dest_uuid: "432c455dd4164dbbb2ca4ffe588a627b" is_pre_election: true
W20260608 12:38:19.891624  3485 leader_election.cc:343] T 8f1296d1bf5b410f94efa1d85995c9dd P 432c455dd4164dbbb2ca4ffe588a627b [CANDIDATE]: Term 1 pre-election: Tablet error from VoteRequest() call to peer 2e92184eb89b425396c43ebf026d8635 (127.0.108.4:39049): Illegal state: must be running to vote when last-logged opid is not known
I20260608 12:38:19.893378  3645 raft_consensus.cc:2804] T 8f1296d1bf5b410f94efa1d85995c9dd P 432c455dd4164dbbb2ca4ffe588a627b [term 0 FOLLOWER]: Leader pre-election won for term 1
I20260608 12:38:19.894606  3708 leader_election.cc:304] T b280e10a06564c148a13c1204c7ea62c P 2e92184eb89b425396c43ebf026d8635 [CANDIDATE]: Term 1 pre-election: Election decided. Result: candidate won. Election summary: received 2 responses out of 3 voters: 2 yes votes; 0 no votes. yes voters: 2e92184eb89b425396c43ebf026d8635, 432c455dd4164dbbb2ca4ffe588a627b; no voters: 
I20260608 12:38:19.896065  3804 raft_consensus.cc:2804] T b280e10a06564c148a13c1204c7ea62c P 2e92184eb89b425396c43ebf026d8635 [term 0 FOLLOWER]: Leader pre-election won for term 1
I20260608 12:38:19.896654  3791 tablet_bootstrap.cc:492] T 5efd4142260e45689fcb09316d13d61e P 2e92184eb89b425396c43ebf026d8635: No bootstrap required, opened a new log
I20260608 12:38:19.896550  3804 raft_consensus.cc:493] T b280e10a06564c148a13c1204c7ea62c P 2e92184eb89b425396c43ebf026d8635 [term 0 FOLLOWER]: Starting leader election (no leader contacted us within the election timeout)
I20260608 12:38:19.897262  3791 ts_tablet_manager.cc:1403] T 5efd4142260e45689fcb09316d13d61e P 2e92184eb89b425396c43ebf026d8635: Time spent bootstrapping tablet: real 0.067s	user 0.021s	sys 0.016s
I20260608 12:38:19.897168  3804 raft_consensus.cc:3060] T b280e10a06564c148a13c1204c7ea62c P 2e92184eb89b425396c43ebf026d8635 [term 0 FOLLOWER]: Advancing to term 1
I20260608 12:38:19.893906  3663 raft_consensus.cc:493] T ae5644029c9e4cbdbc3764f9af0e0572 P 432c455dd4164dbbb2ca4ffe588a627b [term 0 FOLLOWER]: Starting pre-election (no leader contacted us within the election timeout)
I20260608 12:38:19.898219  3645 raft_consensus.cc:493] T 8f1296d1bf5b410f94efa1d85995c9dd P 432c455dd4164dbbb2ca4ffe588a627b [term 0 FOLLOWER]: Starting leader election (no leader contacted us within the election timeout)
I20260608 12:38:19.899693  3645 raft_consensus.cc:3060] T 8f1296d1bf5b410f94efa1d85995c9dd P 432c455dd4164dbbb2ca4ffe588a627b [term 0 FOLLOWER]: Advancing to term 1
I20260608 12:38:19.909765  3593 tablet_service.cc:1917] Received RequestConsensusVote() RPC: tablet_id: "b280e10a06564c148a13c1204c7ea62c" candidate_uuid: "2e92184eb89b425396c43ebf026d8635" candidate_term: 1 candidate_status { last_received { term: 0 index: 0 } } ignore_live_leader: false dest_uuid: "2f5c9237fc834dc285d54e4d1f584c48" is_pre_election: true
I20260608 12:38:19.910632  3593 raft_consensus.cc:2468] T b280e10a06564c148a13c1204c7ea62c P 2f5c9237fc834dc285d54e4d1f584c48 [term 0 FOLLOWER]: Leader pre-election vote request: Granting yes vote for candidate 2e92184eb89b425396c43ebf026d8635 in term 0.
I20260608 12:38:19.914003  3804 raft_consensus.cc:515] T b280e10a06564c148a13c1204c7ea62c P 2e92184eb89b425396c43ebf026d8635 [term 1 FOLLOWER]: Starting leader election with config: opid_index: -1 OBSOLETE_local: false peers { permanent_uuid: "2e92184eb89b425396c43ebf026d8635" member_type: VOTER last_known_addr { host: "127.0.108.4" port: 39049 } } peers { permanent_uuid: "432c455dd4164dbbb2ca4ffe588a627b" member_type: VOTER last_known_addr { host: "127.0.108.2" port: 37761 } } peers { permanent_uuid: "2f5c9237fc834dc285d54e4d1f584c48" member_type: VOTER last_known_addr { host: "127.0.108.3" port: 34427 } }
I20260608 12:38:19.917234  3804 leader_election.cc:290] T b280e10a06564c148a13c1204c7ea62c P 2e92184eb89b425396c43ebf026d8635 [CANDIDATE]: Term 1 election: Requested vote from peers 432c455dd4164dbbb2ca4ffe588a627b (127.0.108.2:37761), 2f5c9237fc834dc285d54e4d1f584c48 (127.0.108.3:34427)
I20260608 12:38:19.917922  3791 raft_consensus.cc:359] T 5efd4142260e45689fcb09316d13d61e P 2e92184eb89b425396c43ebf026d8635 [term 0 FOLLOWER]: Replica starting. Triggering 0 pending ops. Active config: opid_index: -1 OBSOLETE_local: false peers { permanent_uuid: "5da35f9ddca7467ab130309858dc7d0e" member_type: VOTER last_known_addr { host: "127.0.108.1" port: 41303 } } peers { permanent_uuid: "2e92184eb89b425396c43ebf026d8635" member_type: VOTER last_known_addr { host: "127.0.108.4" port: 39049 } } peers { permanent_uuid: "432c455dd4164dbbb2ca4ffe588a627b" member_type: VOTER last_known_addr { host: "127.0.108.2" port: 37761 } }
I20260608 12:38:19.918855  3791 raft_consensus.cc:385] T 5efd4142260e45689fcb09316d13d61e P 2e92184eb89b425396c43ebf026d8635 [term 0 FOLLOWER]: Consensus starting up: Expiring failure detector timer to make a prompt election more likely
I20260608 12:38:19.919248  3791 raft_consensus.cc:740] T 5efd4142260e45689fcb09316d13d61e P 2e92184eb89b425396c43ebf026d8635 [term 0 FOLLOWER]: Becoming Follower/Learner. State: Replica: 2e92184eb89b425396c43ebf026d8635, State: Initialized, Role: FOLLOWER
I20260608 12:38:19.920460  3791 consensus_queue.cc:260] T 5efd4142260e45689fcb09316d13d61e P 2e92184eb89b425396c43ebf026d8635 [NON_LEADER]: Queue going to NON_LEADER mode. State: All replicated index: 0, Majority replicated index: 0, Committed index: 0, Last appended: 0.0, Last appended by leader: 0, Current term: 0, Majority size: -1, State: 0, Mode: NON_LEADER, active raft config: opid_index: -1 OBSOLETE_local: false peers { permanent_uuid: "5da35f9ddca7467ab130309858dc7d0e" member_type: VOTER last_known_addr { host: "127.0.108.1" port: 41303 } } peers { permanent_uuid: "2e92184eb89b425396c43ebf026d8635" member_type: VOTER last_known_addr { host: "127.0.108.4" port: 39049 } } peers { permanent_uuid: "432c455dd4164dbbb2ca4ffe588a627b" member_type: VOTER last_known_addr { host: "127.0.108.2" port: 37761 } }
I20260608 12:38:19.920682  3645 raft_consensus.cc:515] T 8f1296d1bf5b410f94efa1d85995c9dd P 432c455dd4164dbbb2ca4ffe588a627b [term 1 FOLLOWER]: Starting leader election with config: opid_index: -1 OBSOLETE_local: false peers { permanent_uuid: "432c455dd4164dbbb2ca4ffe588a627b" member_type: VOTER last_known_addr { host: "127.0.108.2" port: 37761 } } peers { permanent_uuid: "5da35f9ddca7467ab130309858dc7d0e" member_type: VOTER last_known_addr { host: "127.0.108.1" port: 41303 } } peers { permanent_uuid: "2e92184eb89b425396c43ebf026d8635" member_type: VOTER last_known_addr { host: "127.0.108.4" port: 39049 } }
I20260608 12:38:19.923107  3791 ts_tablet_manager.cc:1434] T 5efd4142260e45689fcb09316d13d61e P 2e92184eb89b425396c43ebf026d8635: Time spent starting tablet: real 0.025s	user 0.011s	sys 0.002s
I20260608 12:38:19.924439  3445 tablet_service.cc:1917] Received RequestConsensusVote() RPC: tablet_id: "8f1296d1bf5b410f94efa1d85995c9dd" candidate_uuid: "432c455dd4164dbbb2ca4ffe588a627b" candidate_term: 1 candidate_status { last_received { term: 0 index: 0 } } ignore_live_leader: false dest_uuid: "5da35f9ddca7467ab130309858dc7d0e"
I20260608 12:38:19.924702  3791 tablet_bootstrap.cc:492] T 905496181a0d47e6aa6ddf00a536b1cf P 2e92184eb89b425396c43ebf026d8635: Bootstrap starting.
I20260608 12:38:19.925140  3445 raft_consensus.cc:3060] T 8f1296d1bf5b410f94efa1d85995c9dd P 5da35f9ddca7467ab130309858dc7d0e [term 0 FOLLOWER]: Advancing to term 1
I20260608 12:38:19.926360  3645 leader_election.cc:290] T 8f1296d1bf5b410f94efa1d85995c9dd P 432c455dd4164dbbb2ca4ffe588a627b [CANDIDATE]: Term 1 election: Requested vote from peers 5da35f9ddca7467ab130309858dc7d0e (127.0.108.1:41303), 2e92184eb89b425396c43ebf026d8635 (127.0.108.4:39049)
I20260608 12:38:19.928670  3743 tablet_service.cc:1917] Received RequestConsensusVote() RPC: tablet_id: "8f1296d1bf5b410f94efa1d85995c9dd" candidate_uuid: "432c455dd4164dbbb2ca4ffe588a627b" candidate_term: 1 candidate_status { last_received { term: 0 index: 0 } } ignore_live_leader: false dest_uuid: "2e92184eb89b425396c43ebf026d8635"
W20260608 12:38:19.930591  3485 leader_election.cc:343] T 8f1296d1bf5b410f94efa1d85995c9dd P 432c455dd4164dbbb2ca4ffe588a627b [CANDIDATE]: Term 1 election: Tablet error from VoteRequest() call to peer 2e92184eb89b425396c43ebf026d8635 (127.0.108.4:39049): Illegal state: must be running to vote when last-logged opid is not known
I20260608 12:38:19.932689  3791 tablet_bootstrap.cc:654] T 905496181a0d47e6aa6ddf00a536b1cf P 2e92184eb89b425396c43ebf026d8635: Neither blocks nor log segments found. Creating new log.
I20260608 12:38:19.928759  3593 tablet_service.cc:1917] Received RequestConsensusVote() RPC: tablet_id: "b280e10a06564c148a13c1204c7ea62c" candidate_uuid: "2e92184eb89b425396c43ebf026d8635" candidate_term: 1 candidate_status { last_received { term: 0 index: 0 } } ignore_live_leader: false dest_uuid: "2f5c9237fc834dc285d54e4d1f584c48"
I20260608 12:38:19.935456  3593 raft_consensus.cc:3060] T b280e10a06564c148a13c1204c7ea62c P 2f5c9237fc834dc285d54e4d1f584c48 [term 0 FOLLOWER]: Advancing to term 1
I20260608 12:38:19.936709  3340 catalog_manager.cc:5696] T 46973bdf916e4673846791d781c6700b P 2f5c9237fc834dc285d54e4d1f584c48 reported cstate change: term changed from 0 to 1, leader changed from <none> to 2f5c9237fc834dc285d54e4d1f584c48 (127.0.108.3). New cstate: current_term: 1 leader_uuid: "2f5c9237fc834dc285d54e4d1f584c48" committed_config { opid_index: -1 OBSOLETE_local: false peers { permanent_uuid: "2f5c9237fc834dc285d54e4d1f584c48" member_type: VOTER last_known_addr { host: "127.0.108.3" port: 34427 } health_report { overall_health: HEALTHY } } peers { permanent_uuid: "5da35f9ddca7467ab130309858dc7d0e" member_type: VOTER last_known_addr { host: "127.0.108.1" port: 41303 } health_report { overall_health: UNKNOWN } } peers { permanent_uuid: "2e92184eb89b425396c43ebf026d8635" member_type: VOTER last_known_addr { host: "127.0.108.4" port: 39049 } health_report { overall_health: UNKNOWN } } }
I20260608 12:38:19.943277  3519 tablet_service.cc:1917] Received RequestConsensusVote() RPC: tablet_id: "b280e10a06564c148a13c1204c7ea62c" candidate_uuid: "2e92184eb89b425396c43ebf026d8635" candidate_term: 1 candidate_status { last_received { term: 0 index: 0 } } ignore_live_leader: false dest_uuid: "432c455dd4164dbbb2ca4ffe588a627b"
I20260608 12:38:19.944061  3519 raft_consensus.cc:3060] T b280e10a06564c148a13c1204c7ea62c P 432c455dd4164dbbb2ca4ffe588a627b [term 0 FOLLOWER]: Advancing to term 1
I20260608 12:38:19.944970  3445 raft_consensus.cc:2468] T 8f1296d1bf5b410f94efa1d85995c9dd P 5da35f9ddca7467ab130309858dc7d0e [term 1 FOLLOWER]: Leader election vote request: Granting yes vote for candidate 432c455dd4164dbbb2ca4ffe588a627b in term 1.
I20260608 12:38:19.906883  3663 raft_consensus.cc:515] T ae5644029c9e4cbdbc3764f9af0e0572 P 432c455dd4164dbbb2ca4ffe588a627b [term 0 FOLLOWER]: Starting pre-election with config: opid_index: -1 OBSOLETE_local: false peers { permanent_uuid: "2e92184eb89b425396c43ebf026d8635" member_type: VOTER last_known_addr { host: "127.0.108.4" port: 39049 } } peers { permanent_uuid: "432c455dd4164dbbb2ca4ffe588a627b" member_type: VOTER last_known_addr { host: "127.0.108.2" port: 37761 } } peers { permanent_uuid: "2f5c9237fc834dc285d54e4d1f584c48" member_type: VOTER last_known_addr { host: "127.0.108.3" port: 34427 } }
I20260608 12:38:19.949604  3520 raft_consensus.cc:2468] T ae5644029c9e4cbdbc3764f9af0e0572 P 432c455dd4164dbbb2ca4ffe588a627b [term 0 FOLLOWER]: Leader pre-election vote request: Granting yes vote for candidate 2f5c9237fc834dc285d54e4d1f584c48 in term 0.
I20260608 12:38:19.949630  3486 leader_election.cc:304] T 8f1296d1bf5b410f94efa1d85995c9dd P 432c455dd4164dbbb2ca4ffe588a627b [CANDIDATE]: Term 1 election: Election decided. Result: candidate won. Election summary: received 3 responses out of 3 voters: 2 yes votes; 1 no votes. yes voters: 432c455dd4164dbbb2ca4ffe588a627b, 5da35f9ddca7467ab130309858dc7d0e; no voters: 2e92184eb89b425396c43ebf026d8635
I20260608 12:38:19.948724  3593 raft_consensus.cc:2468] T b280e10a06564c148a13c1204c7ea62c P 2f5c9237fc834dc285d54e4d1f584c48 [term 1 FOLLOWER]: Leader election vote request: Granting yes vote for candidate 2e92184eb89b425396c43ebf026d8635 in term 1.
I20260608 12:38:19.951987  3743 tablet_service.cc:1917] Received RequestConsensusVote() RPC: tablet_id: "ae5644029c9e4cbdbc3764f9af0e0572" candidate_uuid: "432c455dd4164dbbb2ca4ffe588a627b" candidate_term: 1 candidate_status { last_received { term: 0 index: 0 } } ignore_live_leader: false dest_uuid: "2e92184eb89b425396c43ebf026d8635" is_pre_election: true
I20260608 12:38:19.952418  3708 leader_election.cc:304] T b280e10a06564c148a13c1204c7ea62c P 2e92184eb89b425396c43ebf026d8635 [CANDIDATE]: Term 1 election: Election decided. Result: candidate won. Election summary: received 2 responses out of 3 voters: 2 yes votes; 0 no votes. yes voters: 2e92184eb89b425396c43ebf026d8635, 2f5c9237fc834dc285d54e4d1f584c48; no voters: 
I20260608 12:38:19.953181  3559 leader_election.cc:304] T ae5644029c9e4cbdbc3764f9af0e0572 P 2f5c9237fc834dc285d54e4d1f584c48 [CANDIDATE]: Term 1 pre-election: Election decided. Result: candidate won. Election summary: received 3 responses out of 3 voters: 2 yes votes; 1 no votes. yes voters: 2f5c9237fc834dc285d54e4d1f584c48, 432c455dd4164dbbb2ca4ffe588a627b; no voters: 2e92184eb89b425396c43ebf026d8635
I20260608 12:38:19.953727  3804 raft_consensus.cc:2804] T b280e10a06564c148a13c1204c7ea62c P 2e92184eb89b425396c43ebf026d8635 [term 1 FOLLOWER]: Leader election won for term 1
W20260608 12:38:19.953687  3485 leader_election.cc:343] T ae5644029c9e4cbdbc3764f9af0e0572 P 432c455dd4164dbbb2ca4ffe588a627b [CANDIDATE]: Term 1 pre-election: Tablet error from VoteRequest() call to peer 2e92184eb89b425396c43ebf026d8635 (127.0.108.4:39049): Illegal state: must be running to vote when last-logged opid is not known
