I20260608 12:43:47.396355 12608 webserver.cc:533] Webserver started at http://127.12.80.3:37273/ using document root <none> and password file <none>
I20260608 12:43:47.396957 12608 fs_manager.cc:362] Metadata directory not provided
I20260608 12:43:47.397125 12608 fs_manager.cc:368] Using write-ahead log directory (fs_wal_dir) as metadata directory
I20260608 12:43:47.397349 12608 server_base.cc:909] This appears to be a new deployment of Kudu; creating new FS layout
I20260608 12:43:47.398538 12608 fs_manager.cc:1068] Generated new instance metadata in path /tmp/dist-test-taskVInJVT/test-tmp/auto_rebalancer-test.0.AutoRebalancerTest.MovesScheduledIfAddTserver.1780922603540207-12608-0/minicluster-data/ts-2-root/instance:
uuid: "57facad7f34b4911beeb9fbc7016a558"
format_stamp: "Formatted at 2026-06-08 12:43:47 on dist-test-slave-ff8q"
I20260608 12:43:47.405364 12608 fs_manager.cc:696] Time spent creating directory manager: real 0.006s	user 0.007s	sys 0.001s
I20260608 12:43:47.410182 14464 log_block_manager.cc:4031] Time spent loading block containers with low live blocks: real 0.000s	user 0.000s	sys 0.000s
I20260608 12:43:47.411218 12608 fs_manager.cc:730] Time spent opening block manager: real 0.003s	user 0.003s	sys 0.002s
I20260608 12:43:47.411571 12608 fs_manager.cc:647] Opened local filesystem: /tmp/dist-test-taskVInJVT/test-tmp/auto_rebalancer-test.0.AutoRebalancerTest.MovesScheduledIfAddTserver.1780922603540207-12608-0/minicluster-data/ts-2-root
uuid: "57facad7f34b4911beeb9fbc7016a558"
format_stamp: "Formatted at 2026-06-08 12:43:47 on dist-test-slave-ff8q"
I20260608 12:43:47.411831 12608 fs_report.cc:389] FS layout report
--------------------
wal directory: /tmp/dist-test-taskVInJVT/test-tmp/auto_rebalancer-test.0.AutoRebalancerTest.MovesScheduledIfAddTserver.1780922603540207-12608-0/minicluster-data/ts-2-root
metadata directory: /tmp/dist-test-taskVInJVT/test-tmp/auto_rebalancer-test.0.AutoRebalancerTest.MovesScheduledIfAddTserver.1780922603540207-12608-0/minicluster-data/ts-2-root
1 data directories: /tmp/dist-test-taskVInJVT/test-tmp/auto_rebalancer-test.0.AutoRebalancerTest.MovesScheduledIfAddTserver.1780922603540207-12608-0/minicluster-data/ts-2-root/data
Total live blocks: 0
Total live bytes: 0
Total live bytes (after alignment): 0
Total number of LBM containers: 0 (0 full)
Did not check for missing blocks
Did not check for orphaned blocks
Total full LBM containers with extra space: 0 (0 repaired)
Total full LBM container extra space in bytes: 0 (0 repaired)
Total incomplete LBM containers: 0 (0 repaired)
Total LBM partial records: 0 (0 repaired)
Total corrupted LBM metadata records in RocksDB: 0 (0 repaired)
I20260608 12:43:47.431418 12608 rpc_server.cc:225] running with OpenSSL 1.1.1  11 Sep 2018
I20260608 12:43:47.432731 12608 kserver.cc:163] Server-wide thread pool size limit: 3276
I20260608 12:43:47.434026 12608 txn_system_client.cc:432] TxnSystemClient initialization is disabled...
I20260608 12:43:47.436374 12608 ts_tablet_manager.cc:585] Loaded tablet metadata (0 total tablets, 0 live tablets)
I20260608 12:43:47.436609 12608 ts_tablet_manager.cc:531] Time spent load tablet metadata: real 0.000s	user 0.000s	sys 0.000s
I20260608 12:43:47.436884 12608 ts_tablet_manager.cc:616] Registered 0 tablets
I20260608 12:43:47.437034 12608 ts_tablet_manager.cc:595] Time spent register tablets: real 0.000s	user 0.000s	sys 0.000s
I20260608 12:43:47.480211 12608 rpc_server.cc:307] RPC server started. Bound to: 127.12.80.3:40641
I20260608 12:43:47.480314 14526 acceptor_pool.cc:272] collecting diagnostics on the listening RPC socket 127.12.80.3:40641 every 8 connection(s)
I20260608 12:43:47.495289 14527 heartbeater.cc:344] Connected to a master server at 127.12.80.62:38031
I20260608 12:43:47.495733 14527 heartbeater.cc:461] Registering TS with master...
I20260608 12:43:47.496611 14527 heartbeater.cc:507] Master 127.12.80.62:38031 requested a full tablet report, sending...
I20260608 12:43:47.498871 14251 ts_manager.cc:194] Registered new tserver with Master: 57facad7f34b4911beeb9fbc7016a558 (127.12.80.3:40641)
I20260608 12:43:47.499040 12608 internal_mini_cluster.cc:371] 3 TS(s) registered with all masters after 0.015344283s
I20260608 12:43:47.500759 14251 master_service.cc:502] Signed X509 certificate for tserver {username='slave'} at 127.0.0.1:36978
I20260608 12:43:48.269843 14378 heartbeater.cc:499] Master 127.12.80.62:38031 was elected leader, sending a full tablet report...
I20260608 12:43:48.393675 14453 heartbeater.cc:499] Master 127.12.80.62:38031 was elected leader, sending a full tablet report...
I20260608 12:43:48.503721 14527 heartbeater.cc:499] Master 127.12.80.62:38031 was elected leader, sending a full tablet report...
I20260608 12:43:48.559911 14251 catalog_manager.cc:2282] Servicing CreateTable request from {username='slave'} at 127.0.0.1:36994:
name: "test-workload"
schema {
  columns {
    name: "key"
    type: INT32
    is_key: true
    is_nullable: false
    encoding: AUTO_ENCODING
    compression: DEFAULT_COMPRESSION
    cfile_block_size: 0
    immutable: false
  }
  columns {
    name: "int_val"
    type: INT32
    is_key: false
    is_nullable: false
    encoding: AUTO_ENCODING
    compression: DEFAULT_COMPRESSION
    cfile_block_size: 0
    immutable: false
  }
  columns {
    name: "string_val"
    type: STRING
    is_key: false
    is_nullable: true
    encoding: AUTO_ENCODING
    compression: DEFAULT_COMPRESSION
    cfile_block_size: 0
    immutable: false
  }
}
num_replicas: 3
split_rows_range_bounds {
  rows: "\004\001\000\377\377\377?""\004\001\000\377\377\377?"
  indirect_data: """"
}
partition_schema {
  range_schema {
    columns {
      name: "key"
    }
  }
}
W20260608 12:43:48.562275 14251 catalog_manager.cc:7076] The number of live tablet servers is not enough to re-replicate a tablet replica of the newly created table test-workload in case of a server failure: 4 tablet servers would be needed, 3 are available. Consider bringing up more tablet servers.
I20260608 12:43:48.610028 14492 tablet_service.cc:1511] Processing CreateTablet for tablet fd6a5ac7759e4fb1be2fa37f4acb6fc7 (DEFAULT_TABLE table=test-workload [id=1d93152c7e924644a0f8543b8b82e46a]), partition=RANGE (key) PARTITION VALUES < 1073741823
I20260608 12:43:48.612339 14492 data_dirs.cc:400] Could only allocate 1 dirs of requested 3 for tablet fd6a5ac7759e4fb1be2fa37f4acb6fc7. 1 dirs total, 0 dirs full, 0 dirs failed
I20260608 12:43:48.622064 14418 tablet_service.cc:1511] Processing CreateTablet for tablet fd6a5ac7759e4fb1be2fa37f4acb6fc7 (DEFAULT_TABLE table=test-workload [id=1d93152c7e924644a0f8543b8b82e46a]), partition=RANGE (key) PARTITION VALUES < 1073741823
I20260608 12:43:48.623696 14418 data_dirs.cc:400] Could only allocate 1 dirs of requested 3 for tablet fd6a5ac7759e4fb1be2fa37f4acb6fc7. 1 dirs total, 0 dirs full, 0 dirs failed
I20260608 12:43:48.621980 14491 tablet_service.cc:1511] Processing CreateTablet for tablet 7f483c4aa34b4f6fb7a4e13bb1caa811 (DEFAULT_TABLE table=test-workload [id=1d93152c7e924644a0f8543b8b82e46a]), partition=RANGE (key) PARTITION 1073741823 <= VALUES
I20260608 12:43:48.624086 14417 tablet_service.cc:1511] Processing CreateTablet for tablet 7f483c4aa34b4f6fb7a4e13bb1caa811 (DEFAULT_TABLE table=test-workload [id=1d93152c7e924644a0f8543b8b82e46a]), partition=RANGE (key) PARTITION 1073741823 <= VALUES
I20260608 12:43:48.625463 14491 data_dirs.cc:400] Could only allocate 1 dirs of requested 3 for tablet 7f483c4aa34b4f6fb7a4e13bb1caa811. 1 dirs total, 0 dirs full, 0 dirs failed
I20260608 12:43:48.625622 14417 data_dirs.cc:400] Could only allocate 1 dirs of requested 3 for tablet 7f483c4aa34b4f6fb7a4e13bb1caa811. 1 dirs total, 0 dirs full, 0 dirs failed
I20260608 12:43:48.631825 14343 tablet_service.cc:1511] Processing CreateTablet for tablet fd6a5ac7759e4fb1be2fa37f4acb6fc7 (DEFAULT_TABLE table=test-workload [id=1d93152c7e924644a0f8543b8b82e46a]), partition=RANGE (key) PARTITION VALUES < 1073741823
I20260608 12:43:48.633314 14343 data_dirs.cc:400] Could only allocate 1 dirs of requested 3 for tablet fd6a5ac7759e4fb1be2fa37f4acb6fc7. 1 dirs total, 0 dirs full, 0 dirs failed
I20260608 12:43:48.638060 14342 tablet_service.cc:1511] Processing CreateTablet for tablet 7f483c4aa34b4f6fb7a4e13bb1caa811 (DEFAULT_TABLE table=test-workload [id=1d93152c7e924644a0f8543b8b82e46a]), partition=RANGE (key) PARTITION 1073741823 <= VALUES
I20260608 12:43:48.639591 14342 data_dirs.cc:400] Could only allocate 1 dirs of requested 3 for tablet 7f483c4aa34b4f6fb7a4e13bb1caa811. 1 dirs total, 0 dirs full, 0 dirs failed
I20260608 12:43:48.663107 14547 tablet_bootstrap.cc:492] T fd6a5ac7759e4fb1be2fa37f4acb6fc7 P 57facad7f34b4911beeb9fbc7016a558: Bootstrap starting.
I20260608 12:43:48.675860 14549 tablet_bootstrap.cc:492] T fd6a5ac7759e4fb1be2fa37f4acb6fc7 P 196bf9e60f174fb9a060e1a3c5692597: Bootstrap starting.
I20260608 12:43:48.676015 14547 tablet_bootstrap.cc:654] T fd6a5ac7759e4fb1be2fa37f4acb6fc7 P 57facad7f34b4911beeb9fbc7016a558: Neither blocks nor log segments found. Creating new log.
I20260608 12:43:48.678866 14548 tablet_bootstrap.cc:492] T 7f483c4aa34b4f6fb7a4e13bb1caa811 P 09a32c5328564df99cc2ab93f0fe5880: Bootstrap starting.
I20260608 12:43:48.684384 14547 tablet_bootstrap.cc:492] T fd6a5ac7759e4fb1be2fa37f4acb6fc7 P 57facad7f34b4911beeb9fbc7016a558: No bootstrap required, opened a new log
I20260608 12:43:48.685104 14548 tablet_bootstrap.cc:654] T 7f483c4aa34b4f6fb7a4e13bb1caa811 P 09a32c5328564df99cc2ab93f0fe5880: Neither blocks nor log segments found. Creating new log.
I20260608 12:43:48.685052 14547 ts_tablet_manager.cc:1403] T fd6a5ac7759e4fb1be2fa37f4acb6fc7 P 57facad7f34b4911beeb9fbc7016a558: Time spent bootstrapping tablet: real 0.022s	user 0.015s	sys 0.000s
I20260608 12:43:48.686223 14549 tablet_bootstrap.cc:654] T fd6a5ac7759e4fb1be2fa37f4acb6fc7 P 196bf9e60f174fb9a060e1a3c5692597: Neither blocks nor log segments found. Creating new log.
I20260608 12:43:48.689102 14547 raft_consensus.cc:359] T fd6a5ac7759e4fb1be2fa37f4acb6fc7 P 57facad7f34b4911beeb9fbc7016a558 [term 0 FOLLOWER]: Replica starting. Triggering 0 pending ops. Active config: opid_index: -1 OBSOLETE_local: false peers { permanent_uuid: "57facad7f34b4911beeb9fbc7016a558" member_type: VOTER last_known_addr { host: "127.12.80.3" port: 40641 } } peers { permanent_uuid: "196bf9e60f174fb9a060e1a3c5692597" member_type: VOTER last_known_addr { host: "127.12.80.1" port: 40879 } } peers { permanent_uuid: "09a32c5328564df99cc2ab93f0fe5880" member_type: VOTER last_known_addr { host: "127.12.80.2" port: 39831 } }
I20260608 12:43:48.690004 14547 raft_consensus.cc:385] T fd6a5ac7759e4fb1be2fa37f4acb6fc7 P 57facad7f34b4911beeb9fbc7016a558 [term 0 FOLLOWER]: Consensus starting up: Expiring failure detector timer to make a prompt election more likely
I20260608 12:43:48.690290 14547 raft_consensus.cc:740] T fd6a5ac7759e4fb1be2fa37f4acb6fc7 P 57facad7f34b4911beeb9fbc7016a558 [term 0 FOLLOWER]: Becoming Follower/Learner. State: Replica: 57facad7f34b4911beeb9fbc7016a558, State: Initialized, Role: FOLLOWER
I20260608 12:43:48.691233 14547 consensus_queue.cc:260] T fd6a5ac7759e4fb1be2fa37f4acb6fc7 P 57facad7f34b4911beeb9fbc7016a558 [NON_LEADER]: Queue going to NON_LEADER mode. State: All replicated index: 0, Majority replicated index: 0, Committed index: 0, Last appended: 0.0, Last appended by leader: 0, Current term: 0, Majority size: -1, State: 0, Mode: NON_LEADER, active raft config: opid_index: -1 OBSOLETE_local: false peers { permanent_uuid: "57facad7f34b4911beeb9fbc7016a558" member_type: VOTER last_known_addr { host: "127.12.80.3" port: 40641 } } peers { permanent_uuid: "196bf9e60f174fb9a060e1a3c5692597" member_type: VOTER last_known_addr { host: "127.12.80.1" port: 40879 } } peers { permanent_uuid: "09a32c5328564df99cc2ab93f0fe5880" member_type: VOTER last_known_addr { host: "127.12.80.2" port: 39831 } }
I20260608 12:43:48.692144 14548 tablet_bootstrap.cc:492] T 7f483c4aa34b4f6fb7a4e13bb1caa811 P 09a32c5328564df99cc2ab93f0fe5880: No bootstrap required, opened a new log
I20260608 12:43:48.692320 14549 tablet_bootstrap.cc:492] T fd6a5ac7759e4fb1be2fa37f4acb6fc7 P 196bf9e60f174fb9a060e1a3c5692597: No bootstrap required, opened a new log
I20260608 12:43:48.692955 14549 ts_tablet_manager.cc:1403] T fd6a5ac7759e4fb1be2fa37f4acb6fc7 P 196bf9e60f174fb9a060e1a3c5692597: Time spent bootstrapping tablet: real 0.018s	user 0.012s	sys 0.002s
I20260608 12:43:48.692952 14548 ts_tablet_manager.cc:1403] T 7f483c4aa34b4f6fb7a4e13bb1caa811 P 09a32c5328564df99cc2ab93f0fe5880: Time spent bootstrapping tablet: real 0.014s	user 0.007s	sys 0.006s
I20260608 12:43:48.695590 14547 ts_tablet_manager.cc:1434] T fd6a5ac7759e4fb1be2fa37f4acb6fc7 P 57facad7f34b4911beeb9fbc7016a558: Time spent starting tablet: real 0.010s	user 0.009s	sys 0.000s
I20260608 12:43:48.696769 14547 tablet_bootstrap.cc:492] T 7f483c4aa34b4f6fb7a4e13bb1caa811 P 57facad7f34b4911beeb9fbc7016a558: Bootstrap starting.
I20260608 12:43:48.697115 14548 raft_consensus.cc:359] T 7f483c4aa34b4f6fb7a4e13bb1caa811 P 09a32c5328564df99cc2ab93f0fe5880 [term 0 FOLLOWER]: Replica starting. Triggering 0 pending ops. Active config: opid_index: -1 OBSOLETE_local: false peers { permanent_uuid: "196bf9e60f174fb9a060e1a3c5692597" member_type: VOTER last_known_addr { host: "127.12.80.1" port: 40879 } } peers { permanent_uuid: "09a32c5328564df99cc2ab93f0fe5880" member_type: VOTER last_known_addr { host: "127.12.80.2" port: 39831 } } peers { permanent_uuid: "57facad7f34b4911beeb9fbc7016a558" member_type: VOTER last_known_addr { host: "127.12.80.3" port: 40641 } }
I20260608 12:43:48.697091 14549 raft_consensus.cc:359] T fd6a5ac7759e4fb1be2fa37f4acb6fc7 P 196bf9e60f174fb9a060e1a3c5692597 [term 0 FOLLOWER]: Replica starting. Triggering 0 pending ops. Active config: opid_index: -1 OBSOLETE_local: false peers { permanent_uuid: "57facad7f34b4911beeb9fbc7016a558" member_type: VOTER last_known_addr { host: "127.12.80.3" port: 40641 } } peers { permanent_uuid: "196bf9e60f174fb9a060e1a3c5692597" member_type: VOTER last_known_addr { host: "127.12.80.1" port: 40879 } } peers { permanent_uuid: "09a32c5328564df99cc2ab93f0fe5880" member_type: VOTER last_known_addr { host: "127.12.80.2" port: 39831 } }
I20260608 12:43:48.698238 14548 raft_consensus.cc:385] T 7f483c4aa34b4f6fb7a4e13bb1caa811 P 09a32c5328564df99cc2ab93f0fe5880 [term 0 FOLLOWER]: Consensus starting up: Expiring failure detector timer to make a prompt election more likely
I20260608 12:43:48.698483 14549 raft_consensus.cc:385] T fd6a5ac7759e4fb1be2fa37f4acb6fc7 P 196bf9e60f174fb9a060e1a3c5692597 [term 0 FOLLOWER]: Consensus starting up: Expiring failure detector timer to make a prompt election more likely
I20260608 12:43:48.698779 14548 raft_consensus.cc:740] T 7f483c4aa34b4f6fb7a4e13bb1caa811 P 09a32c5328564df99cc2ab93f0fe5880 [term 0 FOLLOWER]: Becoming Follower/Learner. State: Replica: 09a32c5328564df99cc2ab93f0fe5880, State: Initialized, Role: FOLLOWER
I20260608 12:43:48.698938 14549 raft_consensus.cc:740] T fd6a5ac7759e4fb1be2fa37f4acb6fc7 P 196bf9e60f174fb9a060e1a3c5692597 [term 0 FOLLOWER]: Becoming Follower/Learner. State: Replica: 196bf9e60f174fb9a060e1a3c5692597, State: Initialized, Role: FOLLOWER
I20260608 12:43:48.699983 14548 consensus_queue.cc:260] T 7f483c4aa34b4f6fb7a4e13bb1caa811 P 09a32c5328564df99cc2ab93f0fe5880 [NON_LEADER]: Queue going to NON_LEADER mode. State: All replicated index: 0, Majority replicated index: 0, Committed index: 0, Last appended: 0.0, Last appended by leader: 0, Current term: 0, Majority size: -1, State: 0, Mode: NON_LEADER, active raft config: opid_index: -1 OBSOLETE_local: false peers { permanent_uuid: "196bf9e60f174fb9a060e1a3c5692597" member_type: VOTER last_known_addr { host: "127.12.80.1" port: 40879 } } peers { permanent_uuid: "09a32c5328564df99cc2ab93f0fe5880" member_type: VOTER last_known_addr { host: "127.12.80.2" port: 39831 } } peers { permanent_uuid: "57facad7f34b4911beeb9fbc7016a558" member_type: VOTER last_known_addr { host: "127.12.80.3" port: 40641 } }
I20260608 12:43:48.700248 14549 consensus_queue.cc:260] T fd6a5ac7759e4fb1be2fa37f4acb6fc7 P 196bf9e60f174fb9a060e1a3c5692597 [NON_LEADER]: Queue going to NON_LEADER mode. State: All replicated index: 0, Majority replicated index: 0, Committed index: 0, Last appended: 0.0, Last appended by leader: 0, Current term: 0, Majority size: -1, State: 0, Mode: NON_LEADER, active raft config: opid_index: -1 OBSOLETE_local: false peers { permanent_uuid: "57facad7f34b4911beeb9fbc7016a558" member_type: VOTER last_known_addr { host: "127.12.80.3" port: 40641 } } peers { permanent_uuid: "196bf9e60f174fb9a060e1a3c5692597" member_type: VOTER last_known_addr { host: "127.12.80.1" port: 40879 } } peers { permanent_uuid: "09a32c5328564df99cc2ab93f0fe5880" member_type: VOTER last_known_addr { host: "127.12.80.2" port: 39831 } }
I20260608 12:43:48.705224 14547 tablet_bootstrap.cc:654] T 7f483c4aa34b4f6fb7a4e13bb1caa811 P 57facad7f34b4911beeb9fbc7016a558: Neither blocks nor log segments found. Creating new log.
I20260608 12:43:48.710789 14548 ts_tablet_manager.cc:1434] T 7f483c4aa34b4f6fb7a4e13bb1caa811 P 09a32c5328564df99cc2ab93f0fe5880: Time spent starting tablet: real 0.017s	user 0.009s	sys 0.005s
I20260608 12:43:48.712044 14548 tablet_bootstrap.cc:492] T fd6a5ac7759e4fb1be2fa37f4acb6fc7 P 09a32c5328564df99cc2ab93f0fe5880: Bootstrap starting.
I20260608 12:43:48.719406 14548 tablet_bootstrap.cc:654] T fd6a5ac7759e4fb1be2fa37f4acb6fc7 P 09a32c5328564df99cc2ab93f0fe5880: Neither blocks nor log segments found. Creating new log.
I20260608 12:43:48.722139 14549 ts_tablet_manager.cc:1434] T fd6a5ac7759e4fb1be2fa37f4acb6fc7 P 196bf9e60f174fb9a060e1a3c5692597: Time spent starting tablet: real 0.028s	user 0.015s	sys 0.011s
I20260608 12:43:48.723363 14549 tablet_bootstrap.cc:492] T 7f483c4aa34b4f6fb7a4e13bb1caa811 P 196bf9e60f174fb9a060e1a3c5692597: Bootstrap starting.
I20260608 12:43:48.731426 14549 tablet_bootstrap.cc:654] T 7f483c4aa34b4f6fb7a4e13bb1caa811 P 196bf9e60f174fb9a060e1a3c5692597: Neither blocks nor log segments found. Creating new log.
I20260608 12:43:48.755218 14547 tablet_bootstrap.cc:492] T 7f483c4aa34b4f6fb7a4e13bb1caa811 P 57facad7f34b4911beeb9fbc7016a558: No bootstrap required, opened a new log
I20260608 12:43:48.755220 14549 tablet_bootstrap.cc:492] T 7f483c4aa34b4f6fb7a4e13bb1caa811 P 196bf9e60f174fb9a060e1a3c5692597: No bootstrap required, opened a new log
I20260608 12:43:48.755666 14548 tablet_bootstrap.cc:492] T fd6a5ac7759e4fb1be2fa37f4acb6fc7 P 09a32c5328564df99cc2ab93f0fe5880: No bootstrap required, opened a new log
I20260608 12:43:48.755924 14547 ts_tablet_manager.cc:1403] T 7f483c4aa34b4f6fb7a4e13bb1caa811 P 57facad7f34b4911beeb9fbc7016a558: Time spent bootstrapping tablet: real 0.059s	user 0.018s	sys 0.023s
I20260608 12:43:48.755980 14549 ts_tablet_manager.cc:1403] T 7f483c4aa34b4f6fb7a4e13bb1caa811 P 196bf9e60f174fb9a060e1a3c5692597: Time spent bootstrapping tablet: real 0.033s	user 0.024s	sys 0.008s
I20260608 12:43:48.756151 14548 ts_tablet_manager.cc:1403] T fd6a5ac7759e4fb1be2fa37f4acb6fc7 P 09a32c5328564df99cc2ab93f0fe5880: Time spent bootstrapping tablet: real 0.044s	user 0.027s	sys 0.015s
I20260608 12:43:48.759500 14548 raft_consensus.cc:359] T fd6a5ac7759e4fb1be2fa37f4acb6fc7 P 09a32c5328564df99cc2ab93f0fe5880 [term 0 FOLLOWER]: Replica starting. Triggering 0 pending ops. Active config: opid_index: -1 OBSOLETE_local: false peers { permanent_uuid: "57facad7f34b4911beeb9fbc7016a558" member_type: VOTER last_known_addr { host: "127.12.80.3" port: 40641 } } peers { permanent_uuid: "196bf9e60f174fb9a060e1a3c5692597" member_type: VOTER last_known_addr { host: "127.12.80.1" port: 40879 } } peers { permanent_uuid: "09a32c5328564df99cc2ab93f0fe5880" member_type: VOTER last_known_addr { host: "127.12.80.2" port: 39831 } }
I20260608 12:43:48.759729 14547 raft_consensus.cc:359] T 7f483c4aa34b4f6fb7a4e13bb1caa811 P 57facad7f34b4911beeb9fbc7016a558 [term 0 FOLLOWER]: Replica starting. Triggering 0 pending ops. Active config: opid_index: -1 OBSOLETE_local: false peers { permanent_uuid: "196bf9e60f174fb9a060e1a3c5692597" member_type: VOTER last_known_addr { host: "127.12.80.1" port: 40879 } } peers { permanent_uuid: "09a32c5328564df99cc2ab93f0fe5880" member_type: VOTER last_known_addr { host: "127.12.80.2" port: 39831 } } peers { permanent_uuid: "57facad7f34b4911beeb9fbc7016a558" member_type: VOTER last_known_addr { host: "127.12.80.3" port: 40641 } }
I20260608 12:43:48.760337 14548 raft_consensus.cc:385] T fd6a5ac7759e4fb1be2fa37f4acb6fc7 P 09a32c5328564df99cc2ab93f0fe5880 [term 0 FOLLOWER]: Consensus starting up: Expiring failure detector timer to make a prompt election more likely
I20260608 12:43:48.760062 14549 raft_consensus.cc:359] T 7f483c4aa34b4f6fb7a4e13bb1caa811 P 196bf9e60f174fb9a060e1a3c5692597 [term 0 FOLLOWER]: Replica starting. Triggering 0 pending ops. Active config: opid_index: -1 OBSOLETE_local: false peers { permanent_uuid: "196bf9e60f174fb9a060e1a3c5692597" member_type: VOTER last_known_addr { host: "127.12.80.1" port: 40879 } } peers { permanent_uuid: "09a32c5328564df99cc2ab93f0fe5880" member_type: VOTER last_known_addr { host: "127.12.80.2" port: 39831 } } peers { permanent_uuid: "57facad7f34b4911beeb9fbc7016a558" member_type: VOTER last_known_addr { host: "127.12.80.3" port: 40641 } }
I20260608 12:43:48.760550 14547 raft_consensus.cc:385] T 7f483c4aa34b4f6fb7a4e13bb1caa811 P 57facad7f34b4911beeb9fbc7016a558 [term 0 FOLLOWER]: Consensus starting up: Expiring failure detector timer to make a prompt election more likely
I20260608 12:43:48.760840 14548 raft_consensus.cc:740] T fd6a5ac7759e4fb1be2fa37f4acb6fc7 P 09a32c5328564df99cc2ab93f0fe5880 [term 0 FOLLOWER]: Becoming Follower/Learner. State: Replica: 09a32c5328564df99cc2ab93f0fe5880, State: Initialized, Role: FOLLOWER
I20260608 12:43:48.760952 14549 raft_consensus.cc:385] T 7f483c4aa34b4f6fb7a4e13bb1caa811 P 196bf9e60f174fb9a060e1a3c5692597 [term 0 FOLLOWER]: Consensus starting up: Expiring failure detector timer to make a prompt election more likely
I20260608 12:43:48.760979 14547 raft_consensus.cc:740] T 7f483c4aa34b4f6fb7a4e13bb1caa811 P 57facad7f34b4911beeb9fbc7016a558 [term 0 FOLLOWER]: Becoming Follower/Learner. State: Replica: 57facad7f34b4911beeb9fbc7016a558, State: Initialized, Role: FOLLOWER
I20260608 12:43:48.761477 14549 raft_consensus.cc:740] T 7f483c4aa34b4f6fb7a4e13bb1caa811 P 196bf9e60f174fb9a060e1a3c5692597 [term 0 FOLLOWER]: Becoming Follower/Learner. State: Replica: 196bf9e60f174fb9a060e1a3c5692597, State: Initialized, Role: FOLLOWER
I20260608 12:43:48.761837 14548 consensus_queue.cc:260] T fd6a5ac7759e4fb1be2fa37f4acb6fc7 P 09a32c5328564df99cc2ab93f0fe5880 [NON_LEADER]: Queue going to NON_LEADER mode. State: All replicated index: 0, Majority replicated index: 0, Committed index: 0, Last appended: 0.0, Last appended by leader: 0, Current term: 0, Majority size: -1, State: 0, Mode: NON_LEADER, active raft config: opid_index: -1 OBSOLETE_local: false peers { permanent_uuid: "57facad7f34b4911beeb9fbc7016a558" member_type: VOTER last_known_addr { host: "127.12.80.3" port: 40641 } } peers { permanent_uuid: "196bf9e60f174fb9a060e1a3c5692597" member_type: VOTER last_known_addr { host: "127.12.80.1" port: 40879 } } peers { permanent_uuid: "09a32c5328564df99cc2ab93f0fe5880" member_type: VOTER last_known_addr { host: "127.12.80.2" port: 39831 } }
I20260608 12:43:48.761998 14547 consensus_queue.cc:260] T 7f483c4aa34b4f6fb7a4e13bb1caa811 P 57facad7f34b4911beeb9fbc7016a558 [NON_LEADER]: Queue going to NON_LEADER mode. State: All replicated index: 0, Majority replicated index: 0, Committed index: 0, Last appended: 0.0, Last appended by leader: 0, Current term: 0, Majority size: -1, State: 0, Mode: NON_LEADER, active raft config: opid_index: -1 OBSOLETE_local: false peers { permanent_uuid: "196bf9e60f174fb9a060e1a3c5692597" member_type: VOTER last_known_addr { host: "127.12.80.1" port: 40879 } } peers { permanent_uuid: "09a32c5328564df99cc2ab93f0fe5880" member_type: VOTER last_known_addr { host: "127.12.80.2" port: 39831 } } peers { permanent_uuid: "57facad7f34b4911beeb9fbc7016a558" member_type: VOTER last_known_addr { host: "127.12.80.3" port: 40641 } }
I20260608 12:43:48.762354 14549 consensus_queue.cc:260] T 7f483c4aa34b4f6fb7a4e13bb1caa811 P 196bf9e60f174fb9a060e1a3c5692597 [NON_LEADER]: Queue going to NON_LEADER mode. State: All replicated index: 0, Majority replicated index: 0, Committed index: 0, Last appended: 0.0, Last appended by leader: 0, Current term: 0, Majority size: -1, State: 0, Mode: NON_LEADER, active raft config: opid_index: -1 OBSOLETE_local: false peers { permanent_uuid: "196bf9e60f174fb9a060e1a3c5692597" member_type: VOTER last_known_addr { host: "127.12.80.1" port: 40879 } } peers { permanent_uuid: "09a32c5328564df99cc2ab93f0fe5880" member_type: VOTER last_known_addr { host: "127.12.80.2" port: 39831 } } peers { permanent_uuid: "57facad7f34b4911beeb9fbc7016a558" member_type: VOTER last_known_addr { host: "127.12.80.3" port: 40641 } }
I20260608 12:43:48.764250 14547 ts_tablet_manager.cc:1434] T 7f483c4aa34b4f6fb7a4e13bb1caa811 P 57facad7f34b4911beeb9fbc7016a558: Time spent starting tablet: real 0.008s	user 0.005s	sys 0.004s
I20260608 12:43:48.764549 14549 ts_tablet_manager.cc:1434] T 7f483c4aa34b4f6fb7a4e13bb1caa811 P 196bf9e60f174fb9a060e1a3c5692597: Time spent starting tablet: real 0.008s	user 0.003s	sys 0.000s
I20260608 12:43:48.766067 14548 ts_tablet_manager.cc:1434] T fd6a5ac7759e4fb1be2fa37f4acb6fc7 P 09a32c5328564df99cc2ab93f0fe5880: Time spent starting tablet: real 0.009s	user 0.007s	sys 0.000s
I20260608 12:43:48.785981 14555 raft_consensus.cc:493] T fd6a5ac7759e4fb1be2fa37f4acb6fc7 P 196bf9e60f174fb9a060e1a3c5692597 [term 0 FOLLOWER]: Starting pre-election (no leader contacted us within the election timeout)
I20260608 12:43:48.786536 14555 raft_consensus.cc:515] T fd6a5ac7759e4fb1be2fa37f4acb6fc7 P 196bf9e60f174fb9a060e1a3c5692597 [term 0 FOLLOWER]: Starting pre-election with config: opid_index: -1 OBSOLETE_local: false peers { permanent_uuid: "57facad7f34b4911beeb9fbc7016a558" member_type: VOTER last_known_addr { host: "127.12.80.3" port: 40641 } } peers { permanent_uuid: "196bf9e60f174fb9a060e1a3c5692597" member_type: VOTER last_known_addr { host: "127.12.80.1" port: 40879 } } peers { permanent_uuid: "09a32c5328564df99cc2ab93f0fe5880" member_type: VOTER last_known_addr { host: "127.12.80.2" port: 39831 } }
I20260608 12:43:48.789352 14555 leader_election.cc:290] T fd6a5ac7759e4fb1be2fa37f4acb6fc7 P 196bf9e60f174fb9a060e1a3c5692597 [CANDIDATE]: Term 1 pre-election: Requested pre-vote from peers 57facad7f34b4911beeb9fbc7016a558 (127.12.80.3:40641), 09a32c5328564df99cc2ab93f0fe5880 (127.12.80.2:39831)
I20260608 12:43:48.804452 14428 tablet_service.cc:1917] Received RequestConsensusVote() RPC: tablet_id: "fd6a5ac7759e4fb1be2fa37f4acb6fc7" candidate_uuid: "196bf9e60f174fb9a060e1a3c5692597" candidate_term: 1 candidate_status { last_received { term: 0 index: 0 } } ignore_live_leader: false dest_uuid: "09a32c5328564df99cc2ab93f0fe5880" is_pre_election: true
I20260608 12:43:48.804553 14502 tablet_service.cc:1917] Received RequestConsensusVote() RPC: tablet_id: "fd6a5ac7759e4fb1be2fa37f4acb6fc7" candidate_uuid: "196bf9e60f174fb9a060e1a3c5692597" candidate_term: 1 candidate_status { last_received { term: 0 index: 0 } } ignore_live_leader: false dest_uuid: "57facad7f34b4911beeb9fbc7016a558" is_pre_election: true
I20260608 12:43:48.805222 14428 raft_consensus.cc:2468] T fd6a5ac7759e4fb1be2fa37f4acb6fc7 P 09a32c5328564df99cc2ab93f0fe5880 [term 0 FOLLOWER]: Leader pre-election vote request: Granting yes vote for candidate 196bf9e60f174fb9a060e1a3c5692597 in term 0.
I20260608 12:43:48.805346 14502 raft_consensus.cc:2468] T fd6a5ac7759e4fb1be2fa37f4acb6fc7 P 57facad7f34b4911beeb9fbc7016a558 [term 0 FOLLOWER]: Leader pre-election vote request: Granting yes vote for candidate 196bf9e60f174fb9a060e1a3c5692597 in term 0.
I20260608 12:43:48.806710 14318 leader_election.cc:304] T fd6a5ac7759e4fb1be2fa37f4acb6fc7 P 196bf9e60f174fb9a060e1a3c5692597 [CANDIDATE]: Term 1 pre-election: Election decided. Result: candidate won. Election summary: received 2 responses out of 3 voters: 2 yes votes; 0 no votes. yes voters: 196bf9e60f174fb9a060e1a3c5692597, 57facad7f34b4911beeb9fbc7016a558; no voters: 
I20260608 12:43:48.807514 14555 raft_consensus.cc:2804] T fd6a5ac7759e4fb1be2fa37f4acb6fc7 P 196bf9e60f174fb9a060e1a3c5692597 [term 0 FOLLOWER]: Leader pre-election won for term 1
I20260608 12:43:48.807922 14555 raft_consensus.cc:493] T fd6a5ac7759e4fb1be2fa37f4acb6fc7 P 196bf9e60f174fb9a060e1a3c5692597 [term 0 FOLLOWER]: Starting leader election (no leader contacted us within the election timeout)
I20260608 12:43:48.808228 14555 raft_consensus.cc:3060] T fd6a5ac7759e4fb1be2fa37f4acb6fc7 P 196bf9e60f174fb9a060e1a3c5692597 [term 0 FOLLOWER]: Advancing to term 1
I20260608 12:43:48.813608 14555 raft_consensus.cc:515] T fd6a5ac7759e4fb1be2fa37f4acb6fc7 P 196bf9e60f174fb9a060e1a3c5692597 [term 1 FOLLOWER]: Starting leader election with config: opid_index: -1 OBSOLETE_local: false peers { permanent_uuid: "57facad7f34b4911beeb9fbc7016a558" member_type: VOTER last_known_addr { host: "127.12.80.3" port: 40641 } } peers { permanent_uuid: "196bf9e60f174fb9a060e1a3c5692597" member_type: VOTER last_known_addr { host: "127.12.80.1" port: 40879 } } peers { permanent_uuid: "09a32c5328564df99cc2ab93f0fe5880" member_type: VOTER last_known_addr { host: "127.12.80.2" port: 39831 } }
I20260608 12:43:48.815662 14555 leader_election.cc:290] T fd6a5ac7759e4fb1be2fa37f4acb6fc7 P 196bf9e60f174fb9a060e1a3c5692597 [CANDIDATE]: Term 1 election: Requested vote from peers 57facad7f34b4911beeb9fbc7016a558 (127.12.80.3:40641), 09a32c5328564df99cc2ab93f0fe5880 (127.12.80.2:39831)
I20260608 12:43:48.816607 14502 tablet_service.cc:1917] Received RequestConsensusVote() RPC: tablet_id: "fd6a5ac7759e4fb1be2fa37f4acb6fc7" candidate_uuid: "196bf9e60f174fb9a060e1a3c5692597" candidate_term: 1 candidate_status { last_received { term: 0 index: 0 } } ignore_live_leader: false dest_uuid: "57facad7f34b4911beeb9fbc7016a558"
I20260608 12:43:48.816304 14555 raft_consensus.cc:493] T 7f483c4aa34b4f6fb7a4e13bb1caa811 P 196bf9e60f174fb9a060e1a3c5692597 [term 0 FOLLOWER]: Starting pre-election (no leader contacted us within the election timeout)
I20260608 12:43:48.817106 14428 tablet_service.cc:1917] Received RequestConsensusVote() RPC: tablet_id: "fd6a5ac7759e4fb1be2fa37f4acb6fc7" candidate_uuid: "196bf9e60f174fb9a060e1a3c5692597" candidate_term: 1 candidate_status { last_received { term: 0 index: 0 } } ignore_live_leader: false dest_uuid: "09a32c5328564df99cc2ab93f0fe5880"
I20260608 12:43:48.817255 14502 raft_consensus.cc:3060] T fd6a5ac7759e4fb1be2fa37f4acb6fc7 P 57facad7f34b4911beeb9fbc7016a558 [term 0 FOLLOWER]: Advancing to term 1
I20260608 12:43:48.817787 14428 raft_consensus.cc:3060] T fd6a5ac7759e4fb1be2fa37f4acb6fc7 P 09a32c5328564df99cc2ab93f0fe5880 [term 0 FOLLOWER]: Advancing to term 1
I20260608 12:43:48.817592 14555 raft_consensus.cc:515] T 7f483c4aa34b4f6fb7a4e13bb1caa811 P 196bf9e60f174fb9a060e1a3c5692597 [term 0 FOLLOWER]: Starting pre-election with config: opid_index: -1 OBSOLETE_local: false peers { permanent_uuid: "196bf9e60f174fb9a060e1a3c5692597" member_type: VOTER last_known_addr { host: "127.12.80.1" port: 40879 } } peers { permanent_uuid: "09a32c5328564df99cc2ab93f0fe5880" member_type: VOTER last_known_addr { host: "127.12.80.2" port: 39831 } } peers { permanent_uuid: "57facad7f34b4911beeb9fbc7016a558" member_type: VOTER last_known_addr { host: "127.12.80.3" port: 40641 } }
I20260608 12:43:48.820770 14555 leader_election.cc:290] T 7f483c4aa34b4f6fb7a4e13bb1caa811 P 196bf9e60f174fb9a060e1a3c5692597 [CANDIDATE]: Term 1 pre-election: Requested pre-vote from peers 09a32c5328564df99cc2ab93f0fe5880 (127.12.80.2:39831), 57facad7f34b4911beeb9fbc7016a558 (127.12.80.3:40641)
I20260608 12:43:48.821257 14427 tablet_service.cc:1917] Received RequestConsensusVote() RPC: tablet_id: "7f483c4aa34b4f6fb7a4e13bb1caa811" candidate_uuid: "196bf9e60f174fb9a060e1a3c5692597" candidate_term: 1 candidate_status { last_received { term: 0 index: 0 } } ignore_live_leader: false dest_uuid: "09a32c5328564df99cc2ab93f0fe5880" is_pre_election: true
I20260608 12:43:48.821542 14501 tablet_service.cc:1917] Received RequestConsensusVote() RPC: tablet_id: "7f483c4aa34b4f6fb7a4e13bb1caa811" candidate_uuid: "196bf9e60f174fb9a060e1a3c5692597" candidate_term: 1 candidate_status { last_received { term: 0 index: 0 } } ignore_live_leader: false dest_uuid: "57facad7f34b4911beeb9fbc7016a558" is_pre_election: true
I20260608 12:43:48.822010 14427 raft_consensus.cc:2468] T 7f483c4aa34b4f6fb7a4e13bb1caa811 P 09a32c5328564df99cc2ab93f0fe5880 [term 0 FOLLOWER]: Leader pre-election vote request: Granting yes vote for candidate 196bf9e60f174fb9a060e1a3c5692597 in term 0.
I20260608 12:43:48.822175 14501 raft_consensus.cc:2468] T 7f483c4aa34b4f6fb7a4e13bb1caa811 P 57facad7f34b4911beeb9fbc7016a558 [term 0 FOLLOWER]: Leader pre-election vote request: Granting yes vote for candidate 196bf9e60f174fb9a060e1a3c5692597 in term 0.
I20260608 12:43:48.823527 14316 leader_election.cc:304] T 7f483c4aa34b4f6fb7a4e13bb1caa811 P 196bf9e60f174fb9a060e1a3c5692597 [CANDIDATE]: Term 1 pre-election: Election decided. Result: candidate won. Election summary: received 2 responses out of 3 voters: 2 yes votes; 0 no votes. yes voters: 09a32c5328564df99cc2ab93f0fe5880, 196bf9e60f174fb9a060e1a3c5692597; no voters: 
I20260608 12:43:48.825120 14555 raft_consensus.cc:2804] T 7f483c4aa34b4f6fb7a4e13bb1caa811 P 196bf9e60f174fb9a060e1a3c5692597 [term 0 FOLLOWER]: Leader pre-election won for term 1
I20260608 12:43:48.825587 14555 raft_consensus.cc:493] T 7f483c4aa34b4f6fb7a4e13bb1caa811 P 196bf9e60f174fb9a060e1a3c5692597 [term 0 FOLLOWER]: Starting leader election (no leader contacted us within the election timeout)
I20260608 12:43:48.825958 14555 raft_consensus.cc:3060] T 7f483c4aa34b4f6fb7a4e13bb1caa811 P 196bf9e60f174fb9a060e1a3c5692597 [term 0 FOLLOWER]: Advancing to term 1
I20260608 12:43:48.825986 14428 raft_consensus.cc:2468] T fd6a5ac7759e4fb1be2fa37f4acb6fc7 P 09a32c5328564df99cc2ab93f0fe5880 [term 1 FOLLOWER]: Leader election vote request: Granting yes vote for candidate 196bf9e60f174fb9a060e1a3c5692597 in term 1.
I20260608 12:43:48.826047 14502 raft_consensus.cc:2468] T fd6a5ac7759e4fb1be2fa37f4acb6fc7 P 57facad7f34b4911beeb9fbc7016a558 [term 1 FOLLOWER]: Leader election vote request: Granting yes vote for candidate 196bf9e60f174fb9a060e1a3c5692597 in term 1.
I20260608 12:43:48.827663 14316 leader_election.cc:304] T fd6a5ac7759e4fb1be2fa37f4acb6fc7 P 196bf9e60f174fb9a060e1a3c5692597 [CANDIDATE]: Term 1 election: Election decided. Result: candidate won. Election summary: received 2 responses out of 3 voters: 2 yes votes; 0 no votes. yes voters: 09a32c5328564df99cc2ab93f0fe5880, 196bf9e60f174fb9a060e1a3c5692597; no voters: 
I20260608 12:43:48.828755 14561 raft_consensus.cc:2804] T fd6a5ac7759e4fb1be2fa37f4acb6fc7 P 196bf9e60f174fb9a060e1a3c5692597 [term 1 FOLLOWER]: Leader election won for term 1
I20260608 12:43:48.830197 14561 raft_consensus.cc:697] T fd6a5ac7759e4fb1be2fa37f4acb6fc7 P 196bf9e60f174fb9a060e1a3c5692597 [term 1 LEADER]: Becoming Leader. State: Replica: 196bf9e60f174fb9a060e1a3c5692597, State: Running, Role: LEADER
I20260608 12:43:48.831117 14561 consensus_queue.cc:237] T fd6a5ac7759e4fb1be2fa37f4acb6fc7 P 196bf9e60f174fb9a060e1a3c5692597 [LEADER]: Queue going to LEADER mode. State: All replicated index: 0, Majority replicated index: 0, Committed index: 0, Last appended: 0.0, Last appended by leader: 0, Current term: 1, Majority size: 2, State: 0, Mode: LEADER, active raft config: opid_index: -1 OBSOLETE_local: false peers { permanent_uuid: "57facad7f34b4911beeb9fbc7016a558" member_type: VOTER last_known_addr { host: "127.12.80.3" port: 40641 } } peers { permanent_uuid: "196bf9e60f174fb9a060e1a3c5692597" member_type: VOTER last_known_addr { host: "127.12.80.1" port: 40879 } } peers { permanent_uuid: "09a32c5328564df99cc2ab93f0fe5880" member_type: VOTER last_known_addr { host: "127.12.80.2" port: 39831 } }
I20260608 12:43:48.833629 14555 raft_consensus.cc:515] T 7f483c4aa34b4f6fb7a4e13bb1caa811 P 196bf9e60f174fb9a060e1a3c5692597 [term 1 FOLLOWER]: Starting leader election with config: opid_index: -1 OBSOLETE_local: false peers { permanent_uuid: "196bf9e60f174fb9a060e1a3c5692597" member_type: VOTER last_known_addr { host: "127.12.80.1" port: 40879 } } peers { permanent_uuid: "09a32c5328564df99cc2ab93f0fe5880" member_type: VOTER last_known_addr { host: "127.12.80.2" port: 39831 } } peers { permanent_uuid: "57facad7f34b4911beeb9fbc7016a558" member_type: VOTER last_known_addr { host: "127.12.80.3" port: 40641 } }
I20260608 12:43:48.836164 14555 leader_election.cc:290] T 7f483c4aa34b4f6fb7a4e13bb1caa811 P 196bf9e60f174fb9a060e1a3c5692597 [CANDIDATE]: Term 1 election: Requested vote from peers 09a32c5328564df99cc2ab93f0fe5880 (127.12.80.2:39831), 57facad7f34b4911beeb9fbc7016a558 (127.12.80.3:40641)
I20260608 12:43:48.837321 14502 tablet_service.cc:1917] Received RequestConsensusVote() RPC: tablet_id: "7f483c4aa34b4f6fb7a4e13bb1caa811" candidate_uuid: "196bf9e60f174fb9a060e1a3c5692597" candidate_term: 1 candidate_status { last_received { term: 0 index: 0 } } ignore_live_leader: false dest_uuid: "57facad7f34b4911beeb9fbc7016a558"
I20260608 12:43:48.837320 14428 tablet_service.cc:1917] Received RequestConsensusVote() RPC: tablet_id: "7f483c4aa34b4f6fb7a4e13bb1caa811" candidate_uuid: "196bf9e60f174fb9a060e1a3c5692597" candidate_term: 1 candidate_status { last_received { term: 0 index: 0 } } ignore_live_leader: false dest_uuid: "09a32c5328564df99cc2ab93f0fe5880"
I20260608 12:43:48.838223 14502 raft_consensus.cc:3060] T 7f483c4aa34b4f6fb7a4e13bb1caa811 P 57facad7f34b4911beeb9fbc7016a558 [term 0 FOLLOWER]: Advancing to term 1
I20260608 12:43:48.838330 14428 raft_consensus.cc:3060] T 7f483c4aa34b4f6fb7a4e13bb1caa811 P 09a32c5328564df99cc2ab93f0fe5880 [term 0 FOLLOWER]: Advancing to term 1
I20260608 12:43:48.843117 14250 catalog_manager.cc:5696] T fd6a5ac7759e4fb1be2fa37f4acb6fc7 P 196bf9e60f174fb9a060e1a3c5692597 reported cstate change: term changed from 0 to 1, leader changed from <none> to 196bf9e60f174fb9a060e1a3c5692597 (127.12.80.1). New cstate: current_term: 1 leader_uuid: "196bf9e60f174fb9a060e1a3c5692597" committed_config { opid_index: -1 OBSOLETE_local: false peers { permanent_uuid: "57facad7f34b4911beeb9fbc7016a558" member_type: VOTER last_known_addr { host: "127.12.80.3" port: 40641 } health_report { overall_health: UNKNOWN } } peers { permanent_uuid: "196bf9e60f174fb9a060e1a3c5692597" member_type: VOTER last_known_addr { host: "127.12.80.1" port: 40879 } health_report { overall_health: HEALTHY } } peers { permanent_uuid: "09a32c5328564df99cc2ab93f0fe5880" member_type: VOTER last_known_addr { host: "127.12.80.2" port: 39831 } health_report { overall_health: UNKNOWN } } }
I20260608 12:43:48.846140 14428 raft_consensus.cc:2468] T 7f483c4aa34b4f6fb7a4e13bb1caa811 P 09a32c5328564df99cc2ab93f0fe5880 [term 1 FOLLOWER]: Leader election vote request: Granting yes vote for candidate 196bf9e60f174fb9a060e1a3c5692597 in term 1.
I20260608 12:43:48.846140 14502 raft_consensus.cc:2468] T 7f483c4aa34b4f6fb7a4e13bb1caa811 P 57facad7f34b4911beeb9fbc7016a558 [term 1 FOLLOWER]: Leader election vote request: Granting yes vote for candidate 196bf9e60f174fb9a060e1a3c5692597 in term 1.
I20260608 12:43:48.847699 14316 leader_election.cc:304] T 7f483c4aa34b4f6fb7a4e13bb1caa811 P 196bf9e60f174fb9a060e1a3c5692597 [CANDIDATE]: Term 1 election: Election decided. Result: candidate won. Election summary: received 2 responses out of 3 voters: 2 yes votes; 0 no votes. yes voters: 09a32c5328564df99cc2ab93f0fe5880, 196bf9e60f174fb9a060e1a3c5692597; no voters: 
I20260608 12:43:48.848796 14555 raft_consensus.cc:2804] T 7f483c4aa34b4f6fb7a4e13bb1caa811 P 196bf9e60f174fb9a060e1a3c5692597 [term 1 FOLLOWER]: Leader election won for term 1
I20260608 12:43:48.849293 14555 raft_consensus.cc:697] T 7f483c4aa34b4f6fb7a4e13bb1caa811 P 196bf9e60f174fb9a060e1a3c5692597 [term 1 LEADER]: Becoming Leader. State: Replica: 196bf9e60f174fb9a060e1a3c5692597, State: Running, Role: LEADER
I20260608 12:43:48.850023 14555 consensus_queue.cc:237] T 7f483c4aa34b4f6fb7a4e13bb1caa811 P 196bf9e60f174fb9a060e1a3c5692597 [LEADER]: Queue going to LEADER mode. State: All replicated index: 0, Majority replicated index: 0, Committed index: 0, Last appended: 0.0, Last appended by leader: 0, Current term: 1, Majority size: 2, State: 0, Mode: LEADER, active raft config: opid_index: -1 OBSOLETE_local: false peers { permanent_uuid: "196bf9e60f174fb9a060e1a3c5692597" member_type: VOTER last_known_addr { host: "127.12.80.1" port: 40879 } } peers { permanent_uuid: "09a32c5328564df99cc2ab93f0fe5880" member_type: VOTER last_known_addr { host: "127.12.80.2" port: 39831 } } peers { permanent_uuid: "57facad7f34b4911beeb9fbc7016a558" member_type: VOTER last_known_addr { host: "127.12.80.3" port: 40641 } }
I20260608 12:43:48.858825 14250 catalog_manager.cc:5696] T 7f483c4aa34b4f6fb7a4e13bb1caa811 P 196bf9e60f174fb9a060e1a3c5692597 reported cstate change: term changed from 0 to 1, leader changed from <none> to 196bf9e60f174fb9a060e1a3c5692597 (127.12.80.1). New cstate: current_term: 1 leader_uuid: "196bf9e60f174fb9a060e1a3c5692597" committed_config { opid_index: -1 OBSOLETE_local: false peers { permanent_uuid: "196bf9e60f174fb9a060e1a3c5692597" member_type: VOTER last_known_addr { host: "127.12.80.1" port: 40879 } health_report { overall_health: HEALTHY } } peers { permanent_uuid: "09a32c5328564df99cc2ab93f0fe5880" member_type: VOTER last_known_addr { host: "127.12.80.2" port: 39831 } health_report { overall_health: UNKNOWN } } peers { permanent_uuid: "57facad7f34b4911beeb9fbc7016a558" member_type: VOTER last_known_addr { host: "127.12.80.3" port: 40641 } health_report { overall_health: UNKNOWN } } }
I20260608 12:43:49.058398 14304 auto_leader_rebalancer.cc:140] leader rebalance for table test-workload
I20260608 12:43:49.072471 14353 tablet_service.cc:2072] Received LeaderStepDown RPC: tablet_id: "fd6a5ac7759e4fb1be2fa37f4acb6fc7"
dest_uuid: "196bf9e60f174fb9a060e1a3c5692597"
mode: GRACEFUL
new_leader_uuid: "57facad7f34b4911beeb9fbc7016a558"
 from {username='slave'} at 127.0.0.1:46312
I20260608 12:43:49.073297 14353 raft_consensus.cc:606] T fd6a5ac7759e4fb1be2fa37f4acb6fc7 P 196bf9e60f174fb9a060e1a3c5692597 [term 1 LEADER]: Received request to transfer leadership to TS 57facad7f34b4911beeb9fbc7016a558
I20260608 12:43:49.074612 14304 auto_leader_rebalancer.cc:388] table: test-workload, leader rebalance finish, leader transfer count: 1
I20260608 12:43:49.075018 14304 auto_leader_rebalancer.cc:451] All tables' leader rebalancing finished this round
I20260608 12:43:49.295531 14555 consensus_queue.cc:1048] T 7f483c4aa34b4f6fb7a4e13bb1caa811 P 196bf9e60f174fb9a060e1a3c5692597 [LEADER]: Connected to new peer: Peer: permanent_uuid: "57facad7f34b4911beeb9fbc7016a558" member_type: VOTER last_known_addr { host: "127.12.80.3" port: 40641 }, Status: LMP_MISMATCH, Last received: 0.0, Next index: 1, Last known committed idx: 0, Time since last communication: 0.000s
I20260608 12:43:49.309886 14561 consensus_queue.cc:1048] T 7f483c4aa34b4f6fb7a4e13bb1caa811 P 196bf9e60f174fb9a060e1a3c5692597 [LEADER]: Connected to new peer: Peer: permanent_uuid: "09a32c5328564df99cc2ab93f0fe5880" member_type: VOTER last_known_addr { host: "127.12.80.2" port: 39831 }, Status: LMP_MISMATCH, Last received: 0.0, Next index: 1, Last known committed idx: 0, Time since last communication: 0.000s
I20260608 12:43:49.322079 14562 consensus_queue.cc:1048] T fd6a5ac7759e4fb1be2fa37f4acb6fc7 P 196bf9e60f174fb9a060e1a3c5692597 [LEADER]: Connected to new peer: Peer: permanent_uuid: "09a32c5328564df99cc2ab93f0fe5880" member_type: VOTER last_known_addr { host: "127.12.80.2" port: 39831 }, Status: LMP_MISMATCH, Last received: 0.0, Next index: 1, Last known committed idx: 0, Time since last communication: 0.000s
I20260608 12:43:49.333793 14562 consensus_queue.cc:1048] T fd6a5ac7759e4fb1be2fa37f4acb6fc7 P 196bf9e60f174fb9a060e1a3c5692597 [LEADER]: Connected to new peer: Peer: permanent_uuid: "57facad7f34b4911beeb9fbc7016a558" member_type: VOTER last_known_addr { host: "127.12.80.3" port: 40641 }, Status: LMP_MISMATCH, Last received: 0.0, Next index: 1, Last known committed idx: 0, Time since last communication: 0.000s
I20260608 12:43:49.343513 14555 raft_consensus.cc:993] T fd6a5ac7759e4fb1be2fa37f4acb6fc7 P 196bf9e60f174fb9a060e1a3c5692597: : Instructing follower 57facad7f34b4911beeb9fbc7016a558 to start an election
I20260608 12:43:49.344080 14562 raft_consensus.cc:1081] T fd6a5ac7759e4fb1be2fa37f4acb6fc7 P 196bf9e60f174fb9a060e1a3c5692597 [term 1 LEADER]: Signalling peer 57facad7f34b4911beeb9fbc7016a558 to start an election
I20260608 12:43:49.346269 14502 tablet_service.cc:2044] Received Run Leader Election RPC: tablet_id: "fd6a5ac7759e4fb1be2fa37f4acb6fc7"
dest_uuid: "57facad7f34b4911beeb9fbc7016a558"
 from {username='slave'} at 127.0.0.1:57942
I20260608 12:43:49.346881 14502 raft_consensus.cc:493] T fd6a5ac7759e4fb1be2fa37f4acb6fc7 P 57facad7f34b4911beeb9fbc7016a558 [term 1 FOLLOWER]: Starting forced leader election (received explicit request)
I20260608 12:43:49.347224 14502 raft_consensus.cc:3060] T fd6a5ac7759e4fb1be2fa37f4acb6fc7 P 57facad7f34b4911beeb9fbc7016a558 [term 1 FOLLOWER]: Advancing to term 2
I20260608 12:43:49.352200 14502 raft_consensus.cc:515] T fd6a5ac7759e4fb1be2fa37f4acb6fc7 P 57facad7f34b4911beeb9fbc7016a558 [term 2 FOLLOWER]: Starting forced leader election with config: opid_index: -1 OBSOLETE_local: false peers { permanent_uuid: "57facad7f34b4911beeb9fbc7016a558" member_type: VOTER last_known_addr { host: "127.12.80.3" port: 40641 } } peers { permanent_uuid: "196bf9e60f174fb9a060e1a3c5692597" member_type: VOTER last_known_addr { host: "127.12.80.1" port: 40879 } } peers { permanent_uuid: "09a32c5328564df99cc2ab93f0fe5880" member_type: VOTER last_known_addr { host: "127.12.80.2" port: 39831 } }
I20260608 12:43:49.354403 14502 leader_election.cc:290] T fd6a5ac7759e4fb1be2fa37f4acb6fc7 P 57facad7f34b4911beeb9fbc7016a558 [CANDIDATE]: Term 2 election: Requested vote from peers 196bf9e60f174fb9a060e1a3c5692597 (127.12.80.1:40879), 09a32c5328564df99cc2ab93f0fe5880 (127.12.80.2:39831)
I20260608 12:43:49.368274 14353 tablet_service.cc:1917] Received RequestConsensusVote() RPC: tablet_id: "fd6a5ac7759e4fb1be2fa37f4acb6fc7" candidate_uuid: "57facad7f34b4911beeb9fbc7016a558" candidate_term: 2 candidate_status { last_received { term: 1 index: 1 } } ignore_live_leader: true dest_uuid: "196bf9e60f174fb9a060e1a3c5692597"
I20260608 12:43:49.369017 14353 raft_consensus.cc:3055] T fd6a5ac7759e4fb1be2fa37f4acb6fc7 P 196bf9e60f174fb9a060e1a3c5692597 [term 1 LEADER]: Stepping down as leader of term 1
I20260608 12:43:49.369436 14353 raft_consensus.cc:740] T fd6a5ac7759e4fb1be2fa37f4acb6fc7 P 196bf9e60f174fb9a060e1a3c5692597 [term 1 LEADER]: Becoming Follower/Learner. State: Replica: 196bf9e60f174fb9a060e1a3c5692597, State: Running, Role: LEADER
I20260608 12:43:49.370050 14428 tablet_service.cc:1917] Received RequestConsensusVote() RPC: tablet_id: "fd6a5ac7759e4fb1be2fa37f4acb6fc7" candidate_uuid: "57facad7f34b4911beeb9fbc7016a558" candidate_term: 2 candidate_status { last_received { term: 1 index: 1 } } ignore_live_leader: true dest_uuid: "09a32c5328564df99cc2ab93f0fe5880"
I20260608 12:43:49.370760 14428 raft_consensus.cc:3060] T fd6a5ac7759e4fb1be2fa37f4acb6fc7 P 09a32c5328564df99cc2ab93f0fe5880 [term 1 FOLLOWER]: Advancing to term 2
I20260608 12:43:49.370543 14353 consensus_queue.cc:260] T fd6a5ac7759e4fb1be2fa37f4acb6fc7 P 196bf9e60f174fb9a060e1a3c5692597 [NON_LEADER]: Queue going to NON_LEADER mode. State: All replicated index: 0, Majority replicated index: 1, Committed index: 1, Last appended: 1.1, Last appended by leader: 1, Current term: 1, Majority size: -1, State: 0, Mode: NON_LEADER, active raft config: opid_index: -1 OBSOLETE_local: false peers { permanent_uuid: "57facad7f34b4911beeb9fbc7016a558" member_type: VOTER last_known_addr { host: "127.12.80.3" port: 40641 } } peers { permanent_uuid: "196bf9e60f174fb9a060e1a3c5692597" member_type: VOTER last_known_addr { host: "127.12.80.1" port: 40879 } } peers { permanent_uuid: "09a32c5328564df99cc2ab93f0fe5880" member_type: VOTER last_known_addr { host: "127.12.80.2" port: 39831 } }
I20260608 12:43:49.372004 14353 raft_consensus.cc:3060] T fd6a5ac7759e4fb1be2fa37f4acb6fc7 P 196bf9e60f174fb9a060e1a3c5692597 [term 1 FOLLOWER]: Advancing to term 2
I20260608 12:43:49.378542 14428 raft_consensus.cc:2468] T fd6a5ac7759e4fb1be2fa37f4acb6fc7 P 09a32c5328564df99cc2ab93f0fe5880 [term 2 FOLLOWER]: Leader election vote request: Granting yes vote for candidate 57facad7f34b4911beeb9fbc7016a558 in term 2.
I20260608 12:43:49.379590 14353 raft_consensus.cc:2468] T fd6a5ac7759e4fb1be2fa37f4acb6fc7 P 196bf9e60f174fb9a060e1a3c5692597 [term 2 FOLLOWER]: Leader election vote request: Granting yes vote for candidate 57facad7f34b4911beeb9fbc7016a558 in term 2.
I20260608 12:43:49.379889 14465 leader_election.cc:304] T fd6a5ac7759e4fb1be2fa37f4acb6fc7 P 57facad7f34b4911beeb9fbc7016a558 [CANDIDATE]: Term 2 election: Election decided. Result: candidate won. Election summary: received 2 responses out of 3 voters: 2 yes votes; 0 no votes. yes voters: 09a32c5328564df99cc2ab93f0fe5880, 57facad7f34b4911beeb9fbc7016a558; no voters: 
I20260608 12:43:49.380880 14566 raft_consensus.cc:2804] T fd6a5ac7759e4fb1be2fa37f4acb6fc7 P 57facad7f34b4911beeb9fbc7016a558 [term 2 FOLLOWER]: Leader election won for term 2
I20260608 12:43:49.381834 14566 raft_consensus.cc:697] T fd6a5ac7759e4fb1be2fa37f4acb6fc7 P 57facad7f34b4911beeb9fbc7016a558 [term 2 LEADER]: Becoming Leader. State: Replica: 57facad7f34b4911beeb9fbc7016a558, State: Running, Role: LEADER
