I20260608 12:44:28.859635 15844 consensus_queue.cc:260] T 30aca3417a1d4f34b35627575fe120b6 P 23234c1358c3486f927e4879b6d00e7e [NON_LEADER]: Queue going to NON_LEADER mode. State: All replicated index: 0, Majority replicated index: 0, Committed index: 0, Last appended: 0.0, Last appended by leader: 0, Current term: 0, Majority size: -1, State: 0, Mode: NON_LEADER, active raft config: opid_index: -1 OBSOLETE_local: false peers { permanent_uuid: "a042207919a64360942b34db9082d1f3" member_type: VOTER last_known_addr { host: "127.12.89.1" port: 40531 } } peers { permanent_uuid: "ce81391a77cd45e1a1a7e7a9947cff56" member_type: VOTER last_known_addr { host: "127.12.89.2" port: 34457 } } peers { permanent_uuid: "23234c1358c3486f927e4879b6d00e7e" member_type: VOTER last_known_addr { host: "127.12.89.3" port: 42935 } }
I20260608 12:44:28.860498 15845 ts_tablet_manager.cc:1434] T 049b936a5de84fa1b2ac998fb7276e7f P ce81391a77cd45e1a1a7e7a9947cff56: Time spent starting tablet: real 0.009s	user 0.008s	sys 0.000s
I20260608 12:44:28.861560 15845 tablet_bootstrap.cc:492] T 7386b665f0a94a9a9f95db3bae4394bd P ce81391a77cd45e1a1a7e7a9947cff56: Bootstrap starting.
I20260608 12:44:28.863801 15844 ts_tablet_manager.cc:1434] T 30aca3417a1d4f34b35627575fe120b6 P 23234c1358c3486f927e4879b6d00e7e: Time spent starting tablet: real 0.008s	user 0.005s	sys 0.000s
I20260608 12:44:28.864789 15844 tablet_bootstrap.cc:492] T b87e6744d56342fdb6471485808332c2 P 23234c1358c3486f927e4879b6d00e7e: Bootstrap starting.
I20260608 12:44:28.867455 15845 tablet_bootstrap.cc:654] T 7386b665f0a94a9a9f95db3bae4394bd P ce81391a77cd45e1a1a7e7a9947cff56: Neither blocks nor log segments found. Creating new log.
I20260608 12:44:28.870307 15844 tablet_bootstrap.cc:654] T b87e6744d56342fdb6471485808332c2 P 23234c1358c3486f927e4879b6d00e7e: Neither blocks nor log segments found. Creating new log.
I20260608 12:44:28.875108 15846 tablet_bootstrap.cc:492] T 478c1d06bf714ceea3037611f57ecd17 P a042207919a64360942b34db9082d1f3: No bootstrap required, opened a new log
I20260608 12:44:28.875408 15845 tablet_bootstrap.cc:492] T 7386b665f0a94a9a9f95db3bae4394bd P ce81391a77cd45e1a1a7e7a9947cff56: No bootstrap required, opened a new log
I20260608 12:44:28.875569 15846 ts_tablet_manager.cc:1403] T 478c1d06bf714ceea3037611f57ecd17 P a042207919a64360942b34db9082d1f3: Time spent bootstrapping tablet: real 0.025s	user 0.012s	sys 0.012s
I20260608 12:44:28.875851 15845 ts_tablet_manager.cc:1403] T 7386b665f0a94a9a9f95db3bae4394bd P ce81391a77cd45e1a1a7e7a9947cff56: Time spent bootstrapping tablet: real 0.015s	user 0.011s	sys 0.003s
I20260608 12:44:28.878512 15846 raft_consensus.cc:359] T 478c1d06bf714ceea3037611f57ecd17 P a042207919a64360942b34db9082d1f3 [term 0 FOLLOWER]: Replica starting. Triggering 0 pending ops. Active config: opid_index: -1 OBSOLETE_local: false peers { permanent_uuid: "a042207919a64360942b34db9082d1f3" member_type: VOTER last_known_addr { host: "127.12.89.1" port: 40531 } } peers { permanent_uuid: "ce81391a77cd45e1a1a7e7a9947cff56" member_type: VOTER last_known_addr { host: "127.12.89.2" port: 34457 } } peers { permanent_uuid: "23234c1358c3486f927e4879b6d00e7e" member_type: VOTER last_known_addr { host: "127.12.89.3" port: 42935 } }
I20260608 12:44:28.879206 15846 raft_consensus.cc:385] T 478c1d06bf714ceea3037611f57ecd17 P a042207919a64360942b34db9082d1f3 [term 0 FOLLOWER]: Consensus starting up: Expiring failure detector timer to make a prompt election more likely
I20260608 12:44:28.879496 15846 raft_consensus.cc:740] T 478c1d06bf714ceea3037611f57ecd17 P a042207919a64360942b34db9082d1f3 [term 0 FOLLOWER]: Becoming Follower/Learner. State: Replica: a042207919a64360942b34db9082d1f3, State: Initialized, Role: FOLLOWER
I20260608 12:44:28.879890 15844 tablet_bootstrap.cc:492] T b87e6744d56342fdb6471485808332c2 P 23234c1358c3486f927e4879b6d00e7e: No bootstrap required, opened a new log
I20260608 12:44:28.879487 15845 raft_consensus.cc:359] T 7386b665f0a94a9a9f95db3bae4394bd P ce81391a77cd45e1a1a7e7a9947cff56 [term 0 FOLLOWER]: Replica starting. Triggering 0 pending ops. Active config: opid_index: -1 OBSOLETE_local: false peers { permanent_uuid: "a042207919a64360942b34db9082d1f3" member_type: VOTER last_known_addr { host: "127.12.89.1" port: 40531 } } peers { permanent_uuid: "ce81391a77cd45e1a1a7e7a9947cff56" member_type: VOTER last_known_addr { host: "127.12.89.2" port: 34457 } } peers { permanent_uuid: "23234c1358c3486f927e4879b6d00e7e" member_type: VOTER last_known_addr { host: "127.12.89.3" port: 42935 } }
I20260608 12:44:28.880318 15845 raft_consensus.cc:385] T 7386b665f0a94a9a9f95db3bae4394bd P ce81391a77cd45e1a1a7e7a9947cff56 [term 0 FOLLOWER]: Consensus starting up: Expiring failure detector timer to make a prompt election more likely
I20260608 12:44:28.880434 15844 ts_tablet_manager.cc:1403] T b87e6744d56342fdb6471485808332c2 P 23234c1358c3486f927e4879b6d00e7e: Time spent bootstrapping tablet: real 0.016s	user 0.010s	sys 0.001s
I20260608 12:44:28.880739 15845 raft_consensus.cc:740] T 7386b665f0a94a9a9f95db3bae4394bd P ce81391a77cd45e1a1a7e7a9947cff56 [term 0 FOLLOWER]: Becoming Follower/Learner. State: Replica: ce81391a77cd45e1a1a7e7a9947cff56, State: Initialized, Role: FOLLOWER
I20260608 12:44:28.880439 15846 consensus_queue.cc:260] T 478c1d06bf714ceea3037611f57ecd17 P a042207919a64360942b34db9082d1f3 [NON_LEADER]: Queue going to NON_LEADER mode. State: All replicated index: 0, Majority replicated index: 0, Committed index: 0, Last appended: 0.0, Last appended by leader: 0, Current term: 0, Majority size: -1, State: 0, Mode: NON_LEADER, active raft config: opid_index: -1 OBSOLETE_local: false peers { permanent_uuid: "a042207919a64360942b34db9082d1f3" member_type: VOTER last_known_addr { host: "127.12.89.1" port: 40531 } } peers { permanent_uuid: "ce81391a77cd45e1a1a7e7a9947cff56" member_type: VOTER last_known_addr { host: "127.12.89.2" port: 34457 } } peers { permanent_uuid: "23234c1358c3486f927e4879b6d00e7e" member_type: VOTER last_known_addr { host: "127.12.89.3" port: 42935 } }
I20260608 12:44:28.881721 15845 consensus_queue.cc:260] T 7386b665f0a94a9a9f95db3bae4394bd P ce81391a77cd45e1a1a7e7a9947cff56 [NON_LEADER]: Queue going to NON_LEADER mode. State: All replicated index: 0, Majority replicated index: 0, Committed index: 0, Last appended: 0.0, Last appended by leader: 0, Current term: 0, Majority size: -1, State: 0, Mode: NON_LEADER, active raft config: opid_index: -1 OBSOLETE_local: false peers { permanent_uuid: "a042207919a64360942b34db9082d1f3" member_type: VOTER last_known_addr { host: "127.12.89.1" port: 40531 } } peers { permanent_uuid: "ce81391a77cd45e1a1a7e7a9947cff56" member_type: VOTER last_known_addr { host: "127.12.89.2" port: 34457 } } peers { permanent_uuid: "23234c1358c3486f927e4879b6d00e7e" member_type: VOTER last_known_addr { host: "127.12.89.3" port: 42935 } }
I20260608 12:44:28.882849 15846 ts_tablet_manager.cc:1434] T 478c1d06bf714ceea3037611f57ecd17 P a042207919a64360942b34db9082d1f3: Time spent starting tablet: real 0.007s	user 0.005s	sys 0.000s
I20260608 12:44:28.883198 15844 raft_consensus.cc:359] T b87e6744d56342fdb6471485808332c2 P 23234c1358c3486f927e4879b6d00e7e [term 0 FOLLOWER]: Replica starting. Triggering 0 pending ops. Active config: opid_index: -1 OBSOLETE_local: false peers { permanent_uuid: "a042207919a64360942b34db9082d1f3" member_type: VOTER last_known_addr { host: "127.12.89.1" port: 40531 } } peers { permanent_uuid: "ce81391a77cd45e1a1a7e7a9947cff56" member_type: VOTER last_known_addr { host: "127.12.89.2" port: 34457 } } peers { permanent_uuid: "23234c1358c3486f927e4879b6d00e7e" member_type: VOTER last_known_addr { host: "127.12.89.3" port: 42935 } }
I20260608 12:44:28.883844 15846 tablet_bootstrap.cc:492] T 7386b665f0a94a9a9f95db3bae4394bd P a042207919a64360942b34db9082d1f3: Bootstrap starting.
I20260608 12:44:28.883894 15844 raft_consensus.cc:385] T b87e6744d56342fdb6471485808332c2 P 23234c1358c3486f927e4879b6d00e7e [term 0 FOLLOWER]: Consensus starting up: Expiring failure detector timer to make a prompt election more likely
I20260608 12:44:28.884434 15844 raft_consensus.cc:740] T b87e6744d56342fdb6471485808332c2 P 23234c1358c3486f927e4879b6d00e7e [term 0 FOLLOWER]: Becoming Follower/Learner. State: Replica: 23234c1358c3486f927e4879b6d00e7e, State: Initialized, Role: FOLLOWER
I20260608 12:44:28.885244 15844 consensus_queue.cc:260] T b87e6744d56342fdb6471485808332c2 P 23234c1358c3486f927e4879b6d00e7e [NON_LEADER]: Queue going to NON_LEADER mode. State: All replicated index: 0, Majority replicated index: 0, Committed index: 0, Last appended: 0.0, Last appended by leader: 0, Current term: 0, Majority size: -1, State: 0, Mode: NON_LEADER, active raft config: opid_index: -1 OBSOLETE_local: false peers { permanent_uuid: "a042207919a64360942b34db9082d1f3" member_type: VOTER last_known_addr { host: "127.12.89.1" port: 40531 } } peers { permanent_uuid: "ce81391a77cd45e1a1a7e7a9947cff56" member_type: VOTER last_known_addr { host: "127.12.89.2" port: 34457 } } peers { permanent_uuid: "23234c1358c3486f927e4879b6d00e7e" member_type: VOTER last_known_addr { host: "127.12.89.3" port: 42935 } }
I20260608 12:44:28.889245 15845 ts_tablet_manager.cc:1434] T 7386b665f0a94a9a9f95db3bae4394bd P ce81391a77cd45e1a1a7e7a9947cff56: Time spent starting tablet: real 0.013s	user 0.006s	sys 0.001s
I20260608 12:44:28.890089 15846 tablet_bootstrap.cc:654] T 7386b665f0a94a9a9f95db3bae4394bd P a042207919a64360942b34db9082d1f3: Neither blocks nor log segments found. Creating new log.
I20260608 12:44:28.891719 15844 ts_tablet_manager.cc:1434] T b87e6744d56342fdb6471485808332c2 P 23234c1358c3486f927e4879b6d00e7e: Time spent starting tablet: real 0.011s	user 0.005s	sys 0.000s
I20260608 12:44:28.890185 15845 tablet_bootstrap.cc:492] T b87e6744d56342fdb6471485808332c2 P ce81391a77cd45e1a1a7e7a9947cff56: Bootstrap starting.
I20260608 12:44:28.895062 15846 tablet_bootstrap.cc:492] T 7386b665f0a94a9a9f95db3bae4394bd P a042207919a64360942b34db9082d1f3: No bootstrap required, opened a new log
I20260608 12:44:28.895573 15846 ts_tablet_manager.cc:1403] T 7386b665f0a94a9a9f95db3bae4394bd P a042207919a64360942b34db9082d1f3: Time spent bootstrapping tablet: real 0.012s	user 0.007s	sys 0.004s
I20260608 12:44:28.898164 15844 tablet_bootstrap.cc:492] T a5b90048bc9747209f8d5b0b8af38823 P 23234c1358c3486f927e4879b6d00e7e: Bootstrap starting.
I20260608 12:44:28.898669 15845 tablet_bootstrap.cc:654] T b87e6744d56342fdb6471485808332c2 P ce81391a77cd45e1a1a7e7a9947cff56: Neither blocks nor log segments found. Creating new log.
I20260608 12:44:28.898221 15846 raft_consensus.cc:359] T 7386b665f0a94a9a9f95db3bae4394bd P a042207919a64360942b34db9082d1f3 [term 0 FOLLOWER]: Replica starting. Triggering 0 pending ops. Active config: opid_index: -1 OBSOLETE_local: false peers { permanent_uuid: "a042207919a64360942b34db9082d1f3" member_type: VOTER last_known_addr { host: "127.12.89.1" port: 40531 } } peers { permanent_uuid: "ce81391a77cd45e1a1a7e7a9947cff56" member_type: VOTER last_known_addr { host: "127.12.89.2" port: 34457 } } peers { permanent_uuid: "23234c1358c3486f927e4879b6d00e7e" member_type: VOTER last_known_addr { host: "127.12.89.3" port: 42935 } }
I20260608 12:44:28.899114 15846 raft_consensus.cc:385] T 7386b665f0a94a9a9f95db3bae4394bd P a042207919a64360942b34db9082d1f3 [term 0 FOLLOWER]: Consensus starting up: Expiring failure detector timer to make a prompt election more likely
I20260608 12:44:28.899462 15846 raft_consensus.cc:740] T 7386b665f0a94a9a9f95db3bae4394bd P a042207919a64360942b34db9082d1f3 [term 0 FOLLOWER]: Becoming Follower/Learner. State: Replica: a042207919a64360942b34db9082d1f3, State: Initialized, Role: FOLLOWER
I20260608 12:44:28.900337 15846 consensus_queue.cc:260] T 7386b665f0a94a9a9f95db3bae4394bd P a042207919a64360942b34db9082d1f3 [NON_LEADER]: Queue going to NON_LEADER mode. State: All replicated index: 0, Majority replicated index: 0, Committed index: 0, Last appended: 0.0, Last appended by leader: 0, Current term: 0, Majority size: -1, State: 0, Mode: NON_LEADER, active raft config: opid_index: -1 OBSOLETE_local: false peers { permanent_uuid: "a042207919a64360942b34db9082d1f3" member_type: VOTER last_known_addr { host: "127.12.89.1" port: 40531 } } peers { permanent_uuid: "ce81391a77cd45e1a1a7e7a9947cff56" member_type: VOTER last_known_addr { host: "127.12.89.2" port: 34457 } } peers { permanent_uuid: "23234c1358c3486f927e4879b6d00e7e" member_type: VOTER last_known_addr { host: "127.12.89.3" port: 42935 } }
I20260608 12:44:28.904374 15844 tablet_bootstrap.cc:654] T a5b90048bc9747209f8d5b0b8af38823 P 23234c1358c3486f927e4879b6d00e7e: Neither blocks nor log segments found. Creating new log.
I20260608 12:44:28.904769 15846 ts_tablet_manager.cc:1434] T 7386b665f0a94a9a9f95db3bae4394bd P a042207919a64360942b34db9082d1f3: Time spent starting tablet: real 0.009s	user 0.007s	sys 0.000s
I20260608 12:44:28.905865 15846 tablet_bootstrap.cc:492] T b87e6744d56342fdb6471485808332c2 P a042207919a64360942b34db9082d1f3: Bootstrap starting.
I20260608 12:44:28.909705 15845 tablet_bootstrap.cc:492] T b87e6744d56342fdb6471485808332c2 P ce81391a77cd45e1a1a7e7a9947cff56: No bootstrap required, opened a new log
I20260608 12:44:28.910248 15845 ts_tablet_manager.cc:1403] T b87e6744d56342fdb6471485808332c2 P ce81391a77cd45e1a1a7e7a9947cff56: Time spent bootstrapping tablet: real 0.020s	user 0.009s	sys 0.007s
I20260608 12:44:28.913043 15845 raft_consensus.cc:359] T b87e6744d56342fdb6471485808332c2 P ce81391a77cd45e1a1a7e7a9947cff56 [term 0 FOLLOWER]: Replica starting. Triggering 0 pending ops. Active config: opid_index: -1 OBSOLETE_local: false peers { permanent_uuid: "a042207919a64360942b34db9082d1f3" member_type: VOTER last_known_addr { host: "127.12.89.1" port: 40531 } } peers { permanent_uuid: "ce81391a77cd45e1a1a7e7a9947cff56" member_type: VOTER last_known_addr { host: "127.12.89.2" port: 34457 } } peers { permanent_uuid: "23234c1358c3486f927e4879b6d00e7e" member_type: VOTER last_known_addr { host: "127.12.89.3" port: 42935 } }
I20260608 12:44:28.913353 15852 raft_consensus.cc:493] T 30aca3417a1d4f34b35627575fe120b6 P 23234c1358c3486f927e4879b6d00e7e [term 0 FOLLOWER]: Starting pre-election (no leader contacted us within the election timeout)
I20260608 12:44:28.913911 15846 tablet_bootstrap.cc:654] T b87e6744d56342fdb6471485808332c2 P a042207919a64360942b34db9082d1f3: Neither blocks nor log segments found. Creating new log.
I20260608 12:44:28.914032 15852 raft_consensus.cc:515] T 30aca3417a1d4f34b35627575fe120b6 P 23234c1358c3486f927e4879b6d00e7e [term 0 FOLLOWER]: Starting pre-election with config: opid_index: -1 OBSOLETE_local: false peers { permanent_uuid: "a042207919a64360942b34db9082d1f3" member_type: VOTER last_known_addr { host: "127.12.89.1" port: 40531 } } peers { permanent_uuid: "ce81391a77cd45e1a1a7e7a9947cff56" member_type: VOTER last_known_addr { host: "127.12.89.2" port: 34457 } } peers { permanent_uuid: "23234c1358c3486f927e4879b6d00e7e" member_type: VOTER last_known_addr { host: "127.12.89.3" port: 42935 } }
I20260608 12:44:28.918478 15852 leader_election.cc:290] T 30aca3417a1d4f34b35627575fe120b6 P 23234c1358c3486f927e4879b6d00e7e [CANDIDATE]: Term 1 pre-election: Requested pre-vote from peers a042207919a64360942b34db9082d1f3 (127.12.89.1:40531), ce81391a77cd45e1a1a7e7a9947cff56 (127.12.89.2:34457)
I20260608 12:44:28.920832 15845 raft_consensus.cc:385] T b87e6744d56342fdb6471485808332c2 P ce81391a77cd45e1a1a7e7a9947cff56 [term 0 FOLLOWER]: Consensus starting up: Expiring failure detector timer to make a prompt election more likely
I20260608 12:44:28.921321 15845 raft_consensus.cc:740] T b87e6744d56342fdb6471485808332c2 P ce81391a77cd45e1a1a7e7a9947cff56 [term 0 FOLLOWER]: Becoming Follower/Learner. State: Replica: ce81391a77cd45e1a1a7e7a9947cff56, State: Initialized, Role: FOLLOWER
I20260608 12:44:28.922197 15845 consensus_queue.cc:260] T b87e6744d56342fdb6471485808332c2 P ce81391a77cd45e1a1a7e7a9947cff56 [NON_LEADER]: Queue going to NON_LEADER mode. State: All replicated index: 0, Majority replicated index: 0, Committed index: 0, Last appended: 0.0, Last appended by leader: 0, Current term: 0, Majority size: -1, State: 0, Mode: NON_LEADER, active raft config: opid_index: -1 OBSOLETE_local: false peers { permanent_uuid: "a042207919a64360942b34db9082d1f3" member_type: VOTER last_known_addr { host: "127.12.89.1" port: 40531 } } peers { permanent_uuid: "ce81391a77cd45e1a1a7e7a9947cff56" member_type: VOTER last_known_addr { host: "127.12.89.2" port: 34457 } } peers { permanent_uuid: "23234c1358c3486f927e4879b6d00e7e" member_type: VOTER last_known_addr { host: "127.12.89.3" port: 42935 } }
I20260608 12:44:28.925197 15845 ts_tablet_manager.cc:1434] T b87e6744d56342fdb6471485808332c2 P ce81391a77cd45e1a1a7e7a9947cff56: Time spent starting tablet: real 0.015s	user 0.005s	sys 0.001s
I20260608 12:44:28.925273 15846 tablet_bootstrap.cc:492] T b87e6744d56342fdb6471485808332c2 P a042207919a64360942b34db9082d1f3: No bootstrap required, opened a new log
I20260608 12:44:28.928655 15846 ts_tablet_manager.cc:1403] T b87e6744d56342fdb6471485808332c2 P a042207919a64360942b34db9082d1f3: Time spent bootstrapping tablet: real 0.023s	user 0.014s	sys 0.002s
I20260608 12:44:28.929056 15845 tablet_bootstrap.cc:492] T 30aca3417a1d4f34b35627575fe120b6 P ce81391a77cd45e1a1a7e7a9947cff56: Bootstrap starting.
I20260608 12:44:28.931447 15846 raft_consensus.cc:359] T b87e6744d56342fdb6471485808332c2 P a042207919a64360942b34db9082d1f3 [term 0 FOLLOWER]: Replica starting. Triggering 0 pending ops. Active config: opid_index: -1 OBSOLETE_local: false peers { permanent_uuid: "a042207919a64360942b34db9082d1f3" member_type: VOTER last_known_addr { host: "127.12.89.1" port: 40531 } } peers { permanent_uuid: "ce81391a77cd45e1a1a7e7a9947cff56" member_type: VOTER last_known_addr { host: "127.12.89.2" port: 34457 } } peers { permanent_uuid: "23234c1358c3486f927e4879b6d00e7e" member_type: VOTER last_known_addr { host: "127.12.89.3" port: 42935 } }
I20260608 12:44:28.932121 15846 raft_consensus.cc:385] T b87e6744d56342fdb6471485808332c2 P a042207919a64360942b34db9082d1f3 [term 0 FOLLOWER]: Consensus starting up: Expiring failure detector timer to make a prompt election more likely
I20260608 12:44:28.927930 15844 tablet_bootstrap.cc:492] T a5b90048bc9747209f8d5b0b8af38823 P 23234c1358c3486f927e4879b6d00e7e: No bootstrap required, opened a new log
I20260608 12:44:28.932422 15846 raft_consensus.cc:740] T b87e6744d56342fdb6471485808332c2 P a042207919a64360942b34db9082d1f3 [term 0 FOLLOWER]: Becoming Follower/Learner. State: Replica: a042207919a64360942b34db9082d1f3, State: Initialized, Role: FOLLOWER
I20260608 12:44:28.933647 15846 consensus_queue.cc:260] T b87e6744d56342fdb6471485808332c2 P a042207919a64360942b34db9082d1f3 [NON_LEADER]: Queue going to NON_LEADER mode. State: All replicated index: 0, Majority replicated index: 0, Committed index: 0, Last appended: 0.0, Last appended by leader: 0, Current term: 0, Majority size: -1, State: 0, Mode: NON_LEADER, active raft config: opid_index: -1 OBSOLETE_local: false peers { permanent_uuid: "a042207919a64360942b34db9082d1f3" member_type: VOTER last_known_addr { host: "127.12.89.1" port: 40531 } } peers { permanent_uuid: "ce81391a77cd45e1a1a7e7a9947cff56" member_type: VOTER last_known_addr { host: "127.12.89.2" port: 34457 } } peers { permanent_uuid: "23234c1358c3486f927e4879b6d00e7e" member_type: VOTER last_known_addr { host: "127.12.89.3" port: 42935 } }
I20260608 12:44:28.935671 15845 tablet_bootstrap.cc:654] T 30aca3417a1d4f34b35627575fe120b6 P ce81391a77cd45e1a1a7e7a9947cff56: Neither blocks nor log segments found. Creating new log.
I20260608 12:44:28.932837 15844 ts_tablet_manager.cc:1403] T a5b90048bc9747209f8d5b0b8af38823 P 23234c1358c3486f927e4879b6d00e7e: Time spent bootstrapping tablet: real 0.035s	user 0.029s	sys 0.000s
I20260608 12:44:28.938971 15844 raft_consensus.cc:359] T a5b90048bc9747209f8d5b0b8af38823 P 23234c1358c3486f927e4879b6d00e7e [term 0 FOLLOWER]: Replica starting. Triggering 0 pending ops. Active config: opid_index: -1 OBSOLETE_local: false peers { permanent_uuid: "a042207919a64360942b34db9082d1f3" member_type: VOTER last_known_addr { host: "127.12.89.1" port: 40531 } } peers { permanent_uuid: "ce81391a77cd45e1a1a7e7a9947cff56" member_type: VOTER last_known_addr { host: "127.12.89.2" port: 34457 } } peers { permanent_uuid: "23234c1358c3486f927e4879b6d00e7e" member_type: VOTER last_known_addr { host: "127.12.89.3" port: 42935 } }
I20260608 12:44:28.939675 15844 raft_consensus.cc:385] T a5b90048bc9747209f8d5b0b8af38823 P 23234c1358c3486f927e4879b6d00e7e [term 0 FOLLOWER]: Consensus starting up: Expiring failure detector timer to make a prompt election more likely
I20260608 12:44:28.939961 15844 raft_consensus.cc:740] T a5b90048bc9747209f8d5b0b8af38823 P 23234c1358c3486f927e4879b6d00e7e [term 0 FOLLOWER]: Becoming Follower/Learner. State: Replica: 23234c1358c3486f927e4879b6d00e7e, State: Initialized, Role: FOLLOWER
I20260608 12:44:28.940724 15844 consensus_queue.cc:260] T a5b90048bc9747209f8d5b0b8af38823 P 23234c1358c3486f927e4879b6d00e7e [NON_LEADER]: Queue going to NON_LEADER mode. State: All replicated index: 0, Majority replicated index: 0, Committed index: 0, Last appended: 0.0, Last appended by leader: 0, Current term: 0, Majority size: -1, State: 0, Mode: NON_LEADER, active raft config: opid_index: -1 OBSOLETE_local: false peers { permanent_uuid: "a042207919a64360942b34db9082d1f3" member_type: VOTER last_known_addr { host: "127.12.89.1" port: 40531 } } peers { permanent_uuid: "ce81391a77cd45e1a1a7e7a9947cff56" member_type: VOTER last_known_addr { host: "127.12.89.2" port: 34457 } } peers { permanent_uuid: "23234c1358c3486f927e4879b6d00e7e" member_type: VOTER last_known_addr { host: "127.12.89.3" port: 42935 } }
I20260608 12:44:28.943051 15844 ts_tablet_manager.cc:1434] T a5b90048bc9747209f8d5b0b8af38823 P 23234c1358c3486f927e4879b6d00e7e: Time spent starting tablet: real 0.007s	user 0.006s	sys 0.000s
I20260608 12:44:28.944176 15844 tablet_bootstrap.cc:492] T 0d392ea971c749a2a225284080db7831 P 23234c1358c3486f927e4879b6d00e7e: Bootstrap starting.
I20260608 12:44:28.935775 15846 ts_tablet_manager.cc:1434] T b87e6744d56342fdb6471485808332c2 P a042207919a64360942b34db9082d1f3: Time spent starting tablet: real 0.007s	user 0.004s	sys 0.000s
I20260608 12:44:28.945546 15846 tablet_bootstrap.cc:492] T 0441c6616cca4d498abfc7d506370e56 P a042207919a64360942b34db9082d1f3: Bootstrap starting.
I20260608 12:44:28.951987 15846 tablet_bootstrap.cc:654] T 0441c6616cca4d498abfc7d506370e56 P a042207919a64360942b34db9082d1f3: Neither blocks nor log segments found. Creating new log.
I20260608 12:44:28.956025 15650 tablet_service.cc:1917] Received RequestConsensusVote() RPC: tablet_id: "30aca3417a1d4f34b35627575fe120b6" candidate_uuid: "23234c1358c3486f927e4879b6d00e7e" candidate_term: 1 candidate_status { last_received { term: 0 index: 0 } } ignore_live_leader: false dest_uuid: "a042207919a64360942b34db9082d1f3" is_pre_election: true
I20260608 12:44:28.957962 15650 raft_consensus.cc:2468] T 30aca3417a1d4f34b35627575fe120b6 P a042207919a64360942b34db9082d1f3 [term 0 FOLLOWER]: Leader pre-election vote request: Granting yes vote for candidate 23234c1358c3486f927e4879b6d00e7e in term 0.
I20260608 12:44:28.958156 15725 tablet_service.cc:1917] Received RequestConsensusVote() RPC: tablet_id: "30aca3417a1d4f34b35627575fe120b6" candidate_uuid: "23234c1358c3486f927e4879b6d00e7e" candidate_term: 1 candidate_status { last_received { term: 0 index: 0 } } ignore_live_leader: false dest_uuid: "ce81391a77cd45e1a1a7e7a9947cff56" is_pre_election: true
I20260608 12:44:28.958439 15844 tablet_bootstrap.cc:654] T 0d392ea971c749a2a225284080db7831 P 23234c1358c3486f927e4879b6d00e7e: Neither blocks nor log segments found. Creating new log.
I20260608 12:44:28.959391 15763 leader_election.cc:304] T 30aca3417a1d4f34b35627575fe120b6 P 23234c1358c3486f927e4879b6d00e7e [CANDIDATE]: Term 1 pre-election: Election decided. Result: candidate won. Election summary: received 2 responses out of 3 voters: 2 yes votes; 0 no votes. yes voters: 23234c1358c3486f927e4879b6d00e7e, a042207919a64360942b34db9082d1f3; no voters: 
I20260608 12:44:28.960088 15852 raft_consensus.cc:2804] T 30aca3417a1d4f34b35627575fe120b6 P 23234c1358c3486f927e4879b6d00e7e [term 0 FOLLOWER]: Leader pre-election won for term 1
W20260608 12:44:28.960296 15763 leader_election.cc:343] T 30aca3417a1d4f34b35627575fe120b6 P 23234c1358c3486f927e4879b6d00e7e [CANDIDATE]: Term 1 pre-election: Tablet error from VoteRequest() call to peer ce81391a77cd45e1a1a7e7a9947cff56 (127.12.89.2:34457): Illegal state: must be running to vote when last-logged opid is not known
I20260608 12:44:28.960536 15852 raft_consensus.cc:493] T 30aca3417a1d4f34b35627575fe120b6 P 23234c1358c3486f927e4879b6d00e7e [term 0 FOLLOWER]: Starting leader election (no leader contacted us within the election timeout)
I20260608 12:44:28.961006 15852 raft_consensus.cc:3060] T 30aca3417a1d4f34b35627575fe120b6 P 23234c1358c3486f927e4879b6d00e7e [term 0 FOLLOWER]: Advancing to term 1
I20260608 12:44:28.963140 15845 tablet_bootstrap.cc:492] T 30aca3417a1d4f34b35627575fe120b6 P ce81391a77cd45e1a1a7e7a9947cff56: No bootstrap required, opened a new log
I20260608 12:44:28.963615 15845 ts_tablet_manager.cc:1403] T 30aca3417a1d4f34b35627575fe120b6 P ce81391a77cd45e1a1a7e7a9947cff56: Time spent bootstrapping tablet: real 0.035s	user 0.018s	sys 0.010s
I20260608 12:44:28.966444 15845 raft_consensus.cc:359] T 30aca3417a1d4f34b35627575fe120b6 P ce81391a77cd45e1a1a7e7a9947cff56 [term 0 FOLLOWER]: Replica starting. Triggering 0 pending ops. Active config: opid_index: -1 OBSOLETE_local: false peers { permanent_uuid: "a042207919a64360942b34db9082d1f3" member_type: VOTER last_known_addr { host: "127.12.89.1" port: 40531 } } peers { permanent_uuid: "ce81391a77cd45e1a1a7e7a9947cff56" member_type: VOTER last_known_addr { host: "127.12.89.2" port: 34457 } } peers { permanent_uuid: "23234c1358c3486f927e4879b6d00e7e" member_type: VOTER last_known_addr { host: "127.12.89.3" port: 42935 } }
I20260608 12:44:28.967069 15845 raft_consensus.cc:385] T 30aca3417a1d4f34b35627575fe120b6 P ce81391a77cd45e1a1a7e7a9947cff56 [term 0 FOLLOWER]: Consensus starting up: Expiring failure detector timer to make a prompt election more likely
I20260608 12:44:28.967350 15845 raft_consensus.cc:740] T 30aca3417a1d4f34b35627575fe120b6 P ce81391a77cd45e1a1a7e7a9947cff56 [term 0 FOLLOWER]: Becoming Follower/Learner. State: Replica: ce81391a77cd45e1a1a7e7a9947cff56, State: Initialized, Role: FOLLOWER
I20260608 12:44:28.967476 15852 raft_consensus.cc:515] T 30aca3417a1d4f34b35627575fe120b6 P 23234c1358c3486f927e4879b6d00e7e [term 1 FOLLOWER]: Starting leader election with config: opid_index: -1 OBSOLETE_local: false peers { permanent_uuid: "a042207919a64360942b34db9082d1f3" member_type: VOTER last_known_addr { host: "127.12.89.1" port: 40531 } } peers { permanent_uuid: "ce81391a77cd45e1a1a7e7a9947cff56" member_type: VOTER last_known_addr { host: "127.12.89.2" port: 34457 } } peers { permanent_uuid: "23234c1358c3486f927e4879b6d00e7e" member_type: VOTER last_known_addr { host: "127.12.89.3" port: 42935 } }
I20260608 12:44:28.968107 15845 consensus_queue.cc:260] T 30aca3417a1d4f34b35627575fe120b6 P ce81391a77cd45e1a1a7e7a9947cff56 [NON_LEADER]: Queue going to NON_LEADER mode. State: All replicated index: 0, Majority replicated index: 0, Committed index: 0, Last appended: 0.0, Last appended by leader: 0, Current term: 0, Majority size: -1, State: 0, Mode: NON_LEADER, active raft config: opid_index: -1 OBSOLETE_local: false peers { permanent_uuid: "a042207919a64360942b34db9082d1f3" member_type: VOTER last_known_addr { host: "127.12.89.1" port: 40531 } } peers { permanent_uuid: "ce81391a77cd45e1a1a7e7a9947cff56" member_type: VOTER last_known_addr { host: "127.12.89.2" port: 34457 } } peers { permanent_uuid: "23234c1358c3486f927e4879b6d00e7e" member_type: VOTER last_known_addr { host: "127.12.89.3" port: 42935 } }
I20260608 12:44:28.970502 15650 tablet_service.cc:1917] Received RequestConsensusVote() RPC: tablet_id: "30aca3417a1d4f34b35627575fe120b6" candidate_uuid: "23234c1358c3486f927e4879b6d00e7e" candidate_term: 1 candidate_status { last_received { term: 0 index: 0 } } ignore_live_leader: false dest_uuid: "a042207919a64360942b34db9082d1f3"
I20260608 12:44:28.971035 15650 raft_consensus.cc:3060] T 30aca3417a1d4f34b35627575fe120b6 P a042207919a64360942b34db9082d1f3 [term 0 FOLLOWER]: Advancing to term 1
I20260608 12:44:28.973013 15845 ts_tablet_manager.cc:1434] T 30aca3417a1d4f34b35627575fe120b6 P ce81391a77cd45e1a1a7e7a9947cff56: Time spent starting tablet: real 0.009s	user 0.004s	sys 0.005s
I20260608 12:44:28.974011 15845 tablet_bootstrap.cc:492] T 0d392ea971c749a2a225284080db7831 P ce81391a77cd45e1a1a7e7a9947cff56: Bootstrap starting.
I20260608 12:44:28.980101 15845 tablet_bootstrap.cc:654] T 0d392ea971c749a2a225284080db7831 P ce81391a77cd45e1a1a7e7a9947cff56: Neither blocks nor log segments found. Creating new log.
I20260608 12:44:28.985286 15846 tablet_bootstrap.cc:492] T 0441c6616cca4d498abfc7d506370e56 P a042207919a64360942b34db9082d1f3: No bootstrap required, opened a new log
I20260608 12:44:28.985873 15846 ts_tablet_manager.cc:1403] T 0441c6616cca4d498abfc7d506370e56 P a042207919a64360942b34db9082d1f3: Time spent bootstrapping tablet: real 0.041s	user 0.015s	sys 0.017s
I20260608 12:44:28.987246 15650 raft_consensus.cc:2468] T 30aca3417a1d4f34b35627575fe120b6 P a042207919a64360942b34db9082d1f3 [term 1 FOLLOWER]: Leader election vote request: Granting yes vote for candidate 23234c1358c3486f927e4879b6d00e7e in term 1.
I20260608 12:44:28.988463 15763 leader_election.cc:304] T 30aca3417a1d4f34b35627575fe120b6 P 23234c1358c3486f927e4879b6d00e7e [CANDIDATE]: Term 1 election: Election decided. Result: candidate won. Election summary: received 2 responses out of 3 voters: 2 yes votes; 0 no votes. yes voters: 23234c1358c3486f927e4879b6d00e7e, a042207919a64360942b34db9082d1f3; no voters: 
I20260608 12:44:28.989096 15846 raft_consensus.cc:359] T 0441c6616cca4d498abfc7d506370e56 P a042207919a64360942b34db9082d1f3 [term 0 FOLLOWER]: Replica starting. Triggering 0 pending ops. Active config: opid_index: -1 OBSOLETE_local: false peers { permanent_uuid: "ce81391a77cd45e1a1a7e7a9947cff56" member_type: VOTER last_known_addr { host: "127.12.89.2" port: 34457 } } peers { permanent_uuid: "a042207919a64360942b34db9082d1f3" member_type: VOTER last_known_addr { host: "127.12.89.1" port: 40531 } } peers { permanent_uuid: "23234c1358c3486f927e4879b6d00e7e" member_type: VOTER last_known_addr { host: "127.12.89.3" port: 42935 } }
I20260608 12:44:28.989902 15846 raft_consensus.cc:385] T 0441c6616cca4d498abfc7d506370e56 P a042207919a64360942b34db9082d1f3 [term 0 FOLLOWER]: Consensus starting up: Expiring failure detector timer to make a prompt election more likely
I20260608 12:44:28.990389 15846 raft_consensus.cc:740] T 0441c6616cca4d498abfc7d506370e56 P a042207919a64360942b34db9082d1f3 [term 0 FOLLOWER]: Becoming Follower/Learner. State: Replica: a042207919a64360942b34db9082d1f3, State: Initialized, Role: FOLLOWER
I20260608 12:44:28.991358 15846 consensus_queue.cc:260] T 0441c6616cca4d498abfc7d506370e56 P a042207919a64360942b34db9082d1f3 [NON_LEADER]: Queue going to NON_LEADER mode. State: All replicated index: 0, Majority replicated index: 0, Committed index: 0, Last appended: 0.0, Last appended by leader: 0, Current term: 0, Majority size: -1, State: 0, Mode: NON_LEADER, active raft config: opid_index: -1 OBSOLETE_local: false peers { permanent_uuid: "ce81391a77cd45e1a1a7e7a9947cff56" member_type: VOTER last_known_addr { host: "127.12.89.2" port: 34457 } } peers { permanent_uuid: "a042207919a64360942b34db9082d1f3" member_type: VOTER last_known_addr { host: "127.12.89.1" port: 40531 } } peers { permanent_uuid: "23234c1358c3486f927e4879b6d00e7e" member_type: VOTER last_known_addr { host: "127.12.89.3" port: 42935 } }
I20260608 12:44:28.994540 15852 leader_election.cc:290] T 30aca3417a1d4f34b35627575fe120b6 P 23234c1358c3486f927e4879b6d00e7e [CANDIDATE]: Term 1 election: Requested vote from peers a042207919a64360942b34db9082d1f3 (127.12.89.1:40531), ce81391a77cd45e1a1a7e7a9947cff56 (127.12.89.2:34457)
I20260608 12:44:28.995100 15852 raft_consensus.cc:2804] T 30aca3417a1d4f34b35627575fe120b6 P 23234c1358c3486f927e4879b6d00e7e [term 1 FOLLOWER]: Leader election won for term 1
I20260608 12:44:28.996922 15852 raft_consensus.cc:697] T 30aca3417a1d4f34b35627575fe120b6 P 23234c1358c3486f927e4879b6d00e7e [term 1 LEADER]: Becoming Leader. State: Replica: 23234c1358c3486f927e4879b6d00e7e, State: Running, Role: LEADER
I20260608 12:44:28.999997 15844 tablet_bootstrap.cc:492] T 0d392ea971c749a2a225284080db7831 P 23234c1358c3486f927e4879b6d00e7e: No bootstrap required, opened a new log
I20260608 12:44:29.001066 15844 ts_tablet_manager.cc:1403] T 0d392ea971c749a2a225284080db7831 P 23234c1358c3486f927e4879b6d00e7e: Time spent bootstrapping tablet: real 0.057s	user 0.025s	sys 0.023s
I20260608 12:44:29.001189 15852 consensus_queue.cc:237] T 30aca3417a1d4f34b35627575fe120b6 P 23234c1358c3486f927e4879b6d00e7e [LEADER]: Queue going to LEADER mode. State: All replicated index: 0, Majority replicated index: 0, Committed index: 0, Last appended: 0.0, Last appended by leader: 0, Current term: 1, Majority size: 2, State: 0, Mode: LEADER, active raft config: opid_index: -1 OBSOLETE_local: false peers { permanent_uuid: "a042207919a64360942b34db9082d1f3" member_type: VOTER last_known_addr { host: "127.12.89.1" port: 40531 } } peers { permanent_uuid: "ce81391a77cd45e1a1a7e7a9947cff56" member_type: VOTER last_known_addr { host: "127.12.89.2" port: 34457 } } peers { permanent_uuid: "23234c1358c3486f927e4879b6d00e7e" member_type: VOTER last_known_addr { host: "127.12.89.3" port: 42935 } }
I20260608 12:44:29.004371 15844 raft_consensus.cc:359] T 0d392ea971c749a2a225284080db7831 P 23234c1358c3486f927e4879b6d00e7e [term 0 FOLLOWER]: Replica starting. Triggering 0 pending ops. Active config: opid_index: -1 OBSOLETE_local: false peers { permanent_uuid: "23234c1358c3486f927e4879b6d00e7e" member_type: VOTER last_known_addr { host: "127.12.89.3" port: 42935 } } peers { permanent_uuid: "a042207919a64360942b34db9082d1f3" member_type: VOTER last_known_addr { host: "127.12.89.1" port: 40531 } } peers { permanent_uuid: "ce81391a77cd45e1a1a7e7a9947cff56" member_type: VOTER last_known_addr { host: "127.12.89.2" port: 34457 } }
I20260608 12:44:29.005689 15844 raft_consensus.cc:385] T 0d392ea971c749a2a225284080db7831 P 23234c1358c3486f927e4879b6d00e7e [term 0 FOLLOWER]: Consensus starting up: Expiring failure detector timer to make a prompt election more likely
I20260608 12:44:29.006983 15844 raft_consensus.cc:740] T 0d392ea971c749a2a225284080db7831 P 23234c1358c3486f927e4879b6d00e7e [term 0 FOLLOWER]: Becoming Follower/Learner. State: Replica: 23234c1358c3486f927e4879b6d00e7e, State: Initialized, Role: FOLLOWER
I20260608 12:44:29.006610 15870 raft_consensus.cc:493] T 7386b665f0a94a9a9f95db3bae4394bd P 23234c1358c3486f927e4879b6d00e7e [term 0 FOLLOWER]: Starting pre-election (no leader contacted us within the election timeout)
I20260608 12:44:29.006919 15845 tablet_bootstrap.cc:492] T 0d392ea971c749a2a225284080db7831 P ce81391a77cd45e1a1a7e7a9947cff56: No bootstrap required, opened a new log
I20260608 12:44:29.007952 15870 raft_consensus.cc:515] T 7386b665f0a94a9a9f95db3bae4394bd P 23234c1358c3486f927e4879b6d00e7e [term 0 FOLLOWER]: Starting pre-election with config: opid_index: -1 OBSOLETE_local: false peers { permanent_uuid: "a042207919a64360942b34db9082d1f3" member_type: VOTER last_known_addr { host: "127.12.89.1" port: 40531 } } peers { permanent_uuid: "ce81391a77cd45e1a1a7e7a9947cff56" member_type: VOTER last_known_addr { host: "127.12.89.2" port: 34457 } } peers { permanent_uuid: "23234c1358c3486f927e4879b6d00e7e" member_type: VOTER last_known_addr { host: "127.12.89.3" port: 42935 } }
I20260608 12:44:29.008934 15845 ts_tablet_manager.cc:1403] T 0d392ea971c749a2a225284080db7831 P ce81391a77cd45e1a1a7e7a9947cff56: Time spent bootstrapping tablet: real 0.035s	user 0.009s	sys 0.002s
I20260608 12:44:29.009320 15725 tablet_service.cc:1917] Received RequestConsensusVote() RPC: tablet_id: "30aca3417a1d4f34b35627575fe120b6" candidate_uuid: "23234c1358c3486f927e4879b6d00e7e" candidate_term: 1 candidate_status { last_received { term: 0 index: 0 } } ignore_live_leader: false dest_uuid: "ce81391a77cd45e1a1a7e7a9947cff56"
I20260608 12:44:29.009893 15725 raft_consensus.cc:3060] T 30aca3417a1d4f34b35627575fe120b6 P ce81391a77cd45e1a1a7e7a9947cff56 [term 0 FOLLOWER]: Advancing to term 1
I20260608 12:44:29.010331 15870 leader_election.cc:290] T 7386b665f0a94a9a9f95db3bae4394bd P 23234c1358c3486f927e4879b6d00e7e [CANDIDATE]: Term 1 pre-election: Requested pre-vote from peers a042207919a64360942b34db9082d1f3 (127.12.89.1:40531), ce81391a77cd45e1a1a7e7a9947cff56 (127.12.89.2:34457)
I20260608 12:44:29.007506 15846 ts_tablet_manager.cc:1434] T 0441c6616cca4d498abfc7d506370e56 P a042207919a64360942b34db9082d1f3: Time spent starting tablet: real 0.021s	user 0.006s	sys 0.000s
I20260608 12:44:29.011880 15844 consensus_queue.cc:260] T 0d392ea971c749a2a225284080db7831 P 23234c1358c3486f927e4879b6d00e7e [NON_LEADER]: Queue going to NON_LEADER mode. State: All replicated index: 0, Majority replicated index: 0, Committed index: 0, Last appended: 0.0, Last appended by leader: 0, Current term: 0, Majority size: -1, State: 0, Mode: NON_LEADER, active raft config: opid_index: -1 OBSOLETE_local: false peers { permanent_uuid: "23234c1358c3486f927e4879b6d00e7e" member_type: VOTER last_known_addr { host: "127.12.89.3" port: 42935 } } peers { permanent_uuid: "a042207919a64360942b34db9082d1f3" member_type: VOTER last_known_addr { host: "127.12.89.1" port: 40531 } } peers { permanent_uuid: "ce81391a77cd45e1a1a7e7a9947cff56" member_type: VOTER last_known_addr { host: "127.12.89.2" port: 34457 } }
I20260608 12:44:29.013726 15846 tablet_bootstrap.cc:492] T a5b90048bc9747209f8d5b0b8af38823 P a042207919a64360942b34db9082d1f3: Bootstrap starting.
I20260608 12:44:29.016652 15725 raft_consensus.cc:2468] T 30aca3417a1d4f34b35627575fe120b6 P ce81391a77cd45e1a1a7e7a9947cff56 [term 1 FOLLOWER]: Leader election vote request: Granting yes vote for candidate 23234c1358c3486f927e4879b6d00e7e in term 1.
I20260608 12:44:29.018389 15845 raft_consensus.cc:359] T 0d392ea971c749a2a225284080db7831 P ce81391a77cd45e1a1a7e7a9947cff56 [term 0 FOLLOWER]: Replica starting. Triggering 0 pending ops. Active config: opid_index: -1 OBSOLETE_local: false peers { permanent_uuid: "23234c1358c3486f927e4879b6d00e7e" member_type: VOTER last_known_addr { host: "127.12.89.3" port: 42935 } } peers { permanent_uuid: "a042207919a64360942b34db9082d1f3" member_type: VOTER last_known_addr { host: "127.12.89.1" port: 40531 } } peers { permanent_uuid: "ce81391a77cd45e1a1a7e7a9947cff56" member_type: VOTER last_known_addr { host: "127.12.89.2" port: 34457 } }
I20260608 12:44:29.018929 15650 tablet_service.cc:1917] Received RequestConsensusVote() RPC: tablet_id: "7386b665f0a94a9a9f95db3bae4394bd" candidate_uuid: "23234c1358c3486f927e4879b6d00e7e" candidate_term: 1 candidate_status { last_received { term: 0 index: 0 } } ignore_live_leader: false dest_uuid: "a042207919a64360942b34db9082d1f3" is_pre_election: true
I20260608 12:44:29.019302 15845 raft_consensus.cc:385] T 0d392ea971c749a2a225284080db7831 P ce81391a77cd45e1a1a7e7a9947cff56 [term 0 FOLLOWER]: Consensus starting up: Expiring failure detector timer to make a prompt election more likely
I20260608 12:44:29.019744 15845 raft_consensus.cc:740] T 0d392ea971c749a2a225284080db7831 P ce81391a77cd45e1a1a7e7a9947cff56 [term 0 FOLLOWER]: Becoming Follower/Learner. State: Replica: ce81391a77cd45e1a1a7e7a9947cff56, State: Initialized, Role: FOLLOWER
I20260608 12:44:29.019949 15846 tablet_bootstrap.cc:654] T a5b90048bc9747209f8d5b0b8af38823 P a042207919a64360942b34db9082d1f3: Neither blocks nor log segments found. Creating new log.
I20260608 12:44:29.020766 15725 tablet_service.cc:1917] Received RequestConsensusVote() RPC: tablet_id: "7386b665f0a94a9a9f95db3bae4394bd" candidate_uuid: "23234c1358c3486f927e4879b6d00e7e" candidate_term: 1 candidate_status { last_received { term: 0 index: 0 } } ignore_live_leader: false dest_uuid: "ce81391a77cd45e1a1a7e7a9947cff56" is_pre_election: true
I20260608 12:44:29.020679 15845 consensus_queue.cc:260] T 0d392ea971c749a2a225284080db7831 P ce81391a77cd45e1a1a7e7a9947cff56 [NON_LEADER]: Queue going to NON_LEADER mode. State: All replicated index: 0, Majority replicated index: 0, Committed index: 0, Last appended: 0.0, Last appended by leader: 0, Current term: 0, Majority size: -1, State: 0, Mode: NON_LEADER, active raft config: opid_index: -1 OBSOLETE_local: false peers { permanent_uuid: "23234c1358c3486f927e4879b6d00e7e" member_type: VOTER last_known_addr { host: "127.12.89.3" port: 42935 } } peers { permanent_uuid: "a042207919a64360942b34db9082d1f3" member_type: VOTER last_known_addr { host: "127.12.89.1" port: 40531 } } peers { permanent_uuid: "ce81391a77cd45e1a1a7e7a9947cff56" member_type: VOTER last_known_addr { host: "127.12.89.2" port: 34457 } }
I20260608 12:44:29.023164 15845 ts_tablet_manager.cc:1434] T 0d392ea971c749a2a225284080db7831 P ce81391a77cd45e1a1a7e7a9947cff56: Time spent starting tablet: real 0.014s	user 0.005s	sys 0.000s
I20260608 12:44:29.020731 15844 ts_tablet_manager.cc:1434] T 0d392ea971c749a2a225284080db7831 P 23234c1358c3486f927e4879b6d00e7e: Time spent starting tablet: real 0.019s	user 0.007s	sys 0.000s
I20260608 12:44:29.024852 15845 tablet_bootstrap.cc:492] T 478c1d06bf714ceea3037611f57ecd17 P ce81391a77cd45e1a1a7e7a9947cff56: Bootstrap starting.
I20260608 12:44:29.025372 15844 tablet_bootstrap.cc:492] T 0441c6616cca4d498abfc7d506370e56 P 23234c1358c3486f927e4879b6d00e7e: Bootstrap starting.
I20260608 12:44:29.026567 15846 tablet_bootstrap.cc:492] T a5b90048bc9747209f8d5b0b8af38823 P a042207919a64360942b34db9082d1f3: No bootstrap required, opened a new log
I20260608 12:44:29.027041 15846 ts_tablet_manager.cc:1403] T a5b90048bc9747209f8d5b0b8af38823 P a042207919a64360942b34db9082d1f3: Time spent bootstrapping tablet: real 0.016s	user 0.003s	sys 0.006s
I20260608 12:44:29.029727 15846 raft_consensus.cc:359] T a5b90048bc9747209f8d5b0b8af38823 P a042207919a64360942b34db9082d1f3 [term 0 FOLLOWER]: Replica starting. Triggering 0 pending ops. Active config: opid_index: -1 OBSOLETE_local: false peers { permanent_uuid: "a042207919a64360942b34db9082d1f3" member_type: VOTER last_known_addr { host: "127.12.89.1" port: 40531 } } peers { permanent_uuid: "ce81391a77cd45e1a1a7e7a9947cff56" member_type: VOTER last_known_addr { host: "127.12.89.2" port: 34457 } } peers { permanent_uuid: "23234c1358c3486f927e4879b6d00e7e" member_type: VOTER last_known_addr { host: "127.12.89.3" port: 42935 } }
I20260608 12:44:29.030367 15846 raft_consensus.cc:385] T a5b90048bc9747209f8d5b0b8af38823 P a042207919a64360942b34db9082d1f3 [term 0 FOLLOWER]: Consensus starting up: Expiring failure detector timer to make a prompt election more likely
I20260608 12:44:29.030638 15846 raft_consensus.cc:740] T a5b90048bc9747209f8d5b0b8af38823 P a042207919a64360942b34db9082d1f3 [term 0 FOLLOWER]: Becoming Follower/Learner. State: Replica: a042207919a64360942b34db9082d1f3, State: Initialized, Role: FOLLOWER
I20260608 12:44:29.031386 15845 tablet_bootstrap.cc:654] T 478c1d06bf714ceea3037611f57ecd17 P ce81391a77cd45e1a1a7e7a9947cff56: Neither blocks nor log segments found. Creating new log.
I20260608 12:44:29.031986 15844 tablet_bootstrap.cc:654] T 0441c6616cca4d498abfc7d506370e56 P 23234c1358c3486f927e4879b6d00e7e: Neither blocks nor log segments found. Creating new log.
I20260608 12:44:29.019568 15650 raft_consensus.cc:2468] T 7386b665f0a94a9a9f95db3bae4394bd P a042207919a64360942b34db9082d1f3 [term 0 FOLLOWER]: Leader pre-election vote request: Granting yes vote for candidate 23234c1358c3486f927e4879b6d00e7e in term 0.
I20260608 12:44:29.036726 15763 leader_election.cc:304] T 7386b665f0a94a9a9f95db3bae4394bd P 23234c1358c3486f927e4879b6d00e7e [CANDIDATE]: Term 1 pre-election: Election decided. Result: candidate won. Election summary: received 2 responses out of 3 voters: 2 yes votes; 0 no votes. yes voters: 23234c1358c3486f927e4879b6d00e7e, a042207919a64360942b34db9082d1f3; no voters: 
I20260608 12:44:29.021623 15725 raft_consensus.cc:2468] T 7386b665f0a94a9a9f95db3bae4394bd P ce81391a77cd45e1a1a7e7a9947cff56 [term 0 FOLLOWER]: Leader pre-election vote request: Granting yes vote for candidate 23234c1358c3486f927e4879b6d00e7e in term 0.
I20260608 12:44:29.037588 15870 raft_consensus.cc:2804] T 7386b665f0a94a9a9f95db3bae4394bd P 23234c1358c3486f927e4879b6d00e7e [term 0 FOLLOWER]: Leader pre-election won for term 1
I20260608 12:44:29.038008 15870 raft_consensus.cc:493] T 7386b665f0a94a9a9f95db3bae4394bd P 23234c1358c3486f927e4879b6d00e7e [term 0 FOLLOWER]: Starting leader election (no leader contacted us within the election timeout)
I20260608 12:44:29.038329 15870 raft_consensus.cc:3060] T 7386b665f0a94a9a9f95db3bae4394bd P 23234c1358c3486f927e4879b6d00e7e [term 0 FOLLOWER]: Advancing to term 1
I20260608 12:44:29.031425 15846 consensus_queue.cc:260] T a5b90048bc9747209f8d5b0b8af38823 P a042207919a64360942b34db9082d1f3 [NON_LEADER]: Queue going to NON_LEADER mode. State: All replicated index: 0, Majority replicated index: 0, Committed index: 0, Last appended: 0.0, Last appended by leader: 0, Current term: 0, Majority size: -1, State: 0, Mode: NON_LEADER, active raft config: opid_index: -1 OBSOLETE_local: false peers { permanent_uuid: "a042207919a64360942b34db9082d1f3" member_type: VOTER last_known_addr { host: "127.12.89.1" port: 40531 } } peers { permanent_uuid: "ce81391a77cd45e1a1a7e7a9947cff56" member_type: VOTER last_known_addr { host: "127.12.89.2" port: 34457 } } peers { permanent_uuid: "23234c1358c3486f927e4879b6d00e7e" member_type: VOTER last_known_addr { host: "127.12.89.3" port: 42935 } }
I20260608 12:44:29.043076 15846 ts_tablet_manager.cc:1434] T a5b90048bc9747209f8d5b0b8af38823 P a042207919a64360942b34db9082d1f3: Time spent starting tablet: real 0.016s	user 0.006s	sys 0.001s
I20260608 12:44:29.044054 15846 tablet_bootstrap.cc:492] T 049b936a5de84fa1b2ac998fb7276e7f P a042207919a64360942b34db9082d1f3: Bootstrap starting.
I20260608 12:44:29.043423 15546 catalog_manager.cc:5696] T 30aca3417a1d4f34b35627575fe120b6 P 23234c1358c3486f927e4879b6d00e7e reported cstate change: term changed from 0 to 1, leader changed from <none> to 23234c1358c3486f927e4879b6d00e7e (127.12.89.3). New cstate: current_term: 1 leader_uuid: "23234c1358c3486f927e4879b6d00e7e" committed_config { opid_index: -1 OBSOLETE_local: false peers { permanent_uuid: "a042207919a64360942b34db9082d1f3" member_type: VOTER last_known_addr { host: "127.12.89.1" port: 40531 } health_report { overall_health: UNKNOWN } } peers { permanent_uuid: "ce81391a77cd45e1a1a7e7a9947cff56" member_type: VOTER last_known_addr { host: "127.12.89.2" port: 34457 } health_report { overall_health: UNKNOWN } } peers { permanent_uuid: "23234c1358c3486f927e4879b6d00e7e" member_type: VOTER last_known_addr { host: "127.12.89.3" port: 42935 } health_report { overall_health: HEALTHY } } }
I20260608 12:44:29.050412 15846 tablet_bootstrap.cc:654] T 049b936a5de84fa1b2ac998fb7276e7f P a042207919a64360942b34db9082d1f3: Neither blocks nor log segments found. Creating new log.
I20260608 12:44:29.050683 15845 tablet_bootstrap.cc:492] T 478c1d06bf714ceea3037611f57ecd17 P ce81391a77cd45e1a1a7e7a9947cff56: No bootstrap required, opened a new log
I20260608 12:44:29.051208 15845 ts_tablet_manager.cc:1403] T 478c1d06bf714ceea3037611f57ecd17 P ce81391a77cd45e1a1a7e7a9947cff56: Time spent bootstrapping tablet: real 0.027s	user 0.005s	sys 0.012s
I20260608 12:44:29.057096 15870 raft_consensus.cc:515] T 7386b665f0a94a9a9f95db3bae4394bd P 23234c1358c3486f927e4879b6d00e7e [term 1 FOLLOWER]: Starting leader election with config: opid_index: -1 OBSOLETE_local: false peers { permanent_uuid: "a042207919a64360942b34db9082d1f3" member_type: VOTER last_known_addr { host: "127.12.89.1" port: 40531 } } peers { permanent_uuid: "ce81391a77cd45e1a1a7e7a9947cff56" member_type: VOTER last_known_addr { host: "127.12.89.2" port: 34457 } } peers { permanent_uuid: "23234c1358c3486f927e4879b6d00e7e" member_type: VOTER last_known_addr { host: "127.12.89.3" port: 42935 } }
I20260608 12:44:29.059360 15870 leader_election.cc:290] T 7386b665f0a94a9a9f95db3bae4394bd P 23234c1358c3486f927e4879b6d00e7e [CANDIDATE]: Term 1 election: Requested vote from peers a042207919a64360942b34db9082d1f3 (127.12.89.1:40531), ce81391a77cd45e1a1a7e7a9947cff56 (127.12.89.2:34457)
I20260608 12:44:29.061065 15725 tablet_service.cc:1917] Received RequestConsensusVote() RPC: tablet_id: "7386b665f0a94a9a9f95db3bae4394bd" candidate_uuid: "23234c1358c3486f927e4879b6d00e7e" candidate_term: 1 candidate_status { last_received { term: 0 index: 0 } } ignore_live_leader: false dest_uuid: "ce81391a77cd45e1a1a7e7a9947cff56"
I20260608 12:44:29.061663 15725 raft_consensus.cc:3060] T 7386b665f0a94a9a9f95db3bae4394bd P ce81391a77cd45e1a1a7e7a9947cff56 [term 0 FOLLOWER]: Advancing to term 1
I20260608 12:44:29.062853 15845 raft_consensus.cc:359] T 478c1d06bf714ceea3037611f57ecd17 P ce81391a77cd45e1a1a7e7a9947cff56 [term 0 FOLLOWER]: Replica starting. Triggering 0 pending ops. Active config: opid_index: -1 OBSOLETE_local: false peers { permanent_uuid: "a042207919a64360942b34db9082d1f3" member_type: VOTER last_known_addr { host: "127.12.89.1" port: 40531 } } peers { permanent_uuid: "ce81391a77cd45e1a1a7e7a9947cff56" member_type: VOTER last_known_addr { host: "127.12.89.2" port: 34457 } } peers { permanent_uuid: "23234c1358c3486f927e4879b6d00e7e" member_type: VOTER last_known_addr { host: "127.12.89.3" port: 42935 } }
