W20260608 12:43:09.296893 12695 system_unsync_time.cc:38] NTP support is disabled. Clock error bounds will not be accurate. This configuration is not suitable for distributed clusters.
I20260608 12:43:09.297012 12695 hybrid_clock.cc:648] HybridClock initialized: now 1780922589297000 us; error 0 us; skew 500 ppm
I20260608 12:43:09.297564 12695 server_base.cc:861] Flag tcmalloc_max_total_thread_cache_bytes is not working since tcmalloc is not enabled.
I20260608 12:43:09.299886 12695 webserver.cc:533] Webserver started at http://127.12.101.254:36769/ using document root <none> and password file <none>
I20260608 12:43:09.300328 12695 fs_manager.cc:362] Metadata directory not provided
I20260608 12:43:09.300560 12695 fs_manager.cc:368] Using write-ahead log directory (fs_wal_dir) as metadata directory
I20260608 12:43:09.300783 12695 server_base.cc:909] This appears to be a new deployment of Kudu; creating new FS layout
I20260608 12:43:09.301774 12695 fs_manager.cc:1068] Generated new instance metadata in path /tmp/dist-test-taskjBSd5U/test-tmp/auto_rebalancer-test.0.AutoRebalancerTest.AutoRebalancingTurnOffAndOn.1780922584078431-12695-0/minicluster-data/master-0-root/instance:
uuid: "3557e25c368b46c4b16b060eb015eeb9"
format_stamp: "Formatted at 2026-06-08 12:43:09 on dist-test-slave-f99c"
I20260608 12:43:09.306816 12695 fs_manager.cc:696] Time spent creating directory manager: real 0.005s	user 0.006s	sys 0.000s
I20260608 12:43:09.310428 13245 log_block_manager.cc:4031] Time spent loading block containers with low live blocks: real 0.000s	user 0.000s	sys 0.000s
I20260608 12:43:09.311266 12695 fs_manager.cc:730] Time spent opening block manager: real 0.002s	user 0.001s	sys 0.000s
I20260608 12:43:09.311584 12695 fs_manager.cc:647] Opened local filesystem: /tmp/dist-test-taskjBSd5U/test-tmp/auto_rebalancer-test.0.AutoRebalancerTest.AutoRebalancingTurnOffAndOn.1780922584078431-12695-0/minicluster-data/master-0-root
uuid: "3557e25c368b46c4b16b060eb015eeb9"
format_stamp: "Formatted at 2026-06-08 12:43:09 on dist-test-slave-f99c"
I20260608 12:43:09.311893 12695 fs_report.cc:389] FS layout report
--------------------
wal directory: /tmp/dist-test-taskjBSd5U/test-tmp/auto_rebalancer-test.0.AutoRebalancerTest.AutoRebalancingTurnOffAndOn.1780922584078431-12695-0/minicluster-data/master-0-root
metadata directory: /tmp/dist-test-taskjBSd5U/test-tmp/auto_rebalancer-test.0.AutoRebalancerTest.AutoRebalancingTurnOffAndOn.1780922584078431-12695-0/minicluster-data/master-0-root
1 data directories: /tmp/dist-test-taskjBSd5U/test-tmp/auto_rebalancer-test.0.AutoRebalancerTest.AutoRebalancingTurnOffAndOn.1780922584078431-12695-0/minicluster-data/master-0-root/data
Total live blocks: 0
Total live bytes: 0
Total live bytes (after alignment): 0
Total number of LBM containers: 0 (0 full)
Did not check for missing blocks
Did not check for orphaned blocks
Total full LBM containers with extra space: 0 (0 repaired)
Total full LBM container extra space in bytes: 0 (0 repaired)
Total incomplete LBM containers: 0 (0 repaired)
Total LBM partial records: 0 (0 repaired)
Total corrupted LBM metadata records in RocksDB: 0 (0 repaired)
I20260608 12:43:09.325527 12695 rpc_server.cc:225] running with OpenSSL 1.1.1  11 Sep 2018
I20260608 12:43:09.326606 12695 kserver.cc:163] Server-wide thread pool size limit: 3276
I20260608 12:43:09.365548 12695 rpc_server.cc:307] RPC server started. Bound to: 127.12.101.254:35809
I20260608 12:43:09.365675 13296 acceptor_pool.cc:272] collecting diagnostics on the listening RPC socket 127.12.101.254:35809 every 8 connection(s)
I20260608 12:43:09.369849 13297 data_dirs.cc:400] Could only allocate 1 dirs of requested 3 for tablet 00000000000000000000000000000000. 1 dirs total, 0 dirs full, 0 dirs failed
I20260608 12:43:09.379379 13297 tablet_bootstrap.cc:492] T 00000000000000000000000000000000 P 3557e25c368b46c4b16b060eb015eeb9: Bootstrap starting.
I20260608 12:43:09.384009 13297 tablet_bootstrap.cc:654] T 00000000000000000000000000000000 P 3557e25c368b46c4b16b060eb015eeb9: Neither blocks nor log segments found. Creating new log.
I20260608 12:43:09.388203 13297 tablet_bootstrap.cc:492] T 00000000000000000000000000000000 P 3557e25c368b46c4b16b060eb015eeb9: No bootstrap required, opened a new log
I20260608 12:43:09.390420 13297 raft_consensus.cc:359] T 00000000000000000000000000000000 P 3557e25c368b46c4b16b060eb015eeb9 [term 0 FOLLOWER]: Replica starting. Triggering 0 pending ops. Active config: opid_index: -1 OBSOLETE_local: true peers { permanent_uuid: "3557e25c368b46c4b16b060eb015eeb9" member_type: VOTER }
I20260608 12:43:09.390830 13297 raft_consensus.cc:385] T 00000000000000000000000000000000 P 3557e25c368b46c4b16b060eb015eeb9 [term 0 FOLLOWER]: Consensus starting up: Expiring failure detector timer to make a prompt election more likely
I20260608 12:43:09.391021 13297 raft_consensus.cc:740] T 00000000000000000000000000000000 P 3557e25c368b46c4b16b060eb015eeb9 [term 0 FOLLOWER]: Becoming Follower/Learner. State: Replica: 3557e25c368b46c4b16b060eb015eeb9, State: Initialized, Role: FOLLOWER
I20260608 12:43:09.391655 13297 consensus_queue.cc:260] T 00000000000000000000000000000000 P 3557e25c368b46c4b16b060eb015eeb9 [NON_LEADER]: Queue going to NON_LEADER mode. State: All replicated index: 0, Majority replicated index: 0, Committed index: 0, Last appended: 0.0, Last appended by leader: 0, Current term: 0, Majority size: -1, State: 0, Mode: NON_LEADER, active raft config: opid_index: -1 OBSOLETE_local: true peers { permanent_uuid: "3557e25c368b46c4b16b060eb015eeb9" member_type: VOTER }
I20260608 12:43:09.392102 13297 raft_consensus.cc:399] T 00000000000000000000000000000000 P 3557e25c368b46c4b16b060eb015eeb9 [term 0 FOLLOWER]: Only one voter in the Raft config. Triggering election immediately
I20260608 12:43:09.392302 13297 raft_consensus.cc:493] T 00000000000000000000000000000000 P 3557e25c368b46c4b16b060eb015eeb9 [term 0 FOLLOWER]: Starting leader election (initial election of a single-replica configuration)
I20260608 12:43:09.392601 13297 raft_consensus.cc:3060] T 00000000000000000000000000000000 P 3557e25c368b46c4b16b060eb015eeb9 [term 0 FOLLOWER]: Advancing to term 1
I20260608 12:43:09.396809 13297 raft_consensus.cc:515] T 00000000000000000000000000000000 P 3557e25c368b46c4b16b060eb015eeb9 [term 1 FOLLOWER]: Starting leader election with config: opid_index: -1 OBSOLETE_local: true peers { permanent_uuid: "3557e25c368b46c4b16b060eb015eeb9" member_type: VOTER }
I20260608 12:43:09.397389 13297 leader_election.cc:304] T 00000000000000000000000000000000 P 3557e25c368b46c4b16b060eb015eeb9 [CANDIDATE]: Term 1 election: Election decided. Result: candidate won. Election summary: received 1 responses out of 1 voters: 1 yes votes; 0 no votes. yes voters: 3557e25c368b46c4b16b060eb015eeb9; no voters: 
I20260608 12:43:09.398763 13297 leader_election.cc:290] T 00000000000000000000000000000000 P 3557e25c368b46c4b16b060eb015eeb9 [CANDIDATE]: Term 1 election: Requested vote from peers 
I20260608 12:43:09.399276 13300 raft_consensus.cc:2804] T 00000000000000000000000000000000 P 3557e25c368b46c4b16b060eb015eeb9 [term 1 FOLLOWER]: Leader election won for term 1
I20260608 12:43:09.401837 13300 raft_consensus.cc:697] T 00000000000000000000000000000000 P 3557e25c368b46c4b16b060eb015eeb9 [term 1 LEADER]: Becoming Leader. State: Replica: 3557e25c368b46c4b16b060eb015eeb9, State: Running, Role: LEADER
I20260608 12:43:09.402580 13297 sys_catalog.cc:565] T 00000000000000000000000000000000 P 3557e25c368b46c4b16b060eb015eeb9 [sys.catalog]: configured and running, proceeding with master startup.
I20260608 12:43:09.402662 13300 consensus_queue.cc:237] T 00000000000000000000000000000000 P 3557e25c368b46c4b16b060eb015eeb9 [LEADER]: Queue going to LEADER mode. State: All replicated index: 0, Majority replicated index: 0, Committed index: 0, Last appended: 0.0, Last appended by leader: 0, Current term: 1, Majority size: 1, State: 0, Mode: LEADER, active raft config: opid_index: -1 OBSOLETE_local: true peers { permanent_uuid: "3557e25c368b46c4b16b060eb015eeb9" member_type: VOTER }
I20260608 12:43:09.407632 13302 sys_catalog.cc:455] T 00000000000000000000000000000000 P 3557e25c368b46c4b16b060eb015eeb9 [sys.catalog]: SysCatalogTable state changed. Reason: New leader 3557e25c368b46c4b16b060eb015eeb9. Latest consensus state: current_term: 1 leader_uuid: "3557e25c368b46c4b16b060eb015eeb9" committed_config { opid_index: -1 OBSOLETE_local: true peers { permanent_uuid: "3557e25c368b46c4b16b060eb015eeb9" member_type: VOTER } }
I20260608 12:43:09.407651 13301 sys_catalog.cc:455] T 00000000000000000000000000000000 P 3557e25c368b46c4b16b060eb015eeb9 [sys.catalog]: SysCatalogTable state changed. Reason: RaftConsensus started. Latest consensus state: current_term: 1 leader_uuid: "3557e25c368b46c4b16b060eb015eeb9" committed_config { opid_index: -1 OBSOLETE_local: true peers { permanent_uuid: "3557e25c368b46c4b16b060eb015eeb9" member_type: VOTER } }
I20260608 12:43:09.408416 13302 sys_catalog.cc:458] T 00000000000000000000000000000000 P 3557e25c368b46c4b16b060eb015eeb9 [sys.catalog]: This master's current role is: LEADER
I20260608 12:43:09.408429 13301 sys_catalog.cc:458] T 00000000000000000000000000000000 P 3557e25c368b46c4b16b060eb015eeb9 [sys.catalog]: This master's current role is: LEADER
I20260608 12:43:09.416208 13305 catalog_manager.cc:1510] Loading table and tablet metadata into memory...
I20260608 12:43:09.424989 13305 catalog_manager.cc:1519] Initializing Kudu cluster ID...
I20260608 12:43:09.425987 12695 internal_mini_cluster.cc:184] Waiting to initialize catalog manager on master 0
I20260608 12:43:09.435007 13305 catalog_manager.cc:1382] Generated new cluster ID: 519a7b5875684464a514150c53c82995
I20260608 12:43:09.435336 13305 catalog_manager.cc:1530] Initializing Kudu internal certificate authority...
I20260608 12:43:09.480206 13305 catalog_manager.cc:1405] Generated new certificate authority record
I20260608 12:43:09.481529 13305 catalog_manager.cc:1539] Loading token signing keys...
I20260608 12:43:09.494975 13305 catalog_manager.cc:6069] T 00000000000000000000000000000000 P 3557e25c368b46c4b16b060eb015eeb9: Generated new TSK 0
I20260608 12:43:09.495651 13305 catalog_manager.cc:1549] Initializing in-progress tserver states...
I20260608 12:43:09.557178 12695 file_cache.cc:492] Constructed file cache file cache with capacity 419430
W20260608 12:43:09.563458 13318 instance_detector.cc:116] could not retrieve AWS instance metadata: Network error: curl error: HTTP response code said error: The requested URL returned error: 404
W20260608 12:43:09.564744 13319 instance_detector.cc:116] could not retrieve Azure instance metadata: Network error: curl error: HTTP response code said error: The requested URL returned error: 404
W20260608 12:43:09.566023 13321 instance_detector.cc:116] could not retrieve OpenStack instance metadata: Network error: curl error: HTTP response code said error: The requested URL returned error: 404
I20260608 12:43:09.566155 12695 server_base.cc:1061] running on GCE node
I20260608 12:43:09.567164 12695 hybrid_clock.cc:584] initializing the hybrid clock with 'system_unsync' time source
W20260608 12:43:09.567409 12695 system_unsync_time.cc:38] NTP support is disabled. Clock error bounds will not be accurate. This configuration is not suitable for distributed clusters.
I20260608 12:43:09.567541 12695 hybrid_clock.cc:648] HybridClock initialized: now 1780922589567530 us; error 0 us; skew 500 ppm
I20260608 12:43:09.568075 12695 server_base.cc:861] Flag tcmalloc_max_total_thread_cache_bytes is not working since tcmalloc is not enabled.
I20260608 12:43:09.570475 12695 webserver.cc:533] Webserver started at http://127.12.101.193:44491/ using document root <none> and password file <none>
I20260608 12:43:09.570958 12695 fs_manager.cc:362] Metadata directory not provided
I20260608 12:43:09.571110 12695 fs_manager.cc:368] Using write-ahead log directory (fs_wal_dir) as metadata directory
I20260608 12:43:09.571336 12695 server_base.cc:909] This appears to be a new deployment of Kudu; creating new FS layout
I20260608 12:43:09.572362 12695 fs_manager.cc:1068] Generated new instance metadata in path /tmp/dist-test-taskjBSd5U/test-tmp/auto_rebalancer-test.0.AutoRebalancerTest.AutoRebalancingTurnOffAndOn.1780922584078431-12695-0/minicluster-data/ts-0-root/instance:
uuid: "d38052e44e4f4f08965a2fc92a054597"
format_stamp: "Formatted at 2026-06-08 12:43:09 on dist-test-slave-f99c"
I20260608 12:43:09.577147 12695 fs_manager.cc:696] Time spent creating directory manager: real 0.004s	user 0.001s	sys 0.003s
I20260608 12:43:09.580930 13326 log_block_manager.cc:4031] Time spent loading block containers with low live blocks: real 0.000s	user 0.000s	sys 0.000s
I20260608 12:43:09.581835 12695 fs_manager.cc:730] Time spent opening block manager: real 0.003s	user 0.002s	sys 0.002s
I20260608 12:43:09.582129 12695 fs_manager.cc:647] Opened local filesystem: /tmp/dist-test-taskjBSd5U/test-tmp/auto_rebalancer-test.0.AutoRebalancerTest.AutoRebalancingTurnOffAndOn.1780922584078431-12695-0/minicluster-data/ts-0-root
uuid: "d38052e44e4f4f08965a2fc92a054597"
format_stamp: "Formatted at 2026-06-08 12:43:09 on dist-test-slave-f99c"
I20260608 12:43:09.582373 12695 fs_report.cc:389] FS layout report
--------------------
wal directory: /tmp/dist-test-taskjBSd5U/test-tmp/auto_rebalancer-test.0.AutoRebalancerTest.AutoRebalancingTurnOffAndOn.1780922584078431-12695-0/minicluster-data/ts-0-root
metadata directory: /tmp/dist-test-taskjBSd5U/test-tmp/auto_rebalancer-test.0.AutoRebalancerTest.AutoRebalancingTurnOffAndOn.1780922584078431-12695-0/minicluster-data/ts-0-root
1 data directories: /tmp/dist-test-taskjBSd5U/test-tmp/auto_rebalancer-test.0.AutoRebalancerTest.AutoRebalancingTurnOffAndOn.1780922584078431-12695-0/minicluster-data/ts-0-root/data
Total live blocks: 0
Total live bytes: 0
Total live bytes (after alignment): 0
Total number of LBM containers: 0 (0 full)
Did not check for missing blocks
Did not check for orphaned blocks
Total full LBM containers with extra space: 0 (0 repaired)
Total full LBM container extra space in bytes: 0 (0 repaired)
Total incomplete LBM containers: 0 (0 repaired)
Total LBM partial records: 0 (0 repaired)
Total corrupted LBM metadata records in RocksDB: 0 (0 repaired)
I20260608 12:43:09.599339 12695 rpc_server.cc:225] running with OpenSSL 1.1.1  11 Sep 2018
I20260608 12:43:09.600355 12695 kserver.cc:163] Server-wide thread pool size limit: 3276
I20260608 12:43:09.601817 12695 txn_system_client.cc:432] TxnSystemClient initialization is disabled...
I20260608 12:43:09.604463 12695 ts_tablet_manager.cc:585] Loaded tablet metadata (0 total tablets, 0 live tablets)
I20260608 12:43:09.604650 12695 ts_tablet_manager.cc:531] Time spent load tablet metadata: real 0.000s	user 0.000s	sys 0.000s
I20260608 12:43:09.604959 12695 ts_tablet_manager.cc:616] Registered 0 tablets
I20260608 12:43:09.605106 12695 ts_tablet_manager.cc:595] Time spent register tablets: real 0.000s	user 0.000s	sys 0.000s
I20260608 12:43:09.645562 12695 rpc_server.cc:307] RPC server started. Bound to: 127.12.101.193:44259
I20260608 12:43:09.645673 13388 acceptor_pool.cc:272] collecting diagnostics on the listening RPC socket 127.12.101.193:44259 every 8 connection(s)
I20260608 12:43:09.651089 12695 file_cache.cc:492] Constructed file cache file cache with capacity 419430
W20260608 12:43:09.659049 13394 instance_detector.cc:116] could not retrieve Azure instance metadata: Network error: curl error: HTTP response code said error: The requested URL returned error: 404
W20260608 12:43:09.660681 13393 instance_detector.cc:116] could not retrieve AWS instance metadata: Network error: curl error: HTTP response code said error: The requested URL returned error: 404
W20260608 12:43:09.664711 13396 instance_detector.cc:116] could not retrieve OpenStack instance metadata: Network error: curl error: HTTP response code said error: The requested URL returned error: 404
I20260608 12:43:09.665885 13389 heartbeater.cc:344] Connected to a master server at 127.12.101.254:35809
I20260608 12:43:09.666172 12695 server_base.cc:1061] running on GCE node
I20260608 12:43:09.666348 13389 heartbeater.cc:461] Registering TS with master...
I20260608 12:43:09.667215 12695 hybrid_clock.cc:584] initializing the hybrid clock with 'system_unsync' time source
I20260608 12:43:09.667284 13389 heartbeater.cc:507] Master 127.12.101.254:35809 requested a full tablet report, sending...
W20260608 12:43:09.667546 12695 system_unsync_time.cc:38] NTP support is disabled. Clock error bounds will not be accurate. This configuration is not suitable for distributed clusters.
I20260608 12:43:09.667845 12695 hybrid_clock.cc:648] HybridClock initialized: now 1780922589667822 us; error 0 us; skew 500 ppm
I20260608 12:43:09.668774 12695 server_base.cc:861] Flag tcmalloc_max_total_thread_cache_bytes is not working since tcmalloc is not enabled.
I20260608 12:43:09.670253 13262 ts_manager.cc:194] Registered new tserver with Master: d38052e44e4f4f08965a2fc92a054597 (127.12.101.193:44259)
I20260608 12:43:09.671991 12695 webserver.cc:533] Webserver started at http://127.12.101.194:42865/ using document root <none> and password file <none>
I20260608 12:43:09.672801 12695 fs_manager.cc:362] Metadata directory not provided
I20260608 12:43:09.673062 12695 fs_manager.cc:368] Using write-ahead log directory (fs_wal_dir) as metadata directory
I20260608 12:43:09.673108 13262 master_service.cc:502] Signed X509 certificate for tserver {username='slave'} at 127.0.0.1:38152
I20260608 12:43:09.673542 12695 server_base.cc:909] This appears to be a new deployment of Kudu; creating new FS layout
I20260608 12:43:09.675124 12695 fs_manager.cc:1068] Generated new instance metadata in path /tmp/dist-test-taskjBSd5U/test-tmp/auto_rebalancer-test.0.AutoRebalancerTest.AutoRebalancingTurnOffAndOn.1780922584078431-12695-0/minicluster-data/ts-1-root/instance:
uuid: "038ddd8a2b3147ccb5c4eea99ee71bee"
format_stamp: "Formatted at 2026-06-08 12:43:09 on dist-test-slave-f99c"
I20260608 12:43:09.680114 12695 fs_manager.cc:696] Time spent creating directory manager: real 0.004s	user 0.007s	sys 0.000s
I20260608 12:43:09.683887 13401 log_block_manager.cc:4031] Time spent loading block containers with low live blocks: real 0.000s	user 0.000s	sys 0.000s
I20260608 12:43:09.684785 12695 fs_manager.cc:730] Time spent opening block manager: real 0.002s	user 0.003s	sys 0.000s
I20260608 12:43:09.685122 12695 fs_manager.cc:647] Opened local filesystem: /tmp/dist-test-taskjBSd5U/test-tmp/auto_rebalancer-test.0.AutoRebalancerTest.AutoRebalancingTurnOffAndOn.1780922584078431-12695-0/minicluster-data/ts-1-root
uuid: "038ddd8a2b3147ccb5c4eea99ee71bee"
format_stamp: "Formatted at 2026-06-08 12:43:09 on dist-test-slave-f99c"
I20260608 12:43:09.685456 12695 fs_report.cc:389] FS layout report
--------------------
wal directory: /tmp/dist-test-taskjBSd5U/test-tmp/auto_rebalancer-test.0.AutoRebalancerTest.AutoRebalancingTurnOffAndOn.1780922584078431-12695-0/minicluster-data/ts-1-root
metadata directory: /tmp/dist-test-taskjBSd5U/test-tmp/auto_rebalancer-test.0.AutoRebalancerTest.AutoRebalancingTurnOffAndOn.1780922584078431-12695-0/minicluster-data/ts-1-root
1 data directories: /tmp/dist-test-taskjBSd5U/test-tmp/auto_rebalancer-test.0.AutoRebalancerTest.AutoRebalancingTurnOffAndOn.1780922584078431-12695-0/minicluster-data/ts-1-root/data
Total live blocks: 0
Total live bytes: 0
Total live bytes (after alignment): 0
Total number of LBM containers: 0 (0 full)
Did not check for missing blocks
Did not check for orphaned blocks
Total full LBM containers with extra space: 0 (0 repaired)
Total full LBM container extra space in bytes: 0 (0 repaired)
Total incomplete LBM containers: 0 (0 repaired)
Total LBM partial records: 0 (0 repaired)
Total corrupted LBM metadata records in RocksDB: 0 (0 repaired)
I20260608 12:43:09.702533 12695 rpc_server.cc:225] running with OpenSSL 1.1.1  11 Sep 2018
I20260608 12:43:09.703675 12695 kserver.cc:163] Server-wide thread pool size limit: 3276
I20260608 12:43:09.705497 12695 txn_system_client.cc:432] TxnSystemClient initialization is disabled...
I20260608 12:43:09.707875 12695 ts_tablet_manager.cc:585] Loaded tablet metadata (0 total tablets, 0 live tablets)
I20260608 12:43:09.708117 12695 ts_tablet_manager.cc:531] Time spent load tablet metadata: real 0.000s	user 0.000s	sys 0.000s
I20260608 12:43:09.708372 12695 ts_tablet_manager.cc:616] Registered 0 tablets
I20260608 12:43:09.708611 12695 ts_tablet_manager.cc:595] Time spent register tablets: real 0.000s	user 0.001s	sys 0.000s
I20260608 12:43:09.749071 12695 rpc_server.cc:307] RPC server started. Bound to: 127.12.101.194:43511
I20260608 12:43:09.749182 13463 acceptor_pool.cc:272] collecting diagnostics on the listening RPC socket 127.12.101.194:43511 every 8 connection(s)
I20260608 12:43:09.754256 12695 file_cache.cc:492] Constructed file cache file cache with capacity 419430
W20260608 12:43:09.762449 13467 instance_detector.cc:116] could not retrieve AWS instance metadata: Network error: curl error: HTTP response code said error: The requested URL returned error: 404
W20260608 12:43:09.764671 13468 instance_detector.cc:116] could not retrieve Azure instance metadata: Network error: curl error: HTTP response code said error: The requested URL returned error: 404
I20260608 12:43:09.767809 12695 server_base.cc:1061] running on GCE node
W20260608 12:43:09.769078 13470 instance_detector.cc:116] could not retrieve OpenStack instance metadata: Network error: curl error: HTTP response code said error: The requested URL returned error: 404
I20260608 12:43:09.769737 13464 heartbeater.cc:344] Connected to a master server at 127.12.101.254:35809
I20260608 12:43:09.770195 13464 heartbeater.cc:461] Registering TS with master...
I20260608 12:43:09.770272 12695 hybrid_clock.cc:584] initializing the hybrid clock with 'system_unsync' time source
W20260608 12:43:09.770623 12695 system_unsync_time.cc:38] NTP support is disabled. Clock error bounds will not be accurate. This configuration is not suitable for distributed clusters.
I20260608 12:43:09.770849 12695 hybrid_clock.cc:648] HybridClock initialized: now 1780922589770830 us; error 0 us; skew 500 ppm
I20260608 12:43:09.771247 13464 heartbeater.cc:507] Master 127.12.101.254:35809 requested a full tablet report, sending...
I20260608 12:43:09.771720 12695 server_base.cc:861] Flag tcmalloc_max_total_thread_cache_bytes is not working since tcmalloc is not enabled.
I20260608 12:43:09.773969 13262 ts_manager.cc:194] Registered new tserver with Master: 038ddd8a2b3147ccb5c4eea99ee71bee (127.12.101.194:43511)
I20260608 12:43:09.774677 12695 webserver.cc:533] Webserver started at http://127.12.101.195:33057/ using document root <none> and password file <none>
I20260608 12:43:09.775239 12695 fs_manager.cc:362] Metadata directory not provided
I20260608 12:43:09.775457 12695 fs_manager.cc:368] Using write-ahead log directory (fs_wal_dir) as metadata directory
I20260608 12:43:09.775731 12695 server_base.cc:909] This appears to be a new deployment of Kudu; creating new FS layout
I20260608 12:43:09.775738 13262 master_service.cc:502] Signed X509 certificate for tserver {username='slave'} at 127.0.0.1:38158
I20260608 12:43:09.777268 12695 fs_manager.cc:1068] Generated new instance metadata in path /tmp/dist-test-taskjBSd5U/test-tmp/auto_rebalancer-test.0.AutoRebalancerTest.AutoRebalancingTurnOffAndOn.1780922584078431-12695-0/minicluster-data/ts-2-root/instance:
uuid: "ce20f0862c0f4181956d9dd48fe2c312"
format_stamp: "Formatted at 2026-06-08 12:43:09 on dist-test-slave-f99c"
I20260608 12:43:09.782361 12695 fs_manager.cc:696] Time spent creating directory manager: real 0.004s	user 0.004s	sys 0.001s
I20260608 12:43:09.786089 13475 log_block_manager.cc:4031] Time spent loading block containers with low live blocks: real 0.000s	user 0.000s	sys 0.000s
I20260608 12:43:09.787000 12695 fs_manager.cc:730] Time spent opening block manager: real 0.002s	user 0.001s	sys 0.000s
I20260608 12:43:09.787323 12695 fs_manager.cc:647] Opened local filesystem: /tmp/dist-test-taskjBSd5U/test-tmp/auto_rebalancer-test.0.AutoRebalancerTest.AutoRebalancingTurnOffAndOn.1780922584078431-12695-0/minicluster-data/ts-2-root
uuid: "ce20f0862c0f4181956d9dd48fe2c312"
format_stamp: "Formatted at 2026-06-08 12:43:09 on dist-test-slave-f99c"
I20260608 12:43:09.787684 12695 fs_report.cc:389] FS layout report
--------------------
wal directory: /tmp/dist-test-taskjBSd5U/test-tmp/auto_rebalancer-test.0.AutoRebalancerTest.AutoRebalancingTurnOffAndOn.1780922584078431-12695-0/minicluster-data/ts-2-root
metadata directory: /tmp/dist-test-taskjBSd5U/test-tmp/auto_rebalancer-test.0.AutoRebalancerTest.AutoRebalancingTurnOffAndOn.1780922584078431-12695-0/minicluster-data/ts-2-root
1 data directories: /tmp/dist-test-taskjBSd5U/test-tmp/auto_rebalancer-test.0.AutoRebalancerTest.AutoRebalancingTurnOffAndOn.1780922584078431-12695-0/minicluster-data/ts-2-root/data
Total live blocks: 0
Total live bytes: 0
Total live bytes (after alignment): 0
Total number of LBM containers: 0 (0 full)
Did not check for missing blocks
Did not check for orphaned blocks
Total full LBM containers with extra space: 0 (0 repaired)
Total full LBM container extra space in bytes: 0 (0 repaired)
Total incomplete LBM containers: 0 (0 repaired)
Total LBM partial records: 0 (0 repaired)
Total corrupted LBM metadata records in RocksDB: 0 (0 repaired)
I20260608 12:43:09.825848 12695 rpc_server.cc:225] running with OpenSSL 1.1.1  11 Sep 2018
I20260608 12:43:09.827056 12695 kserver.cc:163] Server-wide thread pool size limit: 3276
I20260608 12:43:09.828429 12695 txn_system_client.cc:432] TxnSystemClient initialization is disabled...
I20260608 12:43:09.831034 12695 ts_tablet_manager.cc:585] Loaded tablet metadata (0 total tablets, 0 live tablets)
I20260608 12:43:09.831271 12695 ts_tablet_manager.cc:531] Time spent load tablet metadata: real 0.000s	user 0.000s	sys 0.000s
I20260608 12:43:09.831537 12695 ts_tablet_manager.cc:616] Registered 0 tablets
I20260608 12:43:09.831713 12695 ts_tablet_manager.cc:595] Time spent register tablets: real 0.000s	user 0.000s	sys 0.000s
I20260608 12:43:09.874653 12695 rpc_server.cc:307] RPC server started. Bound to: 127.12.101.195:41201
I20260608 12:43:09.874812 13537 acceptor_pool.cc:272] collecting diagnostics on the listening RPC socket 127.12.101.195:41201 every 8 connection(s)
I20260608 12:43:09.890868 13538 heartbeater.cc:344] Connected to a master server at 127.12.101.254:35809
I20260608 12:43:09.891381 13538 heartbeater.cc:461] Registering TS with master...
I20260608 12:43:09.892221 13538 heartbeater.cc:507] Master 127.12.101.254:35809 requested a full tablet report, sending...
I20260608 12:43:09.894595 13262 ts_manager.cc:194] Registered new tserver with Master: ce20f0862c0f4181956d9dd48fe2c312 (127.12.101.195:41201)
I20260608 12:43:09.894765 12695 internal_mini_cluster.cc:371] 3 TS(s) registered with all masters after 0.016242642s
I20260608 12:43:09.896005 13262 master_service.cc:502] Signed X509 certificate for tserver {username='slave'} at 127.0.0.1:38164
I20260608 12:43:10.676158 13389 heartbeater.cc:499] Master 127.12.101.254:35809 was elected leader, sending a full tablet report...
I20260608 12:43:10.779001 13464 heartbeater.cc:499] Master 127.12.101.254:35809 was elected leader, sending a full tablet report...
I20260608 12:43:10.898773 13538 heartbeater.cc:499] Master 127.12.101.254:35809 was elected leader, sending a full tablet report...
I20260608 12:43:10.958571 13262 catalog_manager.cc:2282] Servicing CreateTable request from {username='slave'} at 127.0.0.1:38172:
name: "test-workload"
schema {
  columns {
    name: "key"
    type: INT32
    is_key: true
    is_nullable: false
    encoding: AUTO_ENCODING
    compression: DEFAULT_COMPRESSION
    cfile_block_size: 0
    immutable: false
  }
  columns {
    name: "int_val"
    type: INT32
    is_key: false
    is_nullable: false
    encoding: AUTO_ENCODING
    compression: DEFAULT_COMPRESSION
    cfile_block_size: 0
    immutable: false
  }
  columns {
    name: "string_val"
    type: STRING
    is_key: false
    is_nullable: true
    encoding: AUTO_ENCODING
    compression: DEFAULT_COMPRESSION
    cfile_block_size: 0
    immutable: false
  }
}
num_replicas: 3
split_rows_range_bounds {
  rows: "\004\001\000\377\377\377\017\004\001\000\376\377\377\037\004\001\000\375\377\377/\004\001\000\374\377\377?\004\001\000\373\377\377O\004\001\000\372\377\377_\004\001\000\371\377\377o""\004\001\000\377\377\377\017\004\001\000\376\377\377\037\004\001\000\375\377\377/\004\001\000\374\377\377?\004\001\000\373\377\377O\004\001\000\372\377\377_\004\001\000\371\377\377o"
  indirect_data: """"
}
partition_schema {
  range_schema {
    columns {
      name: "key"
    }
  }
}
W20260608 12:43:10.961475 13262 catalog_manager.cc:7076] The number of live tablet servers is not enough to re-replicate a tablet replica of the newly created table test-workload in case of a server failure: 4 tablet servers would be needed, 3 are available. Consider bringing up more tablet servers.
I20260608 12:43:11.039389 13500 tablet_service.cc:1511] Processing CreateTablet for tablet 188156b7c92d49939f37cf7f45c72e2a (DEFAULT_TABLE table=test-workload [id=e1f1541e3bb9424ea66d0c7c14844380]), partition=RANGE (key) PARTITION 805306365 <= VALUES < 1073741820
I20260608 12:43:11.040921 13500 data_dirs.cc:400] Could only allocate 1 dirs of requested 3 for tablet 188156b7c92d49939f37cf7f45c72e2a. 1 dirs total, 0 dirs full, 0 dirs failed
I20260608 12:43:11.043349 13503 tablet_service.cc:1511] Processing CreateTablet for tablet 6594a2af1a86494da75ffdad9d237131 (DEFAULT_TABLE table=test-workload [id=e1f1541e3bb9424ea66d0c7c14844380]), partition=RANGE (key) PARTITION VALUES < 268435455
I20260608 12:43:11.044818 13503 data_dirs.cc:400] Could only allocate 1 dirs of requested 3 for tablet 6594a2af1a86494da75ffdad9d237131. 1 dirs total, 0 dirs full, 0 dirs failed
I20260608 12:43:11.047737 13428 tablet_service.cc:1511] Processing CreateTablet for tablet 31965810a684478da4db238ef765ce20 (DEFAULT_TABLE table=test-workload [id=e1f1541e3bb9424ea66d0c7c14844380]), partition=RANGE (key) PARTITION 268435455 <= VALUES < 536870910
I20260608 12:43:11.049324 13428 data_dirs.cc:400] Could only allocate 1 dirs of requested 3 for tablet 31965810a684478da4db238ef765ce20. 1 dirs total, 0 dirs full, 0 dirs failed
I20260608 12:43:11.049118 13429 tablet_service.cc:1511] Processing CreateTablet for tablet 6594a2af1a86494da75ffdad9d237131 (DEFAULT_TABLE table=test-workload [id=e1f1541e3bb9424ea66d0c7c14844380]), partition=RANGE (key) PARTITION VALUES < 268435455
I20260608 12:43:11.049732 13501 tablet_service.cc:1511] Processing CreateTablet for tablet f8c4f5e6f7d04e17ac62f4a9c2dd33d8 (DEFAULT_TABLE table=test-workload [id=e1f1541e3bb9424ea66d0c7c14844380]), partition=RANGE (key) PARTITION 536870910 <= VALUES < 805306365
I20260608 12:43:11.050551 13429 data_dirs.cc:400] Could only allocate 1 dirs of requested 3 for tablet 6594a2af1a86494da75ffdad9d237131. 1 dirs total, 0 dirs full, 0 dirs failed
I20260608 12:43:11.051198 13501 data_dirs.cc:400] Could only allocate 1 dirs of requested 3 for tablet f8c4f5e6f7d04e17ac62f4a9c2dd33d8. 1 dirs total, 0 dirs full, 0 dirs failed
I20260608 12:43:11.051146 13427 tablet_service.cc:1511] Processing CreateTablet for tablet f8c4f5e6f7d04e17ac62f4a9c2dd33d8 (DEFAULT_TABLE table=test-workload [id=e1f1541e3bb9424ea66d0c7c14844380]), partition=RANGE (key) PARTITION 536870910 <= VALUES < 805306365
I20260608 12:43:11.052698 13427 data_dirs.cc:400] Could only allocate 1 dirs of requested 3 for tablet f8c4f5e6f7d04e17ac62f4a9c2dd33d8. 1 dirs total, 0 dirs full, 0 dirs failed
I20260608 12:43:11.053697 13502 tablet_service.cc:1511] Processing CreateTablet for tablet 31965810a684478da4db238ef765ce20 (DEFAULT_TABLE table=test-workload [id=e1f1541e3bb9424ea66d0c7c14844380]), partition=RANGE (key) PARTITION 268435455 <= VALUES < 536870910
I20260608 12:43:11.057089 13498 tablet_service.cc:1511] Processing CreateTablet for tablet d1d64c1fe0ba4b51a491a8bb00743302 (DEFAULT_TABLE table=test-workload [id=e1f1541e3bb9424ea66d0c7c14844380]), partition=RANGE (key) PARTITION 1342177275 <= VALUES < 1610612730
I20260608 12:43:11.057293 13499 tablet_service.cc:1511] Processing CreateTablet for tablet 18e194bdbde84b219f2206894fe74355 (DEFAULT_TABLE table=test-workload [id=e1f1541e3bb9424ea66d0c7c14844380]), partition=RANGE (key) PARTITION 1073741820 <= VALUES < 1342177275
I20260608 12:43:11.059412 13425 tablet_service.cc:1511] Processing CreateTablet for tablet 18e194bdbde84b219f2206894fe74355 (DEFAULT_TABLE table=test-workload [id=e1f1541e3bb9424ea66d0c7c14844380]), partition=RANGE (key) PARTITION 1073741820 <= VALUES < 1342177275
I20260608 12:43:11.057000 13426 tablet_service.cc:1511] Processing CreateTablet for tablet 188156b7c92d49939f37cf7f45c72e2a (DEFAULT_TABLE table=test-workload [id=e1f1541e3bb9424ea66d0c7c14844380]), partition=RANGE (key) PARTITION 805306365 <= VALUES < 1073741820
I20260608 12:43:11.060925 13425 data_dirs.cc:400] Could only allocate 1 dirs of requested 3 for tablet 18e194bdbde84b219f2206894fe74355. 1 dirs total, 0 dirs full, 0 dirs failed
I20260608 12:43:11.065642 13426 data_dirs.cc:400] Could only allocate 1 dirs of requested 3 for tablet 188156b7c92d49939f37cf7f45c72e2a. 1 dirs total, 0 dirs full, 0 dirs failed
I20260608 12:43:11.062541 13424 tablet_service.cc:1511] Processing CreateTablet for tablet d1d64c1fe0ba4b51a491a8bb00743302 (DEFAULT_TABLE table=test-workload [id=e1f1541e3bb9424ea66d0c7c14844380]), partition=RANGE (key) PARTITION 1342177275 <= VALUES < 1610612730
I20260608 12:43:11.064785 13502 data_dirs.cc:400] Could only allocate 1 dirs of requested 3 for tablet 31965810a684478da4db238ef765ce20. 1 dirs total, 0 dirs full, 0 dirs failed
I20260608 12:43:11.067085 13424 data_dirs.cc:400] Could only allocate 1 dirs of requested 3 for tablet d1d64c1fe0ba4b51a491a8bb00743302. 1 dirs total, 0 dirs full, 0 dirs failed
I20260608 12:43:11.067632 13498 data_dirs.cc:400] Could only allocate 1 dirs of requested 3 for tablet d1d64c1fe0ba4b51a491a8bb00743302. 1 dirs total, 0 dirs full, 0 dirs failed
I20260608 12:43:11.073892 13354 tablet_service.cc:1511] Processing CreateTablet for tablet 6594a2af1a86494da75ffdad9d237131 (DEFAULT_TABLE table=test-workload [id=e1f1541e3bb9424ea66d0c7c14844380]), partition=RANGE (key) PARTITION VALUES < 268435455
I20260608 12:43:11.075469 13354 data_dirs.cc:400] Could only allocate 1 dirs of requested 3 for tablet 6594a2af1a86494da75ffdad9d237131. 1 dirs total, 0 dirs full, 0 dirs failed
I20260608 12:43:11.076743 13499 data_dirs.cc:400] Could only allocate 1 dirs of requested 3 for tablet 18e194bdbde84b219f2206894fe74355. 1 dirs total, 0 dirs full, 0 dirs failed
I20260608 12:43:11.086285 13353 tablet_service.cc:1511] Processing CreateTablet for tablet 31965810a684478da4db238ef765ce20 (DEFAULT_TABLE table=test-workload [id=e1f1541e3bb9424ea66d0c7c14844380]), partition=RANGE (key) PARTITION 268435455 <= VALUES < 536870910
I20260608 12:43:11.087860 13353 data_dirs.cc:400] Could only allocate 1 dirs of requested 3 for tablet 31965810a684478da4db238ef765ce20. 1 dirs total, 0 dirs full, 0 dirs failed
I20260608 12:43:11.098214 13352 tablet_service.cc:1511] Processing CreateTablet for tablet f8c4f5e6f7d04e17ac62f4a9c2dd33d8 (DEFAULT_TABLE table=test-workload [id=e1f1541e3bb9424ea66d0c7c14844380]), partition=RANGE (key) PARTITION 536870910 <= VALUES < 805306365
I20260608 12:43:11.099802 13352 data_dirs.cc:400] Could only allocate 1 dirs of requested 3 for tablet f8c4f5e6f7d04e17ac62f4a9c2dd33d8. 1 dirs total, 0 dirs full, 0 dirs failed
I20260608 12:43:11.101222 13423 tablet_service.cc:1511] Processing CreateTablet for tablet c77c43e8490d4a8cb91deb7587c602f8 (DEFAULT_TABLE table=test-workload [id=e1f1541e3bb9424ea66d0c7c14844380]), partition=RANGE (key) PARTITION 1610612730 <= VALUES < 1879048185
I20260608 12:43:11.103250 13423 data_dirs.cc:400] Could only allocate 1 dirs of requested 3 for tablet c77c43e8490d4a8cb91deb7587c602f8. 1 dirs total, 0 dirs full, 0 dirs failed
I20260608 12:43:11.121272 13500 tablet_service.cc:1511] Processing CreateTablet for tablet c77c43e8490d4a8cb91deb7587c602f8 (DEFAULT_TABLE table=test-workload [id=e1f1541e3bb9424ea66d0c7c14844380]), partition=RANGE (key) PARTITION 1610612730 <= VALUES < 1879048185
I20260608 12:43:11.130401 13500 data_dirs.cc:400] Could only allocate 1 dirs of requested 3 for tablet c77c43e8490d4a8cb91deb7587c602f8. 1 dirs total, 0 dirs full, 0 dirs failed
I20260608 12:43:11.131923 13422 tablet_service.cc:1511] Processing CreateTablet for tablet 8e41b9a1a75444faa57c928d7cb477e4 (DEFAULT_TABLE table=test-workload [id=e1f1541e3bb9424ea66d0c7c14844380]), partition=RANGE (key) PARTITION 1879048185 <= VALUES
I20260608 12:43:11.133191 13351 tablet_service.cc:1511] Processing CreateTablet for tablet 188156b7c92d49939f37cf7f45c72e2a (DEFAULT_TABLE table=test-workload [id=e1f1541e3bb9424ea66d0c7c14844380]), partition=RANGE (key) PARTITION 805306365 <= VALUES < 1073741820
I20260608 12:43:11.134049 13422 data_dirs.cc:400] Could only allocate 1 dirs of requested 3 for tablet 8e41b9a1a75444faa57c928d7cb477e4. 1 dirs total, 0 dirs full, 0 dirs failed
I20260608 12:43:11.134913 13351 data_dirs.cc:400] Could only allocate 1 dirs of requested 3 for tablet 188156b7c92d49939f37cf7f45c72e2a. 1 dirs total, 0 dirs full, 0 dirs failed
I20260608 12:43:11.139328 13559 tablet_bootstrap.cc:492] T 6594a2af1a86494da75ffdad9d237131 P 038ddd8a2b3147ccb5c4eea99ee71bee: Bootstrap starting.
I20260608 12:43:11.161768 13558 tablet_bootstrap.cc:492] T 188156b7c92d49939f37cf7f45c72e2a P ce20f0862c0f4181956d9dd48fe2c312: Bootstrap starting.
I20260608 12:43:11.145936 13559 tablet_bootstrap.cc:654] T 6594a2af1a86494da75ffdad9d237131 P 038ddd8a2b3147ccb5c4eea99ee71bee: Neither blocks nor log segments found. Creating new log.
I20260608 12:43:11.176533 13352 tablet_service.cc:1511] Processing CreateTablet for tablet 18e194bdbde84b219f2206894fe74355 (DEFAULT_TABLE table=test-workload [id=e1f1541e3bb9424ea66d0c7c14844380]), partition=RANGE (key) PARTITION 1073741820 <= VALUES < 1342177275
I20260608 12:43:11.177951 13558 tablet_bootstrap.cc:654] T 188156b7c92d49939f37cf7f45c72e2a P ce20f0862c0f4181956d9dd48fe2c312: Neither blocks nor log segments found. Creating new log.
I20260608 12:43:11.178390 13352 data_dirs.cc:400] Could only allocate 1 dirs of requested 3 for tablet 18e194bdbde84b219f2206894fe74355. 1 dirs total, 0 dirs full, 0 dirs failed
I20260608 12:43:11.180564 13350 tablet_service.cc:1511] Processing CreateTablet for tablet c77c43e8490d4a8cb91deb7587c602f8 (DEFAULT_TABLE table=test-workload [id=e1f1541e3bb9424ea66d0c7c14844380]), partition=RANGE (key) PARTITION 1610612730 <= VALUES < 1879048185
I20260608 12:43:11.180997 13349 tablet_service.cc:1511] Processing CreateTablet for tablet 8e41b9a1a75444faa57c928d7cb477e4 (DEFAULT_TABLE table=test-workload [id=e1f1541e3bb9424ea66d0c7c14844380]), partition=RANGE (key) PARTITION 1879048185 <= VALUES
I20260608 12:43:11.182138 13350 data_dirs.cc:400] Could only allocate 1 dirs of requested 3 for tablet c77c43e8490d4a8cb91deb7587c602f8. 1 dirs total, 0 dirs full, 0 dirs failed
I20260608 12:43:11.178031 13353 tablet_service.cc:1511] Processing CreateTablet for tablet d1d64c1fe0ba4b51a491a8bb00743302 (DEFAULT_TABLE table=test-workload [id=e1f1541e3bb9424ea66d0c7c14844380]), partition=RANGE (key) PARTITION 1342177275 <= VALUES < 1610612730
I20260608 12:43:11.185338 13349 data_dirs.cc:400] Could only allocate 1 dirs of requested 3 for tablet 8e41b9a1a75444faa57c928d7cb477e4. 1 dirs total, 0 dirs full, 0 dirs failed
I20260608 12:43:11.187422 13353 data_dirs.cc:400] Could only allocate 1 dirs of requested 3 for tablet d1d64c1fe0ba4b51a491a8bb00743302. 1 dirs total, 0 dirs full, 0 dirs failed
I20260608 12:43:11.188746 13498 tablet_service.cc:1511] Processing CreateTablet for tablet 8e41b9a1a75444faa57c928d7cb477e4 (DEFAULT_TABLE table=test-workload [id=e1f1541e3bb9424ea66d0c7c14844380]), partition=RANGE (key) PARTITION 1879048185 <= VALUES
I20260608 12:43:11.190152 13498 data_dirs.cc:400] Could only allocate 1 dirs of requested 3 for tablet 8e41b9a1a75444faa57c928d7cb477e4. 1 dirs total, 0 dirs full, 0 dirs failed
I20260608 12:43:11.206103 13560 tablet_bootstrap.cc:492] T 6594a2af1a86494da75ffdad9d237131 P d38052e44e4f4f08965a2fc92a054597: Bootstrap starting.
I20260608 12:43:11.231508 13560 tablet_bootstrap.cc:654] T 6594a2af1a86494da75ffdad9d237131 P d38052e44e4f4f08965a2fc92a054597: Neither blocks nor log segments found. Creating new log.
I20260608 12:43:11.239295 13559 tablet_bootstrap.cc:492] T 6594a2af1a86494da75ffdad9d237131 P 038ddd8a2b3147ccb5c4eea99ee71bee: No bootstrap required, opened a new log
I20260608 12:43:11.239902 13559 ts_tablet_manager.cc:1403] T 6594a2af1a86494da75ffdad9d237131 P 038ddd8a2b3147ccb5c4eea99ee71bee: Time spent bootstrapping tablet: real 0.101s	user 0.009s	sys 0.027s
I20260608 12:43:11.239957 13558 tablet_bootstrap.cc:492] T 188156b7c92d49939f37cf7f45c72e2a P ce20f0862c0f4181956d9dd48fe2c312: No bootstrap required, opened a new log
I20260608 12:43:11.240747 13558 ts_tablet_manager.cc:1403] T 188156b7c92d49939f37cf7f45c72e2a P ce20f0862c0f4181956d9dd48fe2c312: Time spent bootstrapping tablet: real 0.079s	user 0.014s	sys 0.007s
I20260608 12:43:11.243142 13559 raft_consensus.cc:359] T 6594a2af1a86494da75ffdad9d237131 P 038ddd8a2b3147ccb5c4eea99ee71bee [term 0 FOLLOWER]: Replica starting. Triggering 0 pending ops. Active config: opid_index: -1 OBSOLETE_local: false peers { permanent_uuid: "ce20f0862c0f4181956d9dd48fe2c312" member_type: VOTER last_known_addr { host: "127.12.101.195" port: 41201 } } peers { permanent_uuid: "d38052e44e4f4f08965a2fc92a054597" member_type: VOTER last_known_addr { host: "127.12.101.193" port: 44259 } } peers { permanent_uuid: "038ddd8a2b3147ccb5c4eea99ee71bee" member_type: VOTER last_known_addr { host: "127.12.101.194" port: 43511 } }
I20260608 12:43:11.243762 13559 raft_consensus.cc:385] T 6594a2af1a86494da75ffdad9d237131 P 038ddd8a2b3147ccb5c4eea99ee71bee [term 0 FOLLOWER]: Consensus starting up: Expiring failure detector timer to make a prompt election more likely
I20260608 12:43:11.244032 13559 raft_consensus.cc:740] T 6594a2af1a86494da75ffdad9d237131 P 038ddd8a2b3147ccb5c4eea99ee71bee [term 0 FOLLOWER]: Becoming Follower/Learner. State: Replica: 038ddd8a2b3147ccb5c4eea99ee71bee, State: Initialized, Role: FOLLOWER
I20260608 12:43:11.244837 13559 consensus_queue.cc:260] T 6594a2af1a86494da75ffdad9d237131 P 038ddd8a2b3147ccb5c4eea99ee71bee [NON_LEADER]: Queue going to NON_LEADER mode. State: All replicated index: 0, Majority replicated index: 0, Committed index: 0, Last appended: 0.0, Last appended by leader: 0, Current term: 0, Majority size: -1, State: 0, Mode: NON_LEADER, active raft config: opid_index: -1 OBSOLETE_local: false peers { permanent_uuid: "ce20f0862c0f4181956d9dd48fe2c312" member_type: VOTER last_known_addr { host: "127.12.101.195" port: 41201 } } peers { permanent_uuid: "d38052e44e4f4f08965a2fc92a054597" member_type: VOTER last_known_addr { host: "127.12.101.193" port: 44259 } } peers { permanent_uuid: "038ddd8a2b3147ccb5c4eea99ee71bee" member_type: VOTER last_known_addr { host: "127.12.101.194" port: 43511 } }
I20260608 12:43:11.244807 13558 raft_consensus.cc:359] T 188156b7c92d49939f37cf7f45c72e2a P ce20f0862c0f4181956d9dd48fe2c312 [term 0 FOLLOWER]: Replica starting. Triggering 0 pending ops. Active config: opid_index: -1 OBSOLETE_local: false peers { permanent_uuid: "d38052e44e4f4f08965a2fc92a054597" member_type: VOTER last_known_addr { host: "127.12.101.193" port: 44259 } } peers { permanent_uuid: "038ddd8a2b3147ccb5c4eea99ee71bee" member_type: VOTER last_known_addr { host: "127.12.101.194" port: 43511 } } peers { permanent_uuid: "ce20f0862c0f4181956d9dd48fe2c312" member_type: VOTER last_known_addr { host: "127.12.101.195" port: 41201 } }
I20260608 12:43:11.246057 13558 raft_consensus.cc:385] T 188156b7c92d49939f37cf7f45c72e2a P ce20f0862c0f4181956d9dd48fe2c312 [term 0 FOLLOWER]: Consensus starting up: Expiring failure detector timer to make a prompt election more likely
I20260608 12:43:11.246594 13558 raft_consensus.cc:740] T 188156b7c92d49939f37cf7f45c72e2a P ce20f0862c0f4181956d9dd48fe2c312 [term 0 FOLLOWER]: Becoming Follower/Learner. State: Replica: ce20f0862c0f4181956d9dd48fe2c312, State: Initialized, Role: FOLLOWER
I20260608 12:43:11.248190 13559 ts_tablet_manager.cc:1434] T 6594a2af1a86494da75ffdad9d237131 P 038ddd8a2b3147ccb5c4eea99ee71bee: Time spent starting tablet: real 0.008s	user 0.006s	sys 0.000s
I20260608 12:43:11.247821 13558 consensus_queue.cc:260] T 188156b7c92d49939f37cf7f45c72e2a P ce20f0862c0f4181956d9dd48fe2c312 [NON_LEADER]: Queue going to NON_LEADER mode. State: All replicated index: 0, Majority replicated index: 0, Committed index: 0, Last appended: 0.0, Last appended by leader: 0, Current term: 0, Majority size: -1, State: 0, Mode: NON_LEADER, active raft config: opid_index: -1 OBSOLETE_local: false peers { permanent_uuid: "d38052e44e4f4f08965a2fc92a054597" member_type: VOTER last_known_addr { host: "127.12.101.193" port: 44259 } } peers { permanent_uuid: "038ddd8a2b3147ccb5c4eea99ee71bee" member_type: VOTER last_known_addr { host: "127.12.101.194" port: 43511 } } peers { permanent_uuid: "ce20f0862c0f4181956d9dd48fe2c312" member_type: VOTER last_known_addr { host: "127.12.101.195" port: 41201 } }
I20260608 12:43:11.249925 13559 tablet_bootstrap.cc:492] T c77c43e8490d4a8cb91deb7587c602f8 P 038ddd8a2b3147ccb5c4eea99ee71bee: Bootstrap starting.
I20260608 12:43:11.251976 13560 tablet_bootstrap.cc:492] T 6594a2af1a86494da75ffdad9d237131 P d38052e44e4f4f08965a2fc92a054597: No bootstrap required, opened a new log
I20260608 12:43:11.252739 13560 ts_tablet_manager.cc:1403] T 6594a2af1a86494da75ffdad9d237131 P d38052e44e4f4f08965a2fc92a054597: Time spent bootstrapping tablet: real 0.047s	user 0.010s	sys 0.015s
I20260608 12:43:11.256974 13559 tablet_bootstrap.cc:654] T c77c43e8490d4a8cb91deb7587c602f8 P 038ddd8a2b3147ccb5c4eea99ee71bee: Neither blocks nor log segments found. Creating new log.
I20260608 12:43:11.258019 13560 raft_consensus.cc:359] T 6594a2af1a86494da75ffdad9d237131 P d38052e44e4f4f08965a2fc92a054597 [term 0 FOLLOWER]: Replica starting. Triggering 0 pending ops. Active config: opid_index: -1 OBSOLETE_local: false peers { permanent_uuid: "ce20f0862c0f4181956d9dd48fe2c312" member_type: VOTER last_known_addr { host: "127.12.101.195" port: 41201 } } peers { permanent_uuid: "d38052e44e4f4f08965a2fc92a054597" member_type: VOTER last_known_addr { host: "127.12.101.193" port: 44259 } } peers { permanent_uuid: "038ddd8a2b3147ccb5c4eea99ee71bee" member_type: VOTER last_known_addr { host: "127.12.101.194" port: 43511 } }
I20260608 12:43:11.259138 13560 raft_consensus.cc:385] T 6594a2af1a86494da75ffdad9d237131 P d38052e44e4f4f08965a2fc92a054597 [term 0 FOLLOWER]: Consensus starting up: Expiring failure detector timer to make a prompt election more likely
I20260608 12:43:11.259577 13560 raft_consensus.cc:740] T 6594a2af1a86494da75ffdad9d237131 P d38052e44e4f4f08965a2fc92a054597 [term 0 FOLLOWER]: Becoming Follower/Learner. State: Replica: d38052e44e4f4f08965a2fc92a054597, State: Initialized, Role: FOLLOWER
I20260608 12:43:11.260507 13560 consensus_queue.cc:260] T 6594a2af1a86494da75ffdad9d237131 P d38052e44e4f4f08965a2fc92a054597 [NON_LEADER]: Queue going to NON_LEADER mode. State: All replicated index: 0, Majority replicated index: 0, Committed index: 0, Last appended: 0.0, Last appended by leader: 0, Current term: 0, Majority size: -1, State: 0, Mode: NON_LEADER, active raft config: opid_index: -1 OBSOLETE_local: false peers { permanent_uuid: "ce20f0862c0f4181956d9dd48fe2c312" member_type: VOTER last_known_addr { host: "127.12.101.195" port: 41201 } } peers { permanent_uuid: "d38052e44e4f4f08965a2fc92a054597" member_type: VOTER last_known_addr { host: "127.12.101.193" port: 44259 } } peers { permanent_uuid: "038ddd8a2b3147ccb5c4eea99ee71bee" member_type: VOTER last_known_addr { host: "127.12.101.194" port: 43511 } }
I20260608 12:43:11.261363 13558 ts_tablet_manager.cc:1434] T 188156b7c92d49939f37cf7f45c72e2a P ce20f0862c0f4181956d9dd48fe2c312: Time spent starting tablet: real 0.020s	user 0.015s	sys 0.005s
I20260608 12:43:11.264003 13560 ts_tablet_manager.cc:1434] T 6594a2af1a86494da75ffdad9d237131 P d38052e44e4f4f08965a2fc92a054597: Time spent starting tablet: real 0.011s	user 0.008s	sys 0.000s
I20260608 12:43:11.265369 13560 tablet_bootstrap.cc:492] T 31965810a684478da4db238ef765ce20 P d38052e44e4f4f08965a2fc92a054597: Bootstrap starting.
I20260608 12:43:11.267963 13559 tablet_bootstrap.cc:492] T c77c43e8490d4a8cb91deb7587c602f8 P 038ddd8a2b3147ccb5c4eea99ee71bee: No bootstrap required, opened a new log
I20260608 12:43:11.268546 13559 ts_tablet_manager.cc:1403] T c77c43e8490d4a8cb91deb7587c602f8 P 038ddd8a2b3147ccb5c4eea99ee71bee: Time spent bootstrapping tablet: real 0.019s	user 0.013s	sys 0.002s
I20260608 12:43:11.271111 13558 tablet_bootstrap.cc:492] T f8c4f5e6f7d04e17ac62f4a9c2dd33d8 P ce20f0862c0f4181956d9dd48fe2c312: Bootstrap starting.
I20260608 12:43:11.271855 13560 tablet_bootstrap.cc:654] T 31965810a684478da4db238ef765ce20 P d38052e44e4f4f08965a2fc92a054597: Neither blocks nor log segments found. Creating new log.
