I20260608 12:44:39.451768 15722 raft_consensus.cc:1275] T 04c27e766d3e4258aa420ee1f9ae3be8 P 626df70b66f041aa9d4c3a9065ecedfc [term 2 FOLLOWER]: Refusing update from remote peer 3fe73854e71b476f8e880b1122fab790: Log matching property violated. Preceding OpId in replica: term: 1 index: 4. Preceding OpId from leader: term: 2 index: 5. (index mismatch)
I20260608 12:44:39.453548 16271 consensus_queue.cc:1048] T 04c27e766d3e4258aa420ee1f9ae3be8 P 3fe73854e71b476f8e880b1122fab790 [LEADER]: Connected to new peer: Peer: permanent_uuid: "626df70b66f041aa9d4c3a9065ecedfc" member_type: VOTER last_known_addr { host: "127.12.101.193" port: 46737 }, Status: LMP_MISMATCH, Last received: 0.0, Next index: 5, Last known committed idx: 4, Time since last communication: 0.000s
I20260608 12:44:39.552731 16297 ts_tablet_manager.cc:933] T 9297fb68bdf54194944871de5f8c9628 P 40ea9f3aa58e41719662ec98b38326d0: Initiating tablet copy from peer 626df70b66f041aa9d4c3a9065ecedfc (127.12.101.193:46737)
I20260608 12:44:39.554865 16297 tablet_copy_client.cc:323] T 9297fb68bdf54194944871de5f8c9628 P 40ea9f3aa58e41719662ec98b38326d0: tablet copy: Beginning tablet copy session from remote peer at address 127.12.101.193:46737
I20260608 12:44:39.556691 15734 tablet_copy_service.cc:140] P 626df70b66f041aa9d4c3a9065ecedfc: Received BeginTabletCopySession request for tablet 9297fb68bdf54194944871de5f8c9628 from peer 40ea9f3aa58e41719662ec98b38326d0 ({username='slave'} at 127.0.0.1:56090)
I20260608 12:44:39.557192 15734 tablet_copy_service.cc:161] P 626df70b66f041aa9d4c3a9065ecedfc: Beginning new tablet copy session on tablet 9297fb68bdf54194944871de5f8c9628 from peer 40ea9f3aa58e41719662ec98b38326d0 at {username='slave'} at 127.0.0.1:56090: session id = 40ea9f3aa58e41719662ec98b38326d0-9297fb68bdf54194944871de5f8c9628
I20260608 12:44:39.563293 15734 tablet_copy_source_session.cc:215] T 9297fb68bdf54194944871de5f8c9628 P 626df70b66f041aa9d4c3a9065ecedfc: Tablet Copy: opened 0 blocks and 1 log segments
I20260608 12:44:39.566362 16297 data_dirs.cc:400] Could only allocate 1 dirs of requested 3 for tablet 9297fb68bdf54194944871de5f8c9628. 1 dirs total, 0 dirs full, 0 dirs failed
I20260608 12:44:39.582536 16297 tablet_copy_client.cc:806] T 9297fb68bdf54194944871de5f8c9628 P 40ea9f3aa58e41719662ec98b38326d0: tablet copy: Starting download of 0 data blocks...
I20260608 12:44:39.583120 16297 tablet_copy_client.cc:670] T 9297fb68bdf54194944871de5f8c9628 P 40ea9f3aa58e41719662ec98b38326d0: tablet copy: Starting download of 1 WAL segments...
I20260608 12:44:39.587445 16297 tablet_copy_client.cc:538] T 9297fb68bdf54194944871de5f8c9628 P 40ea9f3aa58e41719662ec98b38326d0: tablet copy: Tablet Copy complete. Replacing tablet superblock.
I20260608 12:44:39.596514 16297 tablet_bootstrap.cc:492] T 9297fb68bdf54194944871de5f8c9628 P 40ea9f3aa58e41719662ec98b38326d0: Bootstrap starting.
I20260608 12:44:39.612490 15797 raft_consensus.cc:1275] T 5f7a6c73ba584c7190819d66e2962d5a P 40ea9f3aa58e41719662ec98b38326d0 [term 3 FOLLOWER]: Refusing update from remote peer 3fe73854e71b476f8e880b1122fab790: Log matching property violated. Preceding OpId in replica: term: 2 index: 1. Preceding OpId from leader: term: 3 index: 2. (index mismatch)
I20260608 12:44:39.614039 16295 consensus_queue.cc:1048] T 5f7a6c73ba584c7190819d66e2962d5a P 3fe73854e71b476f8e880b1122fab790 [LEADER]: Connected to new peer: Peer: permanent_uuid: "40ea9f3aa58e41719662ec98b38326d0" member_type: VOTER last_known_addr { host: "127.12.101.194" port: 42477 }, Status: LMP_MISMATCH, Last received: 0.0, Next index: 2, Last known committed idx: 1, Time since last communication: 0.000s
I20260608 12:44:39.618052 16297 tablet_bootstrap.cc:492] T 9297fb68bdf54194944871de5f8c9628 P 40ea9f3aa58e41719662ec98b38326d0: Bootstrap replayed 1/1 log segments. Stats: ops{read=2 overwritten=0 applied=2 ignored=0} inserts{seen=0 ignored=0} mutations{seen=0 ignored=0} orphaned_commits=0. Pending: 0 replicates
I20260608 12:44:39.619212 16297 tablet_bootstrap.cc:492] T 9297fb68bdf54194944871de5f8c9628 P 40ea9f3aa58e41719662ec98b38326d0: Bootstrap complete.
I20260608 12:44:39.620352 16297 ts_tablet_manager.cc:1403] T 9297fb68bdf54194944871de5f8c9628 P 40ea9f3aa58e41719662ec98b38326d0: Time spent bootstrapping tablet: real 0.024s	user 0.022s	sys 0.004s
I20260608 12:44:39.623580 16297 raft_consensus.cc:359] T 9297fb68bdf54194944871de5f8c9628 P 40ea9f3aa58e41719662ec98b38326d0 [term 1 LEARNER]: Replica starting. Triggering 0 pending ops. Active config: opid_index: 2 OBSOLETE_local: false peers { permanent_uuid: "c658b12c930e462b8733298cb7220e51" member_type: VOTER last_known_addr { host: "127.12.101.195" port: 39329 } } peers { permanent_uuid: "3fe73854e71b476f8e880b1122fab790" member_type: VOTER last_known_addr { host: "127.12.101.196" port: 46297 } attrs { replace: true } } peers { permanent_uuid: "626df70b66f041aa9d4c3a9065ecedfc" member_type: VOTER last_known_addr { host: "127.12.101.193" port: 46737 } } peers { permanent_uuid: "40ea9f3aa58e41719662ec98b38326d0" member_type: NON_VOTER last_known_addr { host: "127.12.101.194" port: 42477 } attrs { promote: true } }
I20260608 12:44:39.624548 16297 raft_consensus.cc:740] T 9297fb68bdf54194944871de5f8c9628 P 40ea9f3aa58e41719662ec98b38326d0 [term 1 LEARNER]: Becoming Follower/Learner. State: Replica: 40ea9f3aa58e41719662ec98b38326d0, State: Initialized, Role: LEARNER
I20260608 12:44:39.625531 16297 consensus_queue.cc:260] T 9297fb68bdf54194944871de5f8c9628 P 40ea9f3aa58e41719662ec98b38326d0 [NON_LEADER]: Queue going to NON_LEADER mode. State: All replicated index: 0, Majority replicated index: 0, Committed index: 2, Last appended: 1.2, Last appended by leader: 2, Current term: 0, Majority size: -1, State: 0, Mode: NON_LEADER, active raft config: opid_index: 2 OBSOLETE_local: false peers { permanent_uuid: "c658b12c930e462b8733298cb7220e51" member_type: VOTER last_known_addr { host: "127.12.101.195" port: 39329 } } peers { permanent_uuid: "3fe73854e71b476f8e880b1122fab790" member_type: VOTER last_known_addr { host: "127.12.101.196" port: 46297 } attrs { replace: true } } peers { permanent_uuid: "626df70b66f041aa9d4c3a9065ecedfc" member_type: VOTER last_known_addr { host: "127.12.101.193" port: 46737 } } peers { permanent_uuid: "40ea9f3aa58e41719662ec98b38326d0" member_type: NON_VOTER last_known_addr { host: "127.12.101.194" port: 42477 } attrs { promote: true } }
I20260608 12:44:39.627996 15873 raft_consensus.cc:1275] T 5f7a6c73ba584c7190819d66e2962d5a P c658b12c930e462b8733298cb7220e51 [term 3 FOLLOWER]: Refusing update from remote peer 3fe73854e71b476f8e880b1122fab790: Log matching property violated. Preceding OpId in replica: term: 2 index: 1. Preceding OpId from leader: term: 3 index: 2. (index mismatch)
I20260608 12:44:39.628465 16297 ts_tablet_manager.cc:1434] T 9297fb68bdf54194944871de5f8c9628 P 40ea9f3aa58e41719662ec98b38326d0: Time spent starting tablet: real 0.008s	user 0.004s	sys 0.003s
I20260608 12:44:39.631108 15734 tablet_copy_service.cc:342] P 626df70b66f041aa9d4c3a9065ecedfc: Request end of tablet copy session 40ea9f3aa58e41719662ec98b38326d0-9297fb68bdf54194944871de5f8c9628 received from {username='slave'} at 127.0.0.1:56090
I20260608 12:44:39.631549 15734 tablet_copy_service.cc:434] P 626df70b66f041aa9d4c3a9065ecedfc: ending tablet copy session 40ea9f3aa58e41719662ec98b38326d0-9297fb68bdf54194944871de5f8c9628 on tablet 9297fb68bdf54194944871de5f8c9628 with peer 40ea9f3aa58e41719662ec98b38326d0
I20260608 12:44:39.632496 16265 consensus_queue.cc:1048] T 5f7a6c73ba584c7190819d66e2962d5a P 3fe73854e71b476f8e880b1122fab790 [LEADER]: Connected to new peer: Peer: permanent_uuid: "c658b12c930e462b8733298cb7220e51" member_type: VOTER last_known_addr { host: "127.12.101.195" port: 39329 }, Status: LMP_MISMATCH, Last received: 0.0, Next index: 2, Last known committed idx: 1, Time since last communication: 0.000s
I20260608 12:44:39.709527 16303 ts_tablet_manager.cc:933] T 89873bf735d3418e8809404b4325b4fa P 3fe73854e71b476f8e880b1122fab790: Initiating tablet copy from peer 626df70b66f041aa9d4c3a9065ecedfc (127.12.101.193:46737)
I20260608 12:44:39.711838 16303 tablet_copy_client.cc:323] T 89873bf735d3418e8809404b4325b4fa P 3fe73854e71b476f8e880b1122fab790: tablet copy: Beginning tablet copy session from remote peer at address 127.12.101.193:46737
I20260608 12:44:39.713698 15734 tablet_copy_service.cc:140] P 626df70b66f041aa9d4c3a9065ecedfc: Received BeginTabletCopySession request for tablet 89873bf735d3418e8809404b4325b4fa from peer 3fe73854e71b476f8e880b1122fab790 ({username='slave'} at 127.0.0.1:56104)
I20260608 12:44:39.714255 15734 tablet_copy_service.cc:161] P 626df70b66f041aa9d4c3a9065ecedfc: Beginning new tablet copy session on tablet 89873bf735d3418e8809404b4325b4fa from peer 3fe73854e71b476f8e880b1122fab790 at {username='slave'} at 127.0.0.1:56104: session id = 3fe73854e71b476f8e880b1122fab790-89873bf735d3418e8809404b4325b4fa
I20260608 12:44:39.720137 15734 tablet_copy_source_session.cc:215] T 89873bf735d3418e8809404b4325b4fa P 626df70b66f041aa9d4c3a9065ecedfc: Tablet Copy: opened 0 blocks and 1 log segments
I20260608 12:44:39.723575 16303 data_dirs.cc:400] Could only allocate 1 dirs of requested 3 for tablet 89873bf735d3418e8809404b4325b4fa. 1 dirs total, 0 dirs full, 0 dirs failed
I20260608 12:44:39.736397 16303 tablet_copy_client.cc:806] T 89873bf735d3418e8809404b4325b4fa P 3fe73854e71b476f8e880b1122fab790: tablet copy: Starting download of 0 data blocks...
I20260608 12:44:39.737099 16303 tablet_copy_client.cc:670] T 89873bf735d3418e8809404b4325b4fa P 3fe73854e71b476f8e880b1122fab790: tablet copy: Starting download of 1 WAL segments...
I20260608 12:44:39.740938 16303 tablet_copy_client.cc:538] T 89873bf735d3418e8809404b4325b4fa P 3fe73854e71b476f8e880b1122fab790: tablet copy: Tablet Copy complete. Replacing tablet superblock.
I20260608 12:44:39.748077 16303 tablet_bootstrap.cc:492] T 89873bf735d3418e8809404b4325b4fa P 3fe73854e71b476f8e880b1122fab790: Bootstrap starting.
I20260608 12:44:39.769075 16303 tablet_bootstrap.cc:492] T 89873bf735d3418e8809404b4325b4fa P 3fe73854e71b476f8e880b1122fab790: Bootstrap replayed 1/1 log segments. Stats: ops{read=2 overwritten=0 applied=2 ignored=0} inserts{seen=0 ignored=0} mutations{seen=0 ignored=0} orphaned_commits=0. Pending: 0 replicates
I20260608 12:44:39.769848 16303 tablet_bootstrap.cc:492] T 89873bf735d3418e8809404b4325b4fa P 3fe73854e71b476f8e880b1122fab790: Bootstrap complete.
I20260608 12:44:39.770560 16303 ts_tablet_manager.cc:1403] T 89873bf735d3418e8809404b4325b4fa P 3fe73854e71b476f8e880b1122fab790: Time spent bootstrapping tablet: real 0.023s	user 0.019s	sys 0.004s
I20260608 12:44:39.773272 16303 raft_consensus.cc:359] T 89873bf735d3418e8809404b4325b4fa P 3fe73854e71b476f8e880b1122fab790 [term 1 LEARNER]: Replica starting. Triggering 0 pending ops. Active config: opid_index: 2 OBSOLETE_local: false peers { permanent_uuid: "40ea9f3aa58e41719662ec98b38326d0" member_type: VOTER last_known_addr { host: "127.12.101.194" port: 42477 } } peers { permanent_uuid: "626df70b66f041aa9d4c3a9065ecedfc" member_type: VOTER last_known_addr { host: "127.12.101.193" port: 46737 } } peers { permanent_uuid: "c658b12c930e462b8733298cb7220e51" member_type: VOTER last_known_addr { host: "127.12.101.195" port: 39329 } attrs { replace: true } } peers { permanent_uuid: "3fe73854e71b476f8e880b1122fab790" member_type: NON_VOTER last_known_addr { host: "127.12.101.196" port: 46297 } attrs { promote: true } }
I20260608 12:44:39.773907 16303 raft_consensus.cc:740] T 89873bf735d3418e8809404b4325b4fa P 3fe73854e71b476f8e880b1122fab790 [term 1 LEARNER]: Becoming Follower/Learner. State: Replica: 3fe73854e71b476f8e880b1122fab790, State: Initialized, Role: LEARNER
I20260608 12:44:39.774457 16303 consensus_queue.cc:260] T 89873bf735d3418e8809404b4325b4fa P 3fe73854e71b476f8e880b1122fab790 [NON_LEADER]: Queue going to NON_LEADER mode. State: All replicated index: 0, Majority replicated index: 0, Committed index: 2, Last appended: 1.2, Last appended by leader: 2, Current term: 0, Majority size: -1, State: 0, Mode: NON_LEADER, active raft config: opid_index: 2 OBSOLETE_local: false peers { permanent_uuid: "40ea9f3aa58e41719662ec98b38326d0" member_type: VOTER last_known_addr { host: "127.12.101.194" port: 42477 } } peers { permanent_uuid: "626df70b66f041aa9d4c3a9065ecedfc" member_type: VOTER last_known_addr { host: "127.12.101.193" port: 46737 } } peers { permanent_uuid: "c658b12c930e462b8733298cb7220e51" member_type: VOTER last_known_addr { host: "127.12.101.195" port: 39329 } attrs { replace: true } } peers { permanent_uuid: "3fe73854e71b476f8e880b1122fab790" member_type: NON_VOTER last_known_addr { host: "127.12.101.196" port: 46297 } attrs { promote: true } }
I20260608 12:44:39.776813 16303 ts_tablet_manager.cc:1434] T 89873bf735d3418e8809404b4325b4fa P 3fe73854e71b476f8e880b1122fab790: Time spent starting tablet: real 0.006s	user 0.008s	sys 0.000s
I20260608 12:44:39.778872 15734 tablet_copy_service.cc:342] P 626df70b66f041aa9d4c3a9065ecedfc: Request end of tablet copy session 3fe73854e71b476f8e880b1122fab790-89873bf735d3418e8809404b4325b4fa received from {username='slave'} at 127.0.0.1:56104
I20260608 12:44:39.779338 15734 tablet_copy_service.cc:434] P 626df70b66f041aa9d4c3a9065ecedfc: ending tablet copy session 3fe73854e71b476f8e880b1122fab790-89873bf735d3418e8809404b4325b4fa on tablet 89873bf735d3418e8809404b4325b4fa with peer 3fe73854e71b476f8e880b1122fab790
I20260608 12:44:39.791033 16306 ts_tablet_manager.cc:933] T 1c0f4fcc435244f39809c8d199a6fd20 P c658b12c930e462b8733298cb7220e51: Initiating tablet copy from peer 40ea9f3aa58e41719662ec98b38326d0 (127.12.101.194:42477)
I20260608 12:44:39.793038 16306 tablet_copy_client.cc:323] T 1c0f4fcc435244f39809c8d199a6fd20 P c658b12c930e462b8733298cb7220e51: tablet copy: Beginning tablet copy session from remote peer at address 127.12.101.194:42477
I20260608 12:44:39.794731 15809 tablet_copy_service.cc:140] P 40ea9f3aa58e41719662ec98b38326d0: Received BeginTabletCopySession request for tablet 1c0f4fcc435244f39809c8d199a6fd20 from peer c658b12c930e462b8733298cb7220e51 ({username='slave'} at 127.0.0.1:47276)
I20260608 12:44:39.795377 15809 tablet_copy_service.cc:161] P 40ea9f3aa58e41719662ec98b38326d0: Beginning new tablet copy session on tablet 1c0f4fcc435244f39809c8d199a6fd20 from peer c658b12c930e462b8733298cb7220e51 at {username='slave'} at 127.0.0.1:47276: session id = c658b12c930e462b8733298cb7220e51-1c0f4fcc435244f39809c8d199a6fd20
I20260608 12:44:39.803107 15809 tablet_copy_source_session.cc:215] T 1c0f4fcc435244f39809c8d199a6fd20 P 40ea9f3aa58e41719662ec98b38326d0: Tablet Copy: opened 0 blocks and 1 log segments
I20260608 12:44:39.806860 16306 data_dirs.cc:400] Could only allocate 1 dirs of requested 3 for tablet 1c0f4fcc435244f39809c8d199a6fd20. 1 dirs total, 0 dirs full, 0 dirs failed
I20260608 12:44:39.815187 16303 ts_tablet_manager.cc:933] T 062d49ffcedb4a08b30c80670755203d P 3fe73854e71b476f8e880b1122fab790: Initiating tablet copy from peer 626df70b66f041aa9d4c3a9065ecedfc (127.12.101.193:46737)
I20260608 12:44:39.817160 16303 tablet_copy_client.cc:323] T 062d49ffcedb4a08b30c80670755203d P 3fe73854e71b476f8e880b1122fab790: tablet copy: Beginning tablet copy session from remote peer at address 127.12.101.193:46737
I20260608 12:44:39.819211 15734 tablet_copy_service.cc:140] P 626df70b66f041aa9d4c3a9065ecedfc: Received BeginTabletCopySession request for tablet 062d49ffcedb4a08b30c80670755203d from peer 3fe73854e71b476f8e880b1122fab790 ({username='slave'} at 127.0.0.1:56104)
I20260608 12:44:39.819839 15734 tablet_copy_service.cc:161] P 626df70b66f041aa9d4c3a9065ecedfc: Beginning new tablet copy session on tablet 062d49ffcedb4a08b30c80670755203d from peer 3fe73854e71b476f8e880b1122fab790 at {username='slave'} at 127.0.0.1:56104: session id = 3fe73854e71b476f8e880b1122fab790-062d49ffcedb4a08b30c80670755203d
I20260608 12:44:39.822041 16306 tablet_copy_client.cc:806] T 1c0f4fcc435244f39809c8d199a6fd20 P c658b12c930e462b8733298cb7220e51: tablet copy: Starting download of 0 data blocks...
I20260608 12:44:39.822717 16306 tablet_copy_client.cc:670] T 1c0f4fcc435244f39809c8d199a6fd20 P c658b12c930e462b8733298cb7220e51: tablet copy: Starting download of 1 WAL segments...
I20260608 12:44:39.828994 16306 tablet_copy_client.cc:538] T 1c0f4fcc435244f39809c8d199a6fd20 P c658b12c930e462b8733298cb7220e51: tablet copy: Tablet Copy complete. Replacing tablet superblock.
I20260608 12:44:39.830770 15734 tablet_copy_source_session.cc:215] T 062d49ffcedb4a08b30c80670755203d P 626df70b66f041aa9d4c3a9065ecedfc: Tablet Copy: opened 0 blocks and 1 log segments
I20260608 12:44:39.834260 16303 data_dirs.cc:400] Could only allocate 1 dirs of requested 3 for tablet 062d49ffcedb4a08b30c80670755203d. 1 dirs total, 0 dirs full, 0 dirs failed
I20260608 12:44:39.839159 16306 tablet_bootstrap.cc:492] T 1c0f4fcc435244f39809c8d199a6fd20 P c658b12c930e462b8733298cb7220e51: Bootstrap starting.
I20260608 12:44:39.849088 16303 tablet_copy_client.cc:806] T 062d49ffcedb4a08b30c80670755203d P 3fe73854e71b476f8e880b1122fab790: tablet copy: Starting download of 0 data blocks...
I20260608 12:44:39.849774 16303 tablet_copy_client.cc:670] T 062d49ffcedb4a08b30c80670755203d P 3fe73854e71b476f8e880b1122fab790: tablet copy: Starting download of 1 WAL segments...
I20260608 12:44:39.854069 16303 tablet_copy_client.cc:538] T 062d49ffcedb4a08b30c80670755203d P 3fe73854e71b476f8e880b1122fab790: tablet copy: Tablet Copy complete. Replacing tablet superblock.
I20260608 12:44:39.861193 16303 tablet_bootstrap.cc:492] T 062d49ffcedb4a08b30c80670755203d P 3fe73854e71b476f8e880b1122fab790: Bootstrap starting.
I20260608 12:44:39.862620 16306 tablet_bootstrap.cc:492] T 1c0f4fcc435244f39809c8d199a6fd20 P c658b12c930e462b8733298cb7220e51: Bootstrap replayed 1/1 log segments. Stats: ops{read=2 overwritten=0 applied=2 ignored=0} inserts{seen=0 ignored=0} mutations{seen=0 ignored=0} orphaned_commits=0. Pending: 0 replicates
I20260608 12:44:39.863576 16306 tablet_bootstrap.cc:492] T 1c0f4fcc435244f39809c8d199a6fd20 P c658b12c930e462b8733298cb7220e51: Bootstrap complete.
I20260608 12:44:39.864271 16306 ts_tablet_manager.cc:1403] T 1c0f4fcc435244f39809c8d199a6fd20 P c658b12c930e462b8733298cb7220e51: Time spent bootstrapping tablet: real 0.025s	user 0.012s	sys 0.010s
I20260608 12:44:39.867926 16306 raft_consensus.cc:359] T 1c0f4fcc435244f39809c8d199a6fd20 P c658b12c930e462b8733298cb7220e51 [term 1 LEARNER]: Replica starting. Triggering 0 pending ops. Active config: opid_index: 2 OBSOLETE_local: false peers { permanent_uuid: "3fe73854e71b476f8e880b1122fab790" member_type: VOTER last_known_addr { host: "127.12.101.196" port: 46297 } attrs { replace: true } } peers { permanent_uuid: "40ea9f3aa58e41719662ec98b38326d0" member_type: VOTER last_known_addr { host: "127.12.101.194" port: 42477 } } peers { permanent_uuid: "626df70b66f041aa9d4c3a9065ecedfc" member_type: VOTER last_known_addr { host: "127.12.101.193" port: 46737 } } peers { permanent_uuid: "c658b12c930e462b8733298cb7220e51" member_type: NON_VOTER last_known_addr { host: "127.12.101.195" port: 39329 } attrs { promote: true } }
I20260608 12:44:39.869071 16306 raft_consensus.cc:740] T 1c0f4fcc435244f39809c8d199a6fd20 P c658b12c930e462b8733298cb7220e51 [term 1 LEARNER]: Becoming Follower/Learner. State: Replica: c658b12c930e462b8733298cb7220e51, State: Initialized, Role: LEARNER
I20260608 12:44:39.869773 16306 consensus_queue.cc:260] T 1c0f4fcc435244f39809c8d199a6fd20 P c658b12c930e462b8733298cb7220e51 [NON_LEADER]: Queue going to NON_LEADER mode. State: All replicated index: 0, Majority replicated index: 0, Committed index: 2, Last appended: 1.2, Last appended by leader: 2, Current term: 0, Majority size: -1, State: 0, Mode: NON_LEADER, active raft config: opid_index: 2 OBSOLETE_local: false peers { permanent_uuid: "3fe73854e71b476f8e880b1122fab790" member_type: VOTER last_known_addr { host: "127.12.101.196" port: 46297 } attrs { replace: true } } peers { permanent_uuid: "40ea9f3aa58e41719662ec98b38326d0" member_type: VOTER last_known_addr { host: "127.12.101.194" port: 42477 } } peers { permanent_uuid: "626df70b66f041aa9d4c3a9065ecedfc" member_type: VOTER last_known_addr { host: "127.12.101.193" port: 46737 } } peers { permanent_uuid: "c658b12c930e462b8733298cb7220e51" member_type: NON_VOTER last_known_addr { host: "127.12.101.195" port: 39329 } attrs { promote: true } }
I20260608 12:44:39.875044 16306 ts_tablet_manager.cc:1434] T 1c0f4fcc435244f39809c8d199a6fd20 P c658b12c930e462b8733298cb7220e51: Time spent starting tablet: real 0.010s	user 0.006s	sys 0.000s
I20260608 12:44:39.877074 15809 tablet_copy_service.cc:342] P 40ea9f3aa58e41719662ec98b38326d0: Request end of tablet copy session c658b12c930e462b8733298cb7220e51-1c0f4fcc435244f39809c8d199a6fd20 received from {username='slave'} at 127.0.0.1:47276
I20260608 12:44:39.877604 15809 tablet_copy_service.cc:434] P 40ea9f3aa58e41719662ec98b38326d0: ending tablet copy session c658b12c930e462b8733298cb7220e51-1c0f4fcc435244f39809c8d199a6fd20 on tablet 1c0f4fcc435244f39809c8d199a6fd20 with peer c658b12c930e462b8733298cb7220e51
I20260608 12:44:39.885640 16303 tablet_bootstrap.cc:492] T 062d49ffcedb4a08b30c80670755203d P 3fe73854e71b476f8e880b1122fab790: Bootstrap replayed 1/1 log segments. Stats: ops{read=2 overwritten=0 applied=2 ignored=0} inserts{seen=0 ignored=0} mutations{seen=0 ignored=0} orphaned_commits=0. Pending: 0 replicates
I20260608 12:44:39.886428 16303 tablet_bootstrap.cc:492] T 062d49ffcedb4a08b30c80670755203d P 3fe73854e71b476f8e880b1122fab790: Bootstrap complete.
I20260608 12:44:39.887142 16303 ts_tablet_manager.cc:1403] T 062d49ffcedb4a08b30c80670755203d P 3fe73854e71b476f8e880b1122fab790: Time spent bootstrapping tablet: real 0.026s	user 0.021s	sys 0.000s
I20260608 12:44:39.890059 16303 raft_consensus.cc:359] T 062d49ffcedb4a08b30c80670755203d P 3fe73854e71b476f8e880b1122fab790 [term 1 LEARNER]: Replica starting. Triggering 0 pending ops. Active config: opid_index: 2 OBSOLETE_local: false peers { permanent_uuid: "40ea9f3aa58e41719662ec98b38326d0" member_type: VOTER last_known_addr { host: "127.12.101.194" port: 42477 } attrs { replace: true } } peers { permanent_uuid: "626df70b66f041aa9d4c3a9065ecedfc" member_type: VOTER last_known_addr { host: "127.12.101.193" port: 46737 } } peers { permanent_uuid: "c658b12c930e462b8733298cb7220e51" member_type: VOTER last_known_addr { host: "127.12.101.195" port: 39329 } } peers { permanent_uuid: "3fe73854e71b476f8e880b1122fab790" member_type: NON_VOTER last_known_addr { host: "127.12.101.196" port: 46297 } attrs { promote: true } }
I20260608 12:44:39.890844 16303 raft_consensus.cc:740] T 062d49ffcedb4a08b30c80670755203d P 3fe73854e71b476f8e880b1122fab790 [term 1 LEARNER]: Becoming Follower/Learner. State: Replica: 3fe73854e71b476f8e880b1122fab790, State: Initialized, Role: LEARNER
I20260608 12:44:39.891376 16303 consensus_queue.cc:260] T 062d49ffcedb4a08b30c80670755203d P 3fe73854e71b476f8e880b1122fab790 [NON_LEADER]: Queue going to NON_LEADER mode. State: All replicated index: 0, Majority replicated index: 0, Committed index: 2, Last appended: 1.2, Last appended by leader: 2, Current term: 0, Majority size: -1, State: 0, Mode: NON_LEADER, active raft config: opid_index: 2 OBSOLETE_local: false peers { permanent_uuid: "40ea9f3aa58e41719662ec98b38326d0" member_type: VOTER last_known_addr { host: "127.12.101.194" port: 42477 } attrs { replace: true } } peers { permanent_uuid: "626df70b66f041aa9d4c3a9065ecedfc" member_type: VOTER last_known_addr { host: "127.12.101.193" port: 46737 } } peers { permanent_uuid: "c658b12c930e462b8733298cb7220e51" member_type: VOTER last_known_addr { host: "127.12.101.195" port: 39329 } } peers { permanent_uuid: "3fe73854e71b476f8e880b1122fab790" member_type: NON_VOTER last_known_addr { host: "127.12.101.196" port: 46297 } attrs { promote: true } }
I20260608 12:44:39.893486 16303 ts_tablet_manager.cc:1434] T 062d49ffcedb4a08b30c80670755203d P 3fe73854e71b476f8e880b1122fab790: Time spent starting tablet: real 0.006s	user 0.008s	sys 0.000s
I20260608 12:44:39.895602 15734 tablet_copy_service.cc:342] P 626df70b66f041aa9d4c3a9065ecedfc: Request end of tablet copy session 3fe73854e71b476f8e880b1122fab790-062d49ffcedb4a08b30c80670755203d received from {username='slave'} at 127.0.0.1:56104
I20260608 12:44:39.896034 15734 tablet_copy_service.cc:434] P 626df70b66f041aa9d4c3a9065ecedfc: ending tablet copy session 3fe73854e71b476f8e880b1122fab790-062d49ffcedb4a08b30c80670755203d on tablet 062d49ffcedb4a08b30c80670755203d with peer 3fe73854e71b476f8e880b1122fab790
I20260608 12:44:40.068140 15797 raft_consensus.cc:1217] T 9297fb68bdf54194944871de5f8c9628 P 40ea9f3aa58e41719662ec98b38326d0 [term 1 LEARNER]: Deduplicated request from leader. Original: 1.1->[1.2-1.2]   Dedup: 1.2->[]
I20260608 12:44:40.182881 16026 raft_consensus.cc:1217] T 89873bf735d3418e8809404b4325b4fa P 3fe73854e71b476f8e880b1122fab790 [term 1 LEARNER]: Deduplicated request from leader. Original: 1.1->[1.2-1.2]   Dedup: 1.2->[]
I20260608 12:44:40.292457 16026 raft_consensus.cc:1217] T 062d49ffcedb4a08b30c80670755203d P 3fe73854e71b476f8e880b1122fab790 [term 1 LEARNER]: Deduplicated request from leader. Original: 1.1->[1.2-1.2]   Dedup: 1.2->[]
I20260608 12:44:40.401760 15872 raft_consensus.cc:1217] T 1c0f4fcc435244f39809c8d199a6fd20 P c658b12c930e462b8733298cb7220e51 [term 1 LEARNER]: Deduplicated request from leader. Original: 1.1->[1.2-1.2]   Dedup: 1.2->[]
I20260608 12:44:40.683104 16313 raft_consensus.cc:1064] T 9297fb68bdf54194944871de5f8c9628 P 626df70b66f041aa9d4c3a9065ecedfc: attempting to promote NON_VOTER 40ea9f3aa58e41719662ec98b38326d0 to VOTER
I20260608 12:44:40.685905 16313 consensus_queue.cc:237] T 9297fb68bdf54194944871de5f8c9628 P 626df70b66f041aa9d4c3a9065ecedfc [LEADER]: Queue going to LEADER mode. State: All replicated index: 0, Majority replicated index: 2, Committed index: 2, Last appended: 1.2, Last appended by leader: 0, Current term: 1, Majority size: 3, State: 0, Mode: LEADER, active raft config: opid_index: 3 OBSOLETE_local: false peers { permanent_uuid: "c658b12c930e462b8733298cb7220e51" member_type: VOTER last_known_addr { host: "127.12.101.195" port: 39329 } } peers { permanent_uuid: "3fe73854e71b476f8e880b1122fab790" member_type: VOTER last_known_addr { host: "127.12.101.196" port: 46297 } attrs { replace: true } } peers { permanent_uuid: "626df70b66f041aa9d4c3a9065ecedfc" member_type: VOTER last_known_addr { host: "127.12.101.193" port: 46737 } } peers { permanent_uuid: "40ea9f3aa58e41719662ec98b38326d0" member_type: VOTER last_known_addr { host: "127.12.101.194" port: 42477 } attrs { promote: false } }
I20260608 12:44:40.696502 15872 raft_consensus.cc:1275] T 9297fb68bdf54194944871de5f8c9628 P c658b12c930e462b8733298cb7220e51 [term 1 FOLLOWER]: Refusing update from remote peer 626df70b66f041aa9d4c3a9065ecedfc: Log matching property violated. Preceding OpId in replica: term: 1 index: 2. Preceding OpId from leader: term: 1 index: 3. (index mismatch)
I20260608 12:44:40.697120 16026 raft_consensus.cc:1275] T 9297fb68bdf54194944871de5f8c9628 P 3fe73854e71b476f8e880b1122fab790 [term 1 FOLLOWER]: Refusing update from remote peer 626df70b66f041aa9d4c3a9065ecedfc: Log matching property violated. Preceding OpId in replica: term: 1 index: 2. Preceding OpId from leader: term: 1 index: 3. (index mismatch)
I20260608 12:44:40.697428 15799 raft_consensus.cc:1275] T 9297fb68bdf54194944871de5f8c9628 P 40ea9f3aa58e41719662ec98b38326d0 [term 1 LEARNER]: Refusing update from remote peer 626df70b66f041aa9d4c3a9065ecedfc: Log matching property violated. Preceding OpId in replica: term: 1 index: 2. Preceding OpId from leader: term: 1 index: 3. (index mismatch)
I20260608 12:44:40.698710 16318 consensus_queue.cc:1048] T 9297fb68bdf54194944871de5f8c9628 P 626df70b66f041aa9d4c3a9065ecedfc [LEADER]: Connected to new peer: Peer: permanent_uuid: "c658b12c930e462b8733298cb7220e51" member_type: VOTER last_known_addr { host: "127.12.101.195" port: 39329 }, Status: LMP_MISMATCH, Last received: 0.0, Next index: 3, Last known committed idx: 2, Time since last communication: 0.000s
I20260608 12:44:40.699648 16313 consensus_queue.cc:1048] T 9297fb68bdf54194944871de5f8c9628 P 626df70b66f041aa9d4c3a9065ecedfc [LEADER]: Connected to new peer: Peer: permanent_uuid: "3fe73854e71b476f8e880b1122fab790" member_type: VOTER last_known_addr { host: "127.12.101.196" port: 46297 } attrs { replace: true }, Status: LMP_MISMATCH, Last received: 0.0, Next index: 3, Last known committed idx: 2, Time since last communication: 0.000s
I20260608 12:44:40.700517 16120 consensus_queue.cc:1048] T 9297fb68bdf54194944871de5f8c9628 P 626df70b66f041aa9d4c3a9065ecedfc [LEADER]: Connected to new peer: Peer: permanent_uuid: "40ea9f3aa58e41719662ec98b38326d0" member_type: VOTER last_known_addr { host: "127.12.101.194" port: 42477 } attrs { promote: false }, Status: LMP_MISMATCH, Last received: 0.0, Next index: 3, Last known committed idx: 2, Time since last communication: 0.000s
I20260608 12:44:40.722044 16318 raft_consensus.cc:2955] T 9297fb68bdf54194944871de5f8c9628 P 626df70b66f041aa9d4c3a9065ecedfc [term 1 LEADER]: Committing config change with OpId 1.3: config changed from index 2 to 3, 40ea9f3aa58e41719662ec98b38326d0 (127.12.101.194) changed from NON_VOTER to VOTER. New config: { opid_index: 3 OBSOLETE_local: false peers { permanent_uuid: "c658b12c930e462b8733298cb7220e51" member_type: VOTER last_known_addr { host: "127.12.101.195" port: 39329 } } peers { permanent_uuid: "3fe73854e71b476f8e880b1122fab790" member_type: VOTER last_known_addr { host: "127.12.101.196" port: 46297 } attrs { replace: true } } peers { permanent_uuid: "626df70b66f041aa9d4c3a9065ecedfc" member_type: VOTER last_known_addr { host: "127.12.101.193" port: 46737 } } peers { permanent_uuid: "40ea9f3aa58e41719662ec98b38326d0" member_type: VOTER last_known_addr { host: "127.12.101.194" port: 42477 } attrs { promote: false } } }
I20260608 12:44:40.725677 15873 raft_consensus.cc:2955] T 9297fb68bdf54194944871de5f8c9628 P c658b12c930e462b8733298cb7220e51 [term 1 FOLLOWER]: Committing config change with OpId 1.3: config changed from index 2 to 3, 40ea9f3aa58e41719662ec98b38326d0 (127.12.101.194) changed from NON_VOTER to VOTER. New config: { opid_index: 3 OBSOLETE_local: false peers { permanent_uuid: "c658b12c930e462b8733298cb7220e51" member_type: VOTER last_known_addr { host: "127.12.101.195" port: 39329 } } peers { permanent_uuid: "3fe73854e71b476f8e880b1122fab790" member_type: VOTER last_known_addr { host: "127.12.101.196" port: 46297 } attrs { replace: true } } peers { permanent_uuid: "626df70b66f041aa9d4c3a9065ecedfc" member_type: VOTER last_known_addr { host: "127.12.101.193" port: 46737 } } peers { permanent_uuid: "40ea9f3aa58e41719662ec98b38326d0" member_type: VOTER last_known_addr { host: "127.12.101.194" port: 42477 } attrs { promote: false } } }
I20260608 12:44:40.724043 16026 raft_consensus.cc:2955] T 9297fb68bdf54194944871de5f8c9628 P 3fe73854e71b476f8e880b1122fab790 [term 1 FOLLOWER]: Committing config change with OpId 1.3: config changed from index 2 to 3, 40ea9f3aa58e41719662ec98b38326d0 (127.12.101.194) changed from NON_VOTER to VOTER. New config: { opid_index: 3 OBSOLETE_local: false peers { permanent_uuid: "c658b12c930e462b8733298cb7220e51" member_type: VOTER last_known_addr { host: "127.12.101.195" port: 39329 } } peers { permanent_uuid: "3fe73854e71b476f8e880b1122fab790" member_type: VOTER last_known_addr { host: "127.12.101.196" port: 46297 } attrs { replace: true } } peers { permanent_uuid: "626df70b66f041aa9d4c3a9065ecedfc" member_type: VOTER last_known_addr { host: "127.12.101.193" port: 46737 } } peers { permanent_uuid: "40ea9f3aa58e41719662ec98b38326d0" member_type: VOTER last_known_addr { host: "127.12.101.194" port: 42477 } attrs { promote: false } } }
I20260608 12:44:40.733687 15799 raft_consensus.cc:2955] T 9297fb68bdf54194944871de5f8c9628 P 40ea9f3aa58e41719662ec98b38326d0 [term 1 FOLLOWER]: Committing config change with OpId 1.3: config changed from index 2 to 3, 40ea9f3aa58e41719662ec98b38326d0 (127.12.101.194) changed from NON_VOTER to VOTER. New config: { opid_index: 3 OBSOLETE_local: false peers { permanent_uuid: "c658b12c930e462b8733298cb7220e51" member_type: VOTER last_known_addr { host: "127.12.101.195" port: 39329 } } peers { permanent_uuid: "3fe73854e71b476f8e880b1122fab790" member_type: VOTER last_known_addr { host: "127.12.101.196" port: 46297 } attrs { replace: true } } peers { permanent_uuid: "626df70b66f041aa9d4c3a9065ecedfc" member_type: VOTER last_known_addr { host: "127.12.101.193" port: 46737 } } peers { permanent_uuid: "40ea9f3aa58e41719662ec98b38326d0" member_type: VOTER last_known_addr { host: "127.12.101.194" port: 42477 } attrs { promote: false } } }
I20260608 12:44:40.736827 15619 catalog_manager.cc:5696] T 9297fb68bdf54194944871de5f8c9628 P 626df70b66f041aa9d4c3a9065ecedfc reported cstate change: config changed from index 2 to 3, 40ea9f3aa58e41719662ec98b38326d0 (127.12.101.194) changed from NON_VOTER to VOTER. New cstate: current_term: 1 leader_uuid: "626df70b66f041aa9d4c3a9065ecedfc" committed_config { opid_index: 3 OBSOLETE_local: false peers { permanent_uuid: "c658b12c930e462b8733298cb7220e51" member_type: VOTER last_known_addr { host: "127.12.101.195" port: 39329 } health_report { overall_health: HEALTHY } } peers { permanent_uuid: "3fe73854e71b476f8e880b1122fab790" member_type: VOTER last_known_addr { host: "127.12.101.196" port: 46297 } attrs { replace: true } health_report { overall_health: HEALTHY } } peers { permanent_uuid: "626df70b66f041aa9d4c3a9065ecedfc" member_type: VOTER last_known_addr { host: "127.12.101.193" port: 46737 } health_report { overall_health: HEALTHY } } peers { permanent_uuid: "40ea9f3aa58e41719662ec98b38326d0" member_type: VOTER last_known_addr { host: "127.12.101.194" port: 42477 } attrs { promote: false } health_report { overall_health: HEALTHY } } }
I20260608 12:44:40.738291 15675 auto_leader_rebalancer.cc:140] leader rebalance for table range_aware_rebalance_new_range
I20260608 12:44:40.782467 15675 auto_leader_rebalancer.cc:388] table: range_aware_rebalance_new_range, leader rebalance finish, leader transfer count: 0
I20260608 12:44:40.783493 15675 auto_leader_rebalancer.cc:451] All tables' leader rebalancing finished this round
I20260608 12:44:40.791904 15722 consensus_queue.cc:237] T 9297fb68bdf54194944871de5f8c9628 P 626df70b66f041aa9d4c3a9065ecedfc [LEADER]: Queue going to LEADER mode. State: All replicated index: 0, Majority replicated index: 3, Committed index: 3, Last appended: 1.3, Last appended by leader: 0, Current term: 1, Majority size: 2, State: 0, Mode: LEADER, active raft config: opid_index: 4 OBSOLETE_local: false peers { permanent_uuid: "c658b12c930e462b8733298cb7220e51" member_type: VOTER last_known_addr { host: "127.12.101.195" port: 39329 } } peers { permanent_uuid: "626df70b66f041aa9d4c3a9065ecedfc" member_type: VOTER last_known_addr { host: "127.12.101.193" port: 46737 } } peers { permanent_uuid: "40ea9f3aa58e41719662ec98b38326d0" member_type: VOTER last_known_addr { host: "127.12.101.194" port: 42477 } attrs { promote: false } }
I20260608 12:44:40.801869 16318 raft_consensus.cc:1064] T 89873bf735d3418e8809404b4325b4fa P 626df70b66f041aa9d4c3a9065ecedfc: attempting to promote NON_VOTER 3fe73854e71b476f8e880b1122fab790 to VOTER
I20260608 12:44:40.803610 15799 raft_consensus.cc:1275] T 9297fb68bdf54194944871de5f8c9628 P 40ea9f3aa58e41719662ec98b38326d0 [term 1 FOLLOWER]: Refusing update from remote peer 626df70b66f041aa9d4c3a9065ecedfc: Log matching property violated. Preceding OpId in replica: term: 1 index: 3. Preceding OpId from leader: term: 1 index: 4. (index mismatch)
I20260608 12:44:40.805245 16311 consensus_queue.cc:1048] T 9297fb68bdf54194944871de5f8c9628 P 626df70b66f041aa9d4c3a9065ecedfc [LEADER]: Connected to new peer: Peer: permanent_uuid: "40ea9f3aa58e41719662ec98b38326d0" member_type: VOTER last_known_addr { host: "127.12.101.194" port: 42477 } attrs { promote: false }, Status: LMP_MISMATCH, Last received: 0.0, Next index: 4, Last known committed idx: 3, Time since last communication: 0.001s
I20260608 12:44:40.805034 16318 consensus_queue.cc:237] T 89873bf735d3418e8809404b4325b4fa P 626df70b66f041aa9d4c3a9065ecedfc [LEADER]: Queue going to LEADER mode. State: All replicated index: 0, Majority replicated index: 2, Committed index: 2, Last appended: 1.2, Last appended by leader: 0, Current term: 1, Majority size: 3, State: 0, Mode: LEADER, active raft config: opid_index: 3 OBSOLETE_local: false peers { permanent_uuid: "40ea9f3aa58e41719662ec98b38326d0" member_type: VOTER last_known_addr { host: "127.12.101.194" port: 42477 } } peers { permanent_uuid: "626df70b66f041aa9d4c3a9065ecedfc" member_type: VOTER last_known_addr { host: "127.12.101.193" port: 46737 } } peers { permanent_uuid: "c658b12c930e462b8733298cb7220e51" member_type: VOTER last_known_addr { host: "127.12.101.195" port: 39329 } attrs { replace: true } } peers { permanent_uuid: "3fe73854e71b476f8e880b1122fab790" member_type: VOTER last_known_addr { host: "127.12.101.196" port: 46297 } attrs { promote: false } }
I20260608 12:44:40.808439 15873 raft_consensus.cc:1275] T 9297fb68bdf54194944871de5f8c9628 P c658b12c930e462b8733298cb7220e51 [term 1 FOLLOWER]: Refusing update from remote peer 626df70b66f041aa9d4c3a9065ecedfc: Log matching property violated. Preceding OpId in replica: term: 1 index: 3. Preceding OpId from leader: term: 1 index: 4. (index mismatch)
I20260608 12:44:40.810775 16311 consensus_queue.cc:1048] T 9297fb68bdf54194944871de5f8c9628 P 626df70b66f041aa9d4c3a9065ecedfc [LEADER]: Connected to new peer: Peer: permanent_uuid: "c658b12c930e462b8733298cb7220e51" member_type: VOTER last_known_addr { host: "127.12.101.195" port: 39329 }, Status: LMP_MISMATCH, Last received: 0.0, Next index: 4, Last known committed idx: 3, Time since last communication: 0.000s
I20260608 12:44:40.815984 16120 raft_consensus.cc:2955] T 9297fb68bdf54194944871de5f8c9628 P 626df70b66f041aa9d4c3a9065ecedfc [term 1 LEADER]: Committing config change with OpId 1.4: config changed from index 3 to 4, VOTER 3fe73854e71b476f8e880b1122fab790 (127.12.101.196) evicted. New config: { opid_index: 4 OBSOLETE_local: false peers { permanent_uuid: "c658b12c930e462b8733298cb7220e51" member_type: VOTER last_known_addr { host: "127.12.101.195" port: 39329 } } peers { permanent_uuid: "626df70b66f041aa9d4c3a9065ecedfc" member_type: VOTER last_known_addr { host: "127.12.101.193" port: 46737 } } peers { permanent_uuid: "40ea9f3aa58e41719662ec98b38326d0" member_type: VOTER last_known_addr { host: "127.12.101.194" port: 42477 } attrs { promote: false } } }
I20260608 12:44:40.821097 16026 raft_consensus.cc:1275] T 89873bf735d3418e8809404b4325b4fa P 3fe73854e71b476f8e880b1122fab790 [term 1 LEARNER]: Refusing update from remote peer 626df70b66f041aa9d4c3a9065ecedfc: Log matching property violated. Preceding OpId in replica: term: 1 index: 2. Preceding OpId from leader: term: 1 index: 3. (index mismatch)
I20260608 12:44:40.823705 15799 raft_consensus.cc:1275] T 89873bf735d3418e8809404b4325b4fa P 40ea9f3aa58e41719662ec98b38326d0 [term 1 FOLLOWER]: Refusing update from remote peer 626df70b66f041aa9d4c3a9065ecedfc: Log matching property violated. Preceding OpId in replica: term: 1 index: 2. Preceding OpId from leader: term: 1 index: 3. (index mismatch)
I20260608 12:44:40.825040 15872 raft_consensus.cc:1275] T 89873bf735d3418e8809404b4325b4fa P c658b12c930e462b8733298cb7220e51 [term 1 FOLLOWER]: Refusing update from remote peer 626df70b66f041aa9d4c3a9065ecedfc: Log matching property violated. Preceding OpId in replica: term: 1 index: 2. Preceding OpId from leader: term: 1 index: 3. (index mismatch)
I20260608 12:44:40.825119 16313 consensus_queue.cc:1048] T 89873bf735d3418e8809404b4325b4fa P 626df70b66f041aa9d4c3a9065ecedfc [LEADER]: Connected to new peer: Peer: permanent_uuid: "3fe73854e71b476f8e880b1122fab790" member_type: VOTER last_known_addr { host: "127.12.101.196" port: 46297 } attrs { promote: false }, Status: LMP_MISMATCH, Last received: 0.0, Next index: 3, Last known committed idx: 2, Time since last communication: 0.001s
I20260608 12:44:40.829391 16313 consensus_queue.cc:1048] T 89873bf735d3418e8809404b4325b4fa P 626df70b66f041aa9d4c3a9065ecedfc [LEADER]: Connected to new peer: Peer: permanent_uuid: "40ea9f3aa58e41719662ec98b38326d0" member_type: VOTER last_known_addr { host: "127.12.101.194" port: 42477 }, Status: LMP_MISMATCH, Last received: 0.0, Next index: 3, Last known committed idx: 2, Time since last communication: 0.001s
I20260608 12:44:40.833220 15872 raft_consensus.cc:2955] T 9297fb68bdf54194944871de5f8c9628 P c658b12c930e462b8733298cb7220e51 [term 1 FOLLOWER]: Committing config change with OpId 1.4: config changed from index 3 to 4, VOTER 3fe73854e71b476f8e880b1122fab790 (127.12.101.196) evicted. New config: { opid_index: 4 OBSOLETE_local: false peers { permanent_uuid: "c658b12c930e462b8733298cb7220e51" member_type: VOTER last_known_addr { host: "127.12.101.195" port: 39329 } } peers { permanent_uuid: "626df70b66f041aa9d4c3a9065ecedfc" member_type: VOTER last_known_addr { host: "127.12.101.193" port: 46737 } } peers { permanent_uuid: "40ea9f3aa58e41719662ec98b38326d0" member_type: VOTER last_known_addr { host: "127.12.101.194" port: 42477 } attrs { promote: false } } }
I20260608 12:44:40.836743 15606 catalog_manager.cc:5209] ChangeConfig:REMOVE_PEER RPC for tablet 9297fb68bdf54194944871de5f8c9628 with cas_config_opid_index 3: ChangeConfig:REMOVE_PEER succeeded (attempt 1)
I20260608 12:44:40.842640 16327 consensus_queue.cc:1048] T 89873bf735d3418e8809404b4325b4fa P 626df70b66f041aa9d4c3a9065ecedfc [LEADER]: Connected to new peer: Peer: permanent_uuid: "c658b12c930e462b8733298cb7220e51" member_type: VOTER last_known_addr { host: "127.12.101.195" port: 39329 } attrs { replace: true }, Status: LMP_MISMATCH, Last received: 0.0, Next index: 3, Last known committed idx: 2, Time since last communication: 0.000s
I20260608 12:44:40.842315 15621 catalog_manager.cc:5696] T 9297fb68bdf54194944871de5f8c9628 P 626df70b66f041aa9d4c3a9065ecedfc reported cstate change: config changed from index 3 to 4, VOTER 3fe73854e71b476f8e880b1122fab790 (127.12.101.196) evicted. New cstate: current_term: 1 leader_uuid: "626df70b66f041aa9d4c3a9065ecedfc" committed_config { opid_index: 4 OBSOLETE_local: false peers { permanent_uuid: "c658b12c930e462b8733298cb7220e51" member_type: VOTER last_known_addr { host: "127.12.101.195" port: 39329 } health_report { overall_health: HEALTHY } } peers { permanent_uuid: "626df70b66f041aa9d4c3a9065ecedfc" member_type: VOTER last_known_addr { host: "127.12.101.193" port: 46737 } health_report { overall_health: HEALTHY } } peers { permanent_uuid: "40ea9f3aa58e41719662ec98b38326d0" member_type: VOTER last_known_addr { host: "127.12.101.194" port: 42477 } attrs { promote: false } health_report { overall_health: UNKNOWN } } }
I20260608 12:44:40.844935 15799 raft_consensus.cc:2955] T 9297fb68bdf54194944871de5f8c9628 P 40ea9f3aa58e41719662ec98b38326d0 [term 1 FOLLOWER]: Committing config change with OpId 1.4: config changed from index 3 to 4, VOTER 3fe73854e71b476f8e880b1122fab790 (127.12.101.196) evicted. New config: { opid_index: 4 OBSOLETE_local: false peers { permanent_uuid: "c658b12c930e462b8733298cb7220e51" member_type: VOTER last_known_addr { host: "127.12.101.195" port: 39329 } } peers { permanent_uuid: "626df70b66f041aa9d4c3a9065ecedfc" member_type: VOTER last_known_addr { host: "127.12.101.193" port: 46737 } } peers { permanent_uuid: "40ea9f3aa58e41719662ec98b38326d0" member_type: VOTER last_known_addr { host: "127.12.101.194" port: 42477 } attrs { promote: false } } }
I20260608 12:44:40.864590 16011 tablet_service.cc:1558] Processing DeleteTablet for tablet 9297fb68bdf54194944871de5f8c9628 with delete_type TABLET_DATA_TOMBSTONED (TS 3fe73854e71b476f8e880b1122fab790 not found in new config with opid_index 4) from {username='slave'} at 127.0.0.1:55708
I20260608 12:44:40.866643 16327 raft_consensus.cc:2955] T 89873bf735d3418e8809404b4325b4fa P 626df70b66f041aa9d4c3a9065ecedfc [term 1 LEADER]: Committing config change with OpId 1.3: config changed from index 2 to 3, 3fe73854e71b476f8e880b1122fab790 (127.12.101.196) changed from NON_VOTER to VOTER. New config: { opid_index: 3 OBSOLETE_local: false peers { permanent_uuid: "40ea9f3aa58e41719662ec98b38326d0" member_type: VOTER last_known_addr { host: "127.12.101.194" port: 42477 } } peers { permanent_uuid: "626df70b66f041aa9d4c3a9065ecedfc" member_type: VOTER last_known_addr { host: "127.12.101.193" port: 46737 } } peers { permanent_uuid: "c658b12c930e462b8733298cb7220e51" member_type: VOTER last_known_addr { host: "127.12.101.195" port: 39329 } attrs { replace: true } } peers { permanent_uuid: "3fe73854e71b476f8e880b1122fab790" member_type: VOTER last_known_addr { host: "127.12.101.196" port: 46297 } attrs { promote: false } } }
I20260608 12:44:40.869827 15797 raft_consensus.cc:2955] T 89873bf735d3418e8809404b4325b4fa P 40ea9f3aa58e41719662ec98b38326d0 [term 1 FOLLOWER]: Committing config change with OpId 1.3: config changed from index 2 to 3, 3fe73854e71b476f8e880b1122fab790 (127.12.101.196) changed from NON_VOTER to VOTER. New config: { opid_index: 3 OBSOLETE_local: false peers { permanent_uuid: "40ea9f3aa58e41719662ec98b38326d0" member_type: VOTER last_known_addr { host: "127.12.101.194" port: 42477 } } peers { permanent_uuid: "626df70b66f041aa9d4c3a9065ecedfc" member_type: VOTER last_known_addr { host: "127.12.101.193" port: 46737 } } peers { permanent_uuid: "c658b12c930e462b8733298cb7220e51" member_type: VOTER last_known_addr { host: "127.12.101.195" port: 39329 } attrs { replace: true } } peers { permanent_uuid: "3fe73854e71b476f8e880b1122fab790" member_type: VOTER last_known_addr { host: "127.12.101.196" port: 46297 } attrs { promote: false } } }
I20260608 12:44:40.897527 16026 raft_consensus.cc:2955] T 89873bf735d3418e8809404b4325b4fa P 3fe73854e71b476f8e880b1122fab790 [term 1 FOLLOWER]: Committing config change with OpId 1.3: config changed from index 2 to 3, 3fe73854e71b476f8e880b1122fab790 (127.12.101.196) changed from NON_VOTER to VOTER. New config: { opid_index: 3 OBSOLETE_local: false peers { permanent_uuid: "40ea9f3aa58e41719662ec98b38326d0" member_type: VOTER last_known_addr { host: "127.12.101.194" port: 42477 } } peers { permanent_uuid: "626df70b66f041aa9d4c3a9065ecedfc" member_type: VOTER last_known_addr { host: "127.12.101.193" port: 46737 } } peers { permanent_uuid: "c658b12c930e462b8733298cb7220e51" member_type: VOTER last_known_addr { host: "127.12.101.195" port: 39329 } attrs { replace: true } } peers { permanent_uuid: "3fe73854e71b476f8e880b1122fab790" member_type: VOTER last_known_addr { host: "127.12.101.196" port: 46297 } attrs { promote: false } } }
I20260608 12:44:40.911218 15618 catalog_manager.cc:5696] T 89873bf735d3418e8809404b4325b4fa P 40ea9f3aa58e41719662ec98b38326d0 reported cstate change: config changed from index 2 to 3, 3fe73854e71b476f8e880b1122fab790 (127.12.101.196) changed from NON_VOTER to VOTER. New cstate: current_term: 1 leader_uuid: "626df70b66f041aa9d4c3a9065ecedfc" committed_config { opid_index: 3 OBSOLETE_local: false peers { permanent_uuid: "40ea9f3aa58e41719662ec98b38326d0" member_type: VOTER last_known_addr { host: "127.12.101.194" port: 42477 } } peers { permanent_uuid: "626df70b66f041aa9d4c3a9065ecedfc" member_type: VOTER last_known_addr { host: "127.12.101.193" port: 46737 } } peers { permanent_uuid: "c658b12c930e462b8733298cb7220e51" member_type: VOTER last_known_addr { host: "127.12.101.195" port: 39329 } attrs { replace: true } } peers { permanent_uuid: "3fe73854e71b476f8e880b1122fab790" member_type: VOTER last_known_addr { host: "127.12.101.196" port: 46297 } attrs { promote: false } } }
I20260608 12:44:40.913905 16332 tablet_replica.cc:333] T 9297fb68bdf54194944871de5f8c9628 P 3fe73854e71b476f8e880b1122fab790: stopping tablet replica
I20260608 12:44:40.915251 16311 raft_consensus.cc:1064] T 062d49ffcedb4a08b30c80670755203d P 626df70b66f041aa9d4c3a9065ecedfc: attempting to promote NON_VOTER 3fe73854e71b476f8e880b1122fab790 to VOTER
I20260608 12:44:40.919327 16311 consensus_queue.cc:237] T 062d49ffcedb4a08b30c80670755203d P 626df70b66f041aa9d4c3a9065ecedfc [LEADER]: Queue going to LEADER mode. State: All replicated index: 0, Majority replicated index: 2, Committed index: 2, Last appended: 1.2, Last appended by leader: 0, Current term: 1, Majority size: 3, State: 0, Mode: LEADER, active raft config: opid_index: 3 OBSOLETE_local: false peers { permanent_uuid: "40ea9f3aa58e41719662ec98b38326d0" member_type: VOTER last_known_addr { host: "127.12.101.194" port: 42477 } attrs { replace: true } } peers { permanent_uuid: "626df70b66f041aa9d4c3a9065ecedfc" member_type: VOTER last_known_addr { host: "127.12.101.193" port: 46737 } } peers { permanent_uuid: "c658b12c930e462b8733298cb7220e51" member_type: VOTER last_known_addr { host: "127.12.101.195" port: 39329 } } peers { permanent_uuid: "3fe73854e71b476f8e880b1122fab790" member_type: VOTER last_known_addr { host: "127.12.101.196" port: 46297 } attrs { promote: false } }
