Total full LBM container extra space in bytes: 0 (0 repaired)
Total incomplete LBM containers: 0 (0 repaired)
Total LBM partial records: 0 (0 repaired)
Total corrupted LBM metadata records in RocksDB: 0 (0 repaired)
I20260608 12:43:31.920778 12658 rpc_server.cc:225] running with OpenSSL 1.1.1  11 Sep 2018
I20260608 12:43:31.922385 12658 kserver.cc:163] Server-wide thread pool size limit: 3276
I20260608 12:43:31.967336 12658 rpc_server.cc:307] RPC server started. Bound to: 127.12.92.190:43461
I20260608 12:43:31.967543 14372 acceptor_pool.cc:272] collecting diagnostics on the listening RPC socket 127.12.92.190:43461 every 8 connection(s)
I20260608 12:43:31.971673 14373 data_dirs.cc:400] Could only allocate 1 dirs of requested 3 for tablet 00000000000000000000000000000000. 1 dirs total, 0 dirs full, 0 dirs failed
I20260608 12:43:31.982369 14373 tablet_bootstrap.cc:492] T 00000000000000000000000000000000 P cddb3114a5674bfda82321cb2ae8b39f: Bootstrap starting.
I20260608 12:43:31.987274 14373 tablet_bootstrap.cc:654] T 00000000000000000000000000000000 P cddb3114a5674bfda82321cb2ae8b39f: Neither blocks nor log segments found. Creating new log.
I20260608 12:43:31.991665 14373 tablet_bootstrap.cc:492] T 00000000000000000000000000000000 P cddb3114a5674bfda82321cb2ae8b39f: No bootstrap required, opened a new log
I20260608 12:43:31.993865 14373 raft_consensus.cc:359] T 00000000000000000000000000000000 P cddb3114a5674bfda82321cb2ae8b39f [term 0 FOLLOWER]: Replica starting. Triggering 0 pending ops. Active config: opid_index: -1 OBSOLETE_local: true peers { permanent_uuid: "cddb3114a5674bfda82321cb2ae8b39f" member_type: VOTER }
I20260608 12:43:31.994266 14373 raft_consensus.cc:385] T 00000000000000000000000000000000 P cddb3114a5674bfda82321cb2ae8b39f [term 0 FOLLOWER]: Consensus starting up: Expiring failure detector timer to make a prompt election more likely
I20260608 12:43:31.994451 14373 raft_consensus.cc:740] T 00000000000000000000000000000000 P cddb3114a5674bfda82321cb2ae8b39f [term 0 FOLLOWER]: Becoming Follower/Learner. State: Replica: cddb3114a5674bfda82321cb2ae8b39f, State: Initialized, Role: FOLLOWER
I20260608 12:43:31.994966 14373 consensus_queue.cc:260] T 00000000000000000000000000000000 P cddb3114a5674bfda82321cb2ae8b39f [NON_LEADER]: Queue going to NON_LEADER mode. State: All replicated index: 0, Majority replicated index: 0, Committed index: 0, Last appended: 0.0, Last appended by leader: 0, Current term: 0, Majority size: -1, State: 0, Mode: NON_LEADER, active raft config: opid_index: -1 OBSOLETE_local: true peers { permanent_uuid: "cddb3114a5674bfda82321cb2ae8b39f" member_type: VOTER }
I20260608 12:43:31.995398 14373 raft_consensus.cc:399] T 00000000000000000000000000000000 P cddb3114a5674bfda82321cb2ae8b39f [term 0 FOLLOWER]: Only one voter in the Raft config. Triggering election immediately
I20260608 12:43:31.995589 14373 raft_consensus.cc:493] T 00000000000000000000000000000000 P cddb3114a5674bfda82321cb2ae8b39f [term 0 FOLLOWER]: Starting leader election (initial election of a single-replica configuration)
I20260608 12:43:31.995801 14373 raft_consensus.cc:3060] T 00000000000000000000000000000000 P cddb3114a5674bfda82321cb2ae8b39f [term 0 FOLLOWER]: Advancing to term 1
I20260608 12:43:32.000336 14373 raft_consensus.cc:515] T 00000000000000000000000000000000 P cddb3114a5674bfda82321cb2ae8b39f [term 1 FOLLOWER]: Starting leader election with config: opid_index: -1 OBSOLETE_local: true peers { permanent_uuid: "cddb3114a5674bfda82321cb2ae8b39f" member_type: VOTER }
I20260608 12:43:32.000816 14373 leader_election.cc:304] T 00000000000000000000000000000000 P cddb3114a5674bfda82321cb2ae8b39f [CANDIDATE]: Term 1 election: Election decided. Result: candidate won. Election summary: received 1 responses out of 1 voters: 1 yes votes; 0 no votes. yes voters: cddb3114a5674bfda82321cb2ae8b39f; no voters: 
I20260608 12:43:32.001880 14373 leader_election.cc:290] T 00000000000000000000000000000000 P cddb3114a5674bfda82321cb2ae8b39f [CANDIDATE]: Term 1 election: Requested vote from peers 
I20260608 12:43:32.002381 14376 raft_consensus.cc:2804] T 00000000000000000000000000000000 P cddb3114a5674bfda82321cb2ae8b39f [term 1 FOLLOWER]: Leader election won for term 1
I20260608 12:43:32.003820 14376 raft_consensus.cc:697] T 00000000000000000000000000000000 P cddb3114a5674bfda82321cb2ae8b39f [term 1 LEADER]: Becoming Leader. State: Replica: cddb3114a5674bfda82321cb2ae8b39f, State: Running, Role: LEADER
I20260608 12:43:32.004551 14376 consensus_queue.cc:237] T 00000000000000000000000000000000 P cddb3114a5674bfda82321cb2ae8b39f [LEADER]: Queue going to LEADER mode. State: All replicated index: 0, Majority replicated index: 0, Committed index: 0, Last appended: 0.0, Last appended by leader: 0, Current term: 1, Majority size: 1, State: 0, Mode: LEADER, active raft config: opid_index: -1 OBSOLETE_local: true peers { permanent_uuid: "cddb3114a5674bfda82321cb2ae8b39f" member_type: VOTER }
I20260608 12:43:32.005400 14373 sys_catalog.cc:565] T 00000000000000000000000000000000 P cddb3114a5674bfda82321cb2ae8b39f [sys.catalog]: configured and running, proceeding with master startup.
I20260608 12:43:32.008453 14378 sys_catalog.cc:455] T 00000000000000000000000000000000 P cddb3114a5674bfda82321cb2ae8b39f [sys.catalog]: SysCatalogTable state changed. Reason: New leader cddb3114a5674bfda82321cb2ae8b39f. Latest consensus state: current_term: 1 leader_uuid: "cddb3114a5674bfda82321cb2ae8b39f" committed_config { opid_index: -1 OBSOLETE_local: true peers { permanent_uuid: "cddb3114a5674bfda82321cb2ae8b39f" member_type: VOTER } }
I20260608 12:43:32.008633 14377 sys_catalog.cc:455] T 00000000000000000000000000000000 P cddb3114a5674bfda82321cb2ae8b39f [sys.catalog]: SysCatalogTable state changed. Reason: RaftConsensus started. Latest consensus state: current_term: 1 leader_uuid: "cddb3114a5674bfda82321cb2ae8b39f" committed_config { opid_index: -1 OBSOLETE_local: true peers { permanent_uuid: "cddb3114a5674bfda82321cb2ae8b39f" member_type: VOTER } }
I20260608 12:43:32.009092 14378 sys_catalog.cc:458] T 00000000000000000000000000000000 P cddb3114a5674bfda82321cb2ae8b39f [sys.catalog]: This master's current role is: LEADER
I20260608 12:43:32.009377 14377 sys_catalog.cc:458] T 00000000000000000000000000000000 P cddb3114a5674bfda82321cb2ae8b39f [sys.catalog]: This master's current role is: LEADER
I20260608 12:43:32.016283 14381 catalog_manager.cc:1510] Loading table and tablet metadata into memory...
I20260608 12:43:32.023303 14381 catalog_manager.cc:1519] Initializing Kudu cluster ID...
I20260608 12:43:32.024335 12658 internal_mini_cluster.cc:184] Waiting to initialize catalog manager on master 0
I20260608 12:43:32.033459 14381 catalog_manager.cc:1382] Generated new cluster ID: e5ce103dbc194fdaa47576bf98389d79
I20260608 12:43:32.033782 14381 catalog_manager.cc:1530] Initializing Kudu internal certificate authority...
I20260608 12:43:32.052261 14381 catalog_manager.cc:1405] Generated new certificate authority record
I20260608 12:43:32.053826 14381 catalog_manager.cc:1539] Loading token signing keys...
I20260608 12:43:32.071481 14381 catalog_manager.cc:6069] T 00000000000000000000000000000000 P cddb3114a5674bfda82321cb2ae8b39f: Generated new TSK 0
I20260608 12:43:32.072098 14381 catalog_manager.cc:1549] Initializing in-progress tserver states...
I20260608 12:43:32.091097 12658 file_cache.cc:492] Constructed file cache file cache with capacity 419430
W20260608 12:43:32.098066 14394 instance_detector.cc:116] could not retrieve AWS instance metadata: Network error: curl error: HTTP response code said error: The requested URL returned error: 404
W20260608 12:43:32.099565 14395 instance_detector.cc:116] could not retrieve Azure instance metadata: Network error: curl error: HTTP response code said error: The requested URL returned error: 404
I20260608 12:43:32.101015 12658 server_base.cc:1061] running on GCE node
W20260608 12:43:32.101361 14397 instance_detector.cc:116] could not retrieve OpenStack instance metadata: Network error: curl error: HTTP response code said error: The requested URL returned error: 404
I20260608 12:43:32.102320 12658 hybrid_clock.cc:584] initializing the hybrid clock with 'system_unsync' time source
W20260608 12:43:32.102511 12658 system_unsync_time.cc:38] NTP support is disabled. Clock error bounds will not be accurate. This configuration is not suitable for distributed clusters.
I20260608 12:43:32.102638 12658 hybrid_clock.cc:648] HybridClock initialized: now 1780922612102627 us; error 0 us; skew 500 ppm
I20260608 12:43:32.103245 12658 server_base.cc:861] Flag tcmalloc_max_total_thread_cache_bytes is not working since tcmalloc is not enabled.
I20260608 12:43:32.105818 12658 webserver.cc:533] Webserver started at http://127.12.92.129:44469/ using document root <none> and password file <none>
I20260608 12:43:32.106326 12658 fs_manager.cc:362] Metadata directory not provided
I20260608 12:43:32.106489 12658 fs_manager.cc:368] Using write-ahead log directory (fs_wal_dir) as metadata directory
I20260608 12:43:32.106722 12658 server_base.cc:909] This appears to be a new deployment of Kudu; creating new FS layout
I20260608 12:43:32.107995 12658 fs_manager.cc:1068] Generated new instance metadata in path /tmp/dist-test-taskDHq_iN/test-tmp/auto_rebalancer-test.0.AutoRebalancerTest.MovesScheduledIfAddTserver.1780922583070692-12658-0/minicluster-data/ts-0-root/instance:
uuid: "a628a9f2c715407ba80ec5b17aec1493"
format_stamp: "Formatted at 2026-06-08 12:43:32 on dist-test-slave-vhrd"
I20260608 12:43:32.112730 12658 fs_manager.cc:696] Time spent creating directory manager: real 0.004s	user 0.001s	sys 0.004s
I20260608 12:43:32.116923 14402 log_block_manager.cc:4031] Time spent loading block containers with low live blocks: real 0.000s	user 0.000s	sys 0.000s
I20260608 12:43:32.118088 12658 fs_manager.cc:730] Time spent opening block manager: real 0.003s	user 0.002s	sys 0.001s
I20260608 12:43:32.118430 12658 fs_manager.cc:647] Opened local filesystem: /tmp/dist-test-taskDHq_iN/test-tmp/auto_rebalancer-test.0.AutoRebalancerTest.MovesScheduledIfAddTserver.1780922583070692-12658-0/minicluster-data/ts-0-root
uuid: "a628a9f2c715407ba80ec5b17aec1493"
format_stamp: "Formatted at 2026-06-08 12:43:32 on dist-test-slave-vhrd"
I20260608 12:43:32.118708 12658 fs_report.cc:389] FS layout report
--------------------
wal directory: /tmp/dist-test-taskDHq_iN/test-tmp/auto_rebalancer-test.0.AutoRebalancerTest.MovesScheduledIfAddTserver.1780922583070692-12658-0/minicluster-data/ts-0-root
metadata directory: /tmp/dist-test-taskDHq_iN/test-tmp/auto_rebalancer-test.0.AutoRebalancerTest.MovesScheduledIfAddTserver.1780922583070692-12658-0/minicluster-data/ts-0-root
1 data directories: /tmp/dist-test-taskDHq_iN/test-tmp/auto_rebalancer-test.0.AutoRebalancerTest.MovesScheduledIfAddTserver.1780922583070692-12658-0/minicluster-data/ts-0-root/data
Total live blocks: 0
Total live bytes: 0
Total live bytes (after alignment): 0
Total number of LBM containers: 0 (0 full)
Did not check for missing blocks
Did not check for orphaned blocks
Total full LBM containers with extra space: 0 (0 repaired)
Total full LBM container extra space in bytes: 0 (0 repaired)
Total incomplete LBM containers: 0 (0 repaired)
Total LBM partial records: 0 (0 repaired)
Total corrupted LBM metadata records in RocksDB: 0 (0 repaired)
I20260608 12:43:32.139714 12658 rpc_server.cc:225] running with OpenSSL 1.1.1  11 Sep 2018
I20260608 12:43:32.140928 12658 kserver.cc:163] Server-wide thread pool size limit: 3276
I20260608 12:43:32.142446 12658 txn_system_client.cc:432] TxnSystemClient initialization is disabled...
I20260608 12:43:32.144882 12658 ts_tablet_manager.cc:585] Loaded tablet metadata (0 total tablets, 0 live tablets)
I20260608 12:43:32.145076 12658 ts_tablet_manager.cc:531] Time spent load tablet metadata: real 0.000s	user 0.000s	sys 0.000s
I20260608 12:43:32.145375 12658 ts_tablet_manager.cc:616] Registered 0 tablets
I20260608 12:43:32.145541 12658 ts_tablet_manager.cc:595] Time spent register tablets: real 0.000s	user 0.000s	sys 0.000s
I20260608 12:43:32.190676 12658 rpc_server.cc:307] RPC server started. Bound to: 127.12.92.129:44717
I20260608 12:43:32.190820 14464 acceptor_pool.cc:272] collecting diagnostics on the listening RPC socket 127.12.92.129:44717 every 8 connection(s)
I20260608 12:43:32.196731 12658 file_cache.cc:492] Constructed file cache file cache with capacity 419430
W20260608 12:43:32.206215 14469 instance_detector.cc:116] could not retrieve AWS instance metadata: Network error: curl error: HTTP response code said error: The requested URL returned error: 404
W20260608 12:43:32.206322 14470 instance_detector.cc:116] could not retrieve Azure instance metadata: Network error: curl error: HTTP response code said error: The requested URL returned error: 404
I20260608 12:43:32.209640 12658 server_base.cc:1061] running on GCE node
W20260608 12:43:32.209605 14472 instance_detector.cc:116] could not retrieve OpenStack instance metadata: Network error: curl error: HTTP response code said error: The requested URL returned error: 404
I20260608 12:43:32.211301 12658 hybrid_clock.cc:584] initializing the hybrid clock with 'system_unsync' time source
W20260608 12:43:32.211642 12658 system_unsync_time.cc:38] NTP support is disabled. Clock error bounds will not be accurate. This configuration is not suitable for distributed clusters.
I20260608 12:43:32.211877 12658 hybrid_clock.cc:648] HybridClock initialized: now 1780922612211827 us; error 0 us; skew 500 ppm
I20260608 12:43:32.212749 12658 server_base.cc:861] Flag tcmalloc_max_total_thread_cache_bytes is not working since tcmalloc is not enabled.
I20260608 12:43:32.215054 14465 heartbeater.cc:344] Connected to a master server at 127.12.92.190:43461
I20260608 12:43:32.215504 14465 heartbeater.cc:461] Registering TS with master...
I20260608 12:43:32.216120 12658 webserver.cc:533] Webserver started at http://127.12.92.130:34331/ using document root <none> and password file <none>
I20260608 12:43:32.216506 14465 heartbeater.cc:507] Master 127.12.92.190:43461 requested a full tablet report, sending...
I20260608 12:43:32.216747 12658 fs_manager.cc:362] Metadata directory not provided
I20260608 12:43:32.217041 12658 fs_manager.cc:368] Using write-ahead log directory (fs_wal_dir) as metadata directory
I20260608 12:43:32.217356 12658 server_base.cc:909] This appears to be a new deployment of Kudu; creating new FS layout
I20260608 12:43:32.218909 12658 fs_manager.cc:1068] Generated new instance metadata in path /tmp/dist-test-taskDHq_iN/test-tmp/auto_rebalancer-test.0.AutoRebalancerTest.MovesScheduledIfAddTserver.1780922583070692-12658-0/minicluster-data/ts-1-root/instance:
uuid: "ad41b501f39a4cf09006c9b7a6afac65"
format_stamp: "Formatted at 2026-06-08 12:43:32 on dist-test-slave-vhrd"
I20260608 12:43:32.219221 14338 ts_manager.cc:194] Registered new tserver with Master: a628a9f2c715407ba80ec5b17aec1493 (127.12.92.129:44717)
I20260608 12:43:32.222146 14338 master_service.cc:502] Signed X509 certificate for tserver {username='slave'} at 127.0.0.1:39722
I20260608 12:43:32.225455 12658 fs_manager.cc:696] Time spent creating directory manager: real 0.006s	user 0.006s	sys 0.000s
I20260608 12:43:32.229334 14477 log_block_manager.cc:4031] Time spent loading block containers with low live blocks: real 0.000s	user 0.000s	sys 0.000s
I20260608 12:43:32.230255 12658 fs_manager.cc:730] Time spent opening block manager: real 0.002s	user 0.000s	sys 0.001s
I20260608 12:43:32.230580 12658 fs_manager.cc:647] Opened local filesystem: /tmp/dist-test-taskDHq_iN/test-tmp/auto_rebalancer-test.0.AutoRebalancerTest.MovesScheduledIfAddTserver.1780922583070692-12658-0/minicluster-data/ts-1-root
uuid: "ad41b501f39a4cf09006c9b7a6afac65"
format_stamp: "Formatted at 2026-06-08 12:43:32 on dist-test-slave-vhrd"
I20260608 12:43:32.230885 12658 fs_report.cc:389] FS layout report
--------------------
wal directory: /tmp/dist-test-taskDHq_iN/test-tmp/auto_rebalancer-test.0.AutoRebalancerTest.MovesScheduledIfAddTserver.1780922583070692-12658-0/minicluster-data/ts-1-root
metadata directory: /tmp/dist-test-taskDHq_iN/test-tmp/auto_rebalancer-test.0.AutoRebalancerTest.MovesScheduledIfAddTserver.1780922583070692-12658-0/minicluster-data/ts-1-root
1 data directories: /tmp/dist-test-taskDHq_iN/test-tmp/auto_rebalancer-test.0.AutoRebalancerTest.MovesScheduledIfAddTserver.1780922583070692-12658-0/minicluster-data/ts-1-root/data
Total live blocks: 0
Total live bytes: 0
Total live bytes (after alignment): 0
Total number of LBM containers: 0 (0 full)
Did not check for missing blocks
Did not check for orphaned blocks
Total full LBM containers with extra space: 0 (0 repaired)
Total full LBM container extra space in bytes: 0 (0 repaired)
Total incomplete LBM containers: 0 (0 repaired)
Total LBM partial records: 0 (0 repaired)
Total corrupted LBM metadata records in RocksDB: 0 (0 repaired)
I20260608 12:43:32.239651 12658 rpc_server.cc:225] running with OpenSSL 1.1.1  11 Sep 2018
I20260608 12:43:32.240918 12658 kserver.cc:163] Server-wide thread pool size limit: 3276
I20260608 12:43:32.242452 12658 txn_system_client.cc:432] TxnSystemClient initialization is disabled...
I20260608 12:43:32.244834 12658 ts_tablet_manager.cc:585] Loaded tablet metadata (0 total tablets, 0 live tablets)
I20260608 12:43:32.245082 12658 ts_tablet_manager.cc:531] Time spent load tablet metadata: real 0.000s	user 0.000s	sys 0.000s
I20260608 12:43:32.245330 12658 ts_tablet_manager.cc:616] Registered 0 tablets
I20260608 12:43:32.245507 12658 ts_tablet_manager.cc:595] Time spent register tablets: real 0.000s	user 0.000s	sys 0.000s
I20260608 12:43:32.289435 12658 rpc_server.cc:307] RPC server started. Bound to: 127.12.92.130:43907
I20260608 12:43:32.289599 14539 acceptor_pool.cc:272] collecting diagnostics on the listening RPC socket 127.12.92.130:43907 every 8 connection(s)
I20260608 12:43:32.294567 12658 file_cache.cc:492] Constructed file cache file cache with capacity 419430
W20260608 12:43:32.301890 14543 instance_detector.cc:116] could not retrieve AWS instance metadata: Network error: curl error: HTTP response code said error: The requested URL returned error: 404
W20260608 12:43:32.304768 14544 instance_detector.cc:116] could not retrieve Azure instance metadata: Network error: curl error: HTTP response code said error: The requested URL returned error: 404
I20260608 12:43:32.306270 12658 server_base.cc:1061] running on GCE node
W20260608 12:43:32.307765 14546 instance_detector.cc:116] could not retrieve OpenStack instance metadata: Network error: curl error: HTTP response code said error: The requested URL returned error: 404
I20260608 12:43:32.308810 14540 heartbeater.cc:344] Connected to a master server at 127.12.92.190:43461
I20260608 12:43:32.309257 14540 heartbeater.cc:461] Registering TS with master...
I20260608 12:43:32.309284 12658 hybrid_clock.cc:584] initializing the hybrid clock with 'system_unsync' time source
W20260608 12:43:32.309710 12658 system_unsync_time.cc:38] NTP support is disabled. Clock error bounds will not be accurate. This configuration is not suitable for distributed clusters.
I20260608 12:43:32.309923 12658 hybrid_clock.cc:648] HybridClock initialized: now 1780922612309905 us; error 0 us; skew 500 ppm
I20260608 12:43:32.310385 14540 heartbeater.cc:507] Master 127.12.92.190:43461 requested a full tablet report, sending...
I20260608 12:43:32.310817 12658 server_base.cc:861] Flag tcmalloc_max_total_thread_cache_bytes is not working since tcmalloc is not enabled.
I20260608 12:43:32.312997 14338 ts_manager.cc:194] Registered new tserver with Master: ad41b501f39a4cf09006c9b7a6afac65 (127.12.92.130:43907)
I20260608 12:43:32.314064 12658 webserver.cc:533] Webserver started at http://127.12.92.131:44713/ using document root <none> and password file <none>
I20260608 12:43:32.314863 12658 fs_manager.cc:362] Metadata directory not provided
I20260608 12:43:32.315119 12658 fs_manager.cc:368] Using write-ahead log directory (fs_wal_dir) as metadata directory
I20260608 12:43:32.315053 14338 master_service.cc:502] Signed X509 certificate for tserver {username='slave'} at 127.0.0.1:39732
I20260608 12:43:32.315703 12658 server_base.cc:909] This appears to be a new deployment of Kudu; creating new FS layout
I20260608 12:43:32.317133 12658 fs_manager.cc:1068] Generated new instance metadata in path /tmp/dist-test-taskDHq_iN/test-tmp/auto_rebalancer-test.0.AutoRebalancerTest.MovesScheduledIfAddTserver.1780922583070692-12658-0/minicluster-data/ts-2-root/instance:
uuid: "ee78464464da45db8d10aadb98a150e9"
format_stamp: "Formatted at 2026-06-08 12:43:32 on dist-test-slave-vhrd"
I20260608 12:43:32.322285 12658 fs_manager.cc:696] Time spent creating directory manager: real 0.004s	user 0.006s	sys 0.000s
I20260608 12:43:32.325774 14551 log_block_manager.cc:4031] Time spent loading block containers with low live blocks: real 0.000s	user 0.000s	sys 0.000s
I20260608 12:43:32.326637 12658 fs_manager.cc:730] Time spent opening block manager: real 0.002s	user 0.002s	sys 0.000s
I20260608 12:43:32.326906 12658 fs_manager.cc:647] Opened local filesystem: /tmp/dist-test-taskDHq_iN/test-tmp/auto_rebalancer-test.0.AutoRebalancerTest.MovesScheduledIfAddTserver.1780922583070692-12658-0/minicluster-data/ts-2-root
uuid: "ee78464464da45db8d10aadb98a150e9"
format_stamp: "Formatted at 2026-06-08 12:43:32 on dist-test-slave-vhrd"
I20260608 12:43:32.327237 12658 fs_report.cc:389] FS layout report
--------------------
wal directory: /tmp/dist-test-taskDHq_iN/test-tmp/auto_rebalancer-test.0.AutoRebalancerTest.MovesScheduledIfAddTserver.1780922583070692-12658-0/minicluster-data/ts-2-root
metadata directory: /tmp/dist-test-taskDHq_iN/test-tmp/auto_rebalancer-test.0.AutoRebalancerTest.MovesScheduledIfAddTserver.1780922583070692-12658-0/minicluster-data/ts-2-root
1 data directories: /tmp/dist-test-taskDHq_iN/test-tmp/auto_rebalancer-test.0.AutoRebalancerTest.MovesScheduledIfAddTserver.1780922583070692-12658-0/minicluster-data/ts-2-root/data
Total live blocks: 0
Total live bytes: 0
Total live bytes (after alignment): 0
Total number of LBM containers: 0 (0 full)
Did not check for missing blocks
Did not check for orphaned blocks
Total full LBM containers with extra space: 0 (0 repaired)
Total full LBM container extra space in bytes: 0 (0 repaired)
Total incomplete LBM containers: 0 (0 repaired)
Total LBM partial records: 0 (0 repaired)
Total corrupted LBM metadata records in RocksDB: 0 (0 repaired)
I20260608 12:43:32.342219 12658 rpc_server.cc:225] running with OpenSSL 1.1.1  11 Sep 2018
I20260608 12:43:32.343441 12658 kserver.cc:163] Server-wide thread pool size limit: 3276
I20260608 12:43:32.344919 12658 txn_system_client.cc:432] TxnSystemClient initialization is disabled...
I20260608 12:43:32.347299 12658 ts_tablet_manager.cc:585] Loaded tablet metadata (0 total tablets, 0 live tablets)
I20260608 12:43:32.347489 12658 ts_tablet_manager.cc:531] Time spent load tablet metadata: real 0.000s	user 0.000s	sys 0.000s
I20260608 12:43:32.347787 12658 ts_tablet_manager.cc:616] Registered 0 tablets
I20260608 12:43:32.347932 12658 ts_tablet_manager.cc:595] Time spent register tablets: real 0.000s	user 0.000s	sys 0.000s
I20260608 12:43:32.389557 12658 rpc_server.cc:307] RPC server started. Bound to: 127.12.92.131:36233
I20260608 12:43:32.389707 14613 acceptor_pool.cc:272] collecting diagnostics on the listening RPC socket 127.12.92.131:36233 every 8 connection(s)
I20260608 12:43:32.404358 14614 heartbeater.cc:344] Connected to a master server at 127.12.92.190:43461
I20260608 12:43:32.404724 14614 heartbeater.cc:461] Registering TS with master...
I20260608 12:43:32.405411 14614 heartbeater.cc:507] Master 127.12.92.190:43461 requested a full tablet report, sending...
I20260608 12:43:32.407629 14338 ts_manager.cc:194] Registered new tserver with Master: ee78464464da45db8d10aadb98a150e9 (127.12.92.131:36233)
I20260608 12:43:32.407792 12658 internal_mini_cluster.cc:371] 3 TS(s) registered with all masters after 0.014964473s
I20260608 12:43:32.409096 14338 master_service.cc:502] Signed X509 certificate for tserver {username='slave'} at 127.0.0.1:39738
I20260608 12:43:33.225292 14465 heartbeater.cc:499] Master 127.12.92.190:43461 was elected leader, sending a full tablet report...
I20260608 12:43:33.318497 14540 heartbeater.cc:499] Master 127.12.92.190:43461 was elected leader, sending a full tablet report...
I20260608 12:43:33.411806 14614 heartbeater.cc:499] Master 127.12.92.190:43461 was elected leader, sending a full tablet report...
I20260608 12:43:33.465389 14338 catalog_manager.cc:2282] Servicing CreateTable request from {username='slave'} at 127.0.0.1:39746:
name: "test-workload"
schema {
  columns {
    name: "key"
    type: INT32
    is_key: true
    is_nullable: false
    encoding: AUTO_ENCODING
    compression: DEFAULT_COMPRESSION
    cfile_block_size: 0
    immutable: false
  }
  columns {
    name: "int_val"
    type: INT32
    is_key: false
    is_nullable: false
    encoding: AUTO_ENCODING
    compression: DEFAULT_COMPRESSION
    cfile_block_size: 0
    immutable: false
  }
  columns {
    name: "string_val"
    type: STRING
    is_key: false
    is_nullable: true
    encoding: AUTO_ENCODING
    compression: DEFAULT_COMPRESSION
    cfile_block_size: 0
    immutable: false
  }
}
num_replicas: 3
split_rows_range_bounds {
  rows: "\004\001\000\377\377\377?""\004\001\000\377\377\377?"
  indirect_data: """"
}
partition_schema {
  range_schema {
    columns {
      name: "key"
    }
  }
}
W20260608 12:43:33.468153 14338 catalog_manager.cc:7076] The number of live tablet servers is not enough to re-replicate a tablet replica of the newly created table test-workload in case of a server failure: 4 tablet servers would be needed, 3 are available. Consider bringing up more tablet servers.
I20260608 12:43:33.526408 14505 tablet_service.cc:1511] Processing CreateTablet for tablet 16b87f633a1b460889567213626ba3e1 (DEFAULT_TABLE table=test-workload [id=b3893d5e859d47e4aea3dacb36879bc4]), partition=RANGE (key) PARTITION VALUES < 1073741823
I20260608 12:43:33.527168 14430 tablet_service.cc:1511] Processing CreateTablet for tablet 16b87f633a1b460889567213626ba3e1 (DEFAULT_TABLE table=test-workload [id=b3893d5e859d47e4aea3dacb36879bc4]), partition=RANGE (key) PARTITION VALUES < 1073741823
I20260608 12:43:33.527462 14429 tablet_service.cc:1511] Processing CreateTablet for tablet 20e56096b7ea4e62a3da2aaa52bb8fcd (DEFAULT_TABLE table=test-workload [id=b3893d5e859d47e4aea3dacb36879bc4]), partition=RANGE (key) PARTITION 1073741823 <= VALUES
I20260608 12:43:33.528021 14505 data_dirs.cc:400] Could only allocate 1 dirs of requested 3 for tablet 16b87f633a1b460889567213626ba3e1. 1 dirs total, 0 dirs full, 0 dirs failed
I20260608 12:43:33.528908 14430 data_dirs.cc:400] Could only allocate 1 dirs of requested 3 for tablet 16b87f633a1b460889567213626ba3e1. 1 dirs total, 0 dirs full, 0 dirs failed
I20260608 12:43:33.530546 14578 tablet_service.cc:1511] Processing CreateTablet for tablet 20e56096b7ea4e62a3da2aaa52bb8fcd (DEFAULT_TABLE table=test-workload [id=b3893d5e859d47e4aea3dacb36879bc4]), partition=RANGE (key) PARTITION 1073741823 <= VALUES
I20260608 12:43:33.532011 14578 data_dirs.cc:400] Could only allocate 1 dirs of requested 3 for tablet 20e56096b7ea4e62a3da2aaa52bb8fcd. 1 dirs total, 0 dirs full, 0 dirs failed
I20260608 12:43:33.532572 14504 tablet_service.cc:1511] Processing CreateTablet for tablet 20e56096b7ea4e62a3da2aaa52bb8fcd (DEFAULT_TABLE table=test-workload [id=b3893d5e859d47e4aea3dacb36879bc4]), partition=RANGE (key) PARTITION 1073741823 <= VALUES
I20260608 12:43:33.527225 14579 tablet_service.cc:1511] Processing CreateTablet for tablet 16b87f633a1b460889567213626ba3e1 (DEFAULT_TABLE table=test-workload [id=b3893d5e859d47e4aea3dacb36879bc4]), partition=RANGE (key) PARTITION VALUES < 1073741823
I20260608 12:43:33.533946 14504 data_dirs.cc:400] Could only allocate 1 dirs of requested 3 for tablet 20e56096b7ea4e62a3da2aaa52bb8fcd. 1 dirs total, 0 dirs full, 0 dirs failed
I20260608 12:43:33.534008 14579 data_dirs.cc:400] Could only allocate 1 dirs of requested 3 for tablet 16b87f633a1b460889567213626ba3e1. 1 dirs total, 0 dirs full, 0 dirs failed
I20260608 12:43:33.535585 14429 data_dirs.cc:400] Could only allocate 1 dirs of requested 3 for tablet 20e56096b7ea4e62a3da2aaa52bb8fcd. 1 dirs total, 0 dirs full, 0 dirs failed
I20260608 12:43:33.568831 14634 tablet_bootstrap.cc:492] T 16b87f633a1b460889567213626ba3e1 P a628a9f2c715407ba80ec5b17aec1493: Bootstrap starting.
I20260608 12:43:33.571261 14635 tablet_bootstrap.cc:492] T 16b87f633a1b460889567213626ba3e1 P ee78464464da45db8d10aadb98a150e9: Bootstrap starting.
I20260608 12:43:33.572196 14636 tablet_bootstrap.cc:492] T 20e56096b7ea4e62a3da2aaa52bb8fcd P ad41b501f39a4cf09006c9b7a6afac65: Bootstrap starting.
I20260608 12:43:33.577828 14634 tablet_bootstrap.cc:654] T 16b87f633a1b460889567213626ba3e1 P a628a9f2c715407ba80ec5b17aec1493: Neither blocks nor log segments found. Creating new log.
I20260608 12:43:33.579691 14635 tablet_bootstrap.cc:654] T 16b87f633a1b460889567213626ba3e1 P ee78464464da45db8d10aadb98a150e9: Neither blocks nor log segments found. Creating new log.
I20260608 12:43:33.579691 14636 tablet_bootstrap.cc:654] T 20e56096b7ea4e62a3da2aaa52bb8fcd P ad41b501f39a4cf09006c9b7a6afac65: Neither blocks nor log segments found. Creating new log.
I20260608 12:43:33.587167 14635 tablet_bootstrap.cc:492] T 16b87f633a1b460889567213626ba3e1 P ee78464464da45db8d10aadb98a150e9: No bootstrap required, opened a new log
I20260608 12:43:33.587718 14635 ts_tablet_manager.cc:1403] T 16b87f633a1b460889567213626ba3e1 P ee78464464da45db8d10aadb98a150e9: Time spent bootstrapping tablet: real 0.017s	user 0.011s	sys 0.004s
I20260608 12:43:33.589576 14636 tablet_bootstrap.cc:492] T 20e56096b7ea4e62a3da2aaa52bb8fcd P ad41b501f39a4cf09006c9b7a6afac65: No bootstrap required, opened a new log
I20260608 12:43:33.590021 14636 ts_tablet_manager.cc:1403] T 20e56096b7ea4e62a3da2aaa52bb8fcd P ad41b501f39a4cf09006c9b7a6afac65: Time spent bootstrapping tablet: real 0.018s	user 0.009s	sys 0.005s
I20260608 12:43:33.590112 14634 tablet_bootstrap.cc:492] T 16b87f633a1b460889567213626ba3e1 P a628a9f2c715407ba80ec5b17aec1493: No bootstrap required, opened a new log
I20260608 12:43:33.590641 14634 ts_tablet_manager.cc:1403] T 16b87f633a1b460889567213626ba3e1 P a628a9f2c715407ba80ec5b17aec1493: Time spent bootstrapping tablet: real 0.022s	user 0.005s	sys 0.012s
I20260608 12:43:33.590972 14635 raft_consensus.cc:359] T 16b87f633a1b460889567213626ba3e1 P ee78464464da45db8d10aadb98a150e9 [term 0 FOLLOWER]: Replica starting. Triggering 0 pending ops. Active config: opid_index: -1 OBSOLETE_local: false peers { permanent_uuid: "a628a9f2c715407ba80ec5b17aec1493" member_type: VOTER last_known_addr { host: "127.12.92.129" port: 44717 } } peers { permanent_uuid: "ad41b501f39a4cf09006c9b7a6afac65" member_type: VOTER last_known_addr { host: "127.12.92.130" port: 43907 } } peers { permanent_uuid: "ee78464464da45db8d10aadb98a150e9" member_type: VOTER last_known_addr { host: "127.12.92.131" port: 36233 } }
I20260608 12:43:33.591805 14635 raft_consensus.cc:385] T 16b87f633a1b460889567213626ba3e1 P ee78464464da45db8d10aadb98a150e9 [term 0 FOLLOWER]: Consensus starting up: Expiring failure detector timer to make a prompt election more likely
I20260608 12:43:33.592113 14635 raft_consensus.cc:740] T 16b87f633a1b460889567213626ba3e1 P ee78464464da45db8d10aadb98a150e9 [term 0 FOLLOWER]: Becoming Follower/Learner. State: Replica: ee78464464da45db8d10aadb98a150e9, State: Initialized, Role: FOLLOWER
I20260608 12:43:33.592607 14636 raft_consensus.cc:359] T 20e56096b7ea4e62a3da2aaa52bb8fcd P ad41b501f39a4cf09006c9b7a6afac65 [term 0 FOLLOWER]: Replica starting. Triggering 0 pending ops. Active config: opid_index: -1 OBSOLETE_local: false peers { permanent_uuid: "a628a9f2c715407ba80ec5b17aec1493" member_type: VOTER last_known_addr { host: "127.12.92.129" port: 44717 } } peers { permanent_uuid: "ad41b501f39a4cf09006c9b7a6afac65" member_type: VOTER last_known_addr { host: "127.12.92.130" port: 43907 } } peers { permanent_uuid: "ee78464464da45db8d10aadb98a150e9" member_type: VOTER last_known_addr { host: "127.12.92.131" port: 36233 } }
I20260608 12:43:33.593247 14636 raft_consensus.cc:385] T 20e56096b7ea4e62a3da2aaa52bb8fcd P ad41b501f39a4cf09006c9b7a6afac65 [term 0 FOLLOWER]: Consensus starting up: Expiring failure detector timer to make a prompt election more likely
I20260608 12:43:33.592929 14635 consensus_queue.cc:260] T 16b87f633a1b460889567213626ba3e1 P ee78464464da45db8d10aadb98a150e9 [NON_LEADER]: Queue going to NON_LEADER mode. State: All replicated index: 0, Majority replicated index: 0, Committed index: 0, Last appended: 0.0, Last appended by leader: 0, Current term: 0, Majority size: -1, State: 0, Mode: NON_LEADER, active raft config: opid_index: -1 OBSOLETE_local: false peers { permanent_uuid: "a628a9f2c715407ba80ec5b17aec1493" member_type: VOTER last_known_addr { host: "127.12.92.129" port: 44717 } } peers { permanent_uuid: "ad41b501f39a4cf09006c9b7a6afac65" member_type: VOTER last_known_addr { host: "127.12.92.130" port: 43907 } } peers { permanent_uuid: "ee78464464da45db8d10aadb98a150e9" member_type: VOTER last_known_addr { host: "127.12.92.131" port: 36233 } }
I20260608 12:43:33.593523 14636 raft_consensus.cc:740] T 20e56096b7ea4e62a3da2aaa52bb8fcd P ad41b501f39a4cf09006c9b7a6afac65 [term 0 FOLLOWER]: Becoming Follower/Learner. State: Replica: ad41b501f39a4cf09006c9b7a6afac65, State: Initialized, Role: FOLLOWER
I20260608 12:43:33.593683 14634 raft_consensus.cc:359] T 16b87f633a1b460889567213626ba3e1 P a628a9f2c715407ba80ec5b17aec1493 [term 0 FOLLOWER]: Replica starting. Triggering 0 pending ops. Active config: opid_index: -1 OBSOLETE_local: false peers { permanent_uuid: "a628a9f2c715407ba80ec5b17aec1493" member_type: VOTER last_known_addr { host: "127.12.92.129" port: 44717 } } peers { permanent_uuid: "ad41b501f39a4cf09006c9b7a6afac65" member_type: VOTER last_known_addr { host: "127.12.92.130" port: 43907 } } peers { permanent_uuid: "ee78464464da45db8d10aadb98a150e9" member_type: VOTER last_known_addr { host: "127.12.92.131" port: 36233 } }
I20260608 12:43:33.594499 14634 raft_consensus.cc:385] T 16b87f633a1b460889567213626ba3e1 P a628a9f2c715407ba80ec5b17aec1493 [term 0 FOLLOWER]: Consensus starting up: Expiring failure detector timer to make a prompt election more likely
I20260608 12:43:33.594274 14636 consensus_queue.cc:260] T 20e56096b7ea4e62a3da2aaa52bb8fcd P ad41b501f39a4cf09006c9b7a6afac65 [NON_LEADER]: Queue going to NON_LEADER mode. State: All replicated index: 0, Majority replicated index: 0, Committed index: 0, Last appended: 0.0, Last appended by leader: 0, Current term: 0, Majority size: -1, State: 0, Mode: NON_LEADER, active raft config: opid_index: -1 OBSOLETE_local: false peers { permanent_uuid: "a628a9f2c715407ba80ec5b17aec1493" member_type: VOTER last_known_addr { host: "127.12.92.129" port: 44717 } } peers { permanent_uuid: "ad41b501f39a4cf09006c9b7a6afac65" member_type: VOTER last_known_addr { host: "127.12.92.130" port: 43907 } } peers { permanent_uuid: "ee78464464da45db8d10aadb98a150e9" member_type: VOTER last_known_addr { host: "127.12.92.131" port: 36233 } }
I20260608 12:43:33.594954 14634 raft_consensus.cc:740] T 16b87f633a1b460889567213626ba3e1 P a628a9f2c715407ba80ec5b17aec1493 [term 0 FOLLOWER]: Becoming Follower/Learner. State: Replica: a628a9f2c715407ba80ec5b17aec1493, State: Initialized, Role: FOLLOWER
I20260608 12:43:33.596063 14635 ts_tablet_manager.cc:1434] T 16b87f633a1b460889567213626ba3e1 P ee78464464da45db8d10aadb98a150e9: Time spent starting tablet: real 0.008s	user 0.008s	sys 0.000s
I20260608 12:43:33.595992 14634 consensus_queue.cc:260] T 16b87f633a1b460889567213626ba3e1 P a628a9f2c715407ba80ec5b17aec1493 [NON_LEADER]: Queue going to NON_LEADER mode. State: All replicated index: 0, Majority replicated index: 0, Committed index: 0, Last appended: 0.0, Last appended by leader: 0, Current term: 0, Majority size: -1, State: 0, Mode: NON_LEADER, active raft config: opid_index: -1 OBSOLETE_local: false peers { permanent_uuid: "a628a9f2c715407ba80ec5b17aec1493" member_type: VOTER last_known_addr { host: "127.12.92.129" port: 44717 } } peers { permanent_uuid: "ad41b501f39a4cf09006c9b7a6afac65" member_type: VOTER last_known_addr { host: "127.12.92.130" port: 43907 } } peers { permanent_uuid: "ee78464464da45db8d10aadb98a150e9" member_type: VOTER last_known_addr { host: "127.12.92.131" port: 36233 } }
I20260608 12:43:33.597285 14635 tablet_bootstrap.cc:492] T 20e56096b7ea4e62a3da2aaa52bb8fcd P ee78464464da45db8d10aadb98a150e9: Bootstrap starting.
I20260608 12:43:33.606902 14635 tablet_bootstrap.cc:654] T 20e56096b7ea4e62a3da2aaa52bb8fcd P ee78464464da45db8d10aadb98a150e9: Neither blocks nor log segments found. Creating new log.
I20260608 12:43:33.611690 14636 ts_tablet_manager.cc:1434] T 20e56096b7ea4e62a3da2aaa52bb8fcd P ad41b501f39a4cf09006c9b7a6afac65: Time spent starting tablet: real 0.021s	user 0.009s	sys 0.001s
I20260608 12:43:33.612809 14636 tablet_bootstrap.cc:492] T 16b87f633a1b460889567213626ba3e1 P ad41b501f39a4cf09006c9b7a6afac65: Bootstrap starting.
I20260608 12:43:33.623001 14636 tablet_bootstrap.cc:654] T 16b87f633a1b460889567213626ba3e1 P ad41b501f39a4cf09006c9b7a6afac65: Neither blocks nor log segments found. Creating new log.
I20260608 12:43:33.624992 14634 ts_tablet_manager.cc:1434] T 16b87f633a1b460889567213626ba3e1 P a628a9f2c715407ba80ec5b17aec1493: Time spent starting tablet: real 0.034s	user 0.014s	sys 0.020s
I20260608 12:43:33.626125 14634 tablet_bootstrap.cc:492] T 20e56096b7ea4e62a3da2aaa52bb8fcd P a628a9f2c715407ba80ec5b17aec1493: Bootstrap starting.
I20260608 12:43:33.627111 14635 tablet_bootstrap.cc:492] T 20e56096b7ea4e62a3da2aaa52bb8fcd P ee78464464da45db8d10aadb98a150e9: No bootstrap required, opened a new log
I20260608 12:43:33.627723 14635 ts_tablet_manager.cc:1403] T 20e56096b7ea4e62a3da2aaa52bb8fcd P ee78464464da45db8d10aadb98a150e9: Time spent bootstrapping tablet: real 0.031s	user 0.022s	sys 0.007s
I20260608 12:43:33.630968 14635 raft_consensus.cc:359] T 20e56096b7ea4e62a3da2aaa52bb8fcd P ee78464464da45db8d10aadb98a150e9 [term 0 FOLLOWER]: Replica starting. Triggering 0 pending ops. Active config: opid_index: -1 OBSOLETE_local: false peers { permanent_uuid: "a628a9f2c715407ba80ec5b17aec1493" member_type: VOTER last_known_addr { host: "127.12.92.129" port: 44717 } } peers { permanent_uuid: "ad41b501f39a4cf09006c9b7a6afac65" member_type: VOTER last_known_addr { host: "127.12.92.130" port: 43907 } } peers { permanent_uuid: "ee78464464da45db8d10aadb98a150e9" member_type: VOTER last_known_addr { host: "127.12.92.131" port: 36233 } }
I20260608 12:43:33.631814 14635 raft_consensus.cc:385] T 20e56096b7ea4e62a3da2aaa52bb8fcd P ee78464464da45db8d10aadb98a150e9 [term 0 FOLLOWER]: Consensus starting up: Expiring failure detector timer to make a prompt election more likely
I20260608 12:43:33.632290 14635 raft_consensus.cc:740] T 20e56096b7ea4e62a3da2aaa52bb8fcd P ee78464464da45db8d10aadb98a150e9 [term 0 FOLLOWER]: Becoming Follower/Learner. State: Replica: ee78464464da45db8d10aadb98a150e9, State: Initialized, Role: FOLLOWER
I20260608 12:43:33.632664 14634 tablet_bootstrap.cc:654] T 20e56096b7ea4e62a3da2aaa52bb8fcd P a628a9f2c715407ba80ec5b17aec1493: Neither blocks nor log segments found. Creating new log.
I20260608 12:43:33.633194 14635 consensus_queue.cc:260] T 20e56096b7ea4e62a3da2aaa52bb8fcd P ee78464464da45db8d10aadb98a150e9 [NON_LEADER]: Queue going to NON_LEADER mode. State: All replicated index: 0, Majority replicated index: 0, Committed index: 0, Last appended: 0.0, Last appended by leader: 0, Current term: 0, Majority size: -1, State: 0, Mode: NON_LEADER, active raft config: opid_index: -1 OBSOLETE_local: false peers { permanent_uuid: "a628a9f2c715407ba80ec5b17aec1493" member_type: VOTER last_known_addr { host: "127.12.92.129" port: 44717 } } peers { permanent_uuid: "ad41b501f39a4cf09006c9b7a6afac65" member_type: VOTER last_known_addr { host: "127.12.92.130" port: 43907 } } peers { permanent_uuid: "ee78464464da45db8d10aadb98a150e9" member_type: VOTER last_known_addr { host: "127.12.92.131" port: 36233 } }
I20260608 12:43:33.636056 14635 ts_tablet_manager.cc:1434] T 20e56096b7ea4e62a3da2aaa52bb8fcd P ee78464464da45db8d10aadb98a150e9: Time spent starting tablet: real 0.008s	user 0.007s	sys 0.000s
I20260608 12:43:33.637753 14636 tablet_bootstrap.cc:492] T 16b87f633a1b460889567213626ba3e1 P ad41b501f39a4cf09006c9b7a6afac65: No bootstrap required, opened a new log
I20260608 12:43:33.638414 14636 ts_tablet_manager.cc:1403] T 16b87f633a1b460889567213626ba3e1 P ad41b501f39a4cf09006c9b7a6afac65: Time spent bootstrapping tablet: real 0.026s	user 0.003s	sys 0.015s
I20260608 12:43:33.641634 14636 raft_consensus.cc:359] T 16b87f633a1b460889567213626ba3e1 P ad41b501f39a4cf09006c9b7a6afac65 [term 0 FOLLOWER]: Replica starting. Triggering 0 pending ops. Active config: opid_index: -1 OBSOLETE_local: false peers { permanent_uuid: "a628a9f2c715407ba80ec5b17aec1493" member_type: VOTER last_known_addr { host: "127.12.92.129" port: 44717 } } peers { permanent_uuid: "ad41b501f39a4cf09006c9b7a6afac65" member_type: VOTER last_known_addr { host: "127.12.92.130" port: 43907 } } peers { permanent_uuid: "ee78464464da45db8d10aadb98a150e9" member_type: VOTER last_known_addr { host: "127.12.92.131" port: 36233 } }
I20260608 12:43:33.642280 14636 raft_consensus.cc:385] T 16b87f633a1b460889567213626ba3e1 P ad41b501f39a4cf09006c9b7a6afac65 [term 0 FOLLOWER]: Consensus starting up: Expiring failure detector timer to make a prompt election more likely
I20260608 12:43:33.642618 14636 raft_consensus.cc:740] T 16b87f633a1b460889567213626ba3e1 P ad41b501f39a4cf09006c9b7a6afac65 [term 0 FOLLOWER]: Becoming Follower/Learner. State: Replica: ad41b501f39a4cf09006c9b7a6afac65, State: Initialized, Role: FOLLOWER
I20260608 12:43:33.643358 14636 consensus_queue.cc:260] T 16b87f633a1b460889567213626ba3e1 P ad41b501f39a4cf09006c9b7a6afac65 [NON_LEADER]: Queue going to NON_LEADER mode. State: All replicated index: 0, Majority replicated index: 0, Committed index: 0, Last appended: 0.0, Last appended by leader: 0, Current term: 0, Majority size: -1, State: 0, Mode: NON_LEADER, active raft config: opid_index: -1 OBSOLETE_local: false peers { permanent_uuid: "a628a9f2c715407ba80ec5b17aec1493" member_type: VOTER last_known_addr { host: "127.12.92.129" port: 44717 } } peers { permanent_uuid: "ad41b501f39a4cf09006c9b7a6afac65" member_type: VOTER last_known_addr { host: "127.12.92.130" port: 43907 } } peers { permanent_uuid: "ee78464464da45db8d10aadb98a150e9" member_type: VOTER last_known_addr { host: "127.12.92.131" port: 36233 } }
I20260608 12:43:33.645267 14636 ts_tablet_manager.cc:1434] T 16b87f633a1b460889567213626ba3e1 P ad41b501f39a4cf09006c9b7a6afac65: Time spent starting tablet: real 0.006s	user 0.002s	sys 0.002s
I20260608 12:43:33.649636 14634 tablet_bootstrap.cc:492] T 20e56096b7ea4e62a3da2aaa52bb8fcd P a628a9f2c715407ba80ec5b17aec1493: No bootstrap required, opened a new log
I20260608 12:43:33.650173 14634 ts_tablet_manager.cc:1403] T 20e56096b7ea4e62a3da2aaa52bb8fcd P a628a9f2c715407ba80ec5b17aec1493: Time spent bootstrapping tablet: real 0.024s	user 0.015s	sys 0.002s
I20260608 12:43:33.652751 14634 raft_consensus.cc:359] T 20e56096b7ea4e62a3da2aaa52bb8fcd P a628a9f2c715407ba80ec5b17aec1493 [term 0 FOLLOWER]: Replica starting. Triggering 0 pending ops. Active config: opid_index: -1 OBSOLETE_local: false peers { permanent_uuid: "a628a9f2c715407ba80ec5b17aec1493" member_type: VOTER last_known_addr { host: "127.12.92.129" port: 44717 } } peers { permanent_uuid: "ad41b501f39a4cf09006c9b7a6afac65" member_type: VOTER last_known_addr { host: "127.12.92.130" port: 43907 } } peers { permanent_uuid: "ee78464464da45db8d10aadb98a150e9" member_type: VOTER last_known_addr { host: "127.12.92.131" port: 36233 } }
I20260608 12:43:33.653467 14634 raft_consensus.cc:385] T 20e56096b7ea4e62a3da2aaa52bb8fcd P a628a9f2c715407ba80ec5b17aec1493 [term 0 FOLLOWER]: Consensus starting up: Expiring failure detector timer to make a prompt election more likely
I20260608 12:43:33.653771 14634 raft_consensus.cc:740] T 20e56096b7ea4e62a3da2aaa52bb8fcd P a628a9f2c715407ba80ec5b17aec1493 [term 0 FOLLOWER]: Becoming Follower/Learner. State: Replica: a628a9f2c715407ba80ec5b17aec1493, State: Initialized, Role: FOLLOWER
I20260608 12:43:33.654700 14634 consensus_queue.cc:260] T 20e56096b7ea4e62a3da2aaa52bb8fcd P a628a9f2c715407ba80ec5b17aec1493 [NON_LEADER]: Queue going to NON_LEADER mode. State: All replicated index: 0, Majority replicated index: 0, Committed index: 0, Last appended: 0.0, Last appended by leader: 0, Current term: 0, Majority size: -1, State: 0, Mode: NON_LEADER, active raft config: opid_index: -1 OBSOLETE_local: false peers { permanent_uuid: "a628a9f2c715407ba80ec5b17aec1493" member_type: VOTER last_known_addr { host: "127.12.92.129" port: 44717 } } peers { permanent_uuid: "ad41b501f39a4cf09006c9b7a6afac65" member_type: VOTER last_known_addr { host: "127.12.92.130" port: 43907 } } peers { permanent_uuid: "ee78464464da45db8d10aadb98a150e9" member_type: VOTER last_known_addr { host: "127.12.92.131" port: 36233 } }
I20260608 12:43:33.656787 14634 ts_tablet_manager.cc:1434] T 20e56096b7ea4e62a3da2aaa52bb8fcd P a628a9f2c715407ba80ec5b17aec1493: Time spent starting tablet: real 0.006s	user 0.007s	sys 0.000s
I20260608 12:43:33.790782 14642 raft_consensus.cc:493] T 16b87f633a1b460889567213626ba3e1 P a628a9f2c715407ba80ec5b17aec1493 [term 0 FOLLOWER]: Starting pre-election (no leader contacted us within the election timeout)
I20260608 12:43:33.791366 14642 raft_consensus.cc:515] T 16b87f633a1b460889567213626ba3e1 P a628a9f2c715407ba80ec5b17aec1493 [term 0 FOLLOWER]: Starting pre-election with config: opid_index: -1 OBSOLETE_local: false peers { permanent_uuid: "a628a9f2c715407ba80ec5b17aec1493" member_type: VOTER last_known_addr { host: "127.12.92.129" port: 44717 } } peers { permanent_uuid: "ad41b501f39a4cf09006c9b7a6afac65" member_type: VOTER last_known_addr { host: "127.12.92.130" port: 43907 } } peers { permanent_uuid: "ee78464464da45db8d10aadb98a150e9" member_type: VOTER last_known_addr { host: "127.12.92.131" port: 36233 } }
I20260608 12:43:33.793604 14642 leader_election.cc:290] T 16b87f633a1b460889567213626ba3e1 P a628a9f2c715407ba80ec5b17aec1493 [CANDIDATE]: Term 1 pre-election: Requested pre-vote from peers ad41b501f39a4cf09006c9b7a6afac65 (127.12.92.130:43907), ee78464464da45db8d10aadb98a150e9 (127.12.92.131:36233)
I20260608 12:43:33.804845 14589 tablet_service.cc:1917] Received RequestConsensusVote() RPC: tablet_id: "16b87f633a1b460889567213626ba3e1" candidate_uuid: "a628a9f2c715407ba80ec5b17aec1493" candidate_term: 1 candidate_status { last_received { term: 0 index: 0 } } ignore_live_leader: false dest_uuid: "ee78464464da45db8d10aadb98a150e9" is_pre_election: true
I20260608 12:43:33.804697 14515 tablet_service.cc:1917] Received RequestConsensusVote() RPC: tablet_id: "16b87f633a1b460889567213626ba3e1" candidate_uuid: "a628a9f2c715407ba80ec5b17aec1493" candidate_term: 1 candidate_status { last_received { term: 0 index: 0 } } ignore_live_leader: false dest_uuid: "ad41b501f39a4cf09006c9b7a6afac65" is_pre_election: true
I20260608 12:43:33.805586 14589 raft_consensus.cc:2468] T 16b87f633a1b460889567213626ba3e1 P ee78464464da45db8d10aadb98a150e9 [term 0 FOLLOWER]: Leader pre-election vote request: Granting yes vote for candidate a628a9f2c715407ba80ec5b17aec1493 in term 0.
I20260608 12:43:33.805644 14515 raft_consensus.cc:2468] T 16b87f633a1b460889567213626ba3e1 P ad41b501f39a4cf09006c9b7a6afac65 [term 0 FOLLOWER]: Leader pre-election vote request: Granting yes vote for candidate a628a9f2c715407ba80ec5b17aec1493 in term 0.
I20260608 12:43:33.807106 14406 leader_election.cc:304] T 16b87f633a1b460889567213626ba3e1 P a628a9f2c715407ba80ec5b17aec1493 [CANDIDATE]: Term 1 pre-election: Election decided. Result: candidate won. Election summary: received 2 responses out of 3 voters: 2 yes votes; 0 no votes. yes voters: a628a9f2c715407ba80ec5b17aec1493, ee78464464da45db8d10aadb98a150e9; no voters: 
I20260608 12:43:33.807925 14642 raft_consensus.cc:2804] T 16b87f633a1b460889567213626ba3e1 P a628a9f2c715407ba80ec5b17aec1493 [term 0 FOLLOWER]: Leader pre-election won for term 1
I20260608 12:43:33.808218 14642 raft_consensus.cc:493] T 16b87f633a1b460889567213626ba3e1 P a628a9f2c715407ba80ec5b17aec1493 [term 0 FOLLOWER]: Starting leader election (no leader contacted us within the election timeout)
I20260608 12:43:33.808501 14642 raft_consensus.cc:3060] T 16b87f633a1b460889567213626ba3e1 P a628a9f2c715407ba80ec5b17aec1493 [term 0 FOLLOWER]: Advancing to term 1
I20260608 12:43:33.812997 14642 raft_consensus.cc:515] T 16b87f633a1b460889567213626ba3e1 P a628a9f2c715407ba80ec5b17aec1493 [term 1 FOLLOWER]: Starting leader election with config: opid_index: -1 OBSOLETE_local: false peers { permanent_uuid: "a628a9f2c715407ba80ec5b17aec1493" member_type: VOTER last_known_addr { host: "127.12.92.129" port: 44717 } } peers { permanent_uuid: "ad41b501f39a4cf09006c9b7a6afac65" member_type: VOTER last_known_addr { host: "127.12.92.130" port: 43907 } } peers { permanent_uuid: "ee78464464da45db8d10aadb98a150e9" member_type: VOTER last_known_addr { host: "127.12.92.131" port: 36233 } }
I20260608 12:43:33.814709 14642 leader_election.cc:290] T 16b87f633a1b460889567213626ba3e1 P a628a9f2c715407ba80ec5b17aec1493 [CANDIDATE]: Term 1 election: Requested vote from peers ad41b501f39a4cf09006c9b7a6afac65 (127.12.92.130:43907), ee78464464da45db8d10aadb98a150e9 (127.12.92.131:36233)
