I20260608 12:44:22.405190 16159 tablet_replica.cc:333] T 3c3ac8c2e2e440dd9af338d3126c160f P 0b5b9463e23f4849b949a6fce665bb1e: stopping tablet replica
I20260608 12:44:22.392771 15907 raft_consensus.cc:1275] T 10801ff63e5c45d39a2a2bc6d95cf939 P 0b5b9463e23f4849b949a6fce665bb1e [term 1 FOLLOWER]: Refusing update from remote peer 9951808a51ea4bb0bc758bd1ecab131f: Log matching property violated. Preceding OpId in replica: term: 1 index: 2. Preceding OpId from leader: term: 1 index: 3. (index mismatch)
I20260608 12:44:22.406273 16159 raft_consensus.cc:2243] T 3c3ac8c2e2e440dd9af338d3126c160f P 0b5b9463e23f4849b949a6fce665bb1e [term 1 FOLLOWER]: Raft consensus shutting down.
I20260608 12:44:22.406991 16159 raft_consensus.cc:2272] T 3c3ac8c2e2e440dd9af338d3126c160f P 0b5b9463e23f4849b949a6fce665bb1e [term 1 FOLLOWER]: Raft consensus is shut down!
I20260608 12:44:22.407660 15493 catalog_manager.cc:5696] T 408155b894304fb088706a759c5a088f P 9951808a51ea4bb0bc758bd1ecab131f reported cstate change: config changed from index 4 to 5, VOTER 1a5a181371bd47abb747fd7ee93a034f (127.12.81.131) evicted. New cstate: current_term: 2 leader_uuid: "9951808a51ea4bb0bc758bd1ecab131f" committed_config { opid_index: 5 OBSOLETE_local: false peers { permanent_uuid: "b0f62bc2111f498996b8b8732fda5be3" member_type: VOTER last_known_addr { host: "127.12.81.129" port: 42079 } health_report { overall_health: UNKNOWN } } peers { permanent_uuid: "9951808a51ea4bb0bc758bd1ecab131f" member_type: VOTER last_known_addr { host: "127.12.81.130" port: 42081 } health_report { overall_health: HEALTHY } } peers { permanent_uuid: "0b5b9463e23f4849b949a6fce665bb1e" member_type: VOTER last_known_addr { host: "127.12.81.132" port: 44085 } attrs { promote: false } health_report { overall_health: HEALTHY } } }
I20260608 12:44:22.412050 16140 consensus_queue.cc:1048] T 10801ff63e5c45d39a2a2bc6d95cf939 P 9951808a51ea4bb0bc758bd1ecab131f [LEADER]: Connected to new peer: Peer: permanent_uuid: "0b5b9463e23f4849b949a6fce665bb1e" member_type: VOTER last_known_addr { host: "127.12.81.132" port: 44085 } attrs { replace: true }, Status: LMP_MISMATCH, Last received: 0.0, Next index: 3, Last known committed idx: 2, Time since last communication: 0.000s
I20260608 12:44:22.425076 16159 ts_tablet_manager.cc:1916] T 3c3ac8c2e2e440dd9af338d3126c160f P 0b5b9463e23f4849b949a6fce665bb1e: Deleting tablet data with delete state TABLET_DATA_TOMBSTONED
I20260608 12:44:22.433048 16108 raft_consensus.cc:2955] T 10801ff63e5c45d39a2a2bc6d95cf939 P 9951808a51ea4bb0bc758bd1ecab131f [term 1 LEADER]: Committing config change with OpId 1.3: config changed from index 2 to 3, 1a5a181371bd47abb747fd7ee93a034f (127.12.81.131) changed from NON_VOTER to VOTER. New config: { opid_index: 3 OBSOLETE_local: false peers { permanent_uuid: "0b5b9463e23f4849b949a6fce665bb1e" member_type: VOTER last_known_addr { host: "127.12.81.132" port: 44085 } attrs { replace: true } } peers { permanent_uuid: "9951808a51ea4bb0bc758bd1ecab131f" member_type: VOTER last_known_addr { host: "127.12.81.130" port: 42081 } } peers { permanent_uuid: "b0f62bc2111f498996b8b8732fda5be3" member_type: VOTER last_known_addr { host: "127.12.81.129" port: 42079 } } peers { permanent_uuid: "1a5a181371bd47abb747fd7ee93a034f" member_type: VOTER last_known_addr { host: "127.12.81.131" port: 41847 } attrs { promote: false } } }
I20260608 12:44:22.441337 16159 ts_tablet_manager.cc:1929] T 3c3ac8c2e2e440dd9af338d3126c160f P 0b5b9463e23f4849b949a6fce665bb1e: tablet deleted with delete type TABLET_DATA_TOMBSTONED: last-logged OpId 1.3
I20260608 12:44:22.441883 16159 log.cc:1199] T 3c3ac8c2e2e440dd9af338d3126c160f P 0b5b9463e23f4849b949a6fce665bb1e: Deleting WAL directory at /tmp/dist-test-taskAXJrh0/test-tmp/auto_rebalancer-test.0.AutoRebalancerTest.RangeAwareRebalancesNewRangeReplicas.1780922574053480-12614-0/minicluster-data/ts-3-root/wals/3c3ac8c2e2e440dd9af338d3126c160f
I20260608 12:44:22.442270 15730 tablet_service.cc:1558] Processing DeleteTablet for tablet 408155b894304fb088706a759c5a088f with delete_type TABLET_DATA_TOMBSTONED (TS 1a5a181371bd47abb747fd7ee93a034f not found in new config with opid_index 5) from {username='slave'} at 127.0.0.1:49106
I20260608 12:44:22.444308 16164 tablet_replica.cc:333] T 408155b894304fb088706a759c5a088f P 1a5a181371bd47abb747fd7ee93a034f: stopping tablet replica
I20260608 12:44:22.447753 16164 raft_consensus.cc:2243] T 408155b894304fb088706a759c5a088f P 1a5a181371bd47abb747fd7ee93a034f [term 2 FOLLOWER]: Raft consensus shutting down.
I20260608 12:44:22.436136 15744 raft_consensus.cc:2955] T 10801ff63e5c45d39a2a2bc6d95cf939 P 1a5a181371bd47abb747fd7ee93a034f [term 1 FOLLOWER]: Committing config change with OpId 1.3: config changed from index 2 to 3, 1a5a181371bd47abb747fd7ee93a034f (127.12.81.131) changed from NON_VOTER to VOTER. New config: { opid_index: 3 OBSOLETE_local: false peers { permanent_uuid: "0b5b9463e23f4849b949a6fce665bb1e" member_type: VOTER last_known_addr { host: "127.12.81.132" port: 44085 } attrs { replace: true } } peers { permanent_uuid: "9951808a51ea4bb0bc758bd1ecab131f" member_type: VOTER last_known_addr { host: "127.12.81.130" port: 42081 } } peers { permanent_uuid: "b0f62bc2111f498996b8b8732fda5be3" member_type: VOTER last_known_addr { host: "127.12.81.129" port: 42079 } } peers { permanent_uuid: "1a5a181371bd47abb747fd7ee93a034f" member_type: VOTER last_known_addr { host: "127.12.81.131" port: 41847 } attrs { promote: false } } }
I20260608 12:44:22.449705 16164 raft_consensus.cc:2272] T 408155b894304fb088706a759c5a088f P 1a5a181371bd47abb747fd7ee93a034f [term 2 FOLLOWER]: Raft consensus is shut down!
I20260608 12:44:22.451712 15480 catalog_manager.cc:5027] TS 0b5b9463e23f4849b949a6fce665bb1e (127.12.81.132:44085): tablet 3c3ac8c2e2e440dd9af338d3126c160f (table range_aware_rebalance_new_range [id=4bf95c5861da46ea8a0ebb2a7cb35240]) successfully deleted
I20260608 12:44:22.452983 15907 raft_consensus.cc:2955] T 10801ff63e5c45d39a2a2bc6d95cf939 P 0b5b9463e23f4849b949a6fce665bb1e [term 1 FOLLOWER]: Committing config change with OpId 1.3: config changed from index 2 to 3, 1a5a181371bd47abb747fd7ee93a034f (127.12.81.131) changed from NON_VOTER to VOTER. New config: { opid_index: 3 OBSOLETE_local: false peers { permanent_uuid: "0b5b9463e23f4849b949a6fce665bb1e" member_type: VOTER last_known_addr { host: "127.12.81.132" port: 44085 } attrs { replace: true } } peers { permanent_uuid: "9951808a51ea4bb0bc758bd1ecab131f" member_type: VOTER last_known_addr { host: "127.12.81.130" port: 42081 } } peers { permanent_uuid: "b0f62bc2111f498996b8b8732fda5be3" member_type: VOTER last_known_addr { host: "127.12.81.129" port: 42079 } } peers { permanent_uuid: "1a5a181371bd47abb747fd7ee93a034f" member_type: VOTER last_known_addr { host: "127.12.81.131" port: 41847 } attrs { promote: false } } }
I20260608 12:44:22.453302 15595 raft_consensus.cc:2955] T 10801ff63e5c45d39a2a2bc6d95cf939 P b0f62bc2111f498996b8b8732fda5be3 [term 1 FOLLOWER]: Committing config change with OpId 1.3: config changed from index 2 to 3, 1a5a181371bd47abb747fd7ee93a034f (127.12.81.131) changed from NON_VOTER to VOTER. New config: { opid_index: 3 OBSOLETE_local: false peers { permanent_uuid: "0b5b9463e23f4849b949a6fce665bb1e" member_type: VOTER last_known_addr { host: "127.12.81.132" port: 44085 } attrs { replace: true } } peers { permanent_uuid: "9951808a51ea4bb0bc758bd1ecab131f" member_type: VOTER last_known_addr { host: "127.12.81.130" port: 42081 } } peers { permanent_uuid: "b0f62bc2111f498996b8b8732fda5be3" member_type: VOTER last_known_addr { host: "127.12.81.129" port: 42079 } } peers { permanent_uuid: "1a5a181371bd47abb747fd7ee93a034f" member_type: VOTER last_known_addr { host: "127.12.81.131" port: 41847 } attrs { promote: false } } }
I20260608 12:44:22.457854 16164 ts_tablet_manager.cc:1916] T 408155b894304fb088706a759c5a088f P 1a5a181371bd47abb747fd7ee93a034f: Deleting tablet data with delete state TABLET_DATA_TOMBSTONED
I20260608 12:44:22.468083 15491 catalog_manager.cc:5696] T 10801ff63e5c45d39a2a2bc6d95cf939 P 1a5a181371bd47abb747fd7ee93a034f reported cstate change: config changed from index 2 to 3, 1a5a181371bd47abb747fd7ee93a034f (127.12.81.131) changed from NON_VOTER to VOTER. New cstate: current_term: 1 leader_uuid: "9951808a51ea4bb0bc758bd1ecab131f" committed_config { opid_index: 3 OBSOLETE_local: false peers { permanent_uuid: "0b5b9463e23f4849b949a6fce665bb1e" member_type: VOTER last_known_addr { host: "127.12.81.132" port: 44085 } attrs { replace: true } } peers { permanent_uuid: "9951808a51ea4bb0bc758bd1ecab131f" member_type: VOTER last_known_addr { host: "127.12.81.130" port: 42081 } } peers { permanent_uuid: "b0f62bc2111f498996b8b8732fda5be3" member_type: VOTER last_known_addr { host: "127.12.81.129" port: 42079 } } peers { permanent_uuid: "1a5a181371bd47abb747fd7ee93a034f" member_type: VOTER last_known_addr { host: "127.12.81.131" port: 41847 } attrs { promote: false } } }
I20260608 12:44:22.476787 16164 ts_tablet_manager.cc:1929] T 408155b894304fb088706a759c5a088f P 1a5a181371bd47abb747fd7ee93a034f: tablet deleted with delete type TABLET_DATA_TOMBSTONED: last-logged OpId 2.4
I20260608 12:44:22.477156 16164 log.cc:1199] T 408155b894304fb088706a759c5a088f P 1a5a181371bd47abb747fd7ee93a034f: Deleting WAL directory at /tmp/dist-test-taskAXJrh0/test-tmp/auto_rebalancer-test.0.AutoRebalancerTest.RangeAwareRebalancesNewRangeReplicas.1780922574053480-12614-0/minicluster-data/ts-2-root/wals/408155b894304fb088706a759c5a088f
I20260608 12:44:22.478715 15480 catalog_manager.cc:5027] TS 1a5a181371bd47abb747fd7ee93a034f (127.12.81.131:41847): tablet 408155b894304fb088706a759c5a088f (table range_aware_rebalance_new_range [id=4bf95c5861da46ea8a0ebb2a7cb35240]) successfully deleted
I20260608 12:44:22.484849 15667 consensus_queue.cc:237] T 10801ff63e5c45d39a2a2bc6d95cf939 P 9951808a51ea4bb0bc758bd1ecab131f [LEADER]: Queue going to LEADER mode. State: All replicated index: 0, Majority replicated index: 3, Committed index: 3, Last appended: 1.3, Last appended by leader: 0, Current term: 1, Majority size: 2, State: 0, Mode: LEADER, active raft config: opid_index: 4 OBSOLETE_local: false peers { permanent_uuid: "9951808a51ea4bb0bc758bd1ecab131f" member_type: VOTER last_known_addr { host: "127.12.81.130" port: 42081 } } peers { permanent_uuid: "b0f62bc2111f498996b8b8732fda5be3" member_type: VOTER last_known_addr { host: "127.12.81.129" port: 42079 } } peers { permanent_uuid: "1a5a181371bd47abb747fd7ee93a034f" member_type: VOTER last_known_addr { host: "127.12.81.131" port: 41847 } attrs { promote: false } }
I20260608 12:44:22.489632 15744 raft_consensus.cc:1275] T 10801ff63e5c45d39a2a2bc6d95cf939 P 1a5a181371bd47abb747fd7ee93a034f [term 1 FOLLOWER]: Refusing update from remote peer 9951808a51ea4bb0bc758bd1ecab131f: Log matching property violated. Preceding OpId in replica: term: 1 index: 3. Preceding OpId from leader: term: 1 index: 4. (index mismatch)
I20260608 12:44:22.491040 16108 consensus_queue.cc:1048] T 10801ff63e5c45d39a2a2bc6d95cf939 P 9951808a51ea4bb0bc758bd1ecab131f [LEADER]: Connected to new peer: Peer: permanent_uuid: "1a5a181371bd47abb747fd7ee93a034f" member_type: VOTER last_known_addr { host: "127.12.81.131" port: 41847 } attrs { promote: false }, Status: LMP_MISMATCH, Last received: 0.0, Next index: 4, Last known committed idx: 3, Time since last communication: 0.000s
I20260608 12:44:22.493026 15595 raft_consensus.cc:1275] T 10801ff63e5c45d39a2a2bc6d95cf939 P b0f62bc2111f498996b8b8732fda5be3 [term 1 FOLLOWER]: Refusing update from remote peer 9951808a51ea4bb0bc758bd1ecab131f: Log matching property violated. Preceding OpId in replica: term: 1 index: 3. Preceding OpId from leader: term: 1 index: 4. (index mismatch)
I20260608 12:44:22.494251 16108 consensus_queue.cc:1048] T 10801ff63e5c45d39a2a2bc6d95cf939 P 9951808a51ea4bb0bc758bd1ecab131f [LEADER]: Connected to new peer: Peer: permanent_uuid: "b0f62bc2111f498996b8b8732fda5be3" member_type: VOTER last_known_addr { host: "127.12.81.129" port: 42079 }, Status: LMP_MISMATCH, Last received: 0.0, Next index: 4, Last known committed idx: 3, Time since last communication: 0.000s
I20260608 12:44:22.497536 15840 raft_consensus.cc:2955] T 10801ff63e5c45d39a2a2bc6d95cf939 P 9951808a51ea4bb0bc758bd1ecab131f [term 1 LEADER]: Committing config change with OpId 1.4: config changed from index 3 to 4, VOTER 0b5b9463e23f4849b949a6fce665bb1e (127.12.81.132) evicted. New config: { opid_index: 4 OBSOLETE_local: false peers { permanent_uuid: "9951808a51ea4bb0bc758bd1ecab131f" member_type: VOTER last_known_addr { host: "127.12.81.130" port: 42081 } } peers { permanent_uuid: "b0f62bc2111f498996b8b8732fda5be3" member_type: VOTER last_known_addr { host: "127.12.81.129" port: 42079 } } peers { permanent_uuid: "1a5a181371bd47abb747fd7ee93a034f" member_type: VOTER last_known_addr { host: "127.12.81.131" port: 41847 } attrs { promote: false } } }
I20260608 12:44:22.505808 15744 raft_consensus.cc:2955] T 10801ff63e5c45d39a2a2bc6d95cf939 P 1a5a181371bd47abb747fd7ee93a034f [term 1 FOLLOWER]: Committing config change with OpId 1.4: config changed from index 3 to 4, VOTER 0b5b9463e23f4849b949a6fce665bb1e (127.12.81.132) evicted. New config: { opid_index: 4 OBSOLETE_local: false peers { permanent_uuid: "9951808a51ea4bb0bc758bd1ecab131f" member_type: VOTER last_known_addr { host: "127.12.81.130" port: 42081 } } peers { permanent_uuid: "b0f62bc2111f498996b8b8732fda5be3" member_type: VOTER last_known_addr { host: "127.12.81.129" port: 42079 } } peers { permanent_uuid: "1a5a181371bd47abb747fd7ee93a034f" member_type: VOTER last_known_addr { host: "127.12.81.131" port: 41847 } attrs { promote: false } } }
I20260608 12:44:22.503273 15595 raft_consensus.cc:2955] T 10801ff63e5c45d39a2a2bc6d95cf939 P b0f62bc2111f498996b8b8732fda5be3 [term 1 FOLLOWER]: Committing config change with OpId 1.4: config changed from index 3 to 4, VOTER 0b5b9463e23f4849b949a6fce665bb1e (127.12.81.132) evicted. New config: { opid_index: 4 OBSOLETE_local: false peers { permanent_uuid: "9951808a51ea4bb0bc758bd1ecab131f" member_type: VOTER last_known_addr { host: "127.12.81.130" port: 42081 } } peers { permanent_uuid: "b0f62bc2111f498996b8b8732fda5be3" member_type: VOTER last_known_addr { host: "127.12.81.129" port: 42079 } } peers { permanent_uuid: "1a5a181371bd47abb747fd7ee93a034f" member_type: VOTER last_known_addr { host: "127.12.81.131" port: 41847 } attrs { promote: false } } }
I20260608 12:44:22.508662 15478 catalog_manager.cc:5209] ChangeConfig:REMOVE_PEER RPC for tablet 10801ff63e5c45d39a2a2bc6d95cf939 with cas_config_opid_index 3: ChangeConfig:REMOVE_PEER succeeded (attempt 1)
I20260608 12:44:22.515748 15490 catalog_manager.cc:5696] T 10801ff63e5c45d39a2a2bc6d95cf939 P 9951808a51ea4bb0bc758bd1ecab131f reported cstate change: config changed from index 3 to 4, VOTER 0b5b9463e23f4849b949a6fce665bb1e (127.12.81.132) evicted. New cstate: current_term: 1 leader_uuid: "9951808a51ea4bb0bc758bd1ecab131f" committed_config { opid_index: 4 OBSOLETE_local: false peers { permanent_uuid: "9951808a51ea4bb0bc758bd1ecab131f" member_type: VOTER last_known_addr { host: "127.12.81.130" port: 42081 } health_report { overall_health: HEALTHY } } peers { permanent_uuid: "b0f62bc2111f498996b8b8732fda5be3" member_type: VOTER last_known_addr { host: "127.12.81.129" port: 42079 } health_report { overall_health: HEALTHY } } peers { permanent_uuid: "1a5a181371bd47abb747fd7ee93a034f" member_type: VOTER last_known_addr { host: "127.12.81.131" port: 41847 } attrs { promote: false } health_report { overall_health: HEALTHY } } }
I20260608 12:44:22.529973 15892 tablet_service.cc:1558] Processing DeleteTablet for tablet 10801ff63e5c45d39a2a2bc6d95cf939 with delete_type TABLET_DATA_TOMBSTONED (TS 0b5b9463e23f4849b949a6fce665bb1e not found in new config with opid_index 4) from {username='slave'} at 127.0.0.1:54756
I20260608 12:44:22.530951 16159 tablet_replica.cc:333] T 10801ff63e5c45d39a2a2bc6d95cf939 P 0b5b9463e23f4849b949a6fce665bb1e: stopping tablet replica
I20260608 12:44:22.535374 16159 raft_consensus.cc:2243] T 10801ff63e5c45d39a2a2bc6d95cf939 P 0b5b9463e23f4849b949a6fce665bb1e [term 1 FOLLOWER]: Raft consensus shutting down.
I20260608 12:44:22.535939 16159 raft_consensus.cc:2272] T 10801ff63e5c45d39a2a2bc6d95cf939 P 0b5b9463e23f4849b949a6fce665bb1e [term 1 FOLLOWER]: Raft consensus is shut down!
I20260608 12:44:22.538514 16159 ts_tablet_manager.cc:1916] T 10801ff63e5c45d39a2a2bc6d95cf939 P 0b5b9463e23f4849b949a6fce665bb1e: Deleting tablet data with delete state TABLET_DATA_TOMBSTONED
I20260608 12:44:22.544451 16165 raft_consensus.cc:1064] T 55242e7feb964a7bafb01a6ed9d66b5e P 1a5a181371bd47abb747fd7ee93a034f: attempting to promote NON_VOTER 0b5b9463e23f4849b949a6fce665bb1e to VOTER
I20260608 12:44:22.547052 16165 consensus_queue.cc:237] T 55242e7feb964a7bafb01a6ed9d66b5e P 1a5a181371bd47abb747fd7ee93a034f [LEADER]: Queue going to LEADER mode. State: All replicated index: 0, Majority replicated index: 2, Committed index: 2, Last appended: 2.2, Last appended by leader: 0, Current term: 2, Majority size: 3, State: 0, Mode: LEADER, active raft config: opid_index: 3 OBSOLETE_local: false peers { permanent_uuid: "b0f62bc2111f498996b8b8732fda5be3" member_type: VOTER last_known_addr { host: "127.12.81.129" port: 42079 } } peers { permanent_uuid: "9951808a51ea4bb0bc758bd1ecab131f" member_type: VOTER last_known_addr { host: "127.12.81.130" port: 42081 } attrs { replace: true } } peers { permanent_uuid: "1a5a181371bd47abb747fd7ee93a034f" member_type: VOTER last_known_addr { host: "127.12.81.131" port: 41847 } } peers { permanent_uuid: "0b5b9463e23f4849b949a6fce665bb1e" member_type: VOTER last_known_addr { host: "127.12.81.132" port: 44085 } attrs { promote: false } }
I20260608 12:44:22.549631 16159 ts_tablet_manager.cc:1929] T 10801ff63e5c45d39a2a2bc6d95cf939 P 0b5b9463e23f4849b949a6fce665bb1e: tablet deleted with delete type TABLET_DATA_TOMBSTONED: last-logged OpId 1.3
I20260608 12:44:22.549973 16159 log.cc:1199] T 10801ff63e5c45d39a2a2bc6d95cf939 P 0b5b9463e23f4849b949a6fce665bb1e: Deleting WAL directory at /tmp/dist-test-taskAXJrh0/test-tmp/auto_rebalancer-test.0.AutoRebalancerTest.RangeAwareRebalancesNewRangeReplicas.1780922574053480-12614-0/minicluster-data/ts-3-root/wals/10801ff63e5c45d39a2a2bc6d95cf939
I20260608 12:44:22.551138 15480 catalog_manager.cc:5027] TS 0b5b9463e23f4849b949a6fce665bb1e (127.12.81.132:44085): tablet 10801ff63e5c45d39a2a2bc6d95cf939 (table range_aware_rebalance_new_range [id=4bf95c5861da46ea8a0ebb2a7cb35240]) successfully deleted
I20260608 12:44:22.554596 15667 raft_consensus.cc:1275] T 55242e7feb964a7bafb01a6ed9d66b5e P 9951808a51ea4bb0bc758bd1ecab131f [term 2 FOLLOWER]: Refusing update from remote peer 1a5a181371bd47abb747fd7ee93a034f: Log matching property violated. Preceding OpId in replica: term: 2 index: 2. Preceding OpId from leader: term: 2 index: 3. (index mismatch)
I20260608 12:44:22.554972 15907 raft_consensus.cc:1275] T 55242e7feb964a7bafb01a6ed9d66b5e P 0b5b9463e23f4849b949a6fce665bb1e [term 2 LEARNER]: Refusing update from remote peer 1a5a181371bd47abb747fd7ee93a034f: Log matching property violated. Preceding OpId in replica: term: 2 index: 2. Preceding OpId from leader: term: 2 index: 3. (index mismatch)
I20260608 12:44:22.556245 16142 consensus_queue.cc:1048] T 55242e7feb964a7bafb01a6ed9d66b5e P 1a5a181371bd47abb747fd7ee93a034f [LEADER]: Connected to new peer: Peer: permanent_uuid: "9951808a51ea4bb0bc758bd1ecab131f" member_type: VOTER last_known_addr { host: "127.12.81.130" port: 42081 } attrs { replace: true }, Status: LMP_MISMATCH, Last received: 0.0, Next index: 3, Last known committed idx: 2, Time since last communication: 0.001s
I20260608 12:44:22.557565 16167 consensus_queue.cc:1048] T 55242e7feb964a7bafb01a6ed9d66b5e P 1a5a181371bd47abb747fd7ee93a034f [LEADER]: Connected to new peer: Peer: permanent_uuid: "0b5b9463e23f4849b949a6fce665bb1e" member_type: VOTER last_known_addr { host: "127.12.81.132" port: 44085 } attrs { promote: false }, Status: LMP_MISMATCH, Last received: 0.0, Next index: 3, Last known committed idx: 2, Time since last communication: 0.000s
I20260608 12:44:22.560884 15595 raft_consensus.cc:1275] T 55242e7feb964a7bafb01a6ed9d66b5e P b0f62bc2111f498996b8b8732fda5be3 [term 2 FOLLOWER]: Refusing update from remote peer 1a5a181371bd47abb747fd7ee93a034f: Log matching property violated. Preceding OpId in replica: term: 2 index: 2. Preceding OpId from leader: term: 2 index: 3. (index mismatch)
I20260608 12:44:22.564595 16168 consensus_queue.cc:1048] T 55242e7feb964a7bafb01a6ed9d66b5e P 1a5a181371bd47abb747fd7ee93a034f [LEADER]: Connected to new peer: Peer: permanent_uuid: "b0f62bc2111f498996b8b8732fda5be3" member_type: VOTER last_known_addr { host: "127.12.81.129" port: 42079 }, Status: LMP_MISMATCH, Last received: 0.0, Next index: 3, Last known committed idx: 2, Time since last communication: 0.001s
I20260608 12:44:22.581964 16167 raft_consensus.cc:2955] T 55242e7feb964a7bafb01a6ed9d66b5e P 1a5a181371bd47abb747fd7ee93a034f [term 2 LEADER]: Committing config change with OpId 2.3: config changed from index 2 to 3, 0b5b9463e23f4849b949a6fce665bb1e (127.12.81.132) changed from NON_VOTER to VOTER. New config: { opid_index: 3 OBSOLETE_local: false peers { permanent_uuid: "b0f62bc2111f498996b8b8732fda5be3" member_type: VOTER last_known_addr { host: "127.12.81.129" port: 42079 } } peers { permanent_uuid: "9951808a51ea4bb0bc758bd1ecab131f" member_type: VOTER last_known_addr { host: "127.12.81.130" port: 42081 } attrs { replace: true } } peers { permanent_uuid: "1a5a181371bd47abb747fd7ee93a034f" member_type: VOTER last_known_addr { host: "127.12.81.131" port: 41847 } } peers { permanent_uuid: "0b5b9463e23f4849b949a6fce665bb1e" member_type: VOTER last_known_addr { host: "127.12.81.132" port: 44085 } attrs { promote: false } } }
I20260608 12:44:22.583747 15595 raft_consensus.cc:2955] T 55242e7feb964a7bafb01a6ed9d66b5e P b0f62bc2111f498996b8b8732fda5be3 [term 2 FOLLOWER]: Committing config change with OpId 2.3: config changed from index 2 to 3, 0b5b9463e23f4849b949a6fce665bb1e (127.12.81.132) changed from NON_VOTER to VOTER. New config: { opid_index: 3 OBSOLETE_local: false peers { permanent_uuid: "b0f62bc2111f498996b8b8732fda5be3" member_type: VOTER last_known_addr { host: "127.12.81.129" port: 42079 } } peers { permanent_uuid: "9951808a51ea4bb0bc758bd1ecab131f" member_type: VOTER last_known_addr { host: "127.12.81.130" port: 42081 } attrs { replace: true } } peers { permanent_uuid: "1a5a181371bd47abb747fd7ee93a034f" member_type: VOTER last_known_addr { host: "127.12.81.131" port: 41847 } } peers { permanent_uuid: "0b5b9463e23f4849b949a6fce665bb1e" member_type: VOTER last_known_addr { host: "127.12.81.132" port: 44085 } attrs { promote: false } } }
I20260608 12:44:22.586741 15907 raft_consensus.cc:2955] T 55242e7feb964a7bafb01a6ed9d66b5e P 0b5b9463e23f4849b949a6fce665bb1e [term 2 FOLLOWER]: Committing config change with OpId 2.3: config changed from index 2 to 3, 0b5b9463e23f4849b949a6fce665bb1e (127.12.81.132) changed from NON_VOTER to VOTER. New config: { opid_index: 3 OBSOLETE_local: false peers { permanent_uuid: "b0f62bc2111f498996b8b8732fda5be3" member_type: VOTER last_known_addr { host: "127.12.81.129" port: 42079 } } peers { permanent_uuid: "9951808a51ea4bb0bc758bd1ecab131f" member_type: VOTER last_known_addr { host: "127.12.81.130" port: 42081 } attrs { replace: true } } peers { permanent_uuid: "1a5a181371bd47abb747fd7ee93a034f" member_type: VOTER last_known_addr { host: "127.12.81.131" port: 41847 } } peers { permanent_uuid: "0b5b9463e23f4849b949a6fce665bb1e" member_type: VOTER last_known_addr { host: "127.12.81.132" port: 44085 } attrs { promote: false } } }
I20260608 12:44:22.597522 15492 catalog_manager.cc:5696] T 55242e7feb964a7bafb01a6ed9d66b5e P b0f62bc2111f498996b8b8732fda5be3 reported cstate change: config changed from index 2 to 3, 0b5b9463e23f4849b949a6fce665bb1e (127.12.81.132) changed from NON_VOTER to VOTER. New cstate: current_term: 2 leader_uuid: "1a5a181371bd47abb747fd7ee93a034f" committed_config { opid_index: 3 OBSOLETE_local: false peers { permanent_uuid: "b0f62bc2111f498996b8b8732fda5be3" member_type: VOTER last_known_addr { host: "127.12.81.129" port: 42079 } } peers { permanent_uuid: "9951808a51ea4bb0bc758bd1ecab131f" member_type: VOTER last_known_addr { host: "127.12.81.130" port: 42081 } attrs { replace: true } } peers { permanent_uuid: "1a5a181371bd47abb747fd7ee93a034f" member_type: VOTER last_known_addr { host: "127.12.81.131" port: 41847 } } peers { permanent_uuid: "0b5b9463e23f4849b949a6fce665bb1e" member_type: VOTER last_known_addr { host: "127.12.81.132" port: 44085 } attrs { promote: false } } }
I20260608 12:44:22.601547 15667 raft_consensus.cc:2955] T 55242e7feb964a7bafb01a6ed9d66b5e P 9951808a51ea4bb0bc758bd1ecab131f [term 2 FOLLOWER]: Committing config change with OpId 2.3: config changed from index 2 to 3, 0b5b9463e23f4849b949a6fce665bb1e (127.12.81.132) changed from NON_VOTER to VOTER. New config: { opid_index: 3 OBSOLETE_local: false peers { permanent_uuid: "b0f62bc2111f498996b8b8732fda5be3" member_type: VOTER last_known_addr { host: "127.12.81.129" port: 42079 } } peers { permanent_uuid: "9951808a51ea4bb0bc758bd1ecab131f" member_type: VOTER last_known_addr { host: "127.12.81.130" port: 42081 } attrs { replace: true } } peers { permanent_uuid: "1a5a181371bd47abb747fd7ee93a034f" member_type: VOTER last_known_addr { host: "127.12.81.131" port: 41847 } } peers { permanent_uuid: "0b5b9463e23f4849b949a6fce665bb1e" member_type: VOTER last_known_addr { host: "127.12.81.132" port: 44085 } attrs { promote: false } } }
I20260608 12:44:22.618943 15744 consensus_queue.cc:237] T 55242e7feb964a7bafb01a6ed9d66b5e P 1a5a181371bd47abb747fd7ee93a034f [LEADER]: Queue going to LEADER mode. State: All replicated index: 0, Majority replicated index: 3, Committed index: 3, Last appended: 2.3, Last appended by leader: 0, Current term: 2, Majority size: 2, State: 0, Mode: LEADER, active raft config: opid_index: 4 OBSOLETE_local: false peers { permanent_uuid: "b0f62bc2111f498996b8b8732fda5be3" member_type: VOTER last_known_addr { host: "127.12.81.129" port: 42079 } } peers { permanent_uuid: "1a5a181371bd47abb747fd7ee93a034f" member_type: VOTER last_known_addr { host: "127.12.81.131" port: 41847 } } peers { permanent_uuid: "0b5b9463e23f4849b949a6fce665bb1e" member_type: VOTER last_known_addr { host: "127.12.81.132" port: 44085 } attrs { promote: false } }
I20260608 12:44:22.624209 15907 raft_consensus.cc:1275] T 55242e7feb964a7bafb01a6ed9d66b5e P 0b5b9463e23f4849b949a6fce665bb1e [term 2 FOLLOWER]: Refusing update from remote peer 1a5a181371bd47abb747fd7ee93a034f: Log matching property violated. Preceding OpId in replica: term: 2 index: 3. Preceding OpId from leader: term: 2 index: 4. (index mismatch)
I20260608 12:44:22.625376 15595 raft_consensus.cc:1275] T 55242e7feb964a7bafb01a6ed9d66b5e P b0f62bc2111f498996b8b8732fda5be3 [term 2 FOLLOWER]: Refusing update from remote peer 1a5a181371bd47abb747fd7ee93a034f: Log matching property violated. Preceding OpId in replica: term: 2 index: 3. Preceding OpId from leader: term: 2 index: 4. (index mismatch)
I20260608 12:44:22.625612 16142 consensus_queue.cc:1048] T 55242e7feb964a7bafb01a6ed9d66b5e P 1a5a181371bd47abb747fd7ee93a034f [LEADER]: Connected to new peer: Peer: permanent_uuid: "0b5b9463e23f4849b949a6fce665bb1e" member_type: VOTER last_known_addr { host: "127.12.81.132" port: 44085 } attrs { promote: false }, Status: LMP_MISMATCH, Last received: 0.0, Next index: 4, Last known committed idx: 3, Time since last communication: 0.000s
I20260608 12:44:22.626828 16167 consensus_queue.cc:1048] T 55242e7feb964a7bafb01a6ed9d66b5e P 1a5a181371bd47abb747fd7ee93a034f [LEADER]: Connected to new peer: Peer: permanent_uuid: "b0f62bc2111f498996b8b8732fda5be3" member_type: VOTER last_known_addr { host: "127.12.81.129" port: 42079 }, Status: LMP_MISMATCH, Last received: 0.0, Next index: 4, Last known committed idx: 3, Time since last communication: 0.000s
I20260608 12:44:22.631596 16142 raft_consensus.cc:2955] T 55242e7feb964a7bafb01a6ed9d66b5e P 1a5a181371bd47abb747fd7ee93a034f [term 2 LEADER]: Committing config change with OpId 2.4: config changed from index 3 to 4, VOTER 9951808a51ea4bb0bc758bd1ecab131f (127.12.81.130) evicted. New config: { opid_index: 4 OBSOLETE_local: false peers { permanent_uuid: "b0f62bc2111f498996b8b8732fda5be3" member_type: VOTER last_known_addr { host: "127.12.81.129" port: 42079 } } peers { permanent_uuid: "1a5a181371bd47abb747fd7ee93a034f" member_type: VOTER last_known_addr { host: "127.12.81.131" port: 41847 } } peers { permanent_uuid: "0b5b9463e23f4849b949a6fce665bb1e" member_type: VOTER last_known_addr { host: "127.12.81.132" port: 44085 } attrs { promote: false } } }
I20260608 12:44:22.633392 15908 raft_consensus.cc:2955] T 55242e7feb964a7bafb01a6ed9d66b5e P 0b5b9463e23f4849b949a6fce665bb1e [term 2 FOLLOWER]: Committing config change with OpId 2.4: config changed from index 3 to 4, VOTER 9951808a51ea4bb0bc758bd1ecab131f (127.12.81.130) evicted. New config: { opid_index: 4 OBSOLETE_local: false peers { permanent_uuid: "b0f62bc2111f498996b8b8732fda5be3" member_type: VOTER last_known_addr { host: "127.12.81.129" port: 42079 } } peers { permanent_uuid: "1a5a181371bd47abb747fd7ee93a034f" member_type: VOTER last_known_addr { host: "127.12.81.131" port: 41847 } } peers { permanent_uuid: "0b5b9463e23f4849b949a6fce665bb1e" member_type: VOTER last_known_addr { host: "127.12.81.132" port: 44085 } attrs { promote: false } } }
I20260608 12:44:22.636255 15595 raft_consensus.cc:2955] T 55242e7feb964a7bafb01a6ed9d66b5e P b0f62bc2111f498996b8b8732fda5be3 [term 2 FOLLOWER]: Committing config change with OpId 2.4: config changed from index 3 to 4, VOTER 9951808a51ea4bb0bc758bd1ecab131f (127.12.81.130) evicted. New config: { opid_index: 4 OBSOLETE_local: false peers { permanent_uuid: "b0f62bc2111f498996b8b8732fda5be3" member_type: VOTER last_known_addr { host: "127.12.81.129" port: 42079 } } peers { permanent_uuid: "1a5a181371bd47abb747fd7ee93a034f" member_type: VOTER last_known_addr { host: "127.12.81.131" port: 41847 } } peers { permanent_uuid: "0b5b9463e23f4849b949a6fce665bb1e" member_type: VOTER last_known_addr { host: "127.12.81.132" port: 44085 } attrs { promote: false } } }
I20260608 12:44:22.640699 15480 catalog_manager.cc:5209] ChangeConfig:REMOVE_PEER RPC for tablet 55242e7feb964a7bafb01a6ed9d66b5e with cas_config_opid_index 3: ChangeConfig:REMOVE_PEER succeeded (attempt 1)
I20260608 12:44:22.646574 15490 catalog_manager.cc:5696] T 55242e7feb964a7bafb01a6ed9d66b5e P 0b5b9463e23f4849b949a6fce665bb1e reported cstate change: config changed from index 3 to 4, VOTER 9951808a51ea4bb0bc758bd1ecab131f (127.12.81.130) evicted. New cstate: current_term: 2 leader_uuid: "1a5a181371bd47abb747fd7ee93a034f" committed_config { opid_index: 4 OBSOLETE_local: false peers { permanent_uuid: "b0f62bc2111f498996b8b8732fda5be3" member_type: VOTER last_known_addr { host: "127.12.81.129" port: 42079 } } peers { permanent_uuid: "1a5a181371bd47abb747fd7ee93a034f" member_type: VOTER last_known_addr { host: "127.12.81.131" port: 41847 } } peers { permanent_uuid: "0b5b9463e23f4849b949a6fce665bb1e" member_type: VOTER last_known_addr { host: "127.12.81.132" port: 44085 } attrs { promote: false } } }
I20260608 12:44:22.656364 15655 tablet_service.cc:1558] Processing DeleteTablet for tablet 55242e7feb964a7bafb01a6ed9d66b5e with delete_type TABLET_DATA_TOMBSTONED (TS 9951808a51ea4bb0bc758bd1ecab131f not found in new config with opid_index 4) from {username='slave'} at 127.0.0.1:46856
I20260608 12:44:22.658761 16172 tablet_replica.cc:333] T 55242e7feb964a7bafb01a6ed9d66b5e P 9951808a51ea4bb0bc758bd1ecab131f: stopping tablet replica
I20260608 12:44:22.659682 16172 raft_consensus.cc:2243] T 55242e7feb964a7bafb01a6ed9d66b5e P 9951808a51ea4bb0bc758bd1ecab131f [term 2 FOLLOWER]: Raft consensus shutting down.
I20260608 12:44:22.660529 16172 raft_consensus.cc:2272] T 55242e7feb964a7bafb01a6ed9d66b5e P 9951808a51ea4bb0bc758bd1ecab131f [term 2 FOLLOWER]: Raft consensus is shut down!
I20260608 12:44:22.663172 16172 ts_tablet_manager.cc:1916] T 55242e7feb964a7bafb01a6ed9d66b5e P 9951808a51ea4bb0bc758bd1ecab131f: Deleting tablet data with delete state TABLET_DATA_TOMBSTONED
I20260608 12:44:22.674768 16172 ts_tablet_manager.cc:1929] T 55242e7feb964a7bafb01a6ed9d66b5e P 9951808a51ea4bb0bc758bd1ecab131f: tablet deleted with delete type TABLET_DATA_TOMBSTONED: last-logged OpId 2.3
I20260608 12:44:22.675040 16172 log.cc:1199] T 55242e7feb964a7bafb01a6ed9d66b5e P 9951808a51ea4bb0bc758bd1ecab131f: Deleting WAL directory at /tmp/dist-test-taskAXJrh0/test-tmp/auto_rebalancer-test.0.AutoRebalancerTest.RangeAwareRebalancesNewRangeReplicas.1780922574053480-12614-0/minicluster-data/ts-1-root/wals/55242e7feb964a7bafb01a6ed9d66b5e
I20260608 12:44:22.676376 15478 catalog_manager.cc:5027] TS 9951808a51ea4bb0bc758bd1ecab131f (127.12.81.130:42081): tablet 55242e7feb964a7bafb01a6ed9d66b5e (table range_aware_rebalance_new_range [id=4bf95c5861da46ea8a0ebb2a7cb35240]) successfully deleted
I20260608 12:44:22.756485 12614 tablet_server.cc:179] TabletServer@127.12.81.129:0 shutting down...
I20260608 12:44:22.778450 12614 ts_tablet_manager.cc:1507] Shutting down tablet manager...
I20260608 12:44:22.779095 12614 tablet_replica.cc:333] T 10801ff63e5c45d39a2a2bc6d95cf939 P b0f62bc2111f498996b8b8732fda5be3: stopping tablet replica
I20260608 12:44:22.779630 12614 raft_consensus.cc:2243] T 10801ff63e5c45d39a2a2bc6d95cf939 P b0f62bc2111f498996b8b8732fda5be3 [term 1 FOLLOWER]: Raft consensus shutting down.
I20260608 12:44:22.780232 12614 raft_consensus.cc:2272] T 10801ff63e5c45d39a2a2bc6d95cf939 P b0f62bc2111f498996b8b8732fda5be3 [term 1 FOLLOWER]: Raft consensus is shut down!
I20260608 12:44:22.782186 12614 tablet_replica.cc:333] T f1143936ade34087bbf61e7942f514e5 P b0f62bc2111f498996b8b8732fda5be3: stopping tablet replica
I20260608 12:44:22.782670 12614 raft_consensus.cc:2243] T f1143936ade34087bbf61e7942f514e5 P b0f62bc2111f498996b8b8732fda5be3 [term 1 LEADER]: Raft consensus shutting down.
I20260608 12:44:22.783293 12614 raft_consensus.cc:2272] T f1143936ade34087bbf61e7942f514e5 P b0f62bc2111f498996b8b8732fda5be3 [term 1 FOLLOWER]: Raft consensus is shut down!
I20260608 12:44:22.784940 12614 tablet_replica.cc:333] T 703832c7da6d41f9b910b0171045f4ed P b0f62bc2111f498996b8b8732fda5be3: stopping tablet replica
I20260608 12:44:22.785434 12614 raft_consensus.cc:2243] T 703832c7da6d41f9b910b0171045f4ed P b0f62bc2111f498996b8b8732fda5be3 [term 2 FOLLOWER]: Raft consensus shutting down.
I20260608 12:44:22.785820 12614 raft_consensus.cc:2272] T 703832c7da6d41f9b910b0171045f4ed P b0f62bc2111f498996b8b8732fda5be3 [term 2 FOLLOWER]: Raft consensus is shut down!
I20260608 12:44:22.787276 12614 tablet_replica.cc:333] T 3c3ac8c2e2e440dd9af338d3126c160f P b0f62bc2111f498996b8b8732fda5be3: stopping tablet replica
I20260608 12:44:22.787761 12614 raft_consensus.cc:2243] T 3c3ac8c2e2e440dd9af338d3126c160f P b0f62bc2111f498996b8b8732fda5be3 [term 1 LEADER]: Raft consensus shutting down.
I20260608 12:44:22.788453 12614 raft_consensus.cc:2272] T 3c3ac8c2e2e440dd9af338d3126c160f P b0f62bc2111f498996b8b8732fda5be3 [term 1 FOLLOWER]: Raft consensus is shut down!
I20260608 12:44:22.790679 12614 tablet_replica.cc:333] T b4b130f94611468b9ab52b6268be2afe P b0f62bc2111f498996b8b8732fda5be3: stopping tablet replica
I20260608 12:44:22.791177 12614 raft_consensus.cc:2243] T b4b130f94611468b9ab52b6268be2afe P b0f62bc2111f498996b8b8732fda5be3 [term 1 LEADER]: Raft consensus shutting down.
I20260608 12:44:22.791867 12614 raft_consensus.cc:2272] T b4b130f94611468b9ab52b6268be2afe P b0f62bc2111f498996b8b8732fda5be3 [term 1 FOLLOWER]: Raft consensus is shut down!
I20260608 12:44:22.793466 12614 tablet_replica.cc:333] T 5da060a09c774efb8b937c0f359cc9a4 P b0f62bc2111f498996b8b8732fda5be3: stopping tablet replica
I20260608 12:44:22.793989 12614 raft_consensus.cc:2243] T 5da060a09c774efb8b937c0f359cc9a4 P b0f62bc2111f498996b8b8732fda5be3 [term 2 FOLLOWER]: Raft consensus shutting down.
I20260608 12:44:22.794373 12614 raft_consensus.cc:2272] T 5da060a09c774efb8b937c0f359cc9a4 P b0f62bc2111f498996b8b8732fda5be3 [term 2 FOLLOWER]: Raft consensus is shut down!
I20260608 12:44:22.796103 12614 tablet_replica.cc:333] T 42d6e543fc25496589d392d7ca7f9e56 P b0f62bc2111f498996b8b8732fda5be3: stopping tablet replica
I20260608 12:44:22.796742 12614 raft_consensus.cc:2243] T 42d6e543fc25496589d392d7ca7f9e56 P b0f62bc2111f498996b8b8732fda5be3 [term 1 LEADER]: Raft consensus shutting down.
I20260608 12:44:22.797598 12614 raft_consensus.cc:2272] T 42d6e543fc25496589d392d7ca7f9e56 P b0f62bc2111f498996b8b8732fda5be3 [term 1 FOLLOWER]: Raft consensus is shut down!
I20260608 12:44:22.799335 12614 tablet_replica.cc:333] T 20f660a764804c5ea37792e91a471bb5 P b0f62bc2111f498996b8b8732fda5be3: stopping tablet replica
I20260608 12:44:22.799878 12614 raft_consensus.cc:2243] T 20f660a764804c5ea37792e91a471bb5 P b0f62bc2111f498996b8b8732fda5be3 [term 1 FOLLOWER]: Raft consensus shutting down.
I20260608 12:44:22.800393 12614 raft_consensus.cc:2272] T 20f660a764804c5ea37792e91a471bb5 P b0f62bc2111f498996b8b8732fda5be3 [term 1 FOLLOWER]: Raft consensus is shut down!
I20260608 12:44:22.802043 12614 tablet_replica.cc:333] T 55242e7feb964a7bafb01a6ed9d66b5e P b0f62bc2111f498996b8b8732fda5be3: stopping tablet replica
I20260608 12:44:22.802510 12614 raft_consensus.cc:2243] T 55242e7feb964a7bafb01a6ed9d66b5e P b0f62bc2111f498996b8b8732fda5be3 [term 2 FOLLOWER]: Raft consensus shutting down.
I20260608 12:44:22.803001 12614 raft_consensus.cc:2272] T 55242e7feb964a7bafb01a6ed9d66b5e P b0f62bc2111f498996b8b8732fda5be3 [term 2 FOLLOWER]: Raft consensus is shut down!
I20260608 12:44:22.805027 12614 tablet_replica.cc:333] T a6bc816d6015492fad30c55e025c7e2d P b0f62bc2111f498996b8b8732fda5be3: stopping tablet replica
I20260608 12:44:22.805495 12614 raft_consensus.cc:2243] T a6bc816d6015492fad30c55e025c7e2d P b0f62bc2111f498996b8b8732fda5be3 [term 2 FOLLOWER]: Raft consensus shutting down.
I20260608 12:44:22.805975 12614 raft_consensus.cc:2272] T a6bc816d6015492fad30c55e025c7e2d P b0f62bc2111f498996b8b8732fda5be3 [term 2 FOLLOWER]: Raft consensus is shut down!
I20260608 12:44:22.807585 12614 tablet_replica.cc:333] T 74ee3b677cd24cde908db60980f63c50 P b0f62bc2111f498996b8b8732fda5be3: stopping tablet replica
I20260608 12:44:22.808054 12614 raft_consensus.cc:2243] T 74ee3b677cd24cde908db60980f63c50 P b0f62bc2111f498996b8b8732fda5be3 [term 2 FOLLOWER]: Raft consensus shutting down.
I20260608 12:44:22.808414 12614 raft_consensus.cc:2272] T 74ee3b677cd24cde908db60980f63c50 P b0f62bc2111f498996b8b8732fda5be3 [term 2 FOLLOWER]: Raft consensus is shut down!
I20260608 12:44:22.809947 12614 tablet_replica.cc:333] T 408155b894304fb088706a759c5a088f P b0f62bc2111f498996b8b8732fda5be3: stopping tablet replica
I20260608 12:44:22.810369 12614 raft_consensus.cc:2243] T 408155b894304fb088706a759c5a088f P b0f62bc2111f498996b8b8732fda5be3 [term 2 FOLLOWER]: Raft consensus shutting down.
I20260608 12:44:22.810858 12614 raft_consensus.cc:2272] T 408155b894304fb088706a759c5a088f P b0f62bc2111f498996b8b8732fda5be3 [term 2 FOLLOWER]: Raft consensus is shut down!
W20260608 12:44:22.825577 15633 proxy.cc:239] Call had error, refreshing address and retrying: Remote error: Service unavailable: service kudu.consensus.ConsensusService not registered on TabletServer [suppressed 2 similar messages]
W20260608 12:44:22.828625 15633 connection.cc:573] client connection to 127.12.81.129:42079 recv error: Network error: recv error from unknown peer: Transport endpoint is not connected (error 107)
W20260608 12:44:22.829164 15633 consensus_peers.cc:597] T 20f660a764804c5ea37792e91a471bb5 P 9951808a51ea4bb0bc758bd1ecab131f -> Peer b0f62bc2111f498996b8b8732fda5be3 (127.12.81.129:42079): Couldn't send request to peer b0f62bc2111f498996b8b8732fda5be3. Status: Network error: recv error from unknown peer: Transport endpoint is not connected (error 107). This is attempt 1: this message will repeat every 5th retry.
I20260608 12:44:22.844507 12614 tablet_server.cc:196] TabletServer@127.12.81.129:0 shutdown complete.
I20260608 12:44:22.868552 12614 tablet_server.cc:179] TabletServer@127.12.81.130:0 shutting down...
W20260608 12:44:22.882269 15633 consensus_peers.cc:597] T 408155b894304fb088706a759c5a088f P 9951808a51ea4bb0bc758bd1ecab131f -> Peer b0f62bc2111f498996b8b8732fda5be3 (127.12.81.129:42079): Couldn't send request to peer b0f62bc2111f498996b8b8732fda5be3. Status: Network error: Client connection negotiation failed: client connection to 127.12.81.129:42079: connect: Connection refused (error 111). This is attempt 1: this message will repeat every 5th retry.
W20260608 12:44:22.893873 15708 consensus_peers.cc:597] T a66836c32aae444a8eb8af6ce7a776e8 P 1a5a181371bd47abb747fd7ee93a034f -> Peer 9951808a51ea4bb0bc758bd1ecab131f (127.12.81.130:42081): Couldn't send request to peer 9951808a51ea4bb0bc758bd1ecab131f. Status: Remote error: Service unavailable: service kudu.consensus.ConsensusService not registered on TabletServer. This is attempt 1: this message will repeat every 5th retry.
W20260608 12:44:22.897632 15872 consensus_peers.cc:597] T 703832c7da6d41f9b910b0171045f4ed P 0b5b9463e23f4849b949a6fce665bb1e -> Peer b0f62bc2111f498996b8b8732fda5be3 (127.12.81.129:42079): Couldn't send request to peer b0f62bc2111f498996b8b8732fda5be3. Status: Network error: Client connection negotiation failed: client connection to 127.12.81.129:42079: connect: Connection refused (error 111). This is attempt 1: this message will repeat every 5th retry.
I20260608 12:44:22.904901 12614 ts_tablet_manager.cc:1507] Shutting down tablet manager...
I20260608 12:44:22.905872 12614 tablet_replica.cc:333] T f1143936ade34087bbf61e7942f514e5 P 9951808a51ea4bb0bc758bd1ecab131f: stopping tablet replica
I20260608 12:44:22.906455 12614 raft_consensus.cc:2243] T f1143936ade34087bbf61e7942f514e5 P 9951808a51ea4bb0bc758bd1ecab131f [term 1 FOLLOWER]: Raft consensus shutting down.
I20260608 12:44:22.906873 12614 raft_consensus.cc:2272] T f1143936ade34087bbf61e7942f514e5 P 9951808a51ea4bb0bc758bd1ecab131f [term 1 FOLLOWER]: Raft consensus is shut down!
I20260608 12:44:22.908720 12614 tablet_replica.cc:333] T 3c3ac8c2e2e440dd9af338d3126c160f P 9951808a51ea4bb0bc758bd1ecab131f: stopping tablet replica
I20260608 12:44:22.909667 12614 raft_consensus.cc:2243] T 3c3ac8c2e2e440dd9af338d3126c160f P 9951808a51ea4bb0bc758bd1ecab131f [term 1 FOLLOWER]: Raft consensus shutting down.
I20260608 12:44:22.910081 12614 raft_consensus.cc:2272] T 3c3ac8c2e2e440dd9af338d3126c160f P 9951808a51ea4bb0bc758bd1ecab131f [term 1 FOLLOWER]: Raft consensus is shut down!
I20260608 12:44:22.912101 12614 tablet_replica.cc:333] T b4b130f94611468b9ab52b6268be2afe P 9951808a51ea4bb0bc758bd1ecab131f: stopping tablet replica
I20260608 12:44:22.912600 12614 raft_consensus.cc:2243] T b4b130f94611468b9ab52b6268be2afe P 9951808a51ea4bb0bc758bd1ecab131f [term 1 FOLLOWER]: Raft consensus shutting down.
I20260608 12:44:22.912950 12614 raft_consensus.cc:2272] T b4b130f94611468b9ab52b6268be2afe P 9951808a51ea4bb0bc758bd1ecab131f [term 1 FOLLOWER]: Raft consensus is shut down!
I20260608 12:44:22.914536 12614 tablet_replica.cc:333] T 5d9ca301263b43ebaa5adae1a13af08e P 9951808a51ea4bb0bc758bd1ecab131f: stopping tablet replica
I20260608 12:44:22.915017 12614 raft_consensus.cc:2243] T 5d9ca301263b43ebaa5adae1a13af08e P 9951808a51ea4bb0bc758bd1ecab131f [term 1 LEADER]: Raft consensus shutting down.
I20260608 12:44:22.915669 12614 raft_consensus.cc:2272] T 5d9ca301263b43ebaa5adae1a13af08e P 9951808a51ea4bb0bc758bd1ecab131f [term 1 FOLLOWER]: Raft consensus is shut down!
I20260608 12:44:22.917336 12614 tablet_replica.cc:333] T 5cc8cba0e3c141af979fa2675e21f7f8 P 9951808a51ea4bb0bc758bd1ecab131f: stopping tablet replica
I20260608 12:44:22.917796 12614 raft_consensus.cc:2243] T 5cc8cba0e3c141af979fa2675e21f7f8 P 9951808a51ea4bb0bc758bd1ecab131f [term 2 FOLLOWER]: Raft consensus shutting down.
I20260608 12:44:22.918208 12614 raft_consensus.cc:2272] T 5cc8cba0e3c141af979fa2675e21f7f8 P 9951808a51ea4bb0bc758bd1ecab131f [term 2 FOLLOWER]: Raft consensus is shut down!
I20260608 12:44:22.919852 12614 tablet_replica.cc:333] T 10801ff63e5c45d39a2a2bc6d95cf939 P 9951808a51ea4bb0bc758bd1ecab131f: stopping tablet replica
I20260608 12:44:22.920341 12614 raft_consensus.cc:2243] T 10801ff63e5c45d39a2a2bc6d95cf939 P 9951808a51ea4bb0bc758bd1ecab131f [term 1 LEADER]: Raft consensus shutting down.
I20260608 12:44:22.920995 12614 raft_consensus.cc:2272] T 10801ff63e5c45d39a2a2bc6d95cf939 P 9951808a51ea4bb0bc758bd1ecab131f [term 1 FOLLOWER]: Raft consensus is shut down!
I20260608 12:44:22.922806 12614 tablet_replica.cc:333] T 20f660a764804c5ea37792e91a471bb5 P 9951808a51ea4bb0bc758bd1ecab131f: stopping tablet replica
I20260608 12:44:22.923298 12614 raft_consensus.cc:2243] T 20f660a764804c5ea37792e91a471bb5 P 9951808a51ea4bb0bc758bd1ecab131f [term 1 LEADER]: Raft consensus shutting down.
I20260608 12:44:22.924017 12614 raft_consensus.cc:2272] T 20f660a764804c5ea37792e91a471bb5 P 9951808a51ea4bb0bc758bd1ecab131f [term 1 FOLLOWER]: Raft consensus is shut down!
I20260608 12:44:22.925760 12614 tablet_replica.cc:333] T 42d6e543fc25496589d392d7ca7f9e56 P 9951808a51ea4bb0bc758bd1ecab131f: stopping tablet replica
I20260608 12:44:22.926220 12614 raft_consensus.cc:2243] T 42d6e543fc25496589d392d7ca7f9e56 P 9951808a51ea4bb0bc758bd1ecab131f [term 1 FOLLOWER]: Raft consensus shutting down.
I20260608 12:44:22.926587 12614 raft_consensus.cc:2272] T 42d6e543fc25496589d392d7ca7f9e56 P 9951808a51ea4bb0bc758bd1ecab131f [term 1 FOLLOWER]: Raft consensus is shut down!
I20260608 12:44:22.928280 12614 tablet_replica.cc:333] T 5da060a09c774efb8b937c0f359cc9a4 P 9951808a51ea4bb0bc758bd1ecab131f: stopping tablet replica
I20260608 12:44:22.928822 12614 raft_consensus.cc:2243] T 5da060a09c774efb8b937c0f359cc9a4 P 9951808a51ea4bb0bc758bd1ecab131f [term 2 FOLLOWER]: Raft consensus shutting down.
I20260608 12:44:22.929239 12614 raft_consensus.cc:2272] T 5da060a09c774efb8b937c0f359cc9a4 P 9951808a51ea4bb0bc758bd1ecab131f [term 2 FOLLOWER]: Raft consensus is shut down!
I20260608 12:44:22.930871 12614 tablet_replica.cc:333] T a66836c32aae444a8eb8af6ce7a776e8 P 9951808a51ea4bb0bc758bd1ecab131f: stopping tablet replica
I20260608 12:44:22.931317 12614 raft_consensus.cc:2243] T a66836c32aae444a8eb8af6ce7a776e8 P 9951808a51ea4bb0bc758bd1ecab131f [term 1 FOLLOWER]: Raft consensus shutting down.
I20260608 12:44:22.931811 12614 raft_consensus.cc:2272] T a66836c32aae444a8eb8af6ce7a776e8 P 9951808a51ea4bb0bc758bd1ecab131f [term 1 FOLLOWER]: Raft consensus is shut down!
I20260608 12:44:22.933384 12614 tablet_replica.cc:333] T f6f4b5a602994c5b87f23dfd08fdaf71 P 9951808a51ea4bb0bc758bd1ecab131f: stopping tablet replica
I20260608 12:44:22.933996 12614 raft_consensus.cc:2243] T f6f4b5a602994c5b87f23dfd08fdaf71 P 9951808a51ea4bb0bc758bd1ecab131f [term 1 FOLLOWER]: Raft consensus shutting down.
I20260608 12:44:22.934476 12614 raft_consensus.cc:2272] T f6f4b5a602994c5b87f23dfd08fdaf71 P 9951808a51ea4bb0bc758bd1ecab131f [term 1 FOLLOWER]: Raft consensus is shut down!
I20260608 12:44:22.936544 12614 tablet_replica.cc:333] T 408155b894304fb088706a759c5a088f P 9951808a51ea4bb0bc758bd1ecab131f: stopping tablet replica
I20260608 12:44:22.937121 12614 raft_consensus.cc:2243] T 408155b894304fb088706a759c5a088f P 9951808a51ea4bb0bc758bd1ecab131f [term 2 LEADER]: Raft consensus shutting down.
I20260608 12:44:22.937963 12614 raft_consensus.cc:2272] T 408155b894304fb088706a759c5a088f P 9951808a51ea4bb0bc758bd1ecab131f [term 2 FOLLOWER]: Raft consensus is shut down!
I20260608 12:44:22.970120 12614 tablet_server.cc:196] TabletServer@127.12.81.130:0 shutdown complete.
W20260608 12:44:22.976430 15708 consensus_peers.cc:597] T f6f4b5a602994c5b87f23dfd08fdaf71 P 1a5a181371bd47abb747fd7ee93a034f -> Peer 9951808a51ea4bb0bc758bd1ecab131f (127.12.81.130:42081): Couldn't send request to peer 9951808a51ea4bb0bc758bd1ecab131f. Status: Network error: Client connection negotiation failed: client connection to 127.12.81.130:42081: connect: Connection refused (error 111). This is attempt 1: this message will repeat every 5th retry.
I20260608 12:44:22.991793 12614 tablet_server.cc:179] TabletServer@127.12.81.131:0 shutting down...
W20260608 12:44:23.007469 15875 consensus_peers.cc:597] T 74ee3b677cd24cde908db60980f63c50 P 0b5b9463e23f4849b949a6fce665bb1e -> Peer 1a5a181371bd47abb747fd7ee93a034f (127.12.81.131:41847): Couldn't send request to peer 1a5a181371bd47abb747fd7ee93a034f. Status: Remote error: Service unavailable: service kudu.consensus.ConsensusService not registered on TabletServer. This is attempt 1: this message will repeat every 5th retry.
W20260608 12:44:23.010833 15875 consensus_peers.cc:597] T 5cc8cba0e3c141af979fa2675e21f7f8 P 0b5b9463e23f4849b949a6fce665bb1e -> Peer 1a5a181371bd47abb747fd7ee93a034f (127.12.81.131:41847): Couldn't send request to peer 1a5a181371bd47abb747fd7ee93a034f. Status: Remote error: Service unavailable: service kudu.consensus.ConsensusService not registered on TabletServer. This is attempt 1: this message will repeat every 5th retry.
I20260608 12:44:23.014411 12614 ts_tablet_manager.cc:1507] Shutting down tablet manager...
I20260608 12:44:23.015153 12614 tablet_replica.cc:333] T 10801ff63e5c45d39a2a2bc6d95cf939 P 1a5a181371bd47abb747fd7ee93a034f: stopping tablet replica
I20260608 12:44:23.015761 12614 raft_consensus.cc:2243] T 10801ff63e5c45d39a2a2bc6d95cf939 P 1a5a181371bd47abb747fd7ee93a034f [term 1 FOLLOWER]: Raft consensus shutting down.
I20260608 12:44:23.016316 12614 raft_consensus.cc:2272] T 10801ff63e5c45d39a2a2bc6d95cf939 P 1a5a181371bd47abb747fd7ee93a034f [term 1 FOLLOWER]: Raft consensus is shut down!
