I20260608 12:43:56.702919 12614 fs_manager.cc:730] Time spent opening block manager: real 0.003s	user 0.002s	sys 0.000s
I20260608 12:43:56.703178 12614 fs_manager.cc:647] Opened local filesystem: /tmp/dist-test-taskAXJrh0/test-tmp/auto_rebalancer-test.0.AutoRebalancerTest.NoReplicaMovesIfNoTablets.1780922574053480-12614-0/minicluster-data/ts-2-root
uuid: "200a188cbc95497b8017a3f39ac17e61"
format_stamp: "Formatted at 2026-06-08 12:43:56 on dist-test-slave-6txz"
I20260608 12:43:56.703421 12614 fs_report.cc:389] FS layout report
--------------------
wal directory: /tmp/dist-test-taskAXJrh0/test-tmp/auto_rebalancer-test.0.AutoRebalancerTest.NoReplicaMovesIfNoTablets.1780922574053480-12614-0/minicluster-data/ts-2-root
metadata directory: /tmp/dist-test-taskAXJrh0/test-tmp/auto_rebalancer-test.0.AutoRebalancerTest.NoReplicaMovesIfNoTablets.1780922574053480-12614-0/minicluster-data/ts-2-root
1 data directories: /tmp/dist-test-taskAXJrh0/test-tmp/auto_rebalancer-test.0.AutoRebalancerTest.NoReplicaMovesIfNoTablets.1780922574053480-12614-0/minicluster-data/ts-2-root/data
Total live blocks: 0
Total live bytes: 0
Total live bytes (after alignment): 0
Total number of LBM containers: 0 (0 full)
Did not check for missing blocks
Did not check for orphaned blocks
Total full LBM containers with extra space: 0 (0 repaired)
Total full LBM container extra space in bytes: 0 (0 repaired)
Total incomplete LBM containers: 0 (0 repaired)
Total LBM partial records: 0 (0 repaired)
Total corrupted LBM metadata records in RocksDB: 0 (0 repaired)
I20260608 12:43:56.714331 12614 rpc_server.cc:225] running with OpenSSL 1.1.1  11 Sep 2018
I20260608 12:43:56.715583 12614 kserver.cc:163] Server-wide thread pool size limit: 3276
I20260608 12:43:56.717077 12614 txn_system_client.cc:432] TxnSystemClient initialization is disabled...
I20260608 12:43:56.719307 12614 ts_tablet_manager.cc:585] Loaded tablet metadata (0 total tablets, 0 live tablets)
I20260608 12:43:56.719519 12614 ts_tablet_manager.cc:531] Time spent load tablet metadata: real 0.000s	user 0.000s	sys 0.000s
I20260608 12:43:56.719762 12614 ts_tablet_manager.cc:616] Registered 0 tablets
I20260608 12:43:56.719949 12614 ts_tablet_manager.cc:595] Time spent register tablets: real 0.000s	user 0.001s	sys 0.000s
I20260608 12:43:56.760977 12614 rpc_server.cc:307] RPC server started. Bound to: 127.12.81.131:40427
I20260608 12:43:56.761073 15111 acceptor_pool.cc:272] collecting diagnostics on the listening RPC socket 127.12.81.131:40427 every 8 connection(s)
I20260608 12:43:56.775309 15112 heartbeater.cc:344] Connected to a master server at 127.12.81.190:38393
I20260608 12:43:56.775638 15112 heartbeater.cc:461] Registering TS with master...
I20260608 12:43:56.776355 15112 heartbeater.cc:507] Master 127.12.81.190:38393 requested a full tablet report, sending...
I20260608 12:43:56.778234 14836 ts_manager.cc:194] Registered new tserver with Master: 200a188cbc95497b8017a3f39ac17e61 (127.12.81.131:40427)
I20260608 12:43:56.779032 12614 internal_mini_cluster.cc:371] 3 TS(s) registered with all masters after 0.014737137s
I20260608 12:43:56.780103 14836 master_service.cc:502] Signed X509 certificate for tserver {username='slave'} at 127.0.0.1:42600
I20260608 12:43:57.603554 14963 heartbeater.cc:499] Master 127.12.81.190:38393 was elected leader, sending a full tablet report...
I20260608 12:43:57.694407 15038 heartbeater.cc:499] Master 127.12.81.190:38393 was elected leader, sending a full tablet report...
I20260608 12:43:57.782989 15112 heartbeater.cc:499] Master 127.12.81.190:38393 was elected leader, sending a full tablet report...
I20260608 12:43:58.407361 14889 auto_leader_rebalancer.cc:451] All tables' leader rebalancing finished this round
I20260608 12:44:00.408273 14889 auto_leader_rebalancer.cc:451] All tables' leader rebalancing finished this round
I20260608 12:44:02.409188 14889 auto_leader_rebalancer.cc:451] All tables' leader rebalancing finished this round
I20260608 12:44:04.410140 14889 auto_leader_rebalancer.cc:451] All tables' leader rebalancing finished this round
I20260608 12:44:06.411267 14889 auto_leader_rebalancer.cc:451] All tables' leader rebalancing finished this round
I20260608 12:44:08.412497 14889 auto_leader_rebalancer.cc:451] All tables' leader rebalancing finished this round
I20260608 12:44:08.874428 12614 tablet_server.cc:179] TabletServer@127.12.81.129:0 shutting down...
I20260608 12:44:08.898496 12614 ts_tablet_manager.cc:1507] Shutting down tablet manager...
I20260608 12:44:08.915324 12614 tablet_server.cc:196] TabletServer@127.12.81.129:0 shutdown complete.
I20260608 12:44:08.924779 12614 tablet_server.cc:179] TabletServer@127.12.81.130:0 shutting down...
I20260608 12:44:08.944845 12614 ts_tablet_manager.cc:1507] Shutting down tablet manager...
I20260608 12:44:08.960337 12614 tablet_server.cc:196] TabletServer@127.12.81.130:0 shutdown complete.
I20260608 12:44:08.969316 12614 tablet_server.cc:179] TabletServer@127.12.81.131:0 shutting down...
I20260608 12:44:08.986953 12614 ts_tablet_manager.cc:1507] Shutting down tablet manager...
I20260608 12:44:09.003041 12614 tablet_server.cc:196] TabletServer@127.12.81.131:0 shutdown complete.
I20260608 12:44:09.011526 12614 master.cc:562] Master@127.12.81.190:38393 shutting down...
I20260608 12:44:09.032274 12614 raft_consensus.cc:2243] T 00000000000000000000000000000000 P 950903dcb2ee4e3a9bb198c780e211b0 [term 1 LEADER]: Raft consensus shutting down.
I20260608 12:44:09.033039 12614 raft_consensus.cc:2272] T 00000000000000000000000000000000 P 950903dcb2ee4e3a9bb198c780e211b0 [term 1 FOLLOWER]: Raft consensus is shut down!
I20260608 12:44:09.033367 12614 tablet_replica.cc:333] T 00000000000000000000000000000000 P 950903dcb2ee4e3a9bb198c780e211b0: stopping tablet replica
I20260608 12:44:09.050910 12614 master.cc:584] Master@127.12.81.190:38393 shutdown complete.
[       OK ] AutoRebalancerTest.NoReplicaMovesIfNoTablets (12824 ms)
[ RUN      ] AutoRebalancerTest.RangeAwareBuildClusterInfoGroupsByRange
I20260608 12:44:09.083436 12614 internal_mini_cluster.cc:156] Creating distributed mini masters. Addrs: 127.12.81.190:38703
I20260608 12:44:09.084617 12614 file_cache.cc:492] Constructed file cache file cache with capacity 419430
W20260608 12:44:09.090701 15118 instance_detector.cc:116] could not retrieve Azure instance metadata: Network error: curl error: HTTP response code said error: The requested URL returned error: 404
W20260608 12:44:09.090751 15117 instance_detector.cc:116] could not retrieve AWS instance metadata: Network error: curl error: HTTP response code said error: The requested URL returned error: 404
W20260608 12:44:09.091606 15120 instance_detector.cc:116] could not retrieve OpenStack instance metadata: Network error: curl error: HTTP response code said error: The requested URL returned error: 404
I20260608 12:44:09.092303 12614 server_base.cc:1061] running on GCE node
I20260608 12:44:09.093052 12614 hybrid_clock.cc:584] initializing the hybrid clock with 'system_unsync' time source
W20260608 12:44:09.093240 12614 system_unsync_time.cc:38] NTP support is disabled. Clock error bounds will not be accurate. This configuration is not suitable for distributed clusters.
I20260608 12:44:09.093385 12614 hybrid_clock.cc:648] HybridClock initialized: now 1780922649093369 us; error 0 us; skew 500 ppm
I20260608 12:44:09.093955 12614 server_base.cc:861] Flag tcmalloc_max_total_thread_cache_bytes is not working since tcmalloc is not enabled.
I20260608 12:44:09.096565 12614 webserver.cc:533] Webserver started at http://127.12.81.190:36633/ using document root <none> and password file <none>
I20260608 12:44:09.097079 12614 fs_manager.cc:362] Metadata directory not provided
I20260608 12:44:09.097262 12614 fs_manager.cc:368] Using write-ahead log directory (fs_wal_dir) as metadata directory
I20260608 12:44:09.097533 12614 server_base.cc:909] This appears to be a new deployment of Kudu; creating new FS layout
I20260608 12:44:09.098747 12614 fs_manager.cc:1068] Generated new instance metadata in path /tmp/dist-test-taskAXJrh0/test-tmp/auto_rebalancer-test.0.AutoRebalancerTest.RangeAwareBuildClusterInfoGroupsByRange.1780922574053480-12614-0/minicluster-data/master-0-root/instance:
uuid: "1501df32c7a445b39bce3e9eaf887eb8"
format_stamp: "Formatted at 2026-06-08 12:44:09 on dist-test-slave-6txz"
I20260608 12:44:09.103574 12614 fs_manager.cc:696] Time spent creating directory manager: real 0.004s	user 0.003s	sys 0.004s
I20260608 12:44:09.107194 15125 log_block_manager.cc:4031] Time spent loading block containers with low live blocks: real 0.000s	user 0.000s	sys 0.000s
I20260608 12:44:09.107932 12614 fs_manager.cc:730] Time spent opening block manager: real 0.002s	user 0.003s	sys 0.000s
I20260608 12:44:09.108206 12614 fs_manager.cc:647] Opened local filesystem: /tmp/dist-test-taskAXJrh0/test-tmp/auto_rebalancer-test.0.AutoRebalancerTest.RangeAwareBuildClusterInfoGroupsByRange.1780922574053480-12614-0/minicluster-data/master-0-root
uuid: "1501df32c7a445b39bce3e9eaf887eb8"
format_stamp: "Formatted at 2026-06-08 12:44:09 on dist-test-slave-6txz"
I20260608 12:44:09.108455 12614 fs_report.cc:389] FS layout report
--------------------
wal directory: /tmp/dist-test-taskAXJrh0/test-tmp/auto_rebalancer-test.0.AutoRebalancerTest.RangeAwareBuildClusterInfoGroupsByRange.1780922574053480-12614-0/minicluster-data/master-0-root
metadata directory: /tmp/dist-test-taskAXJrh0/test-tmp/auto_rebalancer-test.0.AutoRebalancerTest.RangeAwareBuildClusterInfoGroupsByRange.1780922574053480-12614-0/minicluster-data/master-0-root
1 data directories: /tmp/dist-test-taskAXJrh0/test-tmp/auto_rebalancer-test.0.AutoRebalancerTest.RangeAwareBuildClusterInfoGroupsByRange.1780922574053480-12614-0/minicluster-data/master-0-root/data
Total live blocks: 0
Total live bytes: 0
Total live bytes (after alignment): 0
Total number of LBM containers: 0 (0 full)
Did not check for missing blocks
Did not check for orphaned blocks
Total full LBM containers with extra space: 0 (0 repaired)
Total full LBM container extra space in bytes: 0 (0 repaired)
Total incomplete LBM containers: 0 (0 repaired)
Total LBM partial records: 0 (0 repaired)
Total corrupted LBM metadata records in RocksDB: 0 (0 repaired)
I20260608 12:44:09.126307 12614 rpc_server.cc:225] running with OpenSSL 1.1.1  11 Sep 2018
I20260608 12:44:09.127560 12614 kserver.cc:163] Server-wide thread pool size limit: 3276
I20260608 12:44:09.166283 12614 rpc_server.cc:307] RPC server started. Bound to: 127.12.81.190:38703
I20260608 12:44:09.166419 15176 acceptor_pool.cc:272] collecting diagnostics on the listening RPC socket 127.12.81.190:38703 every 8 connection(s)
I20260608 12:44:09.170421 15177 data_dirs.cc:400] Could only allocate 1 dirs of requested 3 for tablet 00000000000000000000000000000000. 1 dirs total, 0 dirs full, 0 dirs failed
I20260608 12:44:09.181329 15177 tablet_bootstrap.cc:492] T 00000000000000000000000000000000 P 1501df32c7a445b39bce3e9eaf887eb8: Bootstrap starting.
I20260608 12:44:09.186082 15177 tablet_bootstrap.cc:654] T 00000000000000000000000000000000 P 1501df32c7a445b39bce3e9eaf887eb8: Neither blocks nor log segments found. Creating new log.
I20260608 12:44:09.190408 15177 tablet_bootstrap.cc:492] T 00000000000000000000000000000000 P 1501df32c7a445b39bce3e9eaf887eb8: No bootstrap required, opened a new log
I20260608 12:44:09.192736 15177 raft_consensus.cc:359] T 00000000000000000000000000000000 P 1501df32c7a445b39bce3e9eaf887eb8 [term 0 FOLLOWER]: Replica starting. Triggering 0 pending ops. Active config: opid_index: -1 OBSOLETE_local: true peers { permanent_uuid: "1501df32c7a445b39bce3e9eaf887eb8" member_type: VOTER }
I20260608 12:44:09.193142 15177 raft_consensus.cc:385] T 00000000000000000000000000000000 P 1501df32c7a445b39bce3e9eaf887eb8 [term 0 FOLLOWER]: Consensus starting up: Expiring failure detector timer to make a prompt election more likely
I20260608 12:44:09.193333 15177 raft_consensus.cc:740] T 00000000000000000000000000000000 P 1501df32c7a445b39bce3e9eaf887eb8 [term 0 FOLLOWER]: Becoming Follower/Learner. State: Replica: 1501df32c7a445b39bce3e9eaf887eb8, State: Initialized, Role: FOLLOWER
I20260608 12:44:09.193852 15177 consensus_queue.cc:260] T 00000000000000000000000000000000 P 1501df32c7a445b39bce3e9eaf887eb8 [NON_LEADER]: Queue going to NON_LEADER mode. State: All replicated index: 0, Majority replicated index: 0, Committed index: 0, Last appended: 0.0, Last appended by leader: 0, Current term: 0, Majority size: -1, State: 0, Mode: NON_LEADER, active raft config: opid_index: -1 OBSOLETE_local: true peers { permanent_uuid: "1501df32c7a445b39bce3e9eaf887eb8" member_type: VOTER }
I20260608 12:44:09.194272 15177 raft_consensus.cc:399] T 00000000000000000000000000000000 P 1501df32c7a445b39bce3e9eaf887eb8 [term 0 FOLLOWER]: Only one voter in the Raft config. Triggering election immediately
I20260608 12:44:09.194460 15177 raft_consensus.cc:493] T 00000000000000000000000000000000 P 1501df32c7a445b39bce3e9eaf887eb8 [term 0 FOLLOWER]: Starting leader election (initial election of a single-replica configuration)
I20260608 12:44:09.194661 15177 raft_consensus.cc:3060] T 00000000000000000000000000000000 P 1501df32c7a445b39bce3e9eaf887eb8 [term 0 FOLLOWER]: Advancing to term 1
I20260608 12:44:09.198956 15177 raft_consensus.cc:515] T 00000000000000000000000000000000 P 1501df32c7a445b39bce3e9eaf887eb8 [term 1 FOLLOWER]: Starting leader election with config: opid_index: -1 OBSOLETE_local: true peers { permanent_uuid: "1501df32c7a445b39bce3e9eaf887eb8" member_type: VOTER }
I20260608 12:44:09.199438 15177 leader_election.cc:304] T 00000000000000000000000000000000 P 1501df32c7a445b39bce3e9eaf887eb8 [CANDIDATE]: Term 1 election: Election decided. Result: candidate won. Election summary: received 1 responses out of 1 voters: 1 yes votes; 0 no votes. yes voters: 1501df32c7a445b39bce3e9eaf887eb8; no voters: 
I20260608 12:44:09.200572 15177 leader_election.cc:290] T 00000000000000000000000000000000 P 1501df32c7a445b39bce3e9eaf887eb8 [CANDIDATE]: Term 1 election: Requested vote from peers 
I20260608 12:44:09.200987 15180 raft_consensus.cc:2804] T 00000000000000000000000000000000 P 1501df32c7a445b39bce3e9eaf887eb8 [term 1 FOLLOWER]: Leader election won for term 1
I20260608 12:44:09.202214 15180 raft_consensus.cc:697] T 00000000000000000000000000000000 P 1501df32c7a445b39bce3e9eaf887eb8 [term 1 LEADER]: Becoming Leader. State: Replica: 1501df32c7a445b39bce3e9eaf887eb8, State: Running, Role: LEADER
I20260608 12:44:09.202963 15180 consensus_queue.cc:237] T 00000000000000000000000000000000 P 1501df32c7a445b39bce3e9eaf887eb8 [LEADER]: Queue going to LEADER mode. State: All replicated index: 0, Majority replicated index: 0, Committed index: 0, Last appended: 0.0, Last appended by leader: 0, Current term: 1, Majority size: 1, State: 0, Mode: LEADER, active raft config: opid_index: -1 OBSOLETE_local: true peers { permanent_uuid: "1501df32c7a445b39bce3e9eaf887eb8" member_type: VOTER }
I20260608 12:44:09.203471 15177 sys_catalog.cc:565] T 00000000000000000000000000000000 P 1501df32c7a445b39bce3e9eaf887eb8 [sys.catalog]: configured and running, proceeding with master startup.
I20260608 12:44:09.206187 15181 sys_catalog.cc:455] T 00000000000000000000000000000000 P 1501df32c7a445b39bce3e9eaf887eb8 [sys.catalog]: SysCatalogTable state changed. Reason: RaftConsensus started. Latest consensus state: current_term: 1 leader_uuid: "1501df32c7a445b39bce3e9eaf887eb8" committed_config { opid_index: -1 OBSOLETE_local: true peers { permanent_uuid: "1501df32c7a445b39bce3e9eaf887eb8" member_type: VOTER } }
I20260608 12:44:09.206321 15182 sys_catalog.cc:455] T 00000000000000000000000000000000 P 1501df32c7a445b39bce3e9eaf887eb8 [sys.catalog]: SysCatalogTable state changed. Reason: New leader 1501df32c7a445b39bce3e9eaf887eb8. Latest consensus state: current_term: 1 leader_uuid: "1501df32c7a445b39bce3e9eaf887eb8" committed_config { opid_index: -1 OBSOLETE_local: true peers { permanent_uuid: "1501df32c7a445b39bce3e9eaf887eb8" member_type: VOTER } }
I20260608 12:44:09.206909 15181 sys_catalog.cc:458] T 00000000000000000000000000000000 P 1501df32c7a445b39bce3e9eaf887eb8 [sys.catalog]: This master's current role is: LEADER
I20260608 12:44:09.207122 15182 sys_catalog.cc:458] T 00000000000000000000000000000000 P 1501df32c7a445b39bce3e9eaf887eb8 [sys.catalog]: This master's current role is: LEADER
I20260608 12:44:09.210780 15185 catalog_manager.cc:1510] Loading table and tablet metadata into memory...
I20260608 12:44:09.216087 15185 catalog_manager.cc:1519] Initializing Kudu cluster ID...
I20260608 12:44:09.221055 12614 internal_mini_cluster.cc:184] Waiting to initialize catalog manager on master 0
I20260608 12:44:09.225733 15185 catalog_manager.cc:1382] Generated new cluster ID: 403bd34cfc5a4ce0a06bed3fbd479c33
I20260608 12:44:09.226014 15185 catalog_manager.cc:1530] Initializing Kudu internal certificate authority...
I20260608 12:44:09.247753 15185 catalog_manager.cc:1405] Generated new certificate authority record
I20260608 12:44:09.249073 15185 catalog_manager.cc:1539] Loading token signing keys...
I20260608 12:44:09.262825 15185 catalog_manager.cc:6069] T 00000000000000000000000000000000 P 1501df32c7a445b39bce3e9eaf887eb8: Generated new TSK 0
I20260608 12:44:09.263428 15185 catalog_manager.cc:1549] Initializing in-progress tserver states...
I20260608 12:44:09.288805 12614 file_cache.cc:492] Constructed file cache file cache with capacity 419430
W20260608 12:44:09.294987 15198 instance_detector.cc:116] could not retrieve AWS instance metadata: Network error: curl error: HTTP response code said error: The requested URL returned error: 404
W20260608 12:44:09.296159 15199 instance_detector.cc:116] could not retrieve Azure instance metadata: Network error: curl error: HTTP response code said error: The requested URL returned error: 404
W20260608 12:44:09.297268 15201 instance_detector.cc:116] could not retrieve OpenStack instance metadata: Network error: curl error: HTTP response code said error: The requested URL returned error: 404
I20260608 12:44:09.297400 12614 server_base.cc:1061] running on GCE node
I20260608 12:44:09.298384 12614 hybrid_clock.cc:584] initializing the hybrid clock with 'system_unsync' time source
W20260608 12:44:09.298565 12614 system_unsync_time.cc:38] NTP support is disabled. Clock error bounds will not be accurate. This configuration is not suitable for distributed clusters.
I20260608 12:44:09.298696 12614 hybrid_clock.cc:648] HybridClock initialized: now 1780922649298684 us; error 0 us; skew 500 ppm
I20260608 12:44:09.299219 12614 server_base.cc:861] Flag tcmalloc_max_total_thread_cache_bytes is not working since tcmalloc is not enabled.
I20260608 12:44:09.301612 12614 webserver.cc:533] Webserver started at http://127.12.81.129:45277/ using document root <none> and password file <none>
I20260608 12:44:09.302063 12614 fs_manager.cc:362] Metadata directory not provided
I20260608 12:44:09.302229 12614 fs_manager.cc:368] Using write-ahead log directory (fs_wal_dir) as metadata directory
I20260608 12:44:09.302443 12614 server_base.cc:909] This appears to be a new deployment of Kudu; creating new FS layout
I20260608 12:44:09.303462 12614 fs_manager.cc:1068] Generated new instance metadata in path /tmp/dist-test-taskAXJrh0/test-tmp/auto_rebalancer-test.0.AutoRebalancerTest.RangeAwareBuildClusterInfoGroupsByRange.1780922574053480-12614-0/minicluster-data/ts-0-root/instance:
uuid: "646e040fbd674f24b326a16078de7b2a"
format_stamp: "Formatted at 2026-06-08 12:44:09 on dist-test-slave-6txz"
I20260608 12:44:09.308200 12614 fs_manager.cc:696] Time spent creating directory manager: real 0.004s	user 0.001s	sys 0.002s
I20260608 12:44:09.311722 15206 log_block_manager.cc:4031] Time spent loading block containers with low live blocks: real 0.000s	user 0.000s	sys 0.000s
I20260608 12:44:09.312542 12614 fs_manager.cc:730] Time spent opening block manager: real 0.002s	user 0.002s	sys 0.001s
I20260608 12:44:09.312798 12614 fs_manager.cc:647] Opened local filesystem: /tmp/dist-test-taskAXJrh0/test-tmp/auto_rebalancer-test.0.AutoRebalancerTest.RangeAwareBuildClusterInfoGroupsByRange.1780922574053480-12614-0/minicluster-data/ts-0-root
uuid: "646e040fbd674f24b326a16078de7b2a"
format_stamp: "Formatted at 2026-06-08 12:44:09 on dist-test-slave-6txz"
I20260608 12:44:09.313040 12614 fs_report.cc:389] FS layout report
--------------------
wal directory: /tmp/dist-test-taskAXJrh0/test-tmp/auto_rebalancer-test.0.AutoRebalancerTest.RangeAwareBuildClusterInfoGroupsByRange.1780922574053480-12614-0/minicluster-data/ts-0-root
metadata directory: /tmp/dist-test-taskAXJrh0/test-tmp/auto_rebalancer-test.0.AutoRebalancerTest.RangeAwareBuildClusterInfoGroupsByRange.1780922574053480-12614-0/minicluster-data/ts-0-root
1 data directories: /tmp/dist-test-taskAXJrh0/test-tmp/auto_rebalancer-test.0.AutoRebalancerTest.RangeAwareBuildClusterInfoGroupsByRange.1780922574053480-12614-0/minicluster-data/ts-0-root/data
Total live blocks: 0
Total live bytes: 0
Total live bytes (after alignment): 0
Total number of LBM containers: 0 (0 full)
Did not check for missing blocks
Did not check for orphaned blocks
Total full LBM containers with extra space: 0 (0 repaired)
Total full LBM container extra space in bytes: 0 (0 repaired)
Total incomplete LBM containers: 0 (0 repaired)
Total LBM partial records: 0 (0 repaired)
Total corrupted LBM metadata records in RocksDB: 0 (0 repaired)
I20260608 12:44:09.327664 12614 rpc_server.cc:225] running with OpenSSL 1.1.1  11 Sep 2018
I20260608 12:44:09.328887 12614 kserver.cc:163] Server-wide thread pool size limit: 3276
I20260608 12:44:09.330338 12614 txn_system_client.cc:432] TxnSystemClient initialization is disabled...
I20260608 12:44:09.332701 12614 ts_tablet_manager.cc:585] Loaded tablet metadata (0 total tablets, 0 live tablets)
I20260608 12:44:09.332882 12614 ts_tablet_manager.cc:531] Time spent load tablet metadata: real 0.000s	user 0.000s	sys 0.000s
I20260608 12:44:09.333125 12614 ts_tablet_manager.cc:616] Registered 0 tablets
I20260608 12:44:09.333276 12614 ts_tablet_manager.cc:595] Time spent register tablets: real 0.000s	user 0.000s	sys 0.000s
I20260608 12:44:09.372069 12614 rpc_server.cc:307] RPC server started. Bound to: 127.12.81.129:35259
I20260608 12:44:09.372202 15268 acceptor_pool.cc:272] collecting diagnostics on the listening RPC socket 127.12.81.129:35259 every 8 connection(s)
I20260608 12:44:09.376997 12614 file_cache.cc:492] Constructed file cache file cache with capacity 419430
W20260608 12:44:09.383700 15273 instance_detector.cc:116] could not retrieve AWS instance metadata: Network error: curl error: HTTP response code said error: The requested URL returned error: 404
W20260608 12:44:09.385622 15274 instance_detector.cc:116] could not retrieve Azure instance metadata: Network error: curl error: HTTP response code said error: The requested URL returned error: 404
I20260608 12:44:09.387305 12614 server_base.cc:1061] running on GCE node
W20260608 12:44:09.388051 15276 instance_detector.cc:116] could not retrieve OpenStack instance metadata: Network error: curl error: HTTP response code said error: The requested URL returned error: 404
I20260608 12:44:09.388903 12614 hybrid_clock.cc:584] initializing the hybrid clock with 'system_unsync' time source
W20260608 12:44:09.389142 12614 system_unsync_time.cc:38] NTP support is disabled. Clock error bounds will not be accurate. This configuration is not suitable for distributed clusters.
I20260608 12:44:09.389354 12614 hybrid_clock.cc:648] HybridClock initialized: now 1780922649389323 us; error 0 us; skew 500 ppm
I20260608 12:44:09.390084 12614 server_base.cc:861] Flag tcmalloc_max_total_thread_cache_bytes is not working since tcmalloc is not enabled.
I20260608 12:44:09.392769 12614 webserver.cc:533] Webserver started at http://127.12.81.130:46083/ using document root <none> and password file <none>
I20260608 12:44:09.393059 15269 heartbeater.cc:344] Connected to a master server at 127.12.81.190:38703
I20260608 12:44:09.393332 12614 fs_manager.cc:362] Metadata directory not provided
I20260608 12:44:09.393407 15269 heartbeater.cc:461] Registering TS with master...
I20260608 12:44:09.393565 12614 fs_manager.cc:368] Using write-ahead log directory (fs_wal_dir) as metadata directory
I20260608 12:44:09.393885 12614 server_base.cc:909] This appears to be a new deployment of Kudu; creating new FS layout
I20260608 12:44:09.394212 15269 heartbeater.cc:507] Master 127.12.81.190:38703 requested a full tablet report, sending...
I20260608 12:44:09.395068 12614 fs_manager.cc:1068] Generated new instance metadata in path /tmp/dist-test-taskAXJrh0/test-tmp/auto_rebalancer-test.0.AutoRebalancerTest.RangeAwareBuildClusterInfoGroupsByRange.1780922574053480-12614-0/minicluster-data/ts-1-root/instance:
uuid: "0af98cafc25f43eaa8d80e6f9db2d375"
format_stamp: "Formatted at 2026-06-08 12:44:09 on dist-test-slave-6txz"
I20260608 12:44:09.396485 15142 ts_manager.cc:194] Registered new tserver with Master: 646e040fbd674f24b326a16078de7b2a (127.12.81.129:35259)
I20260608 12:44:09.398205 15142 master_service.cc:502] Signed X509 certificate for tserver {username='slave'} at 127.0.0.1:33398
I20260608 12:44:09.400115 12614 fs_manager.cc:696] Time spent creating directory manager: real 0.004s	user 0.006s	sys 0.000s
I20260608 12:44:09.403613 15281 log_block_manager.cc:4031] Time spent loading block containers with low live blocks: real 0.000s	user 0.000s	sys 0.000s
I20260608 12:44:09.404520 12614 fs_manager.cc:730] Time spent opening block manager: real 0.002s	user 0.002s	sys 0.001s
I20260608 12:44:09.404830 12614 fs_manager.cc:647] Opened local filesystem: /tmp/dist-test-taskAXJrh0/test-tmp/auto_rebalancer-test.0.AutoRebalancerTest.RangeAwareBuildClusterInfoGroupsByRange.1780922574053480-12614-0/minicluster-data/ts-1-root
uuid: "0af98cafc25f43eaa8d80e6f9db2d375"
format_stamp: "Formatted at 2026-06-08 12:44:09 on dist-test-slave-6txz"
I20260608 12:44:09.405107 12614 fs_report.cc:389] FS layout report
--------------------
wal directory: /tmp/dist-test-taskAXJrh0/test-tmp/auto_rebalancer-test.0.AutoRebalancerTest.RangeAwareBuildClusterInfoGroupsByRange.1780922574053480-12614-0/minicluster-data/ts-1-root
metadata directory: /tmp/dist-test-taskAXJrh0/test-tmp/auto_rebalancer-test.0.AutoRebalancerTest.RangeAwareBuildClusterInfoGroupsByRange.1780922574053480-12614-0/minicluster-data/ts-1-root
1 data directories: /tmp/dist-test-taskAXJrh0/test-tmp/auto_rebalancer-test.0.AutoRebalancerTest.RangeAwareBuildClusterInfoGroupsByRange.1780922574053480-12614-0/minicluster-data/ts-1-root/data
Total live blocks: 0
Total live bytes: 0
Total live bytes (after alignment): 0
Total number of LBM containers: 0 (0 full)
Did not check for missing blocks
Did not check for orphaned blocks
Total full LBM containers with extra space: 0 (0 repaired)
Total full LBM container extra space in bytes: 0 (0 repaired)
Total incomplete LBM containers: 0 (0 repaired)
Total LBM partial records: 0 (0 repaired)
Total corrupted LBM metadata records in RocksDB: 0 (0 repaired)
I20260608 12:44:09.426208 12614 rpc_server.cc:225] running with OpenSSL 1.1.1  11 Sep 2018
I20260608 12:44:09.427414 12614 kserver.cc:163] Server-wide thread pool size limit: 3276
I20260608 12:44:09.428861 12614 txn_system_client.cc:432] TxnSystemClient initialization is disabled...
I20260608 12:44:09.431088 12614 ts_tablet_manager.cc:585] Loaded tablet metadata (0 total tablets, 0 live tablets)
I20260608 12:44:09.431282 12614 ts_tablet_manager.cc:531] Time spent load tablet metadata: real 0.000s	user 0.000s	sys 0.000s
I20260608 12:44:09.431499 12614 ts_tablet_manager.cc:616] Registered 0 tablets
I20260608 12:44:09.431660 12614 ts_tablet_manager.cc:595] Time spent register tablets: real 0.000s	user 0.000s	sys 0.000s
I20260608 12:44:09.470033 12614 rpc_server.cc:307] RPC server started. Bound to: 127.12.81.130:38015
I20260608 12:44:09.470144 15343 acceptor_pool.cc:272] collecting diagnostics on the listening RPC socket 127.12.81.130:38015 every 8 connection(s)
I20260608 12:44:09.474794 12614 file_cache.cc:492] Constructed file cache file cache with capacity 419430
W20260608 12:44:09.481426 15347 instance_detector.cc:116] could not retrieve AWS instance metadata: Network error: curl error: HTTP response code said error: The requested URL returned error: 404
W20260608 12:44:09.481889 15348 instance_detector.cc:116] could not retrieve Azure instance metadata: Network error: curl error: HTTP response code said error: The requested URL returned error: 404
W20260608 12:44:09.485071 15351 instance_detector.cc:116] could not retrieve OpenStack instance metadata: Network error: curl error: HTTP response code said error: The requested URL returned error: 404
I20260608 12:44:09.485255 12614 server_base.cc:1061] running on GCE node
I20260608 12:44:09.486227 12614 hybrid_clock.cc:584] initializing the hybrid clock with 'system_unsync' time source
W20260608 12:44:09.486459 12614 system_unsync_time.cc:38] NTP support is disabled. Clock error bounds will not be accurate. This configuration is not suitable for distributed clusters.
I20260608 12:44:09.486646 12614 hybrid_clock.cc:648] HybridClock initialized: now 1780922649486627 us; error 0 us; skew 500 ppm
I20260608 12:44:09.486783 15344 heartbeater.cc:344] Connected to a master server at 127.12.81.190:38703
I20260608 12:44:09.487174 15344 heartbeater.cc:461] Registering TS with master...
I20260608 12:44:09.487480 12614 server_base.cc:861] Flag tcmalloc_max_total_thread_cache_bytes is not working since tcmalloc is not enabled.
I20260608 12:44:09.488075 15344 heartbeater.cc:507] Master 127.12.81.190:38703 requested a full tablet report, sending...
I20260608 12:44:09.490260 15142 ts_manager.cc:194] Registered new tserver with Master: 0af98cafc25f43eaa8d80e6f9db2d375 (127.12.81.130:38015)
I20260608 12:44:09.491621 15142 master_service.cc:502] Signed X509 certificate for tserver {username='slave'} at 127.0.0.1:33406
I20260608 12:44:09.492260 12614 webserver.cc:533] Webserver started at http://127.12.81.131:44653/ using document root <none> and password file <none>
I20260608 12:44:09.492808 12614 fs_manager.cc:362] Metadata directory not provided
I20260608 12:44:09.493049 12614 fs_manager.cc:368] Using write-ahead log directory (fs_wal_dir) as metadata directory
I20260608 12:44:09.493382 12614 server_base.cc:909] This appears to be a new deployment of Kudu; creating new FS layout
I20260608 12:44:09.494668 12614 fs_manager.cc:1068] Generated new instance metadata in path /tmp/dist-test-taskAXJrh0/test-tmp/auto_rebalancer-test.0.AutoRebalancerTest.RangeAwareBuildClusterInfoGroupsByRange.1780922574053480-12614-0/minicluster-data/ts-2-root/instance:
uuid: "61422d9c78704c829ddafb6cc63f02a2"
format_stamp: "Formatted at 2026-06-08 12:44:09 on dist-test-slave-6txz"
I20260608 12:44:09.499164 12614 fs_manager.cc:696] Time spent creating directory manager: real 0.004s	user 0.006s	sys 0.001s
I20260608 12:44:09.502564 15355 log_block_manager.cc:4031] Time spent loading block containers with low live blocks: real 0.000s	user 0.000s	sys 0.000s
I20260608 12:44:09.503424 12614 fs_manager.cc:730] Time spent opening block manager: real 0.002s	user 0.002s	sys 0.000s
I20260608 12:44:09.503697 12614 fs_manager.cc:647] Opened local filesystem: /tmp/dist-test-taskAXJrh0/test-tmp/auto_rebalancer-test.0.AutoRebalancerTest.RangeAwareBuildClusterInfoGroupsByRange.1780922574053480-12614-0/minicluster-data/ts-2-root
uuid: "61422d9c78704c829ddafb6cc63f02a2"
format_stamp: "Formatted at 2026-06-08 12:44:09 on dist-test-slave-6txz"
I20260608 12:44:09.503995 12614 fs_report.cc:389] FS layout report
--------------------
wal directory: /tmp/dist-test-taskAXJrh0/test-tmp/auto_rebalancer-test.0.AutoRebalancerTest.RangeAwareBuildClusterInfoGroupsByRange.1780922574053480-12614-0/minicluster-data/ts-2-root
metadata directory: /tmp/dist-test-taskAXJrh0/test-tmp/auto_rebalancer-test.0.AutoRebalancerTest.RangeAwareBuildClusterInfoGroupsByRange.1780922574053480-12614-0/minicluster-data/ts-2-root
1 data directories: /tmp/dist-test-taskAXJrh0/test-tmp/auto_rebalancer-test.0.AutoRebalancerTest.RangeAwareBuildClusterInfoGroupsByRange.1780922574053480-12614-0/minicluster-data/ts-2-root/data
Total live blocks: 0
Total live bytes: 0
Total live bytes (after alignment): 0
Total number of LBM containers: 0 (0 full)
Did not check for missing blocks
Did not check for orphaned blocks
Total full LBM containers with extra space: 0 (0 repaired)
Total full LBM container extra space in bytes: 0 (0 repaired)
Total incomplete LBM containers: 0 (0 repaired)
Total LBM partial records: 0 (0 repaired)
Total corrupted LBM metadata records in RocksDB: 0 (0 repaired)
I20260608 12:44:09.542929 12614 rpc_server.cc:225] running with OpenSSL 1.1.1  11 Sep 2018
I20260608 12:44:09.544130 12614 kserver.cc:163] Server-wide thread pool size limit: 3276
I20260608 12:44:09.545511 12614 txn_system_client.cc:432] TxnSystemClient initialization is disabled...
I20260608 12:44:09.547824 12614 ts_tablet_manager.cc:585] Loaded tablet metadata (0 total tablets, 0 live tablets)
I20260608 12:44:09.548022 12614 ts_tablet_manager.cc:531] Time spent load tablet metadata: real 0.000s	user 0.000s	sys 0.000s
I20260608 12:44:09.548269 12614 ts_tablet_manager.cc:616] Registered 0 tablets
I20260608 12:44:09.548424 12614 ts_tablet_manager.cc:595] Time spent register tablets: real 0.000s	user 0.000s	sys 0.000s
I20260608 12:44:09.586607 12614 rpc_server.cc:307] RPC server started. Bound to: 127.12.81.131:45183
I20260608 12:44:09.586745 15417 acceptor_pool.cc:272] collecting diagnostics on the listening RPC socket 127.12.81.131:45183 every 8 connection(s)
I20260608 12:44:09.600857 15418 heartbeater.cc:344] Connected to a master server at 127.12.81.190:38703
I20260608 12:44:09.601222 15418 heartbeater.cc:461] Registering TS with master...
I20260608 12:44:09.602002 15418 heartbeater.cc:507] Master 127.12.81.190:38703 requested a full tablet report, sending...
I20260608 12:44:09.603859 15142 ts_manager.cc:194] Registered new tserver with Master: 61422d9c78704c829ddafb6cc63f02a2 (127.12.81.131:45183)
I20260608 12:44:09.603956 12614 internal_mini_cluster.cc:371] 3 TS(s) registered with all masters after 0.013580021s
I20260608 12:44:09.605271 15142 master_service.cc:502] Signed X509 certificate for tserver {username='slave'} at 127.0.0.1:33412
I20260608 12:44:10.401062 15269 heartbeater.cc:499] Master 127.12.81.190:38703 was elected leader, sending a full tablet report...
I20260608 12:44:10.494426 15344 heartbeater.cc:499] Master 127.12.81.190:38703 was elected leader, sending a full tablet report...
I20260608 12:44:10.608085 15418 heartbeater.cc:499] Master 127.12.81.190:38703 was elected leader, sending a full tablet report...
I20260608 12:44:10.657549 15142 catalog_manager.cc:2282] Servicing CreateTable request from {username='slave'} at 127.0.0.1:33424:
name: "range_aware_auto_rebalancer_test"
schema {
  columns {
    name: "key"
    type: INT32
    is_key: true
    is_nullable: false
    encoding: AUTO_ENCODING
    compression: DEFAULT_COMPRESSION
    cfile_block_size: 0
    immutable: false
  }
}
num_replicas: 3
split_rows_range_bounds {
  rows: "\006\001\000\000\000\000\007\001\n\000\000\000\006\001\n\000\000\000\007\001\024\000\000\000""\006\001\000\000\000\000\007\001\n\000\000\000\006\001\n\000\000\000\007\001\024\000\000\000"
  indirect_data: """"
}
partition_schema {
  hash_schema {
    columns {
      name: "key"
    }
    num_buckets: 2
    seed: 0
  }
  range_schema {
    columns {
      name: "key"
    }
  }
}
W20260608 12:44:10.660004 15142 catalog_manager.cc:7076] The number of live tablet servers is not enough to re-replicate a tablet replica of the newly created table range_aware_auto_rebalancer_test in case of a server failure: 4 tablet servers would be needed, 3 are available. Consider bringing up more tablet servers.
I20260608 12:44:10.728889 15234 tablet_service.cc:1511] Processing CreateTablet for tablet c00fb6c3099c4f1f80797a813a12a026 (DEFAULT_TABLE table=range_aware_auto_rebalancer_test [id=a2962b0cc9fa4864b47eee6e7722ea7c]), partition=HASH (key) PARTITION 0, RANGE (key) PARTITION 0 <= VALUES < 10
I20260608 12:44:10.728979 15233 tablet_service.cc:1511] Processing CreateTablet for tablet 1ed2e06197144ee6922e370643eb10fd (DEFAULT_TABLE table=range_aware_auto_rebalancer_test [id=a2962b0cc9fa4864b47eee6e7722ea7c]), partition=HASH (key) PARTITION 0, RANGE (key) PARTITION 10 <= VALUES < 20
I20260608 12:44:10.729104 15232 tablet_service.cc:1511] Processing CreateTablet for tablet a77edc77e8e64e5881df08968bdadd7e (DEFAULT_TABLE table=range_aware_auto_rebalancer_test [id=a2962b0cc9fa4864b47eee6e7722ea7c]), partition=HASH (key) PARTITION 1, RANGE (key) PARTITION 0 <= VALUES < 10
I20260608 12:44:10.730967 15234 data_dirs.cc:400] Could only allocate 1 dirs of requested 3 for tablet c00fb6c3099c4f1f80797a813a12a026. 1 dirs total, 0 dirs full, 0 dirs failed
I20260608 12:44:10.730916 15231 tablet_service.cc:1511] Processing CreateTablet for tablet 86a505bd9f48498fa2bb96850b583e3d (DEFAULT_TABLE table=range_aware_auto_rebalancer_test [id=a2962b0cc9fa4864b47eee6e7722ea7c]), partition=HASH (key) PARTITION 1, RANGE (key) PARTITION 10 <= VALUES < 20
I20260608 12:44:10.732487 15232 data_dirs.cc:400] Could only allocate 1 dirs of requested 3 for tablet a77edc77e8e64e5881df08968bdadd7e. 1 dirs total, 0 dirs full, 0 dirs failed
I20260608 12:44:10.735311 15383 tablet_service.cc:1511] Processing CreateTablet for tablet c00fb6c3099c4f1f80797a813a12a026 (DEFAULT_TABLE table=range_aware_auto_rebalancer_test [id=a2962b0cc9fa4864b47eee6e7722ea7c]), partition=HASH (key) PARTITION 0, RANGE (key) PARTITION 0 <= VALUES < 10
I20260608 12:44:10.737278 15383 data_dirs.cc:400] Could only allocate 1 dirs of requested 3 for tablet c00fb6c3099c4f1f80797a813a12a026. 1 dirs total, 0 dirs full, 0 dirs failed
I20260608 12:44:10.737413 15231 data_dirs.cc:400] Could only allocate 1 dirs of requested 3 for tablet 86a505bd9f48498fa2bb96850b583e3d. 1 dirs total, 0 dirs full, 0 dirs failed
I20260608 12:44:10.742043 15233 data_dirs.cc:400] Could only allocate 1 dirs of requested 3 for tablet 1ed2e06197144ee6922e370643eb10fd. 1 dirs total, 0 dirs full, 0 dirs failed
I20260608 12:44:10.743294 15309 tablet_service.cc:1511] Processing CreateTablet for tablet c00fb6c3099c4f1f80797a813a12a026 (DEFAULT_TABLE table=range_aware_auto_rebalancer_test [id=a2962b0cc9fa4864b47eee6e7722ea7c]), partition=HASH (key) PARTITION 0, RANGE (key) PARTITION 0 <= VALUES < 10
I20260608 12:44:10.743760 15382 tablet_service.cc:1511] Processing CreateTablet for tablet 1ed2e06197144ee6922e370643eb10fd (DEFAULT_TABLE table=range_aware_auto_rebalancer_test [id=a2962b0cc9fa4864b47eee6e7722ea7c]), partition=HASH (key) PARTITION 0, RANGE (key) PARTITION 10 <= VALUES < 20
I20260608 12:44:10.744801 15309 data_dirs.cc:400] Could only allocate 1 dirs of requested 3 for tablet c00fb6c3099c4f1f80797a813a12a026. 1 dirs total, 0 dirs full, 0 dirs failed
I20260608 12:44:10.745236 15382 data_dirs.cc:400] Could only allocate 1 dirs of requested 3 for tablet 1ed2e06197144ee6922e370643eb10fd. 1 dirs total, 0 dirs full, 0 dirs failed
I20260608 12:44:10.748580 15381 tablet_service.cc:1511] Processing CreateTablet for tablet a77edc77e8e64e5881df08968bdadd7e (DEFAULT_TABLE table=range_aware_auto_rebalancer_test [id=a2962b0cc9fa4864b47eee6e7722ea7c]), partition=HASH (key) PARTITION 1, RANGE (key) PARTITION 0 <= VALUES < 10
I20260608 12:44:10.750028 15381 data_dirs.cc:400] Could only allocate 1 dirs of requested 3 for tablet a77edc77e8e64e5881df08968bdadd7e. 1 dirs total, 0 dirs full, 0 dirs failed
I20260608 12:44:10.754169 15380 tablet_service.cc:1511] Processing CreateTablet for tablet 86a505bd9f48498fa2bb96850b583e3d (DEFAULT_TABLE table=range_aware_auto_rebalancer_test [id=a2962b0cc9fa4864b47eee6e7722ea7c]), partition=HASH (key) PARTITION 1, RANGE (key) PARTITION 10 <= VALUES < 20
I20260608 12:44:10.755716 15380 data_dirs.cc:400] Could only allocate 1 dirs of requested 3 for tablet 86a505bd9f48498fa2bb96850b583e3d. 1 dirs total, 0 dirs full, 0 dirs failed
I20260608 12:44:10.757033 15308 tablet_service.cc:1511] Processing CreateTablet for tablet 1ed2e06197144ee6922e370643eb10fd (DEFAULT_TABLE table=range_aware_auto_rebalancer_test [id=a2962b0cc9fa4864b47eee6e7722ea7c]), partition=HASH (key) PARTITION 0, RANGE (key) PARTITION 10 <= VALUES < 20
I20260608 12:44:10.758443 15308 data_dirs.cc:400] Could only allocate 1 dirs of requested 3 for tablet 1ed2e06197144ee6922e370643eb10fd. 1 dirs total, 0 dirs full, 0 dirs failed
I20260608 12:44:10.775170 15307 tablet_service.cc:1511] Processing CreateTablet for tablet a77edc77e8e64e5881df08968bdadd7e (DEFAULT_TABLE table=range_aware_auto_rebalancer_test [id=a2962b0cc9fa4864b47eee6e7722ea7c]), partition=HASH (key) PARTITION 1, RANGE (key) PARTITION 0 <= VALUES < 10
I20260608 12:44:10.776721 15307 data_dirs.cc:400] Could only allocate 1 dirs of requested 3 for tablet a77edc77e8e64e5881df08968bdadd7e. 1 dirs total, 0 dirs full, 0 dirs failed
I20260608 12:44:10.779318 15439 tablet_bootstrap.cc:492] T 86a505bd9f48498fa2bb96850b583e3d P 61422d9c78704c829ddafb6cc63f02a2: Bootstrap starting.
I20260608 12:44:10.781692 15440 tablet_bootstrap.cc:492] T 1ed2e06197144ee6922e370643eb10fd P 0af98cafc25f43eaa8d80e6f9db2d375: Bootstrap starting.
I20260608 12:44:10.789620 15306 tablet_service.cc:1511] Processing CreateTablet for tablet 86a505bd9f48498fa2bb96850b583e3d (DEFAULT_TABLE table=range_aware_auto_rebalancer_test [id=a2962b0cc9fa4864b47eee6e7722ea7c]), partition=HASH (key) PARTITION 1, RANGE (key) PARTITION 10 <= VALUES < 20
I20260608 12:44:10.791110 15306 data_dirs.cc:400] Could only allocate 1 dirs of requested 3 for tablet 86a505bd9f48498fa2bb96850b583e3d. 1 dirs total, 0 dirs full, 0 dirs failed
I20260608 12:44:10.795504 15440 tablet_bootstrap.cc:654] T 1ed2e06197144ee6922e370643eb10fd P 0af98cafc25f43eaa8d80e6f9db2d375: Neither blocks nor log segments found. Creating new log.
I20260608 12:44:10.796192 15439 tablet_bootstrap.cc:654] T 86a505bd9f48498fa2bb96850b583e3d P 61422d9c78704c829ddafb6cc63f02a2: Neither blocks nor log segments found. Creating new log.
I20260608 12:44:10.808475 15438 tablet_bootstrap.cc:492] T 86a505bd9f48498fa2bb96850b583e3d P 646e040fbd674f24b326a16078de7b2a: Bootstrap starting.
I20260608 12:44:10.811890 15440 tablet_bootstrap.cc:492] T 1ed2e06197144ee6922e370643eb10fd P 0af98cafc25f43eaa8d80e6f9db2d375: No bootstrap required, opened a new log
I20260608 12:44:10.812320 15440 ts_tablet_manager.cc:1403] T 1ed2e06197144ee6922e370643eb10fd P 0af98cafc25f43eaa8d80e6f9db2d375: Time spent bootstrapping tablet: real 0.031s	user 0.000s	sys 0.015s
I20260608 12:44:10.813015 15439 tablet_bootstrap.cc:492] T 86a505bd9f48498fa2bb96850b583e3d P 61422d9c78704c829ddafb6cc63f02a2: No bootstrap required, opened a new log
I20260608 12:44:10.813527 15439 ts_tablet_manager.cc:1403] T 86a505bd9f48498fa2bb96850b583e3d P 61422d9c78704c829ddafb6cc63f02a2: Time spent bootstrapping tablet: real 0.035s	user 0.015s	sys 0.000s
I20260608 12:44:10.814771 15440 raft_consensus.cc:359] T 1ed2e06197144ee6922e370643eb10fd P 0af98cafc25f43eaa8d80e6f9db2d375 [term 0 FOLLOWER]: Replica starting. Triggering 0 pending ops. Active config: opid_index: -1 OBSOLETE_local: false peers { permanent_uuid: "646e040fbd674f24b326a16078de7b2a" member_type: VOTER last_known_addr { host: "127.12.81.129" port: 35259 } } peers { permanent_uuid: "0af98cafc25f43eaa8d80e6f9db2d375" member_type: VOTER last_known_addr { host: "127.12.81.130" port: 38015 } } peers { permanent_uuid: "61422d9c78704c829ddafb6cc63f02a2" member_type: VOTER last_known_addr { host: "127.12.81.131" port: 45183 } }
I20260608 12:44:10.815553 15440 raft_consensus.cc:385] T 1ed2e06197144ee6922e370643eb10fd P 0af98cafc25f43eaa8d80e6f9db2d375 [term 0 FOLLOWER]: Consensus starting up: Expiring failure detector timer to make a prompt election more likely
I20260608 12:44:10.815891 15440 raft_consensus.cc:740] T 1ed2e06197144ee6922e370643eb10fd P 0af98cafc25f43eaa8d80e6f9db2d375 [term 0 FOLLOWER]: Becoming Follower/Learner. State: Replica: 0af98cafc25f43eaa8d80e6f9db2d375, State: Initialized, Role: FOLLOWER
I20260608 12:44:10.816116 15438 tablet_bootstrap.cc:654] T 86a505bd9f48498fa2bb96850b583e3d P 646e040fbd674f24b326a16078de7b2a: Neither blocks nor log segments found. Creating new log.
I20260608 12:44:10.816614 15439 raft_consensus.cc:359] T 86a505bd9f48498fa2bb96850b583e3d P 61422d9c78704c829ddafb6cc63f02a2 [term 0 FOLLOWER]: Replica starting. Triggering 0 pending ops. Active config: opid_index: -1 OBSOLETE_local: false peers { permanent_uuid: "646e040fbd674f24b326a16078de7b2a" member_type: VOTER last_known_addr { host: "127.12.81.129" port: 35259 } } peers { permanent_uuid: "0af98cafc25f43eaa8d80e6f9db2d375" member_type: VOTER last_known_addr { host: "127.12.81.130" port: 38015 } } peers { permanent_uuid: "61422d9c78704c829ddafb6cc63f02a2" member_type: VOTER last_known_addr { host: "127.12.81.131" port: 45183 } }
I20260608 12:44:10.816797 15440 consensus_queue.cc:260] T 1ed2e06197144ee6922e370643eb10fd P 0af98cafc25f43eaa8d80e6f9db2d375 [NON_LEADER]: Queue going to NON_LEADER mode. State: All replicated index: 0, Majority replicated index: 0, Committed index: 0, Last appended: 0.0, Last appended by leader: 0, Current term: 0, Majority size: -1, State: 0, Mode: NON_LEADER, active raft config: opid_index: -1 OBSOLETE_local: false peers { permanent_uuid: "646e040fbd674f24b326a16078de7b2a" member_type: VOTER last_known_addr { host: "127.12.81.129" port: 35259 } } peers { permanent_uuid: "0af98cafc25f43eaa8d80e6f9db2d375" member_type: VOTER last_known_addr { host: "127.12.81.130" port: 38015 } } peers { permanent_uuid: "61422d9c78704c829ddafb6cc63f02a2" member_type: VOTER last_known_addr { host: "127.12.81.131" port: 45183 } }
I20260608 12:44:10.817430 15439 raft_consensus.cc:385] T 86a505bd9f48498fa2bb96850b583e3d P 61422d9c78704c829ddafb6cc63f02a2 [term 0 FOLLOWER]: Consensus starting up: Expiring failure detector timer to make a prompt election more likely
I20260608 12:44:10.817786 15439 raft_consensus.cc:740] T 86a505bd9f48498fa2bb96850b583e3d P 61422d9c78704c829ddafb6cc63f02a2 [term 0 FOLLOWER]: Becoming Follower/Learner. State: Replica: 61422d9c78704c829ddafb6cc63f02a2, State: Initialized, Role: FOLLOWER
I20260608 12:44:10.818699 15439 consensus_queue.cc:260] T 86a505bd9f48498fa2bb96850b583e3d P 61422d9c78704c829ddafb6cc63f02a2 [NON_LEADER]: Queue going to NON_LEADER mode. State: All replicated index: 0, Majority replicated index: 0, Committed index: 0, Last appended: 0.0, Last appended by leader: 0, Current term: 0, Majority size: -1, State: 0, Mode: NON_LEADER, active raft config: opid_index: -1 OBSOLETE_local: false peers { permanent_uuid: "646e040fbd674f24b326a16078de7b2a" member_type: VOTER last_known_addr { host: "127.12.81.129" port: 35259 } } peers { permanent_uuid: "0af98cafc25f43eaa8d80e6f9db2d375" member_type: VOTER last_known_addr { host: "127.12.81.130" port: 38015 } } peers { permanent_uuid: "61422d9c78704c829ddafb6cc63f02a2" member_type: VOTER last_known_addr { host: "127.12.81.131" port: 45183 } }
I20260608 12:44:10.819830 15440 ts_tablet_manager.cc:1434] T 1ed2e06197144ee6922e370643eb10fd P 0af98cafc25f43eaa8d80e6f9db2d375: Time spent starting tablet: real 0.007s	user 0.008s	sys 0.000s
I20260608 12:44:10.827961 15439 ts_tablet_manager.cc:1434] T 86a505bd9f48498fa2bb96850b583e3d P 61422d9c78704c829ddafb6cc63f02a2: Time spent starting tablet: real 0.014s	user 0.011s	sys 0.005s
I20260608 12:44:10.829177 15439 tablet_bootstrap.cc:492] T 1ed2e06197144ee6922e370643eb10fd P 61422d9c78704c829ddafb6cc63f02a2: Bootstrap starting.
I20260608 12:44:10.836412 15439 tablet_bootstrap.cc:654] T 1ed2e06197144ee6922e370643eb10fd P 61422d9c78704c829ddafb6cc63f02a2: Neither blocks nor log segments found. Creating new log.
W20260608 12:44:10.842658 15419 tablet.cc:2404] T 86a505bd9f48498fa2bb96850b583e3d P 61422d9c78704c829ddafb6cc63f02a2: Can't schedule compaction. Clean time has not been advanced past its initial value.
I20260608 12:44:10.844550 15445 raft_consensus.cc:493] T 86a505bd9f48498fa2bb96850b583e3d P 61422d9c78704c829ddafb6cc63f02a2 [term 0 FOLLOWER]: Starting pre-election (no leader contacted us within the election timeout)
I20260608 12:44:10.845052 15440 tablet_bootstrap.cc:492] T c00fb6c3099c4f1f80797a813a12a026 P 0af98cafc25f43eaa8d80e6f9db2d375: Bootstrap starting.
I20260608 12:44:10.845146 15445 raft_consensus.cc:515] T 86a505bd9f48498fa2bb96850b583e3d P 61422d9c78704c829ddafb6cc63f02a2 [term 0 FOLLOWER]: Starting pre-election with config: opid_index: -1 OBSOLETE_local: false peers { permanent_uuid: "646e040fbd674f24b326a16078de7b2a" member_type: VOTER last_known_addr { host: "127.12.81.129" port: 35259 } } peers { permanent_uuid: "0af98cafc25f43eaa8d80e6f9db2d375" member_type: VOTER last_known_addr { host: "127.12.81.130" port: 38015 } } peers { permanent_uuid: "61422d9c78704c829ddafb6cc63f02a2" member_type: VOTER last_known_addr { host: "127.12.81.131" port: 45183 } }
I20260608 12:44:10.852895 15439 tablet_bootstrap.cc:492] T 1ed2e06197144ee6922e370643eb10fd P 61422d9c78704c829ddafb6cc63f02a2: No bootstrap required, opened a new log
I20260608 12:44:10.854146 15439 ts_tablet_manager.cc:1403] T 1ed2e06197144ee6922e370643eb10fd P 61422d9c78704c829ddafb6cc63f02a2: Time spent bootstrapping tablet: real 0.025s	user 0.012s	sys 0.002s
I20260608 12:44:10.854803 15440 tablet_bootstrap.cc:654] T c00fb6c3099c4f1f80797a813a12a026 P 0af98cafc25f43eaa8d80e6f9db2d375: Neither blocks nor log segments found. Creating new log.
I20260608 12:44:10.857956 15438 tablet_bootstrap.cc:492] T 86a505bd9f48498fa2bb96850b583e3d P 646e040fbd674f24b326a16078de7b2a: No bootstrap required, opened a new log
I20260608 12:44:10.858497 15438 ts_tablet_manager.cc:1403] T 86a505bd9f48498fa2bb96850b583e3d P 646e040fbd674f24b326a16078de7b2a: Time spent bootstrapping tablet: real 0.050s	user 0.011s	sys 0.036s
