I20260608 12:43:06.555066 13917 sys_catalog.cc:455] T 00000000000000000000000000000000 P 7bb7ced0ff0c41bc83a525785a559c7d [sys.catalog]: SysCatalogTable state changed. Reason: RaftConsensus started. Latest consensus state: current_term: 0 committed_config { opid_index: -1 OBSOLETE_local: false peers { permanent_uuid: "4efdad2660b84bf1bed445f5e8a7da62" member_type: VOTER last_known_addr { host: "127.12.82.254" port: 37445 } } peers { permanent_uuid: "00b4d1ef014440cdb024d9ca0df0b121" member_type: VOTER last_known_addr { host: "127.12.82.253" port: 34017 } } peers { permanent_uuid: "7bb7ced0ff0c41bc83a525785a559c7d" member_type: VOTER last_known_addr { host: "127.12.82.252" port: 33199 } } }
I20260608 12:43:06.555857 13917 sys_catalog.cc:458] T 00000000000000000000000000000000 P 7bb7ced0ff0c41bc83a525785a559c7d [sys.catalog]: This master's current role is: FOLLOWER
I20260608 12:43:06.556617 13906 sys_catalog.cc:565] T 00000000000000000000000000000000 P 7bb7ced0ff0c41bc83a525785a559c7d [sys.catalog]: configured and running, proceeding with master startup.
I20260608 12:43:06.558137 13916 sys_catalog.cc:455] T 00000000000000000000000000000000 P 4efdad2660b84bf1bed445f5e8a7da62 [sys.catalog]: SysCatalogTable state changed. Reason: RaftConsensus started. Latest consensus state: current_term: 0 committed_config { opid_index: -1 OBSOLETE_local: false peers { permanent_uuid: "4efdad2660b84bf1bed445f5e8a7da62" member_type: VOTER last_known_addr { host: "127.12.82.254" port: 37445 } } peers { permanent_uuid: "00b4d1ef014440cdb024d9ca0df0b121" member_type: VOTER last_known_addr { host: "127.12.82.253" port: 34017 } } peers { permanent_uuid: "7bb7ced0ff0c41bc83a525785a559c7d" member_type: VOTER last_known_addr { host: "127.12.82.252" port: 33199 } } }
I20260608 12:43:06.558985 13916 sys_catalog.cc:458] T 00000000000000000000000000000000 P 4efdad2660b84bf1bed445f5e8a7da62 [sys.catalog]: This master's current role is: FOLLOWER
I20260608 12:43:06.561846 13775 sys_catalog.cc:565] T 00000000000000000000000000000000 P 4efdad2660b84bf1bed445f5e8a7da62 [sys.catalog]: configured and running, proceeding with master startup.
W20260608 12:43:06.582190 13944 catalog_manager.cc:1593] T 00000000000000000000000000000000 P 00b4d1ef014440cdb024d9ca0df0b121: loading cluster ID for follower catalog manager: Not found: cluster ID entry not found
W20260608 12:43:06.582525 13944 catalog_manager.cc:883] Not found: cluster ID entry not found: failed to prepare follower catalog manager, will retry
I20260608 12:43:06.585417 12619 internal_mini_cluster.cc:184] Waiting to initialize catalog manager on master 1
W20260608 12:43:06.585700 13947 catalog_manager.cc:1593] T 00000000000000000000000000000000 P 7bb7ced0ff0c41bc83a525785a559c7d: loading cluster ID for follower catalog manager: Not found: cluster ID entry not found
I20260608 12:43:06.585764 12619 internal_mini_cluster.cc:184] Waiting to initialize catalog manager on master 2
W20260608 12:43:06.586208 13947 catalog_manager.cc:883] Not found: cluster ID entry not found: failed to prepare follower catalog manager, will retry
I20260608 12:43:06.587523 12619 file_cache.cc:492] Constructed file cache file cache with capacity 419430
W20260608 12:43:06.588627 13950 catalog_manager.cc:1593] T 00000000000000000000000000000000 P 4efdad2660b84bf1bed445f5e8a7da62: loading cluster ID for follower catalog manager: Not found: cluster ID entry not found
W20260608 12:43:06.588905 13950 catalog_manager.cc:883] Not found: cluster ID entry not found: failed to prepare follower catalog manager, will retry
W20260608 12:43:06.594368 13951 instance_detector.cc:116] could not retrieve AWS instance metadata: Network error: curl error: HTTP response code said error: The requested URL returned error: 404
W20260608 12:43:06.594732 13952 instance_detector.cc:116] could not retrieve Azure instance metadata: Network error: curl error: HTTP response code said error: The requested URL returned error: 404
W20260608 12:43:06.596606 13954 instance_detector.cc:116] could not retrieve OpenStack instance metadata: Network error: curl error: HTTP response code said error: The requested URL returned error: 404
I20260608 12:43:06.596954 12619 server_base.cc:1061] running on GCE node
I20260608 12:43:06.597748 12619 hybrid_clock.cc:584] initializing the hybrid clock with 'system_unsync' time source
W20260608 12:43:06.597981 12619 system_unsync_time.cc:38] NTP support is disabled. Clock error bounds will not be accurate. This configuration is not suitable for distributed clusters.
I20260608 12:43:06.598179 12619 hybrid_clock.cc:648] HybridClock initialized: now 1780922586598162 us; error 0 us; skew 500 ppm
I20260608 12:43:06.598747 12619 server_base.cc:861] Flag tcmalloc_max_total_thread_cache_bytes is not working since tcmalloc is not enabled.
I20260608 12:43:06.601155 12619 webserver.cc:533] Webserver started at http://127.12.82.193:36575/ using document root <none> and password file <none>
I20260608 12:43:06.601657 12619 fs_manager.cc:362] Metadata directory not provided
I20260608 12:43:06.601868 12619 fs_manager.cc:368] Using write-ahead log directory (fs_wal_dir) as metadata directory
I20260608 12:43:06.602155 12619 server_base.cc:909] This appears to be a new deployment of Kudu; creating new FS layout
I20260608 12:43:06.603266 12619 fs_manager.cc:1068] Generated new instance metadata in path /tmp/dist-test-taskRWzDdf/test-tmp/auto_rebalancer-test.0.AutoRebalancerTest.NextLeaderResumesAutoRebalancing.1780922571766009-12619-0/minicluster-data/ts-0-root/instance:
uuid: "6b188b39c99240ecbc35fe7f0e24c085"
format_stamp: "Formatted at 2026-06-08 12:43:06 on dist-test-slave-vkhm"
I20260608 12:43:06.607702 12619 fs_manager.cc:696] Time spent creating directory manager: real 0.004s	user 0.002s	sys 0.004s
I20260608 12:43:06.611030 13959 log_block_manager.cc:4031] Time spent loading block containers with low live blocks: real 0.000s	user 0.000s	sys 0.000s
I20260608 12:43:06.611717 12619 fs_manager.cc:730] Time spent opening block manager: real 0.002s	user 0.002s	sys 0.000s
I20260608 12:43:06.612006 12619 fs_manager.cc:647] Opened local filesystem: /tmp/dist-test-taskRWzDdf/test-tmp/auto_rebalancer-test.0.AutoRebalancerTest.NextLeaderResumesAutoRebalancing.1780922571766009-12619-0/minicluster-data/ts-0-root
uuid: "6b188b39c99240ecbc35fe7f0e24c085"
format_stamp: "Formatted at 2026-06-08 12:43:06 on dist-test-slave-vkhm"
I20260608 12:43:06.612334 12619 fs_report.cc:389] FS layout report
--------------------
wal directory: /tmp/dist-test-taskRWzDdf/test-tmp/auto_rebalancer-test.0.AutoRebalancerTest.NextLeaderResumesAutoRebalancing.1780922571766009-12619-0/minicluster-data/ts-0-root
metadata directory: /tmp/dist-test-taskRWzDdf/test-tmp/auto_rebalancer-test.0.AutoRebalancerTest.NextLeaderResumesAutoRebalancing.1780922571766009-12619-0/minicluster-data/ts-0-root
1 data directories: /tmp/dist-test-taskRWzDdf/test-tmp/auto_rebalancer-test.0.AutoRebalancerTest.NextLeaderResumesAutoRebalancing.1780922571766009-12619-0/minicluster-data/ts-0-root/data
Total live blocks: 0
Total live bytes: 0
Total live bytes (after alignment): 0
Total number of LBM containers: 0 (0 full)
Did not check for missing blocks
Did not check for orphaned blocks
Total full LBM containers with extra space: 0 (0 repaired)
Total full LBM container extra space in bytes: 0 (0 repaired)
Total incomplete LBM containers: 0 (0 repaired)
Total LBM partial records: 0 (0 repaired)
Total corrupted LBM metadata records in RocksDB: 0 (0 repaired)
I20260608 12:43:06.631373 12619 rpc_server.cc:225] running with OpenSSL 1.1.1  11 Sep 2018
I20260608 12:43:06.632620 12619 kserver.cc:163] Server-wide thread pool size limit: 3276
I20260608 12:43:06.634101 12619 txn_system_client.cc:432] TxnSystemClient initialization is disabled...
I20260608 12:43:06.636488 12619 ts_tablet_manager.cc:585] Loaded tablet metadata (0 total tablets, 0 live tablets)
I20260608 12:43:06.636713 12619 ts_tablet_manager.cc:531] Time spent load tablet metadata: real 0.000s	user 0.000s	sys 0.000s
I20260608 12:43:06.636953 12619 ts_tablet_manager.cc:616] Registered 0 tablets
I20260608 12:43:06.637144 12619 ts_tablet_manager.cc:595] Time spent register tablets: real 0.000s	user 0.000s	sys 0.000s
I20260608 12:43:06.674172 13917 raft_consensus.cc:493] T 00000000000000000000000000000000 P 7bb7ced0ff0c41bc83a525785a559c7d [term 0 FOLLOWER]: Starting pre-election (no leader contacted us within the election timeout)
I20260608 12:43:06.674796 13917 raft_consensus.cc:515] T 00000000000000000000000000000000 P 7bb7ced0ff0c41bc83a525785a559c7d [term 0 FOLLOWER]: Starting pre-election with config: opid_index: -1 OBSOLETE_local: false peers { permanent_uuid: "4efdad2660b84bf1bed445f5e8a7da62" member_type: VOTER last_known_addr { host: "127.12.82.254" port: 37445 } } peers { permanent_uuid: "00b4d1ef014440cdb024d9ca0df0b121" member_type: VOTER last_known_addr { host: "127.12.82.253" port: 34017 } } peers { permanent_uuid: "7bb7ced0ff0c41bc83a525785a559c7d" member_type: VOTER last_known_addr { host: "127.12.82.252" port: 33199 } }
I20260608 12:43:06.676877 13917 leader_election.cc:290] T 00000000000000000000000000000000 P 7bb7ced0ff0c41bc83a525785a559c7d [CANDIDATE]: Term 1 pre-election: Requested pre-vote from peers 4efdad2660b84bf1bed445f5e8a7da62 (127.12.82.254:37445), 00b4d1ef014440cdb024d9ca0df0b121 (127.12.82.253:34017)
I20260608 12:43:06.677699 13750 tablet_service.cc:1917] Received RequestConsensusVote() RPC: tablet_id: "00000000000000000000000000000000" candidate_uuid: "7bb7ced0ff0c41bc83a525785a559c7d" candidate_term: 1 candidate_status { last_received { term: 0 index: 0 } } ignore_live_leader: false dest_uuid: "4efdad2660b84bf1bed445f5e8a7da62" is_pre_election: true
I20260608 12:43:06.678143 13815 tablet_service.cc:1917] Received RequestConsensusVote() RPC: tablet_id: "00000000000000000000000000000000" candidate_uuid: "7bb7ced0ff0c41bc83a525785a559c7d" candidate_term: 1 candidate_status { last_received { term: 0 index: 0 } } ignore_live_leader: false dest_uuid: "00b4d1ef014440cdb024d9ca0df0b121" is_pre_election: true
I20260608 12:43:06.678485 13750 raft_consensus.cc:2468] T 00000000000000000000000000000000 P 4efdad2660b84bf1bed445f5e8a7da62 [term 0 FOLLOWER]: Leader pre-election vote request: Granting yes vote for candidate 7bb7ced0ff0c41bc83a525785a559c7d in term 0.
I20260608 12:43:06.678812 13815 raft_consensus.cc:2468] T 00000000000000000000000000000000 P 00b4d1ef014440cdb024d9ca0df0b121 [term 0 FOLLOWER]: Leader pre-election vote request: Granting yes vote for candidate 7bb7ced0ff0c41bc83a525785a559c7d in term 0.
I20260608 12:43:06.680136 12619 rpc_server.cc:307] RPC server started. Bound to: 127.12.82.193:40723
I20260608 12:43:06.679987 13855 leader_election.cc:304] T 00000000000000000000000000000000 P 7bb7ced0ff0c41bc83a525785a559c7d [CANDIDATE]: Term 1 pre-election: Election decided. Result: candidate won. Election summary: received 2 responses out of 3 voters: 2 yes votes; 0 no votes. yes voters: 4efdad2660b84bf1bed445f5e8a7da62, 7bb7ced0ff0c41bc83a525785a559c7d; no voters: 
I20260608 12:43:06.680318 14021 acceptor_pool.cc:272] collecting diagnostics on the listening RPC socket 127.12.82.193:40723 every 8 connection(s)
I20260608 12:43:06.680912 13917 raft_consensus.cc:2804] T 00000000000000000000000000000000 P 7bb7ced0ff0c41bc83a525785a559c7d [term 0 FOLLOWER]: Leader pre-election won for term 1
I20260608 12:43:06.681269 13917 raft_consensus.cc:493] T 00000000000000000000000000000000 P 7bb7ced0ff0c41bc83a525785a559c7d [term 0 FOLLOWER]: Starting leader election (no leader contacted us within the election timeout)
I20260608 12:43:06.681571 13917 raft_consensus.cc:3060] T 00000000000000000000000000000000 P 7bb7ced0ff0c41bc83a525785a559c7d [term 0 FOLLOWER]: Advancing to term 1
I20260608 12:43:06.688541 13917 raft_consensus.cc:515] T 00000000000000000000000000000000 P 7bb7ced0ff0c41bc83a525785a559c7d [term 1 FOLLOWER]: Starting leader election with config: opid_index: -1 OBSOLETE_local: false peers { permanent_uuid: "4efdad2660b84bf1bed445f5e8a7da62" member_type: VOTER last_known_addr { host: "127.12.82.254" port: 37445 } } peers { permanent_uuid: "00b4d1ef014440cdb024d9ca0df0b121" member_type: VOTER last_known_addr { host: "127.12.82.253" port: 34017 } } peers { permanent_uuid: "7bb7ced0ff0c41bc83a525785a559c7d" member_type: VOTER last_known_addr { host: "127.12.82.252" port: 33199 } }
I20260608 12:43:06.692374 13750 tablet_service.cc:1917] Received RequestConsensusVote() RPC: tablet_id: "00000000000000000000000000000000" candidate_uuid: "7bb7ced0ff0c41bc83a525785a559c7d" candidate_term: 1 candidate_status { last_received { term: 0 index: 0 } } ignore_live_leader: false dest_uuid: "4efdad2660b84bf1bed445f5e8a7da62"
I20260608 12:43:06.693133 13750 raft_consensus.cc:3060] T 00000000000000000000000000000000 P 4efdad2660b84bf1bed445f5e8a7da62 [term 0 FOLLOWER]: Advancing to term 1
I20260608 12:43:06.702807 13750 raft_consensus.cc:2468] T 00000000000000000000000000000000 P 4efdad2660b84bf1bed445f5e8a7da62 [term 1 FOLLOWER]: Leader election vote request: Granting yes vote for candidate 7bb7ced0ff0c41bc83a525785a559c7d in term 1.
I20260608 12:43:06.704193 13855 leader_election.cc:304] T 00000000000000000000000000000000 P 7bb7ced0ff0c41bc83a525785a559c7d [CANDIDATE]: Term 1 election: Election decided. Result: candidate won. Election summary: received 2 responses out of 3 voters: 2 yes votes; 0 no votes. yes voters: 4efdad2660b84bf1bed445f5e8a7da62, 7bb7ced0ff0c41bc83a525785a559c7d; no voters: 
I20260608 12:43:06.705287 13917 leader_election.cc:290] T 00000000000000000000000000000000 P 7bb7ced0ff0c41bc83a525785a559c7d [CANDIDATE]: Term 1 election: Requested vote from peers 4efdad2660b84bf1bed445f5e8a7da62 (127.12.82.254:37445), 00b4d1ef014440cdb024d9ca0df0b121 (127.12.82.253:34017)
I20260608 12:43:06.705716 13815 tablet_service.cc:1917] Received RequestConsensusVote() RPC: tablet_id: "00000000000000000000000000000000" candidate_uuid: "7bb7ced0ff0c41bc83a525785a559c7d" candidate_term: 1 candidate_status { last_received { term: 0 index: 0 } } ignore_live_leader: false dest_uuid: "00b4d1ef014440cdb024d9ca0df0b121"
I20260608 12:43:06.705823 12619 file_cache.cc:492] Constructed file cache file cache with capacity 419430
I20260608 12:43:06.705911 13917 raft_consensus.cc:2804] T 00000000000000000000000000000000 P 7bb7ced0ff0c41bc83a525785a559c7d [term 1 FOLLOWER]: Leader election won for term 1
I20260608 12:43:06.706301 13815 raft_consensus.cc:3060] T 00000000000000000000000000000000 P 00b4d1ef014440cdb024d9ca0df0b121 [term 0 FOLLOWER]: Advancing to term 1
I20260608 12:43:06.706545 13917 raft_consensus.cc:697] T 00000000000000000000000000000000 P 7bb7ced0ff0c41bc83a525785a559c7d [term 1 LEADER]: Becoming Leader. State: Replica: 7bb7ced0ff0c41bc83a525785a559c7d, State: Running, Role: LEADER
I20260608 12:43:06.707443 13917 consensus_queue.cc:237] T 00000000000000000000000000000000 P 7bb7ced0ff0c41bc83a525785a559c7d [LEADER]: Queue going to LEADER mode. State: All replicated index: 0, Majority replicated index: 0, Committed index: 0, Last appended: 0.0, Last appended by leader: 0, Current term: 1, Majority size: 2, State: 0, Mode: LEADER, active raft config: opid_index: -1 OBSOLETE_local: false peers { permanent_uuid: "4efdad2660b84bf1bed445f5e8a7da62" member_type: VOTER last_known_addr { host: "127.12.82.254" port: 37445 } } peers { permanent_uuid: "00b4d1ef014440cdb024d9ca0df0b121" member_type: VOTER last_known_addr { host: "127.12.82.253" port: 34017 } } peers { permanent_uuid: "7bb7ced0ff0c41bc83a525785a559c7d" member_type: VOTER last_known_addr { host: "127.12.82.252" port: 33199 } }
I20260608 12:43:06.715602 13815 raft_consensus.cc:2468] T 00000000000000000000000000000000 P 00b4d1ef014440cdb024d9ca0df0b121 [term 1 FOLLOWER]: Leader election vote request: Granting yes vote for candidate 7bb7ced0ff0c41bc83a525785a559c7d in term 1.
I20260608 12:43:06.716516 14023 heartbeater.cc:344] Connected to a master server at 127.12.82.253:34017
I20260608 12:43:06.716909 14023 heartbeater.cc:461] Registering TS with master...
I20260608 12:43:06.717880 14023 heartbeater.cc:507] Master 127.12.82.253:34017 requested a full tablet report, sending...
I20260608 12:43:06.721700 13805 ts_manager.cc:194] Registered new tserver with Master: 6b188b39c99240ecbc35fe7f0e24c085 (127.12.82.193:40723)
I20260608 12:43:06.724581 14029 sys_catalog.cc:455] T 00000000000000000000000000000000 P 7bb7ced0ff0c41bc83a525785a559c7d [sys.catalog]: SysCatalogTable state changed. Reason: New leader 7bb7ced0ff0c41bc83a525785a559c7d. Latest consensus state: current_term: 1 leader_uuid: "7bb7ced0ff0c41bc83a525785a559c7d" committed_config { opid_index: -1 OBSOLETE_local: false peers { permanent_uuid: "4efdad2660b84bf1bed445f5e8a7da62" member_type: VOTER last_known_addr { host: "127.12.82.254" port: 37445 } } peers { permanent_uuid: "00b4d1ef014440cdb024d9ca0df0b121" member_type: VOTER last_known_addr { host: "127.12.82.253" port: 34017 } } peers { permanent_uuid: "7bb7ced0ff0c41bc83a525785a559c7d" member_type: VOTER last_known_addr { host: "127.12.82.252" port: 33199 } } }
I20260608 12:43:06.725404 14029 sys_catalog.cc:458] T 00000000000000000000000000000000 P 7bb7ced0ff0c41bc83a525785a559c7d [sys.catalog]: This master's current role is: LEADER
I20260608 12:43:06.726473 14022 heartbeater.cc:344] Connected to a master server at 127.12.82.252:33199
I20260608 12:43:06.726992 14022 heartbeater.cc:461] Registering TS with master...
I20260608 12:43:06.728142 14022 heartbeater.cc:507] Master 127.12.82.252:33199 requested a full tablet report, sending...
I20260608 12:43:06.730592 14032 catalog_manager.cc:1510] Loading table and tablet metadata into memory...
I20260608 12:43:06.730840 14024 heartbeater.cc:344] Connected to a master server at 127.12.82.254:37445
I20260608 12:43:06.731269 14024 heartbeater.cc:461] Registering TS with master...
I20260608 12:43:06.732264 14024 heartbeater.cc:507] Master 127.12.82.254:37445 requested a full tablet report, sending...
W20260608 12:43:06.733407 14031 instance_detector.cc:116] could not retrieve AWS instance metadata: Network error: curl error: HTTP response code said error: The requested URL returned error: 404
I20260608 12:43:06.732273 13871 ts_manager.cc:194] Registered new tserver with Master: 6b188b39c99240ecbc35fe7f0e24c085 (127.12.82.193:40723)
W20260608 12:43:06.734758 14033 instance_detector.cc:116] could not retrieve Azure instance metadata: Network error: curl error: HTTP response code said error: The requested URL returned error: 404
I20260608 12:43:06.735633 13740 ts_manager.cc:194] Registered new tserver with Master: 6b188b39c99240ecbc35fe7f0e24c085 (127.12.82.193:40723)
I20260608 12:43:06.739601 14032 catalog_manager.cc:1519] Initializing Kudu cluster ID...
W20260608 12:43:06.740796 14035 instance_detector.cc:116] could not retrieve OpenStack instance metadata: Network error: curl error: HTTP response code said error: The requested URL returned error: 404
I20260608 12:43:06.742157 12619 server_base.cc:1061] running on GCE node
I20260608 12:43:06.743077 12619 hybrid_clock.cc:584] initializing the hybrid clock with 'system_unsync' time source
W20260608 12:43:06.743302 12619 system_unsync_time.cc:38] NTP support is disabled. Clock error bounds will not be accurate. This configuration is not suitable for distributed clusters.
I20260608 12:43:06.743515 12619 hybrid_clock.cc:648] HybridClock initialized: now 1780922586743495 us; error 0 us; skew 500 ppm
I20260608 12:43:06.744156 12619 server_base.cc:861] Flag tcmalloc_max_total_thread_cache_bytes is not working since tcmalloc is not enabled.
I20260608 12:43:06.747141 12619 webserver.cc:533] Webserver started at http://127.12.82.194:41307/ using document root <none> and password file <none>
I20260608 12:43:06.747825 12619 fs_manager.cc:362] Metadata directory not provided
I20260608 12:43:06.748107 12619 fs_manager.cc:368] Using write-ahead log directory (fs_wal_dir) as metadata directory
I20260608 12:43:06.748437 12619 server_base.cc:909] This appears to be a new deployment of Kudu; creating new FS layout
I20260608 12:43:06.749629 12619 fs_manager.cc:1068] Generated new instance metadata in path /tmp/dist-test-taskRWzDdf/test-tmp/auto_rebalancer-test.0.AutoRebalancerTest.NextLeaderResumesAutoRebalancing.1780922571766009-12619-0/minicluster-data/ts-1-root/instance:
uuid: "00b71202f7f44d59a2d5d724314d9fc8"
format_stamp: "Formatted at 2026-06-08 12:43:06 on dist-test-slave-vkhm"
I20260608 12:43:06.750558 13815 raft_consensus.cc:1275] T 00000000000000000000000000000000 P 00b4d1ef014440cdb024d9ca0df0b121 [term 1 FOLLOWER]: Refusing update from remote peer 7bb7ced0ff0c41bc83a525785a559c7d: Log matching property violated. Preceding OpId in replica: term: 0 index: 0. Preceding OpId from leader: term: 1 index: 2. (index mismatch)
I20260608 12:43:06.751243 13750 raft_consensus.cc:1275] T 00000000000000000000000000000000 P 4efdad2660b84bf1bed445f5e8a7da62 [term 1 FOLLOWER]: Refusing update from remote peer 7bb7ced0ff0c41bc83a525785a559c7d: Log matching property violated. Preceding OpId in replica: term: 0 index: 0. Preceding OpId from leader: term: 1 index: 2. (index mismatch)
I20260608 12:43:06.751991 13917 consensus_queue.cc:1048] T 00000000000000000000000000000000 P 7bb7ced0ff0c41bc83a525785a559c7d [LEADER]: Connected to new peer: Peer: permanent_uuid: "00b4d1ef014440cdb024d9ca0df0b121" member_type: VOTER last_known_addr { host: "127.12.82.253" port: 34017 }, Status: LMP_MISMATCH, Last received: 0.0, Next index: 1, Last known committed idx: 0, Time since last communication: 0.000s
I20260608 12:43:06.752929 14029 consensus_queue.cc:1048] T 00000000000000000000000000000000 P 7bb7ced0ff0c41bc83a525785a559c7d [LEADER]: Connected to new peer: Peer: permanent_uuid: "4efdad2660b84bf1bed445f5e8a7da62" member_type: VOTER last_known_addr { host: "127.12.82.254" port: 37445 }, Status: LMP_MISMATCH, Last received: 0.0, Next index: 1, Last known committed idx: 0, Time since last communication: 0.000s
I20260608 12:43:06.755383 12619 fs_manager.cc:696] Time spent creating directory manager: real 0.005s	user 0.002s	sys 0.004s
I20260608 12:43:06.766011 13916 sys_catalog.cc:455] T 00000000000000000000000000000000 P 4efdad2660b84bf1bed445f5e8a7da62 [sys.catalog]: SysCatalogTable state changed. Reason: New leader 7bb7ced0ff0c41bc83a525785a559c7d. Latest consensus state: current_term: 1 leader_uuid: "7bb7ced0ff0c41bc83a525785a559c7d" committed_config { opid_index: -1 OBSOLETE_local: false peers { permanent_uuid: "4efdad2660b84bf1bed445f5e8a7da62" member_type: VOTER last_known_addr { host: "127.12.82.254" port: 37445 } } peers { permanent_uuid: "00b4d1ef014440cdb024d9ca0df0b121" member_type: VOTER last_known_addr { host: "127.12.82.253" port: 34017 } } peers { permanent_uuid: "7bb7ced0ff0c41bc83a525785a559c7d" member_type: VOTER last_known_addr { host: "127.12.82.252" port: 33199 } } }
I20260608 12:43:06.766813 13916 sys_catalog.cc:458] T 00000000000000000000000000000000 P 4efdad2660b84bf1bed445f5e8a7da62 [sys.catalog]: This master's current role is: FOLLOWER
I20260608 12:43:06.766773 13915 sys_catalog.cc:455] T 00000000000000000000000000000000 P 00b4d1ef014440cdb024d9ca0df0b121 [sys.catalog]: SysCatalogTable state changed. Reason: New leader 7bb7ced0ff0c41bc83a525785a559c7d. Latest consensus state: current_term: 1 leader_uuid: "7bb7ced0ff0c41bc83a525785a559c7d" committed_config { opid_index: -1 OBSOLETE_local: false peers { permanent_uuid: "4efdad2660b84bf1bed445f5e8a7da62" member_type: VOTER last_known_addr { host: "127.12.82.254" port: 37445 } } peers { permanent_uuid: "00b4d1ef014440cdb024d9ca0df0b121" member_type: VOTER last_known_addr { host: "127.12.82.253" port: 34017 } } peers { permanent_uuid: "7bb7ced0ff0c41bc83a525785a559c7d" member_type: VOTER last_known_addr { host: "127.12.82.252" port: 33199 } } }
I20260608 12:43:06.767661 13915 sys_catalog.cc:458] T 00000000000000000000000000000000 P 00b4d1ef014440cdb024d9ca0df0b121 [sys.catalog]: This master's current role is: FOLLOWER
I20260608 12:43:06.770080 14044 log_block_manager.cc:4031] Time spent loading block containers with low live blocks: real 0.000s	user 0.000s	sys 0.000s
I20260608 12:43:06.771046 12619 fs_manager.cc:730] Time spent opening block manager: real 0.012s	user 0.006s	sys 0.001s
I20260608 12:43:06.771427 12619 fs_manager.cc:647] Opened local filesystem: /tmp/dist-test-taskRWzDdf/test-tmp/auto_rebalancer-test.0.AutoRebalancerTest.NextLeaderResumesAutoRebalancing.1780922571766009-12619-0/minicluster-data/ts-1-root
uuid: "00b71202f7f44d59a2d5d724314d9fc8"
format_stamp: "Formatted at 2026-06-08 12:43:06 on dist-test-slave-vkhm"
I20260608 12:43:06.771803 12619 fs_report.cc:389] FS layout report
--------------------
wal directory: /tmp/dist-test-taskRWzDdf/test-tmp/auto_rebalancer-test.0.AutoRebalancerTest.NextLeaderResumesAutoRebalancing.1780922571766009-12619-0/minicluster-data/ts-1-root
metadata directory: /tmp/dist-test-taskRWzDdf/test-tmp/auto_rebalancer-test.0.AutoRebalancerTest.NextLeaderResumesAutoRebalancing.1780922571766009-12619-0/minicluster-data/ts-1-root
1 data directories: /tmp/dist-test-taskRWzDdf/test-tmp/auto_rebalancer-test.0.AutoRebalancerTest.NextLeaderResumesAutoRebalancing.1780922571766009-12619-0/minicluster-data/ts-1-root/data
Total live blocks: 0
Total live bytes: 0
Total live bytes (after alignment): 0
Total number of LBM containers: 0 (0 full)
Did not check for missing blocks
Did not check for orphaned blocks
Total full LBM containers with extra space: 0 (0 repaired)
Total full LBM container extra space in bytes: 0 (0 repaired)
Total incomplete LBM containers: 0 (0 repaired)
Total LBM partial records: 0 (0 repaired)
Total corrupted LBM metadata records in RocksDB: 0 (0 repaired)
I20260608 12:43:06.772358 14032 catalog_manager.cc:1382] Generated new cluster ID: 77ecd5a0a72f48b088699f0303f3b05c
I20260608 12:43:06.772665 14032 catalog_manager.cc:1530] Initializing Kudu internal certificate authority...
I20260608 12:43:06.772944 13917 sys_catalog.cc:455] T 00000000000000000000000000000000 P 7bb7ced0ff0c41bc83a525785a559c7d [sys.catalog]: SysCatalogTable state changed. Reason: Peer health change. Latest consensus state: current_term: 1 leader_uuid: "7bb7ced0ff0c41bc83a525785a559c7d" committed_config { opid_index: -1 OBSOLETE_local: false peers { permanent_uuid: "4efdad2660b84bf1bed445f5e8a7da62" member_type: VOTER last_known_addr { host: "127.12.82.254" port: 37445 } } peers { permanent_uuid: "00b4d1ef014440cdb024d9ca0df0b121" member_type: VOTER last_known_addr { host: "127.12.82.253" port: 34017 } } peers { permanent_uuid: "7bb7ced0ff0c41bc83a525785a559c7d" member_type: VOTER last_known_addr { host: "127.12.82.252" port: 33199 } } }
I20260608 12:43:06.773644 13917 sys_catalog.cc:458] T 00000000000000000000000000000000 P 7bb7ced0ff0c41bc83a525785a559c7d [sys.catalog]: This master's current role is: LEADER
I20260608 12:43:06.774221 13917 sys_catalog.cc:455] T 00000000000000000000000000000000 P 7bb7ced0ff0c41bc83a525785a559c7d [sys.catalog]: SysCatalogTable state changed. Reason: Peer health change. Latest consensus state: current_term: 1 leader_uuid: "7bb7ced0ff0c41bc83a525785a559c7d" committed_config { opid_index: -1 OBSOLETE_local: false peers { permanent_uuid: "4efdad2660b84bf1bed445f5e8a7da62" member_type: VOTER last_known_addr { host: "127.12.82.254" port: 37445 } } peers { permanent_uuid: "00b4d1ef014440cdb024d9ca0df0b121" member_type: VOTER last_known_addr { host: "127.12.82.253" port: 34017 } } peers { permanent_uuid: "7bb7ced0ff0c41bc83a525785a559c7d" member_type: VOTER last_known_addr { host: "127.12.82.252" port: 33199 } } }
I20260608 12:43:06.774885 13917 sys_catalog.cc:458] T 00000000000000000000000000000000 P 7bb7ced0ff0c41bc83a525785a559c7d [sys.catalog]: This master's current role is: LEADER
I20260608 12:43:06.782064 13915 sys_catalog.cc:455] T 00000000000000000000000000000000 P 00b4d1ef014440cdb024d9ca0df0b121 [sys.catalog]: SysCatalogTable state changed. Reason: Replicated consensus-only round. Latest consensus state: current_term: 1 leader_uuid: "7bb7ced0ff0c41bc83a525785a559c7d" committed_config { opid_index: -1 OBSOLETE_local: false peers { permanent_uuid: "4efdad2660b84bf1bed445f5e8a7da62" member_type: VOTER last_known_addr { host: "127.12.82.254" port: 37445 } } peers { permanent_uuid: "00b4d1ef014440cdb024d9ca0df0b121" member_type: VOTER last_known_addr { host: "127.12.82.253" port: 34017 } } peers { permanent_uuid: "7bb7ced0ff0c41bc83a525785a559c7d" member_type: VOTER last_known_addr { host: "127.12.82.252" port: 33199 } } }
I20260608 12:43:06.782773 13915 sys_catalog.cc:458] T 00000000000000000000000000000000 P 00b4d1ef014440cdb024d9ca0df0b121 [sys.catalog]: This master's current role is: FOLLOWER
I20260608 12:43:06.793928 13916 sys_catalog.cc:455] T 00000000000000000000000000000000 P 4efdad2660b84bf1bed445f5e8a7da62 [sys.catalog]: SysCatalogTable state changed. Reason: Replicated consensus-only round. Latest consensus state: current_term: 1 leader_uuid: "7bb7ced0ff0c41bc83a525785a559c7d" committed_config { opid_index: -1 OBSOLETE_local: false peers { permanent_uuid: "4efdad2660b84bf1bed445f5e8a7da62" member_type: VOTER last_known_addr { host: "127.12.82.254" port: 37445 } } peers { permanent_uuid: "00b4d1ef014440cdb024d9ca0df0b121" member_type: VOTER last_known_addr { host: "127.12.82.253" port: 34017 } } peers { permanent_uuid: "7bb7ced0ff0c41bc83a525785a559c7d" member_type: VOTER last_known_addr { host: "127.12.82.252" port: 33199 } } }
I20260608 12:43:06.794665 13916 sys_catalog.cc:458] T 00000000000000000000000000000000 P 4efdad2660b84bf1bed445f5e8a7da62 [sys.catalog]: This master's current role is: FOLLOWER
I20260608 12:43:06.818356 12619 rpc_server.cc:225] running with OpenSSL 1.1.1  11 Sep 2018
I20260608 12:43:06.820027 12619 kserver.cc:163] Server-wide thread pool size limit: 3276
I20260608 12:43:06.821794 12619 txn_system_client.cc:432] TxnSystemClient initialization is disabled...
I20260608 12:43:06.824609 12619 ts_tablet_manager.cc:585] Loaded tablet metadata (0 total tablets, 0 live tablets)
I20260608 12:43:06.824827 12619 ts_tablet_manager.cc:531] Time spent load tablet metadata: real 0.000s	user 0.000s	sys 0.000s
I20260608 12:43:06.825080 12619 ts_tablet_manager.cc:616] Registered 0 tablets
I20260608 12:43:06.825261 12619 ts_tablet_manager.cc:595] Time spent register tablets: real 0.000s	user 0.000s	sys 0.000s
I20260608 12:43:06.848466 14032 catalog_manager.cc:1405] Generated new certificate authority record
I20260608 12:43:06.850752 14032 catalog_manager.cc:1539] Loading token signing keys...
I20260608 12:43:06.895751 14032 catalog_manager.cc:6069] T 00000000000000000000000000000000 P 7bb7ced0ff0c41bc83a525785a559c7d: Generated new TSK 0
I20260608 12:43:06.896533 14032 catalog_manager.cc:1549] Initializing in-progress tserver states...
I20260608 12:43:06.901985 12619 rpc_server.cc:307] RPC server started. Bound to: 127.12.82.194:38121
I20260608 12:43:06.902092 14112 acceptor_pool.cc:272] collecting diagnostics on the listening RPC socket 127.12.82.194:38121 every 8 connection(s)
I20260608 12:43:06.923375 12619 file_cache.cc:492] Constructed file cache file cache with capacity 419430
I20260608 12:43:06.926043 14113 heartbeater.cc:344] Connected to a master server at 127.12.82.252:33199
I20260608 12:43:06.926074 14114 heartbeater.cc:344] Connected to a master server at 127.12.82.253:34017
I20260608 12:43:06.926602 14113 heartbeater.cc:461] Registering TS with master...
I20260608 12:43:06.926688 14114 heartbeater.cc:461] Registering TS with master...
I20260608 12:43:06.927644 14114 heartbeater.cc:507] Master 127.12.82.253:34017 requested a full tablet report, sending...
I20260608 12:43:06.927603 14113 heartbeater.cc:507] Master 127.12.82.252:33199 requested a full tablet report, sending...
I20260608 12:43:06.930924 13871 ts_manager.cc:194] Registered new tserver with Master: 00b71202f7f44d59a2d5d724314d9fc8 (127.12.82.194:38121)
I20260608 12:43:06.933841 13871 master_service.cc:502] Signed X509 certificate for tserver {username='slave'} at 127.0.0.1:36326
I20260608 12:43:06.934312 14115 heartbeater.cc:344] Connected to a master server at 127.12.82.254:37445
I20260608 12:43:06.934784 14115 heartbeater.cc:461] Registering TS with master...
I20260608 12:43:06.935178 13805 ts_manager.cc:194] Registered new tserver with Master: 00b71202f7f44d59a2d5d724314d9fc8 (127.12.82.194:38121)
I20260608 12:43:06.935880 14115 heartbeater.cc:507] Master 127.12.82.254:37445 requested a full tablet report, sending...
W20260608 12:43:06.940037 14120 instance_detector.cc:116] could not retrieve AWS instance metadata: Network error: curl error: HTTP response code said error: The requested URL returned error: 404
I20260608 12:43:06.940418 13740 ts_manager.cc:194] Registered new tserver with Master: 00b71202f7f44d59a2d5d724314d9fc8 (127.12.82.194:38121)
W20260608 12:43:06.946250 14121 instance_detector.cc:116] could not retrieve Azure instance metadata: Network error: curl error: HTTP response code said error: The requested URL returned error: 404
W20260608 12:43:06.947784 14123 instance_detector.cc:116] could not retrieve OpenStack instance metadata: Network error: curl error: HTTP response code said error: The requested URL returned error: 404
I20260608 12:43:06.948441 12619 server_base.cc:1061] running on GCE node
I20260608 12:43:06.949397 12619 hybrid_clock.cc:584] initializing the hybrid clock with 'system_unsync' time source
W20260608 12:43:06.949653 12619 system_unsync_time.cc:38] NTP support is disabled. Clock error bounds will not be accurate. This configuration is not suitable for distributed clusters.
I20260608 12:43:06.949877 12619 hybrid_clock.cc:648] HybridClock initialized: now 1780922586949859 us; error 0 us; skew 500 ppm
I20260608 12:43:06.950506 12619 server_base.cc:861] Flag tcmalloc_max_total_thread_cache_bytes is not working since tcmalloc is not enabled.
I20260608 12:43:06.953163 12619 webserver.cc:533] Webserver started at http://127.12.82.195:46417/ using document root <none> and password file <none>
I20260608 12:43:06.953681 12619 fs_manager.cc:362] Metadata directory not provided
I20260608 12:43:06.953890 12619 fs_manager.cc:368] Using write-ahead log directory (fs_wal_dir) as metadata directory
I20260608 12:43:06.954162 12619 server_base.cc:909] This appears to be a new deployment of Kudu; creating new FS layout
I20260608 12:43:06.955284 12619 fs_manager.cc:1068] Generated new instance metadata in path /tmp/dist-test-taskRWzDdf/test-tmp/auto_rebalancer-test.0.AutoRebalancerTest.NextLeaderResumesAutoRebalancing.1780922571766009-12619-0/minicluster-data/ts-2-root/instance:
uuid: "de4c6c1fd6de4165b51e72621466436b"
format_stamp: "Formatted at 2026-06-08 12:43:06 on dist-test-slave-vkhm"
I20260608 12:43:06.959647 12619 fs_manager.cc:696] Time spent creating directory manager: real 0.004s	user 0.002s	sys 0.004s
I20260608 12:43:06.962953 14128 log_block_manager.cc:4031] Time spent loading block containers with low live blocks: real 0.000s	user 0.000s	sys 0.000s
I20260608 12:43:06.963724 12619 fs_manager.cc:730] Time spent opening block manager: real 0.002s	user 0.002s	sys 0.000s
I20260608 12:43:06.964032 12619 fs_manager.cc:647] Opened local filesystem: /tmp/dist-test-taskRWzDdf/test-tmp/auto_rebalancer-test.0.AutoRebalancerTest.NextLeaderResumesAutoRebalancing.1780922571766009-12619-0/minicluster-data/ts-2-root
uuid: "de4c6c1fd6de4165b51e72621466436b"
format_stamp: "Formatted at 2026-06-08 12:43:06 on dist-test-slave-vkhm"
I20260608 12:43:06.964386 12619 fs_report.cc:389] FS layout report
--------------------
wal directory: /tmp/dist-test-taskRWzDdf/test-tmp/auto_rebalancer-test.0.AutoRebalancerTest.NextLeaderResumesAutoRebalancing.1780922571766009-12619-0/minicluster-data/ts-2-root
metadata directory: /tmp/dist-test-taskRWzDdf/test-tmp/auto_rebalancer-test.0.AutoRebalancerTest.NextLeaderResumesAutoRebalancing.1780922571766009-12619-0/minicluster-data/ts-2-root
1 data directories: /tmp/dist-test-taskRWzDdf/test-tmp/auto_rebalancer-test.0.AutoRebalancerTest.NextLeaderResumesAutoRebalancing.1780922571766009-12619-0/minicluster-data/ts-2-root/data
Total live blocks: 0
Total live bytes: 0
Total live bytes (after alignment): 0
Total number of LBM containers: 0 (0 full)
Did not check for missing blocks
Did not check for orphaned blocks
Total full LBM containers with extra space: 0 (0 repaired)
Total full LBM container extra space in bytes: 0 (0 repaired)
Total incomplete LBM containers: 0 (0 repaired)
Total LBM partial records: 0 (0 repaired)
Total corrupted LBM metadata records in RocksDB: 0 (0 repaired)
I20260608 12:43:06.984381 12619 rpc_server.cc:225] running with OpenSSL 1.1.1  11 Sep 2018
I20260608 12:43:06.985671 12619 kserver.cc:163] Server-wide thread pool size limit: 3276
I20260608 12:43:06.987037 12619 txn_system_client.cc:432] TxnSystemClient initialization is disabled...
I20260608 12:43:06.989336 12619 ts_tablet_manager.cc:585] Loaded tablet metadata (0 total tablets, 0 live tablets)
I20260608 12:43:06.989569 12619 ts_tablet_manager.cc:531] Time spent load tablet metadata: real 0.000s	user 0.000s	sys 0.000s
I20260608 12:43:06.989811 12619 ts_tablet_manager.cc:616] Registered 0 tablets
I20260608 12:43:06.989988 12619 ts_tablet_manager.cc:595] Time spent register tablets: real 0.000s	user 0.000s	sys 0.000s
I20260608 12:43:07.031718 12619 rpc_server.cc:307] RPC server started. Bound to: 127.12.82.195:34811
I20260608 12:43:07.031833 14190 acceptor_pool.cc:272] collecting diagnostics on the listening RPC socket 127.12.82.195:34811 every 8 connection(s)
I20260608 12:43:07.061766 14191 heartbeater.cc:344] Connected to a master server at 127.12.82.252:33199
I20260608 12:43:07.062225 14191 heartbeater.cc:461] Registering TS with master...
I20260608 12:43:07.062891 14192 heartbeater.cc:344] Connected to a master server at 127.12.82.253:34017
I20260608 12:43:07.063323 14192 heartbeater.cc:461] Registering TS with master...
I20260608 12:43:07.063280 14191 heartbeater.cc:507] Master 127.12.82.252:33199 requested a full tablet report, sending...
I20260608 12:43:07.064240 14193 heartbeater.cc:344] Connected to a master server at 127.12.82.254:37445
I20260608 12:43:07.064455 14192 heartbeater.cc:507] Master 127.12.82.253:34017 requested a full tablet report, sending...
I20260608 12:43:07.064706 14193 heartbeater.cc:461] Registering TS with master...
I20260608 12:43:07.066017 14193 heartbeater.cc:507] Master 127.12.82.254:37445 requested a full tablet report, sending...
I20260608 12:43:07.066584 13871 ts_manager.cc:194] Registered new tserver with Master: de4c6c1fd6de4165b51e72621466436b (127.12.82.195:34811)
I20260608 12:43:07.068082 13871 master_service.cc:502] Signed X509 certificate for tserver {username='slave'} at 127.0.0.1:36342
I20260608 12:43:07.068740 13805 ts_manager.cc:194] Registered new tserver with Master: de4c6c1fd6de4165b51e72621466436b (127.12.82.195:34811)
I20260608 12:43:07.070205 13740 ts_manager.cc:194] Registered new tserver with Master: de4c6c1fd6de4165b51e72621466436b (127.12.82.195:34811)
I20260608 12:43:07.070694 12619 internal_mini_cluster.cc:371] 3 TS(s) registered with all masters after 0.025524805s
I20260608 12:43:07.586333 13944 catalog_manager.cc:1294] Loaded cluster ID: 77ecd5a0a72f48b088699f0303f3b05c
I20260608 12:43:07.586658 13944 catalog_manager.cc:1587] T 00000000000000000000000000000000 P 00b4d1ef014440cdb024d9ca0df0b121: loading cluster ID for follower catalog manager: success
I20260608 12:43:07.591063 13944 catalog_manager.cc:1609] T 00000000000000000000000000000000 P 00b4d1ef014440cdb024d9ca0df0b121: acquiring CA information for follower catalog manager: success
I20260608 12:43:07.592464 13950 catalog_manager.cc:1294] Loaded cluster ID: 77ecd5a0a72f48b088699f0303f3b05c
I20260608 12:43:07.592718 13950 catalog_manager.cc:1587] T 00000000000000000000000000000000 P 4efdad2660b84bf1bed445f5e8a7da62: loading cluster ID for follower catalog manager: success
I20260608 12:43:07.594480 13944 catalog_manager.cc:1637] T 00000000000000000000000000000000 P 00b4d1ef014440cdb024d9ca0df0b121: importing token verification keys for follower catalog manager: success; most recent TSK sequence number 0
I20260608 12:43:07.597119 13950 catalog_manager.cc:1609] T 00000000000000000000000000000000 P 4efdad2660b84bf1bed445f5e8a7da62: acquiring CA information for follower catalog manager: success
I20260608 12:43:07.600323 13950 catalog_manager.cc:1637] T 00000000000000000000000000000000 P 4efdad2660b84bf1bed445f5e8a7da62: importing token verification keys for follower catalog manager: success; most recent TSK sequence number 0
I20260608 12:43:07.742311 13871 master_service.cc:502] Signed X509 certificate for tserver {username='slave'} at 127.0.0.1:36312
I20260608 12:43:07.937470 14113 heartbeater.cc:499] Master 127.12.82.252:33199 was elected leader, sending a full tablet report...
I20260608 12:43:08.071247 14191 heartbeater.cc:499] Master 127.12.82.252:33199 was elected leader, sending a full tablet report...
I20260608 12:43:08.579833 13946 auto_leader_rebalancer.cc:451] All tables' leader rebalancing finished this round
I20260608 12:43:08.675972 13871 catalog_manager.cc:2282] Servicing CreateTable request from {username='slave'} at 127.0.0.1:36344:
name: "test-workload"
schema {
  columns {
    name: "key"
    type: INT32
    is_key: true
    is_nullable: false
    encoding: AUTO_ENCODING
    compression: DEFAULT_COMPRESSION
    cfile_block_size: 0
    immutable: false
  }
  columns {
    name: "int_val"
    type: INT32
    is_key: false
    is_nullable: false
    encoding: AUTO_ENCODING
    compression: DEFAULT_COMPRESSION
    cfile_block_size: 0
    immutable: false
  }
  columns {
    name: "string_val"
    type: STRING
    is_key: false
    is_nullable: true
    encoding: AUTO_ENCODING
    compression: DEFAULT_COMPRESSION
    cfile_block_size: 0
    immutable: false
  }
}
num_replicas: 1
split_rows_range_bounds {
  rows: "\004\001\000\252\252\252*\004\001\000TUUU""\004\001\000\252\252\252*\004\001\000TUUU"
  indirect_data: """"
}
partition_schema {
  range_schema {
    columns {
      name: "key"
    }
  }
}
I20260608 12:43:08.744799 14022 heartbeater.cc:499] Master 127.12.82.252:33199 was elected leader, sending a full tablet report...
I20260608 12:43:08.763815 14078 tablet_service.cc:1511] Processing CreateTablet for tablet 3553bd229fc745edab5ec250b98b9913 (DEFAULT_TABLE table=test-workload [id=7de3db8a66dc4585ac94c34fa0563cd2]), partition=RANGE (key) PARTITION VALUES < 715827882
I20260608 12:43:08.765317 14078 data_dirs.cc:400] Could only allocate 1 dirs of requested 3 for tablet 3553bd229fc745edab5ec250b98b9913. 1 dirs total, 0 dirs full, 0 dirs failed
I20260608 12:43:08.770406 13987 tablet_service.cc:1511] Processing CreateTablet for tablet 5e805d0646b04fc5a6a04aa51f1b4bcb (DEFAULT_TABLE table=test-workload [id=7de3db8a66dc4585ac94c34fa0563cd2]), partition=RANGE (key) PARTITION 715827882 <= VALUES < 1431655764
I20260608 12:43:08.771672 13987 data_dirs.cc:400] Could only allocate 1 dirs of requested 3 for tablet 5e805d0646b04fc5a6a04aa51f1b4bcb. 1 dirs total, 0 dirs full, 0 dirs failed
I20260608 12:43:08.773216 14156 tablet_service.cc:1511] Processing CreateTablet for tablet 8b2c6f6d518d4a9695767a5bd5c28d44 (DEFAULT_TABLE table=test-workload [id=7de3db8a66dc4585ac94c34fa0563cd2]), partition=RANGE (key) PARTITION 1431655764 <= VALUES
I20260608 12:43:08.774605 14156 data_dirs.cc:400] Could only allocate 1 dirs of requested 3 for tablet 8b2c6f6d518d4a9695767a5bd5c28d44. 1 dirs total, 0 dirs full, 0 dirs failed
I20260608 12:43:08.781584 14226 tablet_bootstrap.cc:492] T 3553bd229fc745edab5ec250b98b9913 P 00b71202f7f44d59a2d5d724314d9fc8: Bootstrap starting.
I20260608 12:43:08.789762 14226 tablet_bootstrap.cc:654] T 3553bd229fc745edab5ec250b98b9913 P 00b71202f7f44d59a2d5d724314d9fc8: Neither blocks nor log segments found. Creating new log.
I20260608 12:43:08.794690 14227 tablet_bootstrap.cc:492] T 5e805d0646b04fc5a6a04aa51f1b4bcb P 6b188b39c99240ecbc35fe7f0e24c085: Bootstrap starting.
I20260608 12:43:08.799983 14229 tablet_bootstrap.cc:492] T 8b2c6f6d518d4a9695767a5bd5c28d44 P de4c6c1fd6de4165b51e72621466436b: Bootstrap starting.
I20260608 12:43:08.800446 14226 tablet_bootstrap.cc:492] T 3553bd229fc745edab5ec250b98b9913 P 00b71202f7f44d59a2d5d724314d9fc8: No bootstrap required, opened a new log
I20260608 12:43:08.800990 14226 ts_tablet_manager.cc:1403] T 3553bd229fc745edab5ec250b98b9913 P 00b71202f7f44d59a2d5d724314d9fc8: Time spent bootstrapping tablet: real 0.020s	user 0.014s	sys 0.004s
I20260608 12:43:08.801781 14227 tablet_bootstrap.cc:654] T 5e805d0646b04fc5a6a04aa51f1b4bcb P 6b188b39c99240ecbc35fe7f0e24c085: Neither blocks nor log segments found. Creating new log.
I20260608 12:43:08.804364 14226 raft_consensus.cc:359] T 3553bd229fc745edab5ec250b98b9913 P 00b71202f7f44d59a2d5d724314d9fc8 [term 0 FOLLOWER]: Replica starting. Triggering 0 pending ops. Active config: opid_index: -1 OBSOLETE_local: true peers { permanent_uuid: "00b71202f7f44d59a2d5d724314d9fc8" member_type: VOTER last_known_addr { host: "127.12.82.194" port: 38121 } }
I20260608 12:43:08.805143 14226 raft_consensus.cc:385] T 3553bd229fc745edab5ec250b98b9913 P 00b71202f7f44d59a2d5d724314d9fc8 [term 0 FOLLOWER]: Consensus starting up: Expiring failure detector timer to make a prompt election more likely
I20260608 12:43:08.805593 14226 raft_consensus.cc:740] T 3553bd229fc745edab5ec250b98b9913 P 00b71202f7f44d59a2d5d724314d9fc8 [term 0 FOLLOWER]: Becoming Follower/Learner. State: Replica: 00b71202f7f44d59a2d5d724314d9fc8, State: Initialized, Role: FOLLOWER
I20260608 12:43:08.806193 14229 tablet_bootstrap.cc:654] T 8b2c6f6d518d4a9695767a5bd5c28d44 P de4c6c1fd6de4165b51e72621466436b: Neither blocks nor log segments found. Creating new log.
I20260608 12:43:08.806735 14226 consensus_queue.cc:260] T 3553bd229fc745edab5ec250b98b9913 P 00b71202f7f44d59a2d5d724314d9fc8 [NON_LEADER]: Queue going to NON_LEADER mode. State: All replicated index: 0, Majority replicated index: 0, Committed index: 0, Last appended: 0.0, Last appended by leader: 0, Current term: 0, Majority size: -1, State: 0, Mode: NON_LEADER, active raft config: opid_index: -1 OBSOLETE_local: true peers { permanent_uuid: "00b71202f7f44d59a2d5d724314d9fc8" member_type: VOTER last_known_addr { host: "127.12.82.194" port: 38121 } }
I20260608 12:43:08.807706 14226 raft_consensus.cc:399] T 3553bd229fc745edab5ec250b98b9913 P 00b71202f7f44d59a2d5d724314d9fc8 [term 0 FOLLOWER]: Only one voter in the Raft config. Triggering election immediately
I20260608 12:43:08.808157 14226 raft_consensus.cc:493] T 3553bd229fc745edab5ec250b98b9913 P 00b71202f7f44d59a2d5d724314d9fc8 [term 0 FOLLOWER]: Starting leader election (initial election of a single-replica configuration)
I20260608 12:43:08.808696 14226 raft_consensus.cc:3060] T 3553bd229fc745edab5ec250b98b9913 P 00b71202f7f44d59a2d5d724314d9fc8 [term 0 FOLLOWER]: Advancing to term 1
I20260608 12:43:08.811326 14227 tablet_bootstrap.cc:492] T 5e805d0646b04fc5a6a04aa51f1b4bcb P 6b188b39c99240ecbc35fe7f0e24c085: No bootstrap required, opened a new log
I20260608 12:43:08.811843 14227 ts_tablet_manager.cc:1403] T 5e805d0646b04fc5a6a04aa51f1b4bcb P 6b188b39c99240ecbc35fe7f0e24c085: Time spent bootstrapping tablet: real 0.017s	user 0.017s	sys 0.000s
I20260608 12:43:08.813742 14229 tablet_bootstrap.cc:492] T 8b2c6f6d518d4a9695767a5bd5c28d44 P de4c6c1fd6de4165b51e72621466436b: No bootstrap required, opened a new log
I20260608 12:43:08.814288 14229 ts_tablet_manager.cc:1403] T 8b2c6f6d518d4a9695767a5bd5c28d44 P de4c6c1fd6de4165b51e72621466436b: Time spent bootstrapping tablet: real 0.015s	user 0.007s	sys 0.004s
I20260608 12:43:08.815052 14227 raft_consensus.cc:359] T 5e805d0646b04fc5a6a04aa51f1b4bcb P 6b188b39c99240ecbc35fe7f0e24c085 [term 0 FOLLOWER]: Replica starting. Triggering 0 pending ops. Active config: opid_index: -1 OBSOLETE_local: true peers { permanent_uuid: "6b188b39c99240ecbc35fe7f0e24c085" member_type: VOTER last_known_addr { host: "127.12.82.193" port: 40723 } }
I20260608 12:43:08.815629 14227 raft_consensus.cc:385] T 5e805d0646b04fc5a6a04aa51f1b4bcb P 6b188b39c99240ecbc35fe7f0e24c085 [term 0 FOLLOWER]: Consensus starting up: Expiring failure detector timer to make a prompt election more likely
I20260608 12:43:08.815557 14226 raft_consensus.cc:515] T 3553bd229fc745edab5ec250b98b9913 P 00b71202f7f44d59a2d5d724314d9fc8 [term 1 FOLLOWER]: Starting leader election with config: opid_index: -1 OBSOLETE_local: true peers { permanent_uuid: "00b71202f7f44d59a2d5d724314d9fc8" member_type: VOTER last_known_addr { host: "127.12.82.194" port: 38121 } }
I20260608 12:43:08.816097 14227 raft_consensus.cc:740] T 5e805d0646b04fc5a6a04aa51f1b4bcb P 6b188b39c99240ecbc35fe7f0e24c085 [term 0 FOLLOWER]: Becoming Follower/Learner. State: Replica: 6b188b39c99240ecbc35fe7f0e24c085, State: Initialized, Role: FOLLOWER
I20260608 12:43:08.816452 14226 leader_election.cc:304] T 3553bd229fc745edab5ec250b98b9913 P 00b71202f7f44d59a2d5d724314d9fc8 [CANDIDATE]: Term 1 election: Election decided. Result: candidate won. Election summary: received 1 responses out of 1 voters: 1 yes votes; 0 no votes. yes voters: 00b71202f7f44d59a2d5d724314d9fc8; no voters: 
I20260608 12:43:08.816953 14227 consensus_queue.cc:260] T 5e805d0646b04fc5a6a04aa51f1b4bcb P 6b188b39c99240ecbc35fe7f0e24c085 [NON_LEADER]: Queue going to NON_LEADER mode. State: All replicated index: 0, Majority replicated index: 0, Committed index: 0, Last appended: 0.0, Last appended by leader: 0, Current term: 0, Majority size: -1, State: 0, Mode: NON_LEADER, active raft config: opid_index: -1 OBSOLETE_local: true peers { permanent_uuid: "6b188b39c99240ecbc35fe7f0e24c085" member_type: VOTER last_known_addr { host: "127.12.82.193" port: 40723 } }
