I20260608 12:44:19.508477 12608 txn_system_client.cc:432] TxnSystemClient initialization is disabled...
I20260608 12:44:19.510851 12608 ts_tablet_manager.cc:585] Loaded tablet metadata (0 total tablets, 0 live tablets)
I20260608 12:44:19.511034 12608 ts_tablet_manager.cc:531] Time spent load tablet metadata: real 0.000s	user 0.000s	sys 0.000s
I20260608 12:44:19.511355 12608 ts_tablet_manager.cc:616] Registered 0 tablets
I20260608 12:44:19.511546 12608 ts_tablet_manager.cc:595] Time spent register tablets: real 0.000s	user 0.001s	sys 0.000s
I20260608 12:44:19.554737 12608 rpc_server.cc:307] RPC server started. Bound to: 127.12.80.2:44863
I20260608 12:44:19.554970 16387 acceptor_pool.cc:272] collecting diagnostics on the listening RPC socket 127.12.80.2:44863 every 8 connection(s)
I20260608 12:44:19.560485 12608 file_cache.cc:492] Constructed file cache file cache with capacity 419430
W20260608 12:44:19.568164 16391 instance_detector.cc:116] could not retrieve AWS instance metadata: Network error: curl error: HTTP response code said error: The requested URL returned error: 404
W20260608 12:44:19.569005 16392 instance_detector.cc:116] could not retrieve Azure instance metadata: Network error: curl error: HTTP response code said error: The requested URL returned error: 404
I20260608 12:44:19.572840 12608 server_base.cc:1061] running on GCE node
W20260608 12:44:19.573444 16394 instance_detector.cc:116] could not retrieve OpenStack instance metadata: Network error: curl error: HTTP response code said error: The requested URL returned error: 404
I20260608 12:44:19.574772 12608 hybrid_clock.cc:584] initializing the hybrid clock with 'system_unsync' time source
W20260608 12:44:19.575153 12608 system_unsync_time.cc:38] NTP support is disabled. Clock error bounds will not be accurate. This configuration is not suitable for distributed clusters.
I20260608 12:44:19.575385 12608 hybrid_clock.cc:648] HybridClock initialized: now 1780922659575360 us; error 0 us; skew 500 ppm
I20260608 12:44:19.575440 16388 heartbeater.cc:344] Connected to a master server at 127.12.80.62:39363
I20260608 12:44:19.576097 16388 heartbeater.cc:461] Registering TS with master...
I20260608 12:44:19.576395 12608 server_base.cc:861] Flag tcmalloc_max_total_thread_cache_bytes is not working since tcmalloc is not enabled.
I20260608 12:44:19.577090 16388 heartbeater.cc:507] Master 127.12.80.62:39363 requested a full tablet report, sending...
I20260608 12:44:19.579556 12608 webserver.cc:533] Webserver started at http://127.12.80.3:42213/ using document root <none> and password file <none>
I20260608 12:44:19.580006 16186 ts_manager.cc:194] Registered new tserver with Master: ebbba371ae784750804dc87ec83dccea (127.12.80.2:44863)
I20260608 12:44:19.580351 12608 fs_manager.cc:362] Metadata directory not provided
I20260608 12:44:19.580677 12608 fs_manager.cc:368] Using write-ahead log directory (fs_wal_dir) as metadata directory
I20260608 12:44:19.581043 12608 server_base.cc:909] This appears to be a new deployment of Kudu; creating new FS layout
I20260608 12:44:19.582199 16186 master_service.cc:502] Signed X509 certificate for tserver {username='slave'} at 127.0.0.1:37074
I20260608 12:44:19.582652 12608 fs_manager.cc:1068] Generated new instance metadata in path /tmp/dist-test-task6G5hXJ/test-tmp/auto_rebalancer-test.0.AutoRebalancerTest.NoReplicaMovesIfLocationLoadSkewedByOne.1780922569140511-12608-0/minicluster-data/ts-2-root/instance:
uuid: "49d22fd34a2b46608c37fc03363c2d9a"
format_stamp: "Formatted at 2026-06-08 12:44:19 on dist-test-slave-hb8t"
I20260608 12:44:19.588869 12608 fs_manager.cc:696] Time spent creating directory manager: real 0.005s	user 0.005s	sys 0.003s
I20260608 12:44:19.593084 16399 log_block_manager.cc:4031] Time spent loading block containers with low live blocks: real 0.000s	user 0.000s	sys 0.000s
I20260608 12:44:19.594128 12608 fs_manager.cc:730] Time spent opening block manager: real 0.003s	user 0.003s	sys 0.001s
I20260608 12:44:19.594548 12608 fs_manager.cc:647] Opened local filesystem: /tmp/dist-test-task6G5hXJ/test-tmp/auto_rebalancer-test.0.AutoRebalancerTest.NoReplicaMovesIfLocationLoadSkewedByOne.1780922569140511-12608-0/minicluster-data/ts-2-root
uuid: "49d22fd34a2b46608c37fc03363c2d9a"
format_stamp: "Formatted at 2026-06-08 12:44:19 on dist-test-slave-hb8t"
I20260608 12:44:19.594911 12608 fs_report.cc:389] FS layout report
--------------------
wal directory: /tmp/dist-test-task6G5hXJ/test-tmp/auto_rebalancer-test.0.AutoRebalancerTest.NoReplicaMovesIfLocationLoadSkewedByOne.1780922569140511-12608-0/minicluster-data/ts-2-root
metadata directory: /tmp/dist-test-task6G5hXJ/test-tmp/auto_rebalancer-test.0.AutoRebalancerTest.NoReplicaMovesIfLocationLoadSkewedByOne.1780922569140511-12608-0/minicluster-data/ts-2-root
1 data directories: /tmp/dist-test-task6G5hXJ/test-tmp/auto_rebalancer-test.0.AutoRebalancerTest.NoReplicaMovesIfLocationLoadSkewedByOne.1780922569140511-12608-0/minicluster-data/ts-2-root/data
Total live blocks: 0
Total live bytes: 0
Total live bytes (after alignment): 0
Total number of LBM containers: 0 (0 full)
Did not check for missing blocks
Did not check for orphaned blocks
Total full LBM containers with extra space: 0 (0 repaired)
Total full LBM container extra space in bytes: 0 (0 repaired)
Total incomplete LBM containers: 0 (0 repaired)
Total LBM partial records: 0 (0 repaired)
Total corrupted LBM metadata records in RocksDB: 0 (0 repaired)
I20260608 12:44:19.618315 12608 rpc_server.cc:225] running with OpenSSL 1.1.1  11 Sep 2018
I20260608 12:44:19.619800 12608 kserver.cc:163] Server-wide thread pool size limit: 3276
I20260608 12:44:19.621663 12608 txn_system_client.cc:432] TxnSystemClient initialization is disabled...
I20260608 12:44:19.624478 12608 ts_tablet_manager.cc:585] Loaded tablet metadata (0 total tablets, 0 live tablets)
I20260608 12:44:19.624745 12608 ts_tablet_manager.cc:531] Time spent load tablet metadata: real 0.000s	user 0.000s	sys 0.000s
I20260608 12:44:19.625025 12608 ts_tablet_manager.cc:616] Registered 0 tablets
I20260608 12:44:19.625217 12608 ts_tablet_manager.cc:595] Time spent register tablets: real 0.000s	user 0.000s	sys 0.000s
I20260608 12:44:19.672999 12608 rpc_server.cc:307] RPC server started. Bound to: 127.12.80.3:40729
I20260608 12:44:19.673146 16461 acceptor_pool.cc:272] collecting diagnostics on the listening RPC socket 127.12.80.3:40729 every 8 connection(s)
I20260608 12:44:19.678804 12608 file_cache.cc:492] Constructed file cache file cache with capacity 419430
W20260608 12:44:19.688558 16465 instance_detector.cc:116] could not retrieve AWS instance metadata: Network error: curl error: HTTP response code said error: The requested URL returned error: 404
W20260608 12:44:19.690601 16466 instance_detector.cc:116] could not retrieve Azure instance metadata: Network error: curl error: HTTP response code said error: The requested URL returned error: 404
I20260608 12:44:19.694738 16462 heartbeater.cc:344] Connected to a master server at 127.12.80.62:39363
I20260608 12:44:19.695504 16462 heartbeater.cc:461] Registering TS with master...
I20260608 12:44:19.696877 16462 heartbeater.cc:507] Master 127.12.80.62:39363 requested a full tablet report, sending...
W20260608 12:44:19.698402 16468 instance_detector.cc:116] could not retrieve OpenStack instance metadata: Network error: curl error: HTTP response code said error: The requested URL returned error: 404
I20260608 12:44:19.700860 16186 ts_manager.cc:194] Registered new tserver with Master: 49d22fd34a2b46608c37fc03363c2d9a (127.12.80.3:40729)
I20260608 12:44:19.702808 16186 master_service.cc:502] Signed X509 certificate for tserver {username='slave'} at 127.0.0.1:37088
I20260608 12:44:19.706983 12608 server_base.cc:1061] running on GCE node
I20260608 12:44:19.708338 12608 hybrid_clock.cc:584] initializing the hybrid clock with 'system_unsync' time source
W20260608 12:44:19.708546 12608 system_unsync_time.cc:38] NTP support is disabled. Clock error bounds will not be accurate. This configuration is not suitable for distributed clusters.
I20260608 12:44:19.708781 12608 hybrid_clock.cc:648] HybridClock initialized: now 1780922659708763 us; error 0 us; skew 500 ppm
I20260608 12:44:19.709522 12608 server_base.cc:861] Flag tcmalloc_max_total_thread_cache_bytes is not working since tcmalloc is not enabled.
I20260608 12:44:19.712561 12608 webserver.cc:533] Webserver started at http://127.12.80.4:33241/ using document root <none> and password file <none>
I20260608 12:44:19.713115 12608 fs_manager.cc:362] Metadata directory not provided
I20260608 12:44:19.713342 12608 fs_manager.cc:368] Using write-ahead log directory (fs_wal_dir) as metadata directory
I20260608 12:44:19.713651 12608 server_base.cc:909] This appears to be a new deployment of Kudu; creating new FS layout
I20260608 12:44:19.714886 12608 fs_manager.cc:1068] Generated new instance metadata in path /tmp/dist-test-task6G5hXJ/test-tmp/auto_rebalancer-test.0.AutoRebalancerTest.NoReplicaMovesIfLocationLoadSkewedByOne.1780922569140511-12608-0/minicluster-data/ts-3-root/instance:
uuid: "592a21d60a114650a97a4533a10c992d"
format_stamp: "Formatted at 2026-06-08 12:44:19 on dist-test-slave-hb8t"
I20260608 12:44:19.719975 12608 fs_manager.cc:696] Time spent creating directory manager: real 0.004s	user 0.003s	sys 0.000s
I20260608 12:44:19.723803 16473 log_block_manager.cc:4031] Time spent loading block containers with low live blocks: real 0.000s	user 0.000s	sys 0.000s
I20260608 12:44:19.724856 12608 fs_manager.cc:730] Time spent opening block manager: real 0.003s	user 0.002s	sys 0.001s
I20260608 12:44:19.725237 12608 fs_manager.cc:647] Opened local filesystem: /tmp/dist-test-task6G5hXJ/test-tmp/auto_rebalancer-test.0.AutoRebalancerTest.NoReplicaMovesIfLocationLoadSkewedByOne.1780922569140511-12608-0/minicluster-data/ts-3-root
uuid: "592a21d60a114650a97a4533a10c992d"
format_stamp: "Formatted at 2026-06-08 12:44:19 on dist-test-slave-hb8t"
I20260608 12:44:19.725620 12608 fs_report.cc:389] FS layout report
--------------------
wal directory: /tmp/dist-test-task6G5hXJ/test-tmp/auto_rebalancer-test.0.AutoRebalancerTest.NoReplicaMovesIfLocationLoadSkewedByOne.1780922569140511-12608-0/minicluster-data/ts-3-root
metadata directory: /tmp/dist-test-task6G5hXJ/test-tmp/auto_rebalancer-test.0.AutoRebalancerTest.NoReplicaMovesIfLocationLoadSkewedByOne.1780922569140511-12608-0/minicluster-data/ts-3-root
1 data directories: /tmp/dist-test-task6G5hXJ/test-tmp/auto_rebalancer-test.0.AutoRebalancerTest.NoReplicaMovesIfLocationLoadSkewedByOne.1780922569140511-12608-0/minicluster-data/ts-3-root/data
Total live blocks: 0
Total live bytes: 0
Total live bytes (after alignment): 0
Total number of LBM containers: 0 (0 full)
Did not check for missing blocks
Did not check for orphaned blocks
Total full LBM containers with extra space: 0 (0 repaired)
Total full LBM container extra space in bytes: 0 (0 repaired)
Total incomplete LBM containers: 0 (0 repaired)
Total LBM partial records: 0 (0 repaired)
Total corrupted LBM metadata records in RocksDB: 0 (0 repaired)
I20260608 12:44:19.803975 12608 rpc_server.cc:225] running with OpenSSL 1.1.1  11 Sep 2018
I20260608 12:44:19.806133 12608 kserver.cc:163] Server-wide thread pool size limit: 3276
I20260608 12:44:19.807960 12608 txn_system_client.cc:432] TxnSystemClient initialization is disabled...
I20260608 12:44:19.811115 12608 ts_tablet_manager.cc:585] Loaded tablet metadata (0 total tablets, 0 live tablets)
I20260608 12:44:19.811383 12608 ts_tablet_manager.cc:531] Time spent load tablet metadata: real 0.000s	user 0.000s	sys 0.000s
I20260608 12:44:19.811753 12608 ts_tablet_manager.cc:616] Registered 0 tablets
I20260608 12:44:19.811964 12608 ts_tablet_manager.cc:595] Time spent register tablets: real 0.000s	user 0.000s	sys 0.000s
I20260608 12:44:19.866357 12608 rpc_server.cc:307] RPC server started. Bound to: 127.12.80.4:32911
I20260608 12:44:19.866595 16536 acceptor_pool.cc:272] collecting diagnostics on the listening RPC socket 127.12.80.4:32911 every 8 connection(s)
I20260608 12:44:19.887064 16537 heartbeater.cc:344] Connected to a master server at 127.12.80.62:39363
I20260608 12:44:19.887585 16537 heartbeater.cc:461] Registering TS with master...
I20260608 12:44:19.888490 16537 heartbeater.cc:507] Master 127.12.80.62:39363 requested a full tablet report, sending...
I20260608 12:44:19.891278 16186 ts_manager.cc:194] Registered new tserver with Master: 592a21d60a114650a97a4533a10c992d (127.12.80.4:32911)
I20260608 12:44:19.891937 12608 internal_mini_cluster.cc:371] 4 TS(s) registered with all masters after 0.0208714s
I20260608 12:44:19.893635 16186 master_service.cc:502] Signed X509 certificate for tserver {username='slave'} at 127.0.0.1:37102
I20260608 12:44:20.458455 16186 catalog_manager.cc:2282] Servicing CreateTable request from {username='slave'} at 127.0.0.1:37120:
name: "test-workload"
schema {
  columns {
    name: "key"
    type: INT32
    is_key: true
    is_nullable: false
    encoding: AUTO_ENCODING
    compression: DEFAULT_COMPRESSION
    cfile_block_size: 0
    immutable: false
  }
  columns {
    name: "int_val"
    type: INT32
    is_key: false
    is_nullable: false
    encoding: AUTO_ENCODING
    compression: DEFAULT_COMPRESSION
    cfile_block_size: 0
    immutable: false
  }
  columns {
    name: "string_val"
    type: STRING
    is_key: false
    is_nullable: true
    encoding: AUTO_ENCODING
    compression: DEFAULT_COMPRESSION
    cfile_block_size: 0
    immutable: false
  }
}
num_replicas: 3
split_rows_range_bounds {
}
partition_schema {
  range_schema {
    columns {
      name: "key"
    }
  }
}
I20260608 12:44:20.486709 16313 heartbeater.cc:499] Master 127.12.80.62:39363 was elected leader, sending a full tablet report...
I20260608 12:44:20.535861 16427 tablet_service.cc:1511] Processing CreateTablet for tablet 8eedd3dd22a94920bd9dd8780be492a8 (DEFAULT_TABLE table=test-workload [id=f2b35010940946c9b4280734d66e7324]), partition=RANGE (key) PARTITION UNBOUNDED
I20260608 12:44:20.536609 16502 tablet_service.cc:1511] Processing CreateTablet for tablet 8eedd3dd22a94920bd9dd8780be492a8 (DEFAULT_TABLE table=test-workload [id=f2b35010940946c9b4280734d66e7324]), partition=RANGE (key) PARTITION UNBOUNDED
I20260608 12:44:20.537604 16427 data_dirs.cc:400] Could only allocate 1 dirs of requested 3 for tablet 8eedd3dd22a94920bd9dd8780be492a8. 1 dirs total, 0 dirs full, 0 dirs failed
I20260608 12:44:20.537961 16502 data_dirs.cc:400] Could only allocate 1 dirs of requested 3 for tablet 8eedd3dd22a94920bd9dd8780be492a8. 1 dirs total, 0 dirs full, 0 dirs failed
I20260608 12:44:20.547951 16353 tablet_service.cc:1511] Processing CreateTablet for tablet 8eedd3dd22a94920bd9dd8780be492a8 (DEFAULT_TABLE table=test-workload [id=f2b35010940946c9b4280734d66e7324]), partition=RANGE (key) PARTITION UNBOUNDED
I20260608 12:44:20.549553 16353 data_dirs.cc:400] Could only allocate 1 dirs of requested 3 for tablet 8eedd3dd22a94920bd9dd8780be492a8. 1 dirs total, 0 dirs full, 0 dirs failed
I20260608 12:44:20.560230 16558 tablet_bootstrap.cc:492] T 8eedd3dd22a94920bd9dd8780be492a8 P 592a21d60a114650a97a4533a10c992d: Bootstrap starting.
I20260608 12:44:20.562139 16559 tablet_bootstrap.cc:492] T 8eedd3dd22a94920bd9dd8780be492a8 P 49d22fd34a2b46608c37fc03363c2d9a: Bootstrap starting.
I20260608 12:44:20.568892 16559 tablet_bootstrap.cc:654] T 8eedd3dd22a94920bd9dd8780be492a8 P 49d22fd34a2b46608c37fc03363c2d9a: Neither blocks nor log segments found. Creating new log.
I20260608 12:44:20.569944 16558 tablet_bootstrap.cc:654] T 8eedd3dd22a94920bd9dd8780be492a8 P 592a21d60a114650a97a4533a10c992d: Neither blocks nor log segments found. Creating new log.
I20260608 12:44:20.573541 16560 tablet_bootstrap.cc:492] T 8eedd3dd22a94920bd9dd8780be492a8 P ebbba371ae784750804dc87ec83dccea: Bootstrap starting.
I20260608 12:44:20.577884 16558 tablet_bootstrap.cc:492] T 8eedd3dd22a94920bd9dd8780be492a8 P 592a21d60a114650a97a4533a10c992d: No bootstrap required, opened a new log
I20260608 12:44:20.578435 16558 ts_tablet_manager.cc:1403] T 8eedd3dd22a94920bd9dd8780be492a8 P 592a21d60a114650a97a4533a10c992d: Time spent bootstrapping tablet: real 0.019s	user 0.011s	sys 0.004s
I20260608 12:44:20.578575 16559 tablet_bootstrap.cc:492] T 8eedd3dd22a94920bd9dd8780be492a8 P 49d22fd34a2b46608c37fc03363c2d9a: No bootstrap required, opened a new log
I20260608 12:44:20.579293 16559 ts_tablet_manager.cc:1403] T 8eedd3dd22a94920bd9dd8780be492a8 P 49d22fd34a2b46608c37fc03363c2d9a: Time spent bootstrapping tablet: real 0.018s	user 0.009s	sys 0.005s
I20260608 12:44:20.581286 16558 raft_consensus.cc:359] T 8eedd3dd22a94920bd9dd8780be492a8 P 592a21d60a114650a97a4533a10c992d [term 0 FOLLOWER]: Replica starting. Triggering 0 pending ops. Active config: opid_index: -1 OBSOLETE_local: false peers { permanent_uuid: "49d22fd34a2b46608c37fc03363c2d9a" member_type: VOTER last_known_addr { host: "127.12.80.3" port: 40729 } } peers { permanent_uuid: "592a21d60a114650a97a4533a10c992d" member_type: VOTER last_known_addr { host: "127.12.80.4" port: 32911 } } peers { permanent_uuid: "ebbba371ae784750804dc87ec83dccea" member_type: VOTER last_known_addr { host: "127.12.80.2" port: 44863 } }
I20260608 12:44:20.582192 16558 raft_consensus.cc:385] T 8eedd3dd22a94920bd9dd8780be492a8 P 592a21d60a114650a97a4533a10c992d [term 0 FOLLOWER]: Consensus starting up: Expiring failure detector timer to make a prompt election more likely
I20260608 12:44:20.582474 16558 raft_consensus.cc:740] T 8eedd3dd22a94920bd9dd8780be492a8 P 592a21d60a114650a97a4533a10c992d [term 0 FOLLOWER]: Becoming Follower/Learner. State: Replica: 592a21d60a114650a97a4533a10c992d, State: Initialized, Role: FOLLOWER
I20260608 12:44:20.583375 16560 tablet_bootstrap.cc:654] T 8eedd3dd22a94920bd9dd8780be492a8 P ebbba371ae784750804dc87ec83dccea: Neither blocks nor log segments found. Creating new log.
I20260608 12:44:20.583221 16559 raft_consensus.cc:359] T 8eedd3dd22a94920bd9dd8780be492a8 P 49d22fd34a2b46608c37fc03363c2d9a [term 0 FOLLOWER]: Replica starting. Triggering 0 pending ops. Active config: opid_index: -1 OBSOLETE_local: false peers { permanent_uuid: "49d22fd34a2b46608c37fc03363c2d9a" member_type: VOTER last_known_addr { host: "127.12.80.3" port: 40729 } } peers { permanent_uuid: "592a21d60a114650a97a4533a10c992d" member_type: VOTER last_known_addr { host: "127.12.80.4" port: 32911 } } peers { permanent_uuid: "ebbba371ae784750804dc87ec83dccea" member_type: VOTER last_known_addr { host: "127.12.80.2" port: 44863 } }
I20260608 12:44:20.583266 16558 consensus_queue.cc:260] T 8eedd3dd22a94920bd9dd8780be492a8 P 592a21d60a114650a97a4533a10c992d [NON_LEADER]: Queue going to NON_LEADER mode. State: All replicated index: 0, Majority replicated index: 0, Committed index: 0, Last appended: 0.0, Last appended by leader: 0, Current term: 0, Majority size: -1, State: 0, Mode: NON_LEADER, active raft config: opid_index: -1 OBSOLETE_local: false peers { permanent_uuid: "49d22fd34a2b46608c37fc03363c2d9a" member_type: VOTER last_known_addr { host: "127.12.80.3" port: 40729 } } peers { permanent_uuid: "592a21d60a114650a97a4533a10c992d" member_type: VOTER last_known_addr { host: "127.12.80.4" port: 32911 } } peers { permanent_uuid: "ebbba371ae784750804dc87ec83dccea" member_type: VOTER last_known_addr { host: "127.12.80.2" port: 44863 } }
I20260608 12:44:20.584476 16559 raft_consensus.cc:385] T 8eedd3dd22a94920bd9dd8780be492a8 P 49d22fd34a2b46608c37fc03363c2d9a [term 0 FOLLOWER]: Consensus starting up: Expiring failure detector timer to make a prompt election more likely
I20260608 12:44:20.584939 16559 raft_consensus.cc:740] T 8eedd3dd22a94920bd9dd8780be492a8 P 49d22fd34a2b46608c37fc03363c2d9a [term 0 FOLLOWER]: Becoming Follower/Learner. State: Replica: 49d22fd34a2b46608c37fc03363c2d9a, State: Initialized, Role: FOLLOWER
I20260608 12:44:20.586113 16388 heartbeater.cc:499] Master 127.12.80.62:39363 was elected leader, sending a full tablet report...
I20260608 12:44:20.589052 16537 heartbeater.cc:499] Master 127.12.80.62:39363 was elected leader, sending a full tablet report...
I20260608 12:44:20.589445 16558 ts_tablet_manager.cc:1434] T 8eedd3dd22a94920bd9dd8780be492a8 P 592a21d60a114650a97a4533a10c992d: Time spent starting tablet: real 0.011s	user 0.009s	sys 0.003s
I20260608 12:44:20.590375 16559 consensus_queue.cc:260] T 8eedd3dd22a94920bd9dd8780be492a8 P 49d22fd34a2b46608c37fc03363c2d9a [NON_LEADER]: Queue going to NON_LEADER mode. State: All replicated index: 0, Majority replicated index: 0, Committed index: 0, Last appended: 0.0, Last appended by leader: 0, Current term: 0, Majority size: -1, State: 0, Mode: NON_LEADER, active raft config: opid_index: -1 OBSOLETE_local: false peers { permanent_uuid: "49d22fd34a2b46608c37fc03363c2d9a" member_type: VOTER last_known_addr { host: "127.12.80.3" port: 40729 } } peers { permanent_uuid: "592a21d60a114650a97a4533a10c992d" member_type: VOTER last_known_addr { host: "127.12.80.4" port: 32911 } } peers { permanent_uuid: "ebbba371ae784750804dc87ec83dccea" member_type: VOTER last_known_addr { host: "127.12.80.2" port: 44863 } }
I20260608 12:44:20.594077 16560 tablet_bootstrap.cc:492] T 8eedd3dd22a94920bd9dd8780be492a8 P ebbba371ae784750804dc87ec83dccea: No bootstrap required, opened a new log
I20260608 12:44:20.594858 16560 ts_tablet_manager.cc:1403] T 8eedd3dd22a94920bd9dd8780be492a8 P ebbba371ae784750804dc87ec83dccea: Time spent bootstrapping tablet: real 0.022s	user 0.005s	sys 0.015s
I20260608 12:44:20.596122 16462 heartbeater.cc:499] Master 127.12.80.62:39363 was elected leader, sending a full tablet report...
I20260608 12:44:20.597311 16559 ts_tablet_manager.cc:1434] T 8eedd3dd22a94920bd9dd8780be492a8 P 49d22fd34a2b46608c37fc03363c2d9a: Time spent starting tablet: real 0.018s	user 0.010s	sys 0.002s
I20260608 12:44:20.598171 16565 raft_consensus.cc:493] T 8eedd3dd22a94920bd9dd8780be492a8 P 49d22fd34a2b46608c37fc03363c2d9a [term 0 FOLLOWER]: Starting pre-election (no leader contacted us within the election timeout)
I20260608 12:44:20.598878 16565 raft_consensus.cc:515] T 8eedd3dd22a94920bd9dd8780be492a8 P 49d22fd34a2b46608c37fc03363c2d9a [term 0 FOLLOWER]: Starting pre-election with config: opid_index: -1 OBSOLETE_local: false peers { permanent_uuid: "49d22fd34a2b46608c37fc03363c2d9a" member_type: VOTER last_known_addr { host: "127.12.80.3" port: 40729 } } peers { permanent_uuid: "592a21d60a114650a97a4533a10c992d" member_type: VOTER last_known_addr { host: "127.12.80.4" port: 32911 } } peers { permanent_uuid: "ebbba371ae784750804dc87ec83dccea" member_type: VOTER last_known_addr { host: "127.12.80.2" port: 44863 } }
I20260608 12:44:20.599186 16560 raft_consensus.cc:359] T 8eedd3dd22a94920bd9dd8780be492a8 P ebbba371ae784750804dc87ec83dccea [term 0 FOLLOWER]: Replica starting. Triggering 0 pending ops. Active config: opid_index: -1 OBSOLETE_local: false peers { permanent_uuid: "49d22fd34a2b46608c37fc03363c2d9a" member_type: VOTER last_known_addr { host: "127.12.80.3" port: 40729 } } peers { permanent_uuid: "592a21d60a114650a97a4533a10c992d" member_type: VOTER last_known_addr { host: "127.12.80.4" port: 32911 } } peers { permanent_uuid: "ebbba371ae784750804dc87ec83dccea" member_type: VOTER last_known_addr { host: "127.12.80.2" port: 44863 } }
I20260608 12:44:20.600107 16560 raft_consensus.cc:385] T 8eedd3dd22a94920bd9dd8780be492a8 P ebbba371ae784750804dc87ec83dccea [term 0 FOLLOWER]: Consensus starting up: Expiring failure detector timer to make a prompt election more likely
I20260608 12:44:20.600538 16560 raft_consensus.cc:740] T 8eedd3dd22a94920bd9dd8780be492a8 P ebbba371ae784750804dc87ec83dccea [term 0 FOLLOWER]: Becoming Follower/Learner. State: Replica: ebbba371ae784750804dc87ec83dccea, State: Initialized, Role: FOLLOWER
I20260608 12:44:20.601872 16560 consensus_queue.cc:260] T 8eedd3dd22a94920bd9dd8780be492a8 P ebbba371ae784750804dc87ec83dccea [NON_LEADER]: Queue going to NON_LEADER mode. State: All replicated index: 0, Majority replicated index: 0, Committed index: 0, Last appended: 0.0, Last appended by leader: 0, Current term: 0, Majority size: -1, State: 0, Mode: NON_LEADER, active raft config: opid_index: -1 OBSOLETE_local: false peers { permanent_uuid: "49d22fd34a2b46608c37fc03363c2d9a" member_type: VOTER last_known_addr { host: "127.12.80.3" port: 40729 } } peers { permanent_uuid: "592a21d60a114650a97a4533a10c992d" member_type: VOTER last_known_addr { host: "127.12.80.4" port: 32911 } } peers { permanent_uuid: "ebbba371ae784750804dc87ec83dccea" member_type: VOTER last_known_addr { host: "127.12.80.2" port: 44863 } }
I20260608 12:44:20.631098 16565 leader_election.cc:290] T 8eedd3dd22a94920bd9dd8780be492a8 P 49d22fd34a2b46608c37fc03363c2d9a [CANDIDATE]: Term 1 pre-election: Requested pre-vote from peers 592a21d60a114650a97a4533a10c992d (127.12.80.4:32911), ebbba371ae784750804dc87ec83dccea (127.12.80.2:44863)
I20260608 12:44:20.641737 16560 ts_tablet_manager.cc:1434] T 8eedd3dd22a94920bd9dd8780be492a8 P ebbba371ae784750804dc87ec83dccea: Time spent starting tablet: real 0.046s	user 0.011s	sys 0.033s
I20260608 12:44:20.649355 16512 tablet_service.cc:1917] Received RequestConsensusVote() RPC: tablet_id: "8eedd3dd22a94920bd9dd8780be492a8" candidate_uuid: "49d22fd34a2b46608c37fc03363c2d9a" candidate_term: 1 candidate_status { last_received { term: 0 index: 0 } } ignore_live_leader: false dest_uuid: "592a21d60a114650a97a4533a10c992d" is_pre_election: true
I20260608 12:44:20.650274 16512 raft_consensus.cc:2468] T 8eedd3dd22a94920bd9dd8780be492a8 P 592a21d60a114650a97a4533a10c992d [term 0 FOLLOWER]: Leader pre-election vote request: Granting yes vote for candidate 49d22fd34a2b46608c37fc03363c2d9a in term 0.
I20260608 12:44:20.651831 16363 tablet_service.cc:1917] Received RequestConsensusVote() RPC: tablet_id: "8eedd3dd22a94920bd9dd8780be492a8" candidate_uuid: "49d22fd34a2b46608c37fc03363c2d9a" candidate_term: 1 candidate_status { last_received { term: 0 index: 0 } } ignore_live_leader: false dest_uuid: "ebbba371ae784750804dc87ec83dccea" is_pre_election: true
I20260608 12:44:20.651953 16403 leader_election.cc:304] T 8eedd3dd22a94920bd9dd8780be492a8 P 49d22fd34a2b46608c37fc03363c2d9a [CANDIDATE]: Term 1 pre-election: Election decided. Result: candidate won. Election summary: received 2 responses out of 3 voters: 2 yes votes; 0 no votes. yes voters: 49d22fd34a2b46608c37fc03363c2d9a, 592a21d60a114650a97a4533a10c992d; no voters: 
I20260608 12:44:20.652618 16363 raft_consensus.cc:2468] T 8eedd3dd22a94920bd9dd8780be492a8 P ebbba371ae784750804dc87ec83dccea [term 0 FOLLOWER]: Leader pre-election vote request: Granting yes vote for candidate 49d22fd34a2b46608c37fc03363c2d9a in term 0.
I20260608 12:44:20.653132 16566 raft_consensus.cc:2804] T 8eedd3dd22a94920bd9dd8780be492a8 P 49d22fd34a2b46608c37fc03363c2d9a [term 0 FOLLOWER]: Leader pre-election won for term 1
I20260608 12:44:20.653599 16566 raft_consensus.cc:493] T 8eedd3dd22a94920bd9dd8780be492a8 P 49d22fd34a2b46608c37fc03363c2d9a [term 0 FOLLOWER]: Starting leader election (no leader contacted us within the election timeout)
I20260608 12:44:20.654239 16566 raft_consensus.cc:3060] T 8eedd3dd22a94920bd9dd8780be492a8 P 49d22fd34a2b46608c37fc03363c2d9a [term 0 FOLLOWER]: Advancing to term 1
I20260608 12:44:20.661424 16566 raft_consensus.cc:515] T 8eedd3dd22a94920bd9dd8780be492a8 P 49d22fd34a2b46608c37fc03363c2d9a [term 1 FOLLOWER]: Starting leader election with config: opid_index: -1 OBSOLETE_local: false peers { permanent_uuid: "49d22fd34a2b46608c37fc03363c2d9a" member_type: VOTER last_known_addr { host: "127.12.80.3" port: 40729 } } peers { permanent_uuid: "592a21d60a114650a97a4533a10c992d" member_type: VOTER last_known_addr { host: "127.12.80.4" port: 32911 } } peers { permanent_uuid: "ebbba371ae784750804dc87ec83dccea" member_type: VOTER last_known_addr { host: "127.12.80.2" port: 44863 } }
I20260608 12:44:20.663687 16566 leader_election.cc:290] T 8eedd3dd22a94920bd9dd8780be492a8 P 49d22fd34a2b46608c37fc03363c2d9a [CANDIDATE]: Term 1 election: Requested vote from peers 592a21d60a114650a97a4533a10c992d (127.12.80.4:32911), ebbba371ae784750804dc87ec83dccea (127.12.80.2:44863)
I20260608 12:44:20.664511 16512 tablet_service.cc:1917] Received RequestConsensusVote() RPC: tablet_id: "8eedd3dd22a94920bd9dd8780be492a8" candidate_uuid: "49d22fd34a2b46608c37fc03363c2d9a" candidate_term: 1 candidate_status { last_received { term: 0 index: 0 } } ignore_live_leader: false dest_uuid: "592a21d60a114650a97a4533a10c992d"
I20260608 12:44:20.664951 16363 tablet_service.cc:1917] Received RequestConsensusVote() RPC: tablet_id: "8eedd3dd22a94920bd9dd8780be492a8" candidate_uuid: "49d22fd34a2b46608c37fc03363c2d9a" candidate_term: 1 candidate_status { last_received { term: 0 index: 0 } } ignore_live_leader: false dest_uuid: "ebbba371ae784750804dc87ec83dccea"
I20260608 12:44:20.665266 16512 raft_consensus.cc:3060] T 8eedd3dd22a94920bd9dd8780be492a8 P 592a21d60a114650a97a4533a10c992d [term 0 FOLLOWER]: Advancing to term 1
I20260608 12:44:20.665506 16363 raft_consensus.cc:3060] T 8eedd3dd22a94920bd9dd8780be492a8 P ebbba371ae784750804dc87ec83dccea [term 0 FOLLOWER]: Advancing to term 1
I20260608 12:44:20.673487 16363 raft_consensus.cc:2468] T 8eedd3dd22a94920bd9dd8780be492a8 P ebbba371ae784750804dc87ec83dccea [term 1 FOLLOWER]: Leader election vote request: Granting yes vote for candidate 49d22fd34a2b46608c37fc03363c2d9a in term 1.
I20260608 12:44:20.673487 16512 raft_consensus.cc:2468] T 8eedd3dd22a94920bd9dd8780be492a8 P 592a21d60a114650a97a4533a10c992d [term 1 FOLLOWER]: Leader election vote request: Granting yes vote for candidate 49d22fd34a2b46608c37fc03363c2d9a in term 1.
I20260608 12:44:20.675060 16400 leader_election.cc:304] T 8eedd3dd22a94920bd9dd8780be492a8 P 49d22fd34a2b46608c37fc03363c2d9a [CANDIDATE]: Term 1 election: Election decided. Result: candidate won. Election summary: received 2 responses out of 3 voters: 2 yes votes; 0 no votes. yes voters: 49d22fd34a2b46608c37fc03363c2d9a, ebbba371ae784750804dc87ec83dccea; no voters: 
I20260608 12:44:20.675918 16566 raft_consensus.cc:2804] T 8eedd3dd22a94920bd9dd8780be492a8 P 49d22fd34a2b46608c37fc03363c2d9a [term 1 FOLLOWER]: Leader election won for term 1
I20260608 12:44:20.676525 16566 raft_consensus.cc:697] T 8eedd3dd22a94920bd9dd8780be492a8 P 49d22fd34a2b46608c37fc03363c2d9a [term 1 LEADER]: Becoming Leader. State: Replica: 49d22fd34a2b46608c37fc03363c2d9a, State: Running, Role: LEADER
I20260608 12:44:20.677474 16566 consensus_queue.cc:237] T 8eedd3dd22a94920bd9dd8780be492a8 P 49d22fd34a2b46608c37fc03363c2d9a [LEADER]: Queue going to LEADER mode. State: All replicated index: 0, Majority replicated index: 0, Committed index: 0, Last appended: 0.0, Last appended by leader: 0, Current term: 1, Majority size: 2, State: 0, Mode: LEADER, active raft config: opid_index: -1 OBSOLETE_local: false peers { permanent_uuid: "49d22fd34a2b46608c37fc03363c2d9a" member_type: VOTER last_known_addr { host: "127.12.80.3" port: 40729 } } peers { permanent_uuid: "592a21d60a114650a97a4533a10c992d" member_type: VOTER last_known_addr { host: "127.12.80.4" port: 32911 } } peers { permanent_uuid: "ebbba371ae784750804dc87ec83dccea" member_type: VOTER last_known_addr { host: "127.12.80.2" port: 44863 } }
I20260608 12:44:20.686465 16184 catalog_manager.cc:5696] T 8eedd3dd22a94920bd9dd8780be492a8 P 49d22fd34a2b46608c37fc03363c2d9a reported cstate change: term changed from 0 to 1, leader changed from <none> to 49d22fd34a2b46608c37fc03363c2d9a (127.12.80.3). New cstate: current_term: 1 leader_uuid: "49d22fd34a2b46608c37fc03363c2d9a" committed_config { opid_index: -1 OBSOLETE_local: false peers { permanent_uuid: "49d22fd34a2b46608c37fc03363c2d9a" member_type: VOTER last_known_addr { host: "127.12.80.3" port: 40729 } health_report { overall_health: HEALTHY } } peers { permanent_uuid: "592a21d60a114650a97a4533a10c992d" member_type: VOTER last_known_addr { host: "127.12.80.4" port: 32911 } health_report { overall_health: UNKNOWN } } peers { permanent_uuid: "ebbba371ae784750804dc87ec83dccea" member_type: VOTER last_known_addr { host: "127.12.80.2" port: 44863 } health_report { overall_health: UNKNOWN } } }
I20260608 12:44:21.071252 16566 consensus_queue.cc:1048] T 8eedd3dd22a94920bd9dd8780be492a8 P 49d22fd34a2b46608c37fc03363c2d9a [LEADER]: Connected to new peer: Peer: permanent_uuid: "ebbba371ae784750804dc87ec83dccea" member_type: VOTER last_known_addr { host: "127.12.80.2" port: 44863 }, Status: LMP_MISMATCH, Last received: 0.0, Next index: 1, Last known committed idx: 0, Time since last communication: 0.001s
I20260608 12:44:21.086313 16566 consensus_queue.cc:1048] T 8eedd3dd22a94920bd9dd8780be492a8 P 49d22fd34a2b46608c37fc03363c2d9a [LEADER]: Connected to new peer: Peer: permanent_uuid: "592a21d60a114650a97a4533a10c992d" member_type: VOTER last_known_addr { host: "127.12.80.4" port: 32911 }, Status: LMP_MISMATCH, Last received: 0.0, Next index: 1, Last known committed idx: 0, Time since last communication: 0.000s
I20260608 12:44:21.194343 16239 auto_leader_rebalancer.cc:140] leader rebalance for table test-workload
I20260608 12:44:21.196408 16239 auto_leader_rebalancer.cc:388] table: test-workload, leader rebalance finish, leader transfer count: 0
I20260608 12:44:21.196849 16239 auto_leader_rebalancer.cc:451] All tables' leader rebalancing finished this round
I20260608 12:44:23.197942 16239 auto_leader_rebalancer.cc:140] leader rebalance for table test-workload
I20260608 12:44:23.199914 16239 auto_leader_rebalancer.cc:388] table: test-workload, leader rebalance finish, leader transfer count: 0
I20260608 12:44:23.200279 16239 auto_leader_rebalancer.cc:451] All tables' leader rebalancing finished this round
I20260608 12:44:25.201234 16239 auto_leader_rebalancer.cc:140] leader rebalance for table test-workload
I20260608 12:44:25.202594 16239 auto_leader_rebalancer.cc:388] table: test-workload, leader rebalance finish, leader transfer count: 0
I20260608 12:44:25.202920 16239 auto_leader_rebalancer.cc:451] All tables' leader rebalancing finished this round
I20260608 12:44:27.204035 16239 auto_leader_rebalancer.cc:140] leader rebalance for table test-workload
I20260608 12:44:27.205610 16239 auto_leader_rebalancer.cc:388] table: test-workload, leader rebalance finish, leader transfer count: 0
I20260608 12:44:27.205973 16239 auto_leader_rebalancer.cc:451] All tables' leader rebalancing finished this round
I20260608 12:44:29.207022 16239 auto_leader_rebalancer.cc:140] leader rebalance for table test-workload
I20260608 12:44:29.208830 16239 auto_leader_rebalancer.cc:388] table: test-workload, leader rebalance finish, leader transfer count: 0
I20260608 12:44:29.209180 16239 auto_leader_rebalancer.cc:451] All tables' leader rebalancing finished this round
I20260608 12:44:31.210564 16239 auto_leader_rebalancer.cc:140] leader rebalance for table test-workload
I20260608 12:44:31.212461 16239 auto_leader_rebalancer.cc:388] table: test-workload, leader rebalance finish, leader transfer count: 0
I20260608 12:44:31.212839 16239 auto_leader_rebalancer.cc:451] All tables' leader rebalancing finished this round
I20260608 12:44:31.796856 12608 tablet_server.cc:179] TabletServer@127.12.80.1:0 shutting down...
I20260608 12:44:31.829687 12608 ts_tablet_manager.cc:1507] Shutting down tablet manager...
I20260608 12:44:31.848757 12608 tablet_server.cc:196] TabletServer@127.12.80.1:0 shutdown complete.
I20260608 12:44:31.862807 12608 tablet_server.cc:179] TabletServer@127.12.80.2:0 shutting down...
I20260608 12:44:31.897094 12608 ts_tablet_manager.cc:1507] Shutting down tablet manager...
I20260608 12:44:31.898123 12608 tablet_replica.cc:333] T 8eedd3dd22a94920bd9dd8780be492a8 P ebbba371ae784750804dc87ec83dccea: stopping tablet replica
I20260608 12:44:31.898811 12608 raft_consensus.cc:2243] T 8eedd3dd22a94920bd9dd8780be492a8 P ebbba371ae784750804dc87ec83dccea [term 1 FOLLOWER]: Raft consensus shutting down.
I20260608 12:44:31.899648 12608 raft_consensus.cc:2272] T 8eedd3dd22a94920bd9dd8780be492a8 P ebbba371ae784750804dc87ec83dccea [term 1 FOLLOWER]: Raft consensus is shut down!
I20260608 12:44:31.921130 12608 tablet_server.cc:196] TabletServer@127.12.80.2:0 shutdown complete.
I20260608 12:44:31.933352 12608 tablet_server.cc:179] TabletServer@127.12.80.3:0 shutting down...
I20260608 12:44:31.963080 12608 ts_tablet_manager.cc:1507] Shutting down tablet manager...
I20260608 12:44:31.964058 12608 tablet_replica.cc:333] T 8eedd3dd22a94920bd9dd8780be492a8 P 49d22fd34a2b46608c37fc03363c2d9a: stopping tablet replica
I20260608 12:44:31.964752 12608 raft_consensus.cc:2243] T 8eedd3dd22a94920bd9dd8780be492a8 P 49d22fd34a2b46608c37fc03363c2d9a [term 1 LEADER]: Raft consensus shutting down.
I20260608 12:44:31.965719 12608 raft_consensus.cc:2272] T 8eedd3dd22a94920bd9dd8780be492a8 P 49d22fd34a2b46608c37fc03363c2d9a [term 1 FOLLOWER]: Raft consensus is shut down!
I20260608 12:44:31.986521 12608 tablet_server.cc:196] TabletServer@127.12.80.3:0 shutdown complete.
I20260608 12:44:31.998297 12608 tablet_server.cc:179] TabletServer@127.12.80.4:0 shutting down...
I20260608 12:44:32.036011 12608 ts_tablet_manager.cc:1507] Shutting down tablet manager...
I20260608 12:44:32.036932 12608 tablet_replica.cc:333] T 8eedd3dd22a94920bd9dd8780be492a8 P 592a21d60a114650a97a4533a10c992d: stopping tablet replica
I20260608 12:44:32.037629 12608 raft_consensus.cc:2243] T 8eedd3dd22a94920bd9dd8780be492a8 P 592a21d60a114650a97a4533a10c992d [term 1 FOLLOWER]: Raft consensus shutting down.
I20260608 12:44:32.038209 12608 raft_consensus.cc:2272] T 8eedd3dd22a94920bd9dd8780be492a8 P 592a21d60a114650a97a4533a10c992d [term 1 FOLLOWER]: Raft consensus is shut down!
I20260608 12:44:32.059891 12608 tablet_server.cc:196] TabletServer@127.12.80.4:0 shutdown complete.
I20260608 12:44:32.072364 12608 master.cc:562] Master@127.12.80.62:39363 shutting down...
I20260608 12:44:32.098470 12608 raft_consensus.cc:2243] T 00000000000000000000000000000000 P f197232d0cf14689ad22ccb1bed255cc [term 1 LEADER]: Raft consensus shutting down.
I20260608 12:44:32.099186 12608 raft_consensus.cc:2272] T 00000000000000000000000000000000 P f197232d0cf14689ad22ccb1bed255cc [term 1 FOLLOWER]: Raft consensus is shut down!
I20260608 12:44:32.099653 12608 tablet_replica.cc:333] T 00000000000000000000000000000000 P f197232d0cf14689ad22ccb1bed255cc: stopping tablet replica
I20260608 12:44:32.119968 12608 master.cc:584] Master@127.12.80.62:39363 shutdown complete.
[       OK ] AutoRebalancerTest.NoReplicaMovesIfLocationLoadSkewedByOne (13127 ms)
[ RUN      ] AutoRebalancerTest.NoReplicaMovesIfCannotFixPlacementPolicy
I20260608 12:44:32.161219 12608 internal_mini_cluster.cc:156] Creating distributed mini masters. Addrs: 127.12.80.62:35005
I20260608 12:44:32.162571 12608 file_cache.cc:492] Constructed file cache file cache with capacity 419430
W20260608 12:44:32.169235 16583 instance_detector.cc:116] could not retrieve AWS instance metadata: Network error: curl error: HTTP response code said error: The requested URL returned error: 404
W20260608 12:44:32.170084 16584 instance_detector.cc:116] could not retrieve Azure instance metadata: Network error: curl error: HTTP response code said error: The requested URL returned error: 404
W20260608 12:44:32.170616 16586 instance_detector.cc:116] could not retrieve OpenStack instance metadata: Network error: curl error: HTTP response code said error: The requested URL returned error: 404
I20260608 12:44:32.171226 12608 server_base.cc:1061] running on GCE node
I20260608 12:44:32.172351 12608 hybrid_clock.cc:584] initializing the hybrid clock with 'system_unsync' time source
W20260608 12:44:32.172559 12608 system_unsync_time.cc:38] NTP support is disabled. Clock error bounds will not be accurate. This configuration is not suitable for distributed clusters.
I20260608 12:44:32.172690 12608 hybrid_clock.cc:648] HybridClock initialized: now 1780922672172677 us; error 0 us; skew 500 ppm
I20260608 12:44:32.173313 12608 server_base.cc:861] Flag tcmalloc_max_total_thread_cache_bytes is not working since tcmalloc is not enabled.
I20260608 12:44:32.176270 12608 webserver.cc:533] Webserver started at http://127.12.80.62:38765/ using document root <none> and password file <none>
I20260608 12:44:32.176842 12608 fs_manager.cc:362] Metadata directory not provided
I20260608 12:44:32.177023 12608 fs_manager.cc:368] Using write-ahead log directory (fs_wal_dir) as metadata directory
I20260608 12:44:32.177279 12608 server_base.cc:909] This appears to be a new deployment of Kudu; creating new FS layout
I20260608 12:44:32.178653 12608 fs_manager.cc:1068] Generated new instance metadata in path /tmp/dist-test-task6G5hXJ/test-tmp/auto_rebalancer-test.0.AutoRebalancerTest.NoReplicaMovesIfCannotFixPlacementPolicy.1780922569140511-12608-0/minicluster-data/master-0-root/instance:
uuid: "bdcc159a2af8478e876333f4a34bcdbd"
format_stamp: "Formatted at 2026-06-08 12:44:32 on dist-test-slave-hb8t"
I20260608 12:44:32.183990 12608 fs_manager.cc:696] Time spent creating directory manager: real 0.005s	user 0.007s	sys 0.000s
I20260608 12:44:32.187980 16591 log_block_manager.cc:4031] Time spent loading block containers with low live blocks: real 0.000s	user 0.000s	sys 0.000s
I20260608 12:44:32.188947 12608 fs_manager.cc:730] Time spent opening block manager: real 0.003s	user 0.003s	sys 0.001s
I20260608 12:44:32.189263 12608 fs_manager.cc:647] Opened local filesystem: /tmp/dist-test-task6G5hXJ/test-tmp/auto_rebalancer-test.0.AutoRebalancerTest.NoReplicaMovesIfCannotFixPlacementPolicy.1780922569140511-12608-0/minicluster-data/master-0-root
uuid: "bdcc159a2af8478e876333f4a34bcdbd"
format_stamp: "Formatted at 2026-06-08 12:44:32 on dist-test-slave-hb8t"
I20260608 12:44:32.189560 12608 fs_report.cc:389] FS layout report
--------------------
wal directory: /tmp/dist-test-task6G5hXJ/test-tmp/auto_rebalancer-test.0.AutoRebalancerTest.NoReplicaMovesIfCannotFixPlacementPolicy.1780922569140511-12608-0/minicluster-data/master-0-root
metadata directory: /tmp/dist-test-task6G5hXJ/test-tmp/auto_rebalancer-test.0.AutoRebalancerTest.NoReplicaMovesIfCannotFixPlacementPolicy.1780922569140511-12608-0/minicluster-data/master-0-root
1 data directories: /tmp/dist-test-task6G5hXJ/test-tmp/auto_rebalancer-test.0.AutoRebalancerTest.NoReplicaMovesIfCannotFixPlacementPolicy.1780922569140511-12608-0/minicluster-data/master-0-root/data
Total live blocks: 0
Total live bytes: 0
Total live bytes (after alignment): 0
Total number of LBM containers: 0 (0 full)
Did not check for missing blocks
Did not check for orphaned blocks
Total full LBM containers with extra space: 0 (0 repaired)
Total full LBM container extra space in bytes: 0 (0 repaired)
Total incomplete LBM containers: 0 (0 repaired)
Total LBM partial records: 0 (0 repaired)
Total corrupted LBM metadata records in RocksDB: 0 (0 repaired)
I20260608 12:44:32.205018 12608 rpc_server.cc:225] running with OpenSSL 1.1.1  11 Sep 2018
I20260608 12:44:32.206435 12608 kserver.cc:163] Server-wide thread pool size limit: 3276
I20260608 12:44:32.254613 12608 rpc_server.cc:307] RPC server started. Bound to: 127.12.80.62:35005
I20260608 12:44:32.254729 16642 acceptor_pool.cc:272] collecting diagnostics on the listening RPC socket 127.12.80.62:35005 every 8 connection(s)
I20260608 12:44:32.259753 16643 data_dirs.cc:400] Could only allocate 1 dirs of requested 3 for tablet 00000000000000000000000000000000. 1 dirs total, 0 dirs full, 0 dirs failed
I20260608 12:44:32.271522 16643 tablet_bootstrap.cc:492] T 00000000000000000000000000000000 P bdcc159a2af8478e876333f4a34bcdbd: Bootstrap starting.
I20260608 12:44:32.276409 16643 tablet_bootstrap.cc:654] T 00000000000000000000000000000000 P bdcc159a2af8478e876333f4a34bcdbd: Neither blocks nor log segments found. Creating new log.
I20260608 12:44:32.281205 16643 tablet_bootstrap.cc:492] T 00000000000000000000000000000000 P bdcc159a2af8478e876333f4a34bcdbd: No bootstrap required, opened a new log
I20260608 12:44:32.283658 16643 raft_consensus.cc:359] T 00000000000000000000000000000000 P bdcc159a2af8478e876333f4a34bcdbd [term 0 FOLLOWER]: Replica starting. Triggering 0 pending ops. Active config: opid_index: -1 OBSOLETE_local: true peers { permanent_uuid: "bdcc159a2af8478e876333f4a34bcdbd" member_type: VOTER }
I20260608 12:44:32.284096 16643 raft_consensus.cc:385] T 00000000000000000000000000000000 P bdcc159a2af8478e876333f4a34bcdbd [term 0 FOLLOWER]: Consensus starting up: Expiring failure detector timer to make a prompt election more likely
I20260608 12:44:32.284281 16643 raft_consensus.cc:740] T 00000000000000000000000000000000 P bdcc159a2af8478e876333f4a34bcdbd [term 0 FOLLOWER]: Becoming Follower/Learner. State: Replica: bdcc159a2af8478e876333f4a34bcdbd, State: Initialized, Role: FOLLOWER
I20260608 12:44:32.284832 16643 consensus_queue.cc:260] T 00000000000000000000000000000000 P bdcc159a2af8478e876333f4a34bcdbd [NON_LEADER]: Queue going to NON_LEADER mode. State: All replicated index: 0, Majority replicated index: 0, Committed index: 0, Last appended: 0.0, Last appended by leader: 0, Current term: 0, Majority size: -1, State: 0, Mode: NON_LEADER, active raft config: opid_index: -1 OBSOLETE_local: true peers { permanent_uuid: "bdcc159a2af8478e876333f4a34bcdbd" member_type: VOTER }
I20260608 12:44:32.285336 16643 raft_consensus.cc:399] T 00000000000000000000000000000000 P bdcc159a2af8478e876333f4a34bcdbd [term 0 FOLLOWER]: Only one voter in the Raft config. Triggering election immediately
I20260608 12:44:32.285538 16643 raft_consensus.cc:493] T 00000000000000000000000000000000 P bdcc159a2af8478e876333f4a34bcdbd [term 0 FOLLOWER]: Starting leader election (initial election of a single-replica configuration)
I20260608 12:44:32.285758 16643 raft_consensus.cc:3060] T 00000000000000000000000000000000 P bdcc159a2af8478e876333f4a34bcdbd [term 0 FOLLOWER]: Advancing to term 1
I20260608 12:44:32.290418 16643 raft_consensus.cc:515] T 00000000000000000000000000000000 P bdcc159a2af8478e876333f4a34bcdbd [term 1 FOLLOWER]: Starting leader election with config: opid_index: -1 OBSOLETE_local: true peers { permanent_uuid: "bdcc159a2af8478e876333f4a34bcdbd" member_type: VOTER }
I20260608 12:44:32.290987 16643 leader_election.cc:304] T 00000000000000000000000000000000 P bdcc159a2af8478e876333f4a34bcdbd [CANDIDATE]: Term 1 election: Election decided. Result: candidate won. Election summary: received 1 responses out of 1 voters: 1 yes votes; 0 no votes. yes voters: bdcc159a2af8478e876333f4a34bcdbd; no voters: 
I20260608 12:44:32.292384 16643 leader_election.cc:290] T 00000000000000000000000000000000 P bdcc159a2af8478e876333f4a34bcdbd [CANDIDATE]: Term 1 election: Requested vote from peers 
I20260608 12:44:32.293236 16646 raft_consensus.cc:2804] T 00000000000000000000000000000000 P bdcc159a2af8478e876333f4a34bcdbd [term 1 FOLLOWER]: Leader election won for term 1
I20260608 12:44:32.294839 16646 raft_consensus.cc:697] T 00000000000000000000000000000000 P bdcc159a2af8478e876333f4a34bcdbd [term 1 LEADER]: Becoming Leader. State: Replica: bdcc159a2af8478e876333f4a34bcdbd, State: Running, Role: LEADER
I20260608 12:44:32.295642 16646 consensus_queue.cc:237] T 00000000000000000000000000000000 P bdcc159a2af8478e876333f4a34bcdbd [LEADER]: Queue going to LEADER mode. State: All replicated index: 0, Majority replicated index: 0, Committed index: 0, Last appended: 0.0, Last appended by leader: 0, Current term: 1, Majority size: 1, State: 0, Mode: LEADER, active raft config: opid_index: -1 OBSOLETE_local: true peers { permanent_uuid: "bdcc159a2af8478e876333f4a34bcdbd" member_type: VOTER }
I20260608 12:44:32.296000 16643 sys_catalog.cc:565] T 00000000000000000000000000000000 P bdcc159a2af8478e876333f4a34bcdbd [sys.catalog]: configured and running, proceeding with master startup.
I20260608 12:44:32.300006 16647 sys_catalog.cc:455] T 00000000000000000000000000000000 P bdcc159a2af8478e876333f4a34bcdbd [sys.catalog]: SysCatalogTable state changed. Reason: RaftConsensus started. Latest consensus state: current_term: 1 leader_uuid: "bdcc159a2af8478e876333f4a34bcdbd" committed_config { opid_index: -1 OBSOLETE_local: true peers { permanent_uuid: "bdcc159a2af8478e876333f4a34bcdbd" member_type: VOTER } }
I20260608 12:44:32.300705 16647 sys_catalog.cc:458] T 00000000000000000000000000000000 P bdcc159a2af8478e876333f4a34bcdbd [sys.catalog]: This master's current role is: LEADER
I20260608 12:44:32.300801 16648 sys_catalog.cc:455] T 00000000000000000000000000000000 P bdcc159a2af8478e876333f4a34bcdbd [sys.catalog]: SysCatalogTable state changed. Reason: New leader bdcc159a2af8478e876333f4a34bcdbd. Latest consensus state: current_term: 1 leader_uuid: "bdcc159a2af8478e876333f4a34bcdbd" committed_config { opid_index: -1 OBSOLETE_local: true peers { permanent_uuid: "bdcc159a2af8478e876333f4a34bcdbd" member_type: VOTER } }
I20260608 12:44:32.301816 16648 sys_catalog.cc:458] T 00000000000000000000000000000000 P bdcc159a2af8478e876333f4a34bcdbd [sys.catalog]: This master's current role is: LEADER
I20260608 12:44:32.308614 16652 catalog_manager.cc:1510] Loading table and tablet metadata into memory...
I20260608 12:44:32.316810 16652 catalog_manager.cc:1519] Initializing Kudu cluster ID...
I20260608 12:44:32.317879 12608 internal_mini_cluster.cc:184] Waiting to initialize catalog manager on master 0
I20260608 12:44:32.327605 16652 catalog_manager.cc:1382] Generated new cluster ID: f928bc03160e4d0cb085cfb1e1be057d
I20260608 12:44:32.328019 16652 catalog_manager.cc:1530] Initializing Kudu internal certificate authority...
I20260608 12:44:32.362121 16652 catalog_manager.cc:1405] Generated new certificate authority record
I20260608 12:44:32.363845 16652 catalog_manager.cc:1539] Loading token signing keys...
I20260608 12:44:32.381974 16652 catalog_manager.cc:6069] T 00000000000000000000000000000000 P bdcc159a2af8478e876333f4a34bcdbd: Generated new TSK 0
I20260608 12:44:32.382682 16652 catalog_manager.cc:1549] Initializing in-progress tserver states...
I20260608 12:44:32.448983 12608 file_cache.cc:492] Constructed file cache file cache with capacity 419430
