W20260608 12:43:04.470263 14066 instance_detector.cc:116] could not retrieve OpenStack instance metadata: Network error: curl error: HTTP response code said error: The requested URL returned error: 404
I20260608 12:43:04.471692 12608 hybrid_clock.cc:584] initializing the hybrid clock with 'system_unsync' time source
W20260608 12:43:04.472007 12608 system_unsync_time.cc:38] NTP support is disabled. Clock error bounds will not be accurate. This configuration is not suitable for distributed clusters.
I20260608 12:43:04.472213 12608 hybrid_clock.cc:648] HybridClock initialized: now 1780922584472196 us; error 0 us; skew 500 ppm
I20260608 12:43:04.472851 12608 server_base.cc:861] Flag tcmalloc_max_total_thread_cache_bytes is not working since tcmalloc is not enabled.
I20260608 12:43:04.475867 12608 webserver.cc:533] Webserver started at http://127.12.80.3:37727/ using document root <none> and password file <none>
I20260608 12:43:04.476604 12608 fs_manager.cc:362] Metadata directory not provided
I20260608 12:43:04.476873 12608 fs_manager.cc:368] Using write-ahead log directory (fs_wal_dir) as metadata directory
I20260608 12:43:04.477229 12608 server_base.cc:909] This appears to be a new deployment of Kudu; creating new FS layout
I20260608 12:43:04.478650 12608 fs_manager.cc:1068] Generated new instance metadata in path /tmp/dist-test-task6G5hXJ/test-tmp/auto_rebalancer-test.0.AutoRebalancerTest.NextLeaderResumesAutoRebalancing.1780922569140511-12608-0/minicluster-data/ts-2-root/instance:
uuid: "c8429d0ba1294a4885e78accf942ed2c"
format_stamp: "Formatted at 2026-06-08 12:43:04 on dist-test-slave-hb8t"
I20260608 12:43:04.484283 12608 fs_manager.cc:696] Time spent creating directory manager: real 0.005s	user 0.002s	sys 0.001s
I20260608 12:43:04.488793 14071 log_block_manager.cc:4031] Time spent loading block containers with low live blocks: real 0.000s	user 0.000s	sys 0.000s
I20260608 12:43:04.489804 12608 fs_manager.cc:730] Time spent opening block manager: real 0.003s	user 0.003s	sys 0.002s
I20260608 12:43:04.490249 12608 fs_manager.cc:647] Opened local filesystem: /tmp/dist-test-task6G5hXJ/test-tmp/auto_rebalancer-test.0.AutoRebalancerTest.NextLeaderResumesAutoRebalancing.1780922569140511-12608-0/minicluster-data/ts-2-root
uuid: "c8429d0ba1294a4885e78accf942ed2c"
format_stamp: "Formatted at 2026-06-08 12:43:04 on dist-test-slave-hb8t"
I20260608 12:43:04.490576 12608 fs_report.cc:389] FS layout report
--------------------
wal directory: /tmp/dist-test-task6G5hXJ/test-tmp/auto_rebalancer-test.0.AutoRebalancerTest.NextLeaderResumesAutoRebalancing.1780922569140511-12608-0/minicluster-data/ts-2-root
metadata directory: /tmp/dist-test-task6G5hXJ/test-tmp/auto_rebalancer-test.0.AutoRebalancerTest.NextLeaderResumesAutoRebalancing.1780922569140511-12608-0/minicluster-data/ts-2-root
1 data directories: /tmp/dist-test-task6G5hXJ/test-tmp/auto_rebalancer-test.0.AutoRebalancerTest.NextLeaderResumesAutoRebalancing.1780922569140511-12608-0/minicluster-data/ts-2-root/data
Total live blocks: 0
Total live bytes: 0
Total live bytes (after alignment): 0
Total number of LBM containers: 0 (0 full)
Did not check for missing blocks
Did not check for orphaned blocks
Total full LBM containers with extra space: 0 (0 repaired)
Total full LBM container extra space in bytes: 0 (0 repaired)
Total incomplete LBM containers: 0 (0 repaired)
Total LBM partial records: 0 (0 repaired)
Total corrupted LBM metadata records in RocksDB: 0 (0 repaired)
I20260608 12:43:04.505556 12608 rpc_server.cc:225] running with OpenSSL 1.1.1  11 Sep 2018
I20260608 12:43:04.507037 12608 kserver.cc:163] Server-wide thread pool size limit: 3276
I20260608 12:43:04.508605 12608 txn_system_client.cc:432] TxnSystemClient initialization is disabled...
I20260608 12:43:04.511323 12608 ts_tablet_manager.cc:585] Loaded tablet metadata (0 total tablets, 0 live tablets)
I20260608 12:43:04.511660 12608 ts_tablet_manager.cc:531] Time spent load tablet metadata: real 0.000s	user 0.001s	sys 0.000s
I20260608 12:43:04.512029 12608 ts_tablet_manager.cc:616] Registered 0 tablets
I20260608 12:43:04.512189 12608 ts_tablet_manager.cc:595] Time spent register tablets: real 0.000s	user 0.000s	sys 0.000s
I20260608 12:43:04.563118 12608 rpc_server.cc:307] RPC server started. Bound to: 127.12.80.3:36541
I20260608 12:43:04.563293 14133 acceptor_pool.cc:272] collecting diagnostics on the listening RPC socket 127.12.80.3:36541 every 8 connection(s)
I20260608 12:43:04.590749 14135 heartbeater.cc:344] Connected to a master server at 127.12.80.61:33931
I20260608 12:43:04.591248 14135 heartbeater.cc:461] Registering TS with master...
I20260608 12:43:04.591550 14134 heartbeater.cc:344] Connected to a master server at 127.12.80.60:45909
I20260608 12:43:04.592095 14134 heartbeater.cc:461] Registering TS with master...
I20260608 12:43:04.592494 14135 heartbeater.cc:507] Master 127.12.80.61:33931 requested a full tablet report, sending...
I20260608 12:43:04.593326 14134 heartbeater.cc:507] Master 127.12.80.60:45909 requested a full tablet report, sending...
I20260608 12:43:04.593488 14136 heartbeater.cc:344] Connected to a master server at 127.12.80.62:34777
I20260608 12:43:04.594048 14136 heartbeater.cc:461] Registering TS with master...
I20260608 12:43:04.595086 14136 heartbeater.cc:507] Master 127.12.80.62:34777 requested a full tablet report, sending...
I20260608 12:43:04.596330 13752 ts_manager.cc:194] Registered new tserver with Master: c8429d0ba1294a4885e78accf942ed2c (127.12.80.3:36541)
I20260608 12:43:04.596411 13817 ts_manager.cc:194] Registered new tserver with Master: c8429d0ba1294a4885e78accf942ed2c (127.12.80.3:36541)
I20260608 12:43:04.597884 13687 ts_manager.cc:194] Registered new tserver with Master: c8429d0ba1294a4885e78accf942ed2c (127.12.80.3:36541)
I20260608 12:43:04.598619 12608 internal_mini_cluster.cc:371] 3 TS(s) registered with all masters after 0.020952335s
I20260608 12:43:04.600030 13687 master_service.cc:502] Signed X509 certificate for tserver {username='slave'} at 127.0.0.1:52564
I20260608 12:43:05.057941 13882 catalog_manager.cc:1294] Loaded cluster ID: c81ee203b2414cf78f7c9a0dc34eff45
I20260608 12:43:05.058269 13882 catalog_manager.cc:1587] T 00000000000000000000000000000000 P 40c5f826885c43de805854dab6c30086: loading cluster ID for follower catalog manager: success
I20260608 12:43:05.063171 13882 catalog_manager.cc:1609] T 00000000000000000000000000000000 P 40c5f826885c43de805854dab6c30086: acquiring CA information for follower catalog manager: success
I20260608 12:43:05.067092 13882 catalog_manager.cc:1637] T 00000000000000000000000000000000 P 40c5f826885c43de805854dab6c30086: importing token verification keys for follower catalog manager: success; most recent TSK sequence number 0
I20260608 12:43:05.079249 13894 catalog_manager.cc:1294] Loaded cluster ID: c81ee203b2414cf78f7c9a0dc34eff45
I20260608 12:43:05.079699 13894 catalog_manager.cc:1587] T 00000000000000000000000000000000 P ca9b62c98ae94e65ac9094b1ef503c70: loading cluster ID for follower catalog manager: success
I20260608 12:43:05.084540 13894 catalog_manager.cc:1609] T 00000000000000000000000000000000 P ca9b62c98ae94e65ac9094b1ef503c70: acquiring CA information for follower catalog manager: success
I20260608 12:43:05.088263 13894 catalog_manager.cc:1637] T 00000000000000000000000000000000 P ca9b62c98ae94e65ac9094b1ef503c70: importing token verification keys for follower catalog manager: success; most recent TSK sequence number 0
I20260608 12:43:05.340843 13980 heartbeater.cc:499] Master 127.12.80.62:34777 was elected leader, sending a full tablet report...
I20260608 12:43:05.467185 14058 heartbeater.cc:499] Master 127.12.80.62:34777 was elected leader, sending a full tablet report...
I20260608 12:43:05.603325 14136 heartbeater.cc:499] Master 127.12.80.62:34777 was elected leader, sending a full tablet report...
I20260608 12:43:06.037246 13872 auto_leader_rebalancer.cc:451] All tables' leader rebalancing finished this round
I20260608 12:43:06.197976 13687 catalog_manager.cc:2282] Servicing CreateTable request from {username='slave'} at 127.0.0.1:52570:
name: "test-workload"
schema {
  columns {
    name: "key"
    type: INT32
    is_key: true
    is_nullable: false
    encoding: AUTO_ENCODING
    compression: DEFAULT_COMPRESSION
    cfile_block_size: 0
    immutable: false
  }
  columns {
    name: "int_val"
    type: INT32
    is_key: false
    is_nullable: false
    encoding: AUTO_ENCODING
    compression: DEFAULT_COMPRESSION
    cfile_block_size: 0
    immutable: false
  }
  columns {
    name: "string_val"
    type: STRING
    is_key: false
    is_nullable: true
    encoding: AUTO_ENCODING
    compression: DEFAULT_COMPRESSION
    cfile_block_size: 0
    immutable: false
  }
}
num_replicas: 1
split_rows_range_bounds {
  rows: "\004\001\000\252\252\252*\004\001\000TUUU""\004\001\000\252\252\252*\004\001\000TUUU"
  indirect_data: """"
}
partition_schema {
  range_schema {
    columns {
      name: "key"
    }
  }
}
I20260608 12:43:06.292888 14021 tablet_service.cc:1511] Processing CreateTablet for tablet 035c784ca4654bbd9fa34dc59a6bdd24 (DEFAULT_TABLE table=test-workload [id=8d56daf5801f43878fb098ea7a4e3a3d]), partition=RANGE (key) PARTITION 715827882 <= VALUES < 1431655764
I20260608 12:43:06.294691 14021 data_dirs.cc:400] Could only allocate 1 dirs of requested 3 for tablet 035c784ca4654bbd9fa34dc59a6bdd24. 1 dirs total, 0 dirs full, 0 dirs failed
I20260608 12:43:06.296797 13943 tablet_service.cc:1511] Processing CreateTablet for tablet 5dd0b0b87452427bb1ce4ff45e6750c3 (DEFAULT_TABLE table=test-workload [id=8d56daf5801f43878fb098ea7a4e3a3d]), partition=RANGE (key) PARTITION 1431655764 <= VALUES
I20260608 12:43:06.298151 13943 data_dirs.cc:400] Could only allocate 1 dirs of requested 3 for tablet 5dd0b0b87452427bb1ce4ff45e6750c3. 1 dirs total, 0 dirs full, 0 dirs failed
I20260608 12:43:06.300527 14099 tablet_service.cc:1511] Processing CreateTablet for tablet 158e50b49a164d498c16e131fa4cff7f (DEFAULT_TABLE table=test-workload [id=8d56daf5801f43878fb098ea7a4e3a3d]), partition=RANGE (key) PARTITION VALUES < 715827882
I20260608 12:43:06.301946 14099 data_dirs.cc:400] Could only allocate 1 dirs of requested 3 for tablet 158e50b49a164d498c16e131fa4cff7f. 1 dirs total, 0 dirs full, 0 dirs failed
I20260608 12:43:06.314494 14169 tablet_bootstrap.cc:492] T 035c784ca4654bbd9fa34dc59a6bdd24 P 6de1e7406994429f9ed020c58b45fd3a: Bootstrap starting.
I20260608 12:43:06.316453 14170 tablet_bootstrap.cc:492] T 5dd0b0b87452427bb1ce4ff45e6750c3 P a992071df2c14a9eb34fef3e64cd63d1: Bootstrap starting.
I20260608 12:43:06.320813 14171 tablet_bootstrap.cc:492] T 158e50b49a164d498c16e131fa4cff7f P c8429d0ba1294a4885e78accf942ed2c: Bootstrap starting.
I20260608 12:43:06.325114 14170 tablet_bootstrap.cc:654] T 5dd0b0b87452427bb1ce4ff45e6750c3 P a992071df2c14a9eb34fef3e64cd63d1: Neither blocks nor log segments found. Creating new log.
I20260608 12:43:06.326617 14169 tablet_bootstrap.cc:654] T 035c784ca4654bbd9fa34dc59a6bdd24 P 6de1e7406994429f9ed020c58b45fd3a: Neither blocks nor log segments found. Creating new log.
I20260608 12:43:06.327163 14171 tablet_bootstrap.cc:654] T 158e50b49a164d498c16e131fa4cff7f P c8429d0ba1294a4885e78accf942ed2c: Neither blocks nor log segments found. Creating new log.
I20260608 12:43:06.339496 14169 tablet_bootstrap.cc:492] T 035c784ca4654bbd9fa34dc59a6bdd24 P 6de1e7406994429f9ed020c58b45fd3a: No bootstrap required, opened a new log
I20260608 12:43:06.340019 14169 ts_tablet_manager.cc:1403] T 035c784ca4654bbd9fa34dc59a6bdd24 P 6de1e7406994429f9ed020c58b45fd3a: Time spent bootstrapping tablet: real 0.026s	user 0.002s	sys 0.013s
I20260608 12:43:06.340394 14171 tablet_bootstrap.cc:492] T 158e50b49a164d498c16e131fa4cff7f P c8429d0ba1294a4885e78accf942ed2c: No bootstrap required, opened a new log
I20260608 12:43:06.340884 14171 ts_tablet_manager.cc:1403] T 158e50b49a164d498c16e131fa4cff7f P c8429d0ba1294a4885e78accf942ed2c: Time spent bootstrapping tablet: real 0.022s	user 0.012s	sys 0.004s
I20260608 12:43:06.342739 14169 raft_consensus.cc:359] T 035c784ca4654bbd9fa34dc59a6bdd24 P 6de1e7406994429f9ed020c58b45fd3a [term 0 FOLLOWER]: Replica starting. Triggering 0 pending ops. Active config: opid_index: -1 OBSOLETE_local: true peers { permanent_uuid: "6de1e7406994429f9ed020c58b45fd3a" member_type: VOTER last_known_addr { host: "127.12.80.2" port: 41219 } }
I20260608 12:43:06.343284 14169 raft_consensus.cc:385] T 035c784ca4654bbd9fa34dc59a6bdd24 P 6de1e7406994429f9ed020c58b45fd3a [term 0 FOLLOWER]: Consensus starting up: Expiring failure detector timer to make a prompt election more likely
I20260608 12:43:06.343652 14169 raft_consensus.cc:740] T 035c784ca4654bbd9fa34dc59a6bdd24 P 6de1e7406994429f9ed020c58b45fd3a [term 0 FOLLOWER]: Becoming Follower/Learner. State: Replica: 6de1e7406994429f9ed020c58b45fd3a, State: Initialized, Role: FOLLOWER
I20260608 12:43:06.343519 14171 raft_consensus.cc:359] T 158e50b49a164d498c16e131fa4cff7f P c8429d0ba1294a4885e78accf942ed2c [term 0 FOLLOWER]: Replica starting. Triggering 0 pending ops. Active config: opid_index: -1 OBSOLETE_local: true peers { permanent_uuid: "c8429d0ba1294a4885e78accf942ed2c" member_type: VOTER last_known_addr { host: "127.12.80.3" port: 36541 } }
I20260608 12:43:06.344398 14171 raft_consensus.cc:385] T 158e50b49a164d498c16e131fa4cff7f P c8429d0ba1294a4885e78accf942ed2c [term 0 FOLLOWER]: Consensus starting up: Expiring failure detector timer to make a prompt election more likely
I20260608 12:43:06.344769 14171 raft_consensus.cc:740] T 158e50b49a164d498c16e131fa4cff7f P c8429d0ba1294a4885e78accf942ed2c [term 0 FOLLOWER]: Becoming Follower/Learner. State: Replica: c8429d0ba1294a4885e78accf942ed2c, State: Initialized, Role: FOLLOWER
I20260608 12:43:06.344718 14169 consensus_queue.cc:260] T 035c784ca4654bbd9fa34dc59a6bdd24 P 6de1e7406994429f9ed020c58b45fd3a [NON_LEADER]: Queue going to NON_LEADER mode. State: All replicated index: 0, Majority replicated index: 0, Committed index: 0, Last appended: 0.0, Last appended by leader: 0, Current term: 0, Majority size: -1, State: 0, Mode: NON_LEADER, active raft config: opid_index: -1 OBSOLETE_local: true peers { permanent_uuid: "6de1e7406994429f9ed020c58b45fd3a" member_type: VOTER last_known_addr { host: "127.12.80.2" port: 41219 } }
I20260608 12:43:06.345634 14170 tablet_bootstrap.cc:492] T 5dd0b0b87452427bb1ce4ff45e6750c3 P a992071df2c14a9eb34fef3e64cd63d1: No bootstrap required, opened a new log
I20260608 12:43:06.345741 14169 raft_consensus.cc:399] T 035c784ca4654bbd9fa34dc59a6bdd24 P 6de1e7406994429f9ed020c58b45fd3a [term 0 FOLLOWER]: Only one voter in the Raft config. Triggering election immediately
I20260608 12:43:06.346225 14170 ts_tablet_manager.cc:1403] T 5dd0b0b87452427bb1ce4ff45e6750c3 P a992071df2c14a9eb34fef3e64cd63d1: Time spent bootstrapping tablet: real 0.030s	user 0.017s	sys 0.003s
I20260608 12:43:06.345965 14171 consensus_queue.cc:260] T 158e50b49a164d498c16e131fa4cff7f P c8429d0ba1294a4885e78accf942ed2c [NON_LEADER]: Queue going to NON_LEADER mode. State: All replicated index: 0, Majority replicated index: 0, Committed index: 0, Last appended: 0.0, Last appended by leader: 0, Current term: 0, Majority size: -1, State: 0, Mode: NON_LEADER, active raft config: opid_index: -1 OBSOLETE_local: true peers { permanent_uuid: "c8429d0ba1294a4885e78accf942ed2c" member_type: VOTER last_known_addr { host: "127.12.80.3" port: 36541 } }
I20260608 12:43:06.346939 14171 raft_consensus.cc:399] T 158e50b49a164d498c16e131fa4cff7f P c8429d0ba1294a4885e78accf942ed2c [term 0 FOLLOWER]: Only one voter in the Raft config. Triggering election immediately
I20260608 12:43:06.347337 14171 raft_consensus.cc:493] T 158e50b49a164d498c16e131fa4cff7f P c8429d0ba1294a4885e78accf942ed2c [term 0 FOLLOWER]: Starting leader election (initial election of a single-replica configuration)
I20260608 12:43:06.347719 14171 raft_consensus.cc:3060] T 158e50b49a164d498c16e131fa4cff7f P c8429d0ba1294a4885e78accf942ed2c [term 0 FOLLOWER]: Advancing to term 1
I20260608 12:43:06.346184 14169 raft_consensus.cc:493] T 035c784ca4654bbd9fa34dc59a6bdd24 P 6de1e7406994429f9ed020c58b45fd3a [term 0 FOLLOWER]: Starting leader election (initial election of a single-replica configuration)
I20260608 12:43:06.350123 14169 raft_consensus.cc:3060] T 035c784ca4654bbd9fa34dc59a6bdd24 P 6de1e7406994429f9ed020c58b45fd3a [term 0 FOLLOWER]: Advancing to term 1
I20260608 12:43:06.350154 14170 raft_consensus.cc:359] T 5dd0b0b87452427bb1ce4ff45e6750c3 P a992071df2c14a9eb34fef3e64cd63d1 [term 0 FOLLOWER]: Replica starting. Triggering 0 pending ops. Active config: opid_index: -1 OBSOLETE_local: true peers { permanent_uuid: "a992071df2c14a9eb34fef3e64cd63d1" member_type: VOTER last_known_addr { host: "127.12.80.1" port: 32865 } }
I20260608 12:43:06.351152 14170 raft_consensus.cc:385] T 5dd0b0b87452427bb1ce4ff45e6750c3 P a992071df2c14a9eb34fef3e64cd63d1 [term 0 FOLLOWER]: Consensus starting up: Expiring failure detector timer to make a prompt election more likely
I20260608 12:43:06.351586 14170 raft_consensus.cc:740] T 5dd0b0b87452427bb1ce4ff45e6750c3 P a992071df2c14a9eb34fef3e64cd63d1 [term 0 FOLLOWER]: Becoming Follower/Learner. State: Replica: a992071df2c14a9eb34fef3e64cd63d1, State: Initialized, Role: FOLLOWER
I20260608 12:43:06.352305 14170 consensus_queue.cc:260] T 5dd0b0b87452427bb1ce4ff45e6750c3 P a992071df2c14a9eb34fef3e64cd63d1 [NON_LEADER]: Queue going to NON_LEADER mode. State: All replicated index: 0, Majority replicated index: 0, Committed index: 0, Last appended: 0.0, Last appended by leader: 0, Current term: 0, Majority size: -1, State: 0, Mode: NON_LEADER, active raft config: opid_index: -1 OBSOLETE_local: true peers { permanent_uuid: "a992071df2c14a9eb34fef3e64cd63d1" member_type: VOTER last_known_addr { host: "127.12.80.1" port: 32865 } }
I20260608 12:43:06.352851 14170 raft_consensus.cc:399] T 5dd0b0b87452427bb1ce4ff45e6750c3 P a992071df2c14a9eb34fef3e64cd63d1 [term 0 FOLLOWER]: Only one voter in the Raft config. Triggering election immediately
I20260608 12:43:06.353236 14170 raft_consensus.cc:493] T 5dd0b0b87452427bb1ce4ff45e6750c3 P a992071df2c14a9eb34fef3e64cd63d1 [term 0 FOLLOWER]: Starting leader election (initial election of a single-replica configuration)
I20260608 12:43:06.353600 14170 raft_consensus.cc:3060] T 5dd0b0b87452427bb1ce4ff45e6750c3 P a992071df2c14a9eb34fef3e64cd63d1 [term 0 FOLLOWER]: Advancing to term 1
I20260608 12:43:06.355225 14171 raft_consensus.cc:515] T 158e50b49a164d498c16e131fa4cff7f P c8429d0ba1294a4885e78accf942ed2c [term 1 FOLLOWER]: Starting leader election with config: opid_index: -1 OBSOLETE_local: true peers { permanent_uuid: "c8429d0ba1294a4885e78accf942ed2c" member_type: VOTER last_known_addr { host: "127.12.80.3" port: 36541 } }
I20260608 12:43:06.356149 14171 leader_election.cc:304] T 158e50b49a164d498c16e131fa4cff7f P c8429d0ba1294a4885e78accf942ed2c [CANDIDATE]: Term 1 election: Election decided. Result: candidate won. Election summary: received 1 responses out of 1 voters: 1 yes votes; 0 no votes. yes voters: c8429d0ba1294a4885e78accf942ed2c; no voters: 
I20260608 12:43:06.357884 14171 leader_election.cc:290] T 158e50b49a164d498c16e131fa4cff7f P c8429d0ba1294a4885e78accf942ed2c [CANDIDATE]: Term 1 election: Requested vote from peers 
I20260608 12:43:06.357789 14169 raft_consensus.cc:515] T 035c784ca4654bbd9fa34dc59a6bdd24 P 6de1e7406994429f9ed020c58b45fd3a [term 1 FOLLOWER]: Starting leader election with config: opid_index: -1 OBSOLETE_local: true peers { permanent_uuid: "6de1e7406994429f9ed020c58b45fd3a" member_type: VOTER last_known_addr { host: "127.12.80.2" port: 41219 } }
I20260608 12:43:06.358647 14175 raft_consensus.cc:2804] T 158e50b49a164d498c16e131fa4cff7f P c8429d0ba1294a4885e78accf942ed2c [term 1 FOLLOWER]: Leader election won for term 1
I20260608 12:43:06.358808 14169 leader_election.cc:304] T 035c784ca4654bbd9fa34dc59a6bdd24 P 6de1e7406994429f9ed020c58b45fd3a [CANDIDATE]: Term 1 election: Election decided. Result: candidate won. Election summary: received 1 responses out of 1 voters: 1 yes votes; 0 no votes. yes voters: 6de1e7406994429f9ed020c58b45fd3a; no voters: 
I20260608 12:43:06.360611 14170 raft_consensus.cc:515] T 5dd0b0b87452427bb1ce4ff45e6750c3 P a992071df2c14a9eb34fef3e64cd63d1 [term 1 FOLLOWER]: Starting leader election with config: opid_index: -1 OBSOLETE_local: true peers { permanent_uuid: "a992071df2c14a9eb34fef3e64cd63d1" member_type: VOTER last_known_addr { host: "127.12.80.1" port: 32865 } }
I20260608 12:43:06.365621 14170 leader_election.cc:304] T 5dd0b0b87452427bb1ce4ff45e6750c3 P a992071df2c14a9eb34fef3e64cd63d1 [CANDIDATE]: Term 1 election: Election decided. Result: candidate won. Election summary: received 1 responses out of 1 voters: 1 yes votes; 0 no votes. yes voters: a992071df2c14a9eb34fef3e64cd63d1; no voters: 
I20260608 12:43:06.368662 14171 ts_tablet_manager.cc:1434] T 158e50b49a164d498c16e131fa4cff7f P c8429d0ba1294a4885e78accf942ed2c: Time spent starting tablet: real 0.027s	user 0.017s	sys 0.004s
I20260608 12:43:06.371835 14175 raft_consensus.cc:697] T 158e50b49a164d498c16e131fa4cff7f P c8429d0ba1294a4885e78accf942ed2c [term 1 LEADER]: Becoming Leader. State: Replica: c8429d0ba1294a4885e78accf942ed2c, State: Running, Role: LEADER
I20260608 12:43:06.372752 14170 leader_election.cc:290] T 5dd0b0b87452427bb1ce4ff45e6750c3 P a992071df2c14a9eb34fef3e64cd63d1 [CANDIDATE]: Term 1 election: Requested vote from peers 
I20260608 12:43:06.373070 14175 consensus_queue.cc:237] T 158e50b49a164d498c16e131fa4cff7f P c8429d0ba1294a4885e78accf942ed2c [LEADER]: Queue going to LEADER mode. State: All replicated index: 0, Majority replicated index: 0, Committed index: 0, Last appended: 0.0, Last appended by leader: 0, Current term: 1, Majority size: 1, State: 0, Mode: LEADER, active raft config: opid_index: -1 OBSOLETE_local: true peers { permanent_uuid: "c8429d0ba1294a4885e78accf942ed2c" member_type: VOTER last_known_addr { host: "127.12.80.3" port: 36541 } }
I20260608 12:43:06.373505 14179 raft_consensus.cc:2804] T 5dd0b0b87452427bb1ce4ff45e6750c3 P a992071df2c14a9eb34fef3e64cd63d1 [term 1 FOLLOWER]: Leader election won for term 1
I20260608 12:43:06.376042 14169 leader_election.cc:290] T 035c784ca4654bbd9fa34dc59a6bdd24 P 6de1e7406994429f9ed020c58b45fd3a [CANDIDATE]: Term 1 election: Requested vote from peers 
I20260608 12:43:06.377849 14178 raft_consensus.cc:2804] T 035c784ca4654bbd9fa34dc59a6bdd24 P 6de1e7406994429f9ed020c58b45fd3a [term 1 FOLLOWER]: Leader election won for term 1
I20260608 12:43:06.405669 14169 ts_tablet_manager.cc:1434] T 035c784ca4654bbd9fa34dc59a6bdd24 P 6de1e7406994429f9ed020c58b45fd3a: Time spent starting tablet: real 0.065s	user 0.031s	sys 0.028s
I20260608 12:43:06.404896 13686 catalog_manager.cc:5696] T 158e50b49a164d498c16e131fa4cff7f P c8429d0ba1294a4885e78accf942ed2c reported cstate change: term changed from 0 to 1, leader changed from <none> to c8429d0ba1294a4885e78accf942ed2c (127.12.80.3). New cstate: current_term: 1 leader_uuid: "c8429d0ba1294a4885e78accf942ed2c" committed_config { opid_index: -1 OBSOLETE_local: true peers { permanent_uuid: "c8429d0ba1294a4885e78accf942ed2c" member_type: VOTER last_known_addr { host: "127.12.80.3" port: 36541 } health_report { overall_health: HEALTHY } } }
I20260608 12:43:06.406733 14179 raft_consensus.cc:697] T 5dd0b0b87452427bb1ce4ff45e6750c3 P a992071df2c14a9eb34fef3e64cd63d1 [term 1 LEADER]: Becoming Leader. State: Replica: a992071df2c14a9eb34fef3e64cd63d1, State: Running, Role: LEADER
I20260608 12:43:06.407858 14179 consensus_queue.cc:237] T 5dd0b0b87452427bb1ce4ff45e6750c3 P a992071df2c14a9eb34fef3e64cd63d1 [LEADER]: Queue going to LEADER mode. State: All replicated index: 0, Majority replicated index: 0, Committed index: 0, Last appended: 0.0, Last appended by leader: 0, Current term: 1, Majority size: 1, State: 0, Mode: LEADER, active raft config: opid_index: -1 OBSOLETE_local: true peers { permanent_uuid: "a992071df2c14a9eb34fef3e64cd63d1" member_type: VOTER last_known_addr { host: "127.12.80.1" port: 32865 } }
I20260608 12:43:06.413635 14170 ts_tablet_manager.cc:1434] T 5dd0b0b87452427bb1ce4ff45e6750c3 P a992071df2c14a9eb34fef3e64cd63d1: Time spent starting tablet: real 0.067s	user 0.028s	sys 0.013s
I20260608 12:43:06.417512 14178 raft_consensus.cc:697] T 035c784ca4654bbd9fa34dc59a6bdd24 P 6de1e7406994429f9ed020c58b45fd3a [term 1 LEADER]: Becoming Leader. State: Replica: 6de1e7406994429f9ed020c58b45fd3a, State: Running, Role: LEADER
I20260608 12:43:06.418442 14178 consensus_queue.cc:237] T 035c784ca4654bbd9fa34dc59a6bdd24 P 6de1e7406994429f9ed020c58b45fd3a [LEADER]: Queue going to LEADER mode. State: All replicated index: 0, Majority replicated index: 0, Committed index: 0, Last appended: 0.0, Last appended by leader: 0, Current term: 1, Majority size: 1, State: 0, Mode: LEADER, active raft config: opid_index: -1 OBSOLETE_local: true peers { permanent_uuid: "6de1e7406994429f9ed020c58b45fd3a" member_type: VOTER last_known_addr { host: "127.12.80.2" port: 41219 } }
I20260608 12:43:06.440357 13687 catalog_manager.cc:5696] T 5dd0b0b87452427bb1ce4ff45e6750c3 P a992071df2c14a9eb34fef3e64cd63d1 reported cstate change: term changed from 0 to 1, leader changed from <none> to a992071df2c14a9eb34fef3e64cd63d1 (127.12.80.1). New cstate: current_term: 1 leader_uuid: "a992071df2c14a9eb34fef3e64cd63d1" committed_config { opid_index: -1 OBSOLETE_local: true peers { permanent_uuid: "a992071df2c14a9eb34fef3e64cd63d1" member_type: VOTER last_known_addr { host: "127.12.80.1" port: 32865 } health_report { overall_health: HEALTHY } } }
I20260608 12:43:06.462929 13685 catalog_manager.cc:5696] T 035c784ca4654bbd9fa34dc59a6bdd24 P 6de1e7406994429f9ed020c58b45fd3a reported cstate change: term changed from 0 to 1, leader changed from <none> to 6de1e7406994429f9ed020c58b45fd3a (127.12.80.2). New cstate: current_term: 1 leader_uuid: "6de1e7406994429f9ed020c58b45fd3a" committed_config { opid_index: -1 OBSOLETE_local: true peers { permanent_uuid: "6de1e7406994429f9ed020c58b45fd3a" member_type: VOTER last_known_addr { host: "127.12.80.2" port: 41219 } health_report { overall_health: HEALTHY } } }
I20260608 12:43:06.522883 12608 master.cc:562] Master@127.12.80.62:34777 shutting down...
I20260608 12:43:06.542188 12608 raft_consensus.cc:2243] T 00000000000000000000000000000000 P 6786d236c85f421b8670696342bd9a32 [term 1 LEADER]: Raft consensus shutting down.
I20260608 12:43:06.543320 12608 raft_consensus.cc:2272] T 00000000000000000000000000000000 P 6786d236c85f421b8670696342bd9a32 [term 1 FOLLOWER]: Raft consensus is shut down!
I20260608 12:43:06.543874 12608 tablet_replica.cc:333] T 00000000000000000000000000000000 P 6786d236c85f421b8670696342bd9a32: stopping tablet replica
I20260608 12:43:06.559899 12608 master.cc:584] Master@127.12.80.62:34777 shutdown complete.
W20260608 12:43:07.474440 14136 heartbeater.cc:646] Failed to heartbeat to 127.12.80.62:34777 (0 consecutive failures): Network error: Failed to send heartbeat to master: Client connection negotiation failed: client connection to 127.12.80.62:34777: connect: Connection refused (error 111)
I20260608 12:43:08.001195 14193 raft_consensus.cc:493] T 00000000000000000000000000000000 P 40c5f826885c43de805854dab6c30086 [term 1 FOLLOWER]: Starting pre-election (detected failure of leader 6786d236c85f421b8670696342bd9a32)
I20260608 12:43:08.002013 14193 raft_consensus.cc:515] T 00000000000000000000000000000000 P 40c5f826885c43de805854dab6c30086 [term 1 FOLLOWER]: Starting pre-election with config: opid_index: -1 OBSOLETE_local: false peers { permanent_uuid: "6786d236c85f421b8670696342bd9a32" member_type: VOTER last_known_addr { host: "127.12.80.62" port: 34777 } } peers { permanent_uuid: "ca9b62c98ae94e65ac9094b1ef503c70" member_type: VOTER last_known_addr { host: "127.12.80.61" port: 33931 } } peers { permanent_uuid: "40c5f826885c43de805854dab6c30086" member_type: VOTER last_known_addr { host: "127.12.80.60" port: 45909 } }
I20260608 12:43:08.004278 14193 leader_election.cc:290] T 00000000000000000000000000000000 P 40c5f826885c43de805854dab6c30086 [CANDIDATE]: Term 2 pre-election: Requested pre-vote from peers 6786d236c85f421b8670696342bd9a32 (127.12.80.62:34777), ca9b62c98ae94e65ac9094b1ef503c70 (127.12.80.61:33931)
I20260608 12:43:08.004427 14194 raft_consensus.cc:493] T 00000000000000000000000000000000 P ca9b62c98ae94e65ac9094b1ef503c70 [term 1 FOLLOWER]: Starting pre-election (detected failure of leader 6786d236c85f421b8670696342bd9a32)
I20260608 12:43:08.005285 14194 raft_consensus.cc:515] T 00000000000000000000000000000000 P ca9b62c98ae94e65ac9094b1ef503c70 [term 1 FOLLOWER]: Starting pre-election with config: opid_index: -1 OBSOLETE_local: false peers { permanent_uuid: "6786d236c85f421b8670696342bd9a32" member_type: VOTER last_known_addr { host: "127.12.80.62" port: 34777 } } peers { permanent_uuid: "ca9b62c98ae94e65ac9094b1ef503c70" member_type: VOTER last_known_addr { host: "127.12.80.61" port: 33931 } } peers { permanent_uuid: "40c5f826885c43de805854dab6c30086" member_type: VOTER last_known_addr { host: "127.12.80.60" port: 45909 } }
I20260608 12:43:08.005676 13762 tablet_service.cc:1917] Received RequestConsensusVote() RPC: tablet_id: "00000000000000000000000000000000" candidate_uuid: "40c5f826885c43de805854dab6c30086" candidate_term: 2 candidate_status { last_received { term: 1 index: 10 } } ignore_live_leader: false dest_uuid: "ca9b62c98ae94e65ac9094b1ef503c70" is_pre_election: true
I20260608 12:43:08.006515 13762 raft_consensus.cc:2468] T 00000000000000000000000000000000 P ca9b62c98ae94e65ac9094b1ef503c70 [term 1 FOLLOWER]: Leader pre-election vote request: Granting yes vote for candidate 40c5f826885c43de805854dab6c30086 in term 1.
I20260608 12:43:08.007949 14194 leader_election.cc:290] T 00000000000000000000000000000000 P ca9b62c98ae94e65ac9094b1ef503c70 [CANDIDATE]: Term 2 pre-election: Requested pre-vote from peers 6786d236c85f421b8670696342bd9a32 (127.12.80.62:34777), 40c5f826885c43de805854dab6c30086 (127.12.80.60:45909)
I20260608 12:43:08.007851 13800 leader_election.cc:304] T 00000000000000000000000000000000 P 40c5f826885c43de805854dab6c30086 [CANDIDATE]: Term 2 pre-election: Election decided. Result: candidate won. Election summary: received 2 responses out of 3 voters: 2 yes votes; 0 no votes. yes voters: 40c5f826885c43de805854dab6c30086, ca9b62c98ae94e65ac9094b1ef503c70; no voters: 
I20260608 12:43:08.009182 14193 raft_consensus.cc:2804] T 00000000000000000000000000000000 P 40c5f826885c43de805854dab6c30086 [term 1 FOLLOWER]: Leader pre-election won for term 2
I20260608 12:43:08.009859 14193 raft_consensus.cc:493] T 00000000000000000000000000000000 P 40c5f826885c43de805854dab6c30086 [term 1 FOLLOWER]: Starting leader election (detected failure of leader 6786d236c85f421b8670696342bd9a32)
I20260608 12:43:08.010247 14193 raft_consensus.cc:3060] T 00000000000000000000000000000000 P 40c5f826885c43de805854dab6c30086 [term 1 FOLLOWER]: Advancing to term 2
I20260608 12:43:08.010492 13826 tablet_service.cc:1917] Received RequestConsensusVote() RPC: tablet_id: "00000000000000000000000000000000" candidate_uuid: "ca9b62c98ae94e65ac9094b1ef503c70" candidate_term: 2 candidate_status { last_received { term: 1 index: 10 } } ignore_live_leader: false dest_uuid: "40c5f826885c43de805854dab6c30086" is_pre_election: true
W20260608 12:43:08.013619 13803 leader_election.cc:336] T 00000000000000000000000000000000 P 40c5f826885c43de805854dab6c30086 [CANDIDATE]: Term 2 pre-election: RPC error from VoteRequest() call to peer 6786d236c85f421b8670696342bd9a32 (127.12.80.62:34777): Network error: Client connection negotiation failed: client connection to 127.12.80.62:34777: connect: Connection refused (error 111)
W20260608 12:43:08.015954 13739 leader_election.cc:336] T 00000000000000000000000000000000 P ca9b62c98ae94e65ac9094b1ef503c70 [CANDIDATE]: Term 2 pre-election: RPC error from VoteRequest() call to peer 6786d236c85f421b8670696342bd9a32 (127.12.80.62:34777): Network error: Client connection negotiation failed: client connection to 127.12.80.62:34777: connect: Connection refused (error 111)
I20260608 12:43:08.016678 14193 raft_consensus.cc:515] T 00000000000000000000000000000000 P 40c5f826885c43de805854dab6c30086 [term 2 FOLLOWER]: Starting leader election with config: opid_index: -1 OBSOLETE_local: false peers { permanent_uuid: "6786d236c85f421b8670696342bd9a32" member_type: VOTER last_known_addr { host: "127.12.80.62" port: 34777 } } peers { permanent_uuid: "ca9b62c98ae94e65ac9094b1ef503c70" member_type: VOTER last_known_addr { host: "127.12.80.61" port: 33931 } } peers { permanent_uuid: "40c5f826885c43de805854dab6c30086" member_type: VOTER last_known_addr { host: "127.12.80.60" port: 45909 } }
I20260608 12:43:08.017783 13826 raft_consensus.cc:2393] T 00000000000000000000000000000000 P 40c5f826885c43de805854dab6c30086 [term 2 FOLLOWER]: Leader pre-election vote request: Denying vote to candidate ca9b62c98ae94e65ac9094b1ef503c70 in current term 2: Already voted for candidate 40c5f826885c43de805854dab6c30086 in this term.
I20260608 12:43:08.018759 14193 leader_election.cc:290] T 00000000000000000000000000000000 P 40c5f826885c43de805854dab6c30086 [CANDIDATE]: Term 2 election: Requested vote from peers 6786d236c85f421b8670696342bd9a32 (127.12.80.62:34777), ca9b62c98ae94e65ac9094b1ef503c70 (127.12.80.61:33931)
I20260608 12:43:08.020303 13762 tablet_service.cc:1917] Received RequestConsensusVote() RPC: tablet_id: "00000000000000000000000000000000" candidate_uuid: "40c5f826885c43de805854dab6c30086" candidate_term: 2 candidate_status { last_received { term: 1 index: 10 } } ignore_live_leader: false dest_uuid: "ca9b62c98ae94e65ac9094b1ef503c70"
I20260608 12:43:08.020848 13762 raft_consensus.cc:3060] T 00000000000000000000000000000000 P ca9b62c98ae94e65ac9094b1ef503c70 [term 1 FOLLOWER]: Advancing to term 2
I20260608 12:43:08.021703 13737 leader_election.cc:304] T 00000000000000000000000000000000 P ca9b62c98ae94e65ac9094b1ef503c70 [CANDIDATE]: Term 2 pre-election: Election decided. Result: candidate lost. Election summary: received 3 responses out of 3 voters: 1 yes votes; 2 no votes. yes voters: ca9b62c98ae94e65ac9094b1ef503c70; no voters: 40c5f826885c43de805854dab6c30086, 6786d236c85f421b8670696342bd9a32
W20260608 12:43:08.023386 13803 leader_election.cc:336] T 00000000000000000000000000000000 P 40c5f826885c43de805854dab6c30086 [CANDIDATE]: Term 2 election: RPC error from VoteRequest() call to peer 6786d236c85f421b8670696342bd9a32 (127.12.80.62:34777): Network error: Client connection negotiation failed: client connection to 127.12.80.62:34777: connect: Connection refused (error 111)
I20260608 12:43:08.026304 13762 raft_consensus.cc:2468] T 00000000000000000000000000000000 P ca9b62c98ae94e65ac9094b1ef503c70 [term 2 FOLLOWER]: Leader election vote request: Granting yes vote for candidate 40c5f826885c43de805854dab6c30086 in term 2.
I20260608 12:43:08.026860 14194 raft_consensus.cc:2749] T 00000000000000000000000000000000 P ca9b62c98ae94e65ac9094b1ef503c70 [term 2 FOLLOWER]: Leader pre-election lost for term 2. Reason: could not achieve majority
I20260608 12:43:08.027561 13800 leader_election.cc:304] T 00000000000000000000000000000000 P 40c5f826885c43de805854dab6c30086 [CANDIDATE]: Term 2 election: Election decided. Result: candidate won. Election summary: received 3 responses out of 3 voters: 2 yes votes; 1 no votes. yes voters: 40c5f826885c43de805854dab6c30086, ca9b62c98ae94e65ac9094b1ef503c70; no voters: 6786d236c85f421b8670696342bd9a32
I20260608 12:43:08.028656 14193 raft_consensus.cc:2804] T 00000000000000000000000000000000 P 40c5f826885c43de805854dab6c30086 [term 2 FOLLOWER]: Leader election won for term 2
I20260608 12:43:08.029893 14193 raft_consensus.cc:697] T 00000000000000000000000000000000 P 40c5f826885c43de805854dab6c30086 [term 2 LEADER]: Becoming Leader. State: Replica: 40c5f826885c43de805854dab6c30086, State: Running, Role: LEADER
I20260608 12:43:08.030615 14193 consensus_queue.cc:237] T 00000000000000000000000000000000 P 40c5f826885c43de805854dab6c30086 [LEADER]: Queue going to LEADER mode. State: All replicated index: 0, Majority replicated index: 10, Committed index: 10, Last appended: 1.10, Last appended by leader: 10, Current term: 2, Majority size: 2, State: 0, Mode: LEADER, active raft config: opid_index: -1 OBSOLETE_local: false peers { permanent_uuid: "6786d236c85f421b8670696342bd9a32" member_type: VOTER last_known_addr { host: "127.12.80.62" port: 34777 } } peers { permanent_uuid: "ca9b62c98ae94e65ac9094b1ef503c70" member_type: VOTER last_known_addr { host: "127.12.80.61" port: 33931 } } peers { permanent_uuid: "40c5f826885c43de805854dab6c30086" member_type: VOTER last_known_addr { host: "127.12.80.60" port: 45909 } }
I20260608 12:43:08.035715 14199 sys_catalog.cc:455] T 00000000000000000000000000000000 P 40c5f826885c43de805854dab6c30086 [sys.catalog]: SysCatalogTable state changed. Reason: New leader 40c5f826885c43de805854dab6c30086. Latest consensus state: current_term: 2 leader_uuid: "40c5f826885c43de805854dab6c30086" committed_config { opid_index: -1 OBSOLETE_local: false peers { permanent_uuid: "6786d236c85f421b8670696342bd9a32" member_type: VOTER last_known_addr { host: "127.12.80.62" port: 34777 } } peers { permanent_uuid: "ca9b62c98ae94e65ac9094b1ef503c70" member_type: VOTER last_known_addr { host: "127.12.80.61" port: 33931 } } peers { permanent_uuid: "40c5f826885c43de805854dab6c30086" member_type: VOTER last_known_addr { host: "127.12.80.60" port: 45909 } } }
I20260608 12:43:08.036438 14199 sys_catalog.cc:458] T 00000000000000000000000000000000 P 40c5f826885c43de805854dab6c30086 [sys.catalog]: This master's current role is: LEADER
I20260608 12:43:08.038146 14201 catalog_manager.cc:1510] Loading table and tablet metadata into memory...
I20260608 12:43:08.044510 14201 catalog_manager.cc:679] Loaded metadata for table test-workload [id=8d56daf5801f43878fb098ea7a4e3a3d]
I20260608 12:43:08.050248 14201 tablet_loader.cc:96] loaded metadata for tablet 035c784ca4654bbd9fa34dc59a6bdd24 (table test-workload [id=8d56daf5801f43878fb098ea7a4e3a3d])
I20260608 12:43:08.051385 14201 tablet_loader.cc:96] loaded metadata for tablet 158e50b49a164d498c16e131fa4cff7f (table test-workload [id=8d56daf5801f43878fb098ea7a4e3a3d])
I20260608 12:43:08.052433 14201 tablet_loader.cc:96] loaded metadata for tablet 5dd0b0b87452427bb1ce4ff45e6750c3 (table test-workload [id=8d56daf5801f43878fb098ea7a4e3a3d])
I20260608 12:43:08.053431 14201 catalog_manager.cc:1519] Initializing Kudu cluster ID...
I20260608 12:43:08.057372 14201 catalog_manager.cc:1294] Loaded cluster ID: c81ee203b2414cf78f7c9a0dc34eff45
I20260608 12:43:08.057695 14201 catalog_manager.cc:1530] Initializing Kudu internal certificate authority...
I20260608 12:43:08.061645 14201 catalog_manager.cc:1539] Loading token signing keys...
I20260608 12:43:08.065150 14201 catalog_manager.cc:6080] T 00000000000000000000000000000000 P 40c5f826885c43de805854dab6c30086: Loaded TSK: 0
I20260608 12:43:08.066260 14201 catalog_manager.cc:1549] Initializing in-progress tserver states...
I20260608 12:43:08.533215 13762 raft_consensus.cc:1275] T 00000000000000000000000000000000 P ca9b62c98ae94e65ac9094b1ef503c70 [term 2 FOLLOWER]: Refusing update from remote peer 40c5f826885c43de805854dab6c30086: Log matching property violated. Preceding OpId in replica: term: 1 index: 10. Preceding OpId from leader: term: 2 index: 11. (index mismatch)
I20260608 12:43:08.535025 14199 consensus_queue.cc:1048] T 00000000000000000000000000000000 P 40c5f826885c43de805854dab6c30086 [LEADER]: Connected to new peer: Peer: permanent_uuid: "ca9b62c98ae94e65ac9094b1ef503c70" member_type: VOTER last_known_addr { host: "127.12.80.61" port: 33931 }, Status: LMP_MISMATCH, Last received: 0.0, Next index: 11, Last known committed idx: 10, Time since last communication: 0.001s
I20260608 12:43:08.541169 14205 sys_catalog.cc:455] T 00000000000000000000000000000000 P ca9b62c98ae94e65ac9094b1ef503c70 [sys.catalog]: SysCatalogTable state changed. Reason: New leader 40c5f826885c43de805854dab6c30086. Latest consensus state: current_term: 2 leader_uuid: "40c5f826885c43de805854dab6c30086" committed_config { opid_index: -1 OBSOLETE_local: false peers { permanent_uuid: "6786d236c85f421b8670696342bd9a32" member_type: VOTER last_known_addr { host: "127.12.80.62" port: 34777 } } peers { permanent_uuid: "ca9b62c98ae94e65ac9094b1ef503c70" member_type: VOTER last_known_addr { host: "127.12.80.61" port: 33931 } } peers { permanent_uuid: "40c5f826885c43de805854dab6c30086" member_type: VOTER last_known_addr { host: "127.12.80.60" port: 45909 } } }
I20260608 12:43:08.542080 14205 sys_catalog.cc:458] T 00000000000000000000000000000000 P ca9b62c98ae94e65ac9094b1ef503c70 [sys.catalog]: This master's current role is: FOLLOWER
I20260608 12:43:08.546674 14207 sys_catalog.cc:455] T 00000000000000000000000000000000 P 40c5f826885c43de805854dab6c30086 [sys.catalog]: SysCatalogTable state changed. Reason: Peer health change. Latest consensus state: current_term: 2 leader_uuid: "40c5f826885c43de805854dab6c30086" committed_config { opid_index: -1 OBSOLETE_local: false peers { permanent_uuid: "6786d236c85f421b8670696342bd9a32" member_type: VOTER last_known_addr { host: "127.12.80.62" port: 34777 } } peers { permanent_uuid: "ca9b62c98ae94e65ac9094b1ef503c70" member_type: VOTER last_known_addr { host: "127.12.80.61" port: 33931 } } peers { permanent_uuid: "40c5f826885c43de805854dab6c30086" member_type: VOTER last_known_addr { host: "127.12.80.60" port: 45909 } } }
I20260608 12:43:08.548717 14207 sys_catalog.cc:458] T 00000000000000000000000000000000 P 40c5f826885c43de805854dab6c30086 [sys.catalog]: This master's current role is: LEADER
W20260608 12:43:08.549652 13803 proxy.cc:239] Call had error, refreshing address and retrying: Network error: Client connection negotiation failed: client connection to 127.12.80.62:34777: connect: Connection refused (error 111) [suppressed 13 similar messages]
I20260608 12:43:08.550287 14205 sys_catalog.cc:455] T 00000000000000000000000000000000 P ca9b62c98ae94e65ac9094b1ef503c70 [sys.catalog]: SysCatalogTable state changed. Reason: Replicated consensus-only round. Latest consensus state: current_term: 2 leader_uuid: "40c5f826885c43de805854dab6c30086" committed_config { opid_index: -1 OBSOLETE_local: false peers { permanent_uuid: "6786d236c85f421b8670696342bd9a32" member_type: VOTER last_known_addr { host: "127.12.80.62" port: 34777 } } peers { permanent_uuid: "ca9b62c98ae94e65ac9094b1ef503c70" member_type: VOTER last_known_addr { host: "127.12.80.61" port: 33931 } } peers { permanent_uuid: "40c5f826885c43de805854dab6c30086" member_type: VOTER last_known_addr { host: "127.12.80.60" port: 45909 } } }
I20260608 12:43:08.551043 14205 sys_catalog.cc:458] T 00000000000000000000000000000000 P ca9b62c98ae94e65ac9094b1ef503c70 [sys.catalog]: This master's current role is: FOLLOWER
W20260608 12:43:08.554211 13803 consensus_peers.cc:597] T 00000000000000000000000000000000 P 40c5f826885c43de805854dab6c30086 -> Peer 6786d236c85f421b8670696342bd9a32 (127.12.80.62:34777): Couldn't send request to peer 6786d236c85f421b8670696342bd9a32. Status: Network error: Client connection negotiation failed: client connection to 127.12.80.62:34777: connect: Connection refused (error 111). This is attempt 1: this message will repeat every 5th retry.
I20260608 12:43:09.460865 14134 heartbeater.cc:499] Master 127.12.80.60:45909 was elected leader, sending a full tablet report...
I20260608 12:43:09.461397 13978 heartbeater.cc:499] Master 127.12.80.60:45909 was elected leader, sending a full tablet report...
I20260608 12:43:09.469004 14056 heartbeater.cc:499] Master 127.12.80.60:45909 was elected leader, sending a full tablet report...
I20260608 12:43:10.050798 13880 auto_leader_rebalancer.cc:140] leader rebalance for table test-workload
I20260608 12:43:10.051265 13880 auto_leader_rebalancer.cc:451] All tables' leader rebalancing finished this round
I20260608 12:43:10.131315 12608 tablet_server.cc:179] TabletServer@127.12.80.1:0 shutting down...
I20260608 12:43:10.165635 12608 ts_tablet_manager.cc:1507] Shutting down tablet manager...
I20260608 12:43:10.166513 12608 tablet_replica.cc:333] T 5dd0b0b87452427bb1ce4ff45e6750c3 P a992071df2c14a9eb34fef3e64cd63d1: stopping tablet replica
I20260608 12:43:10.167091 12608 raft_consensus.cc:2243] T 5dd0b0b87452427bb1ce4ff45e6750c3 P a992071df2c14a9eb34fef3e64cd63d1 [term 1 LEADER]: Raft consensus shutting down.
I20260608 12:43:10.167867 12608 raft_consensus.cc:2272] T 5dd0b0b87452427bb1ce4ff45e6750c3 P a992071df2c14a9eb34fef3e64cd63d1 [term 1 FOLLOWER]: Raft consensus is shut down!
I20260608 12:43:10.190260 12608 tablet_server.cc:196] TabletServer@127.12.80.1:0 shutdown complete.
I20260608 12:43:10.205518 12608 tablet_server.cc:179] TabletServer@127.12.80.2:0 shutting down...
I20260608 12:43:10.233299 12608 ts_tablet_manager.cc:1507] Shutting down tablet manager...
I20260608 12:43:10.234141 12608 tablet_replica.cc:333] T 035c784ca4654bbd9fa34dc59a6bdd24 P 6de1e7406994429f9ed020c58b45fd3a: stopping tablet replica
I20260608 12:43:10.234711 12608 raft_consensus.cc:2243] T 035c784ca4654bbd9fa34dc59a6bdd24 P 6de1e7406994429f9ed020c58b45fd3a [term 1 LEADER]: Raft consensus shutting down.
I20260608 12:43:10.235268 12608 raft_consensus.cc:2272] T 035c784ca4654bbd9fa34dc59a6bdd24 P 6de1e7406994429f9ed020c58b45fd3a [term 1 FOLLOWER]: Raft consensus is shut down!
I20260608 12:43:10.256119 12608 tablet_server.cc:196] TabletServer@127.12.80.2:0 shutdown complete.
I20260608 12:43:10.268548 12608 tablet_server.cc:179] TabletServer@127.12.80.3:0 shutting down...
I20260608 12:43:10.302248 12608 ts_tablet_manager.cc:1507] Shutting down tablet manager...
I20260608 12:43:10.303244 12608 tablet_replica.cc:333] T 158e50b49a164d498c16e131fa4cff7f P c8429d0ba1294a4885e78accf942ed2c: stopping tablet replica
I20260608 12:43:10.303982 12608 raft_consensus.cc:2243] T 158e50b49a164d498c16e131fa4cff7f P c8429d0ba1294a4885e78accf942ed2c [term 1 LEADER]: Raft consensus shutting down.
I20260608 12:43:10.304693 12608 raft_consensus.cc:2272] T 158e50b49a164d498c16e131fa4cff7f P c8429d0ba1294a4885e78accf942ed2c [term 1 FOLLOWER]: Raft consensus is shut down!
I20260608 12:43:10.326090 12608 tablet_server.cc:196] TabletServer@127.12.80.3:0 shutdown complete.
I20260608 12:43:10.338665 12608 master.cc:562] Master@127.12.80.61:33931 shutting down...
I20260608 12:43:10.363780 12608 raft_consensus.cc:2243] T 00000000000000000000000000000000 P ca9b62c98ae94e65ac9094b1ef503c70 [term 2 FOLLOWER]: Raft consensus shutting down.
I20260608 12:43:10.364598 12608 raft_consensus.cc:2272] T 00000000000000000000000000000000 P ca9b62c98ae94e65ac9094b1ef503c70 [term 2 FOLLOWER]: Raft consensus is shut down!
I20260608 12:43:10.365061 12608 tablet_replica.cc:333] T 00000000000000000000000000000000 P ca9b62c98ae94e65ac9094b1ef503c70: stopping tablet replica
I20260608 12:43:10.386032 12608 master.cc:584] Master@127.12.80.61:33931 shutdown complete.
I20260608 12:43:10.402607 12608 master.cc:562] Master@127.12.80.60:45909 shutting down...
I20260608 12:43:10.426769 12608 raft_consensus.cc:2243] T 00000000000000000000000000000000 P 40c5f826885c43de805854dab6c30086 [term 2 LEADER]: Raft consensus shutting down.
I20260608 12:43:10.428038 12608 raft_consensus.cc:2272] T 00000000000000000000000000000000 P 40c5f826885c43de805854dab6c30086 [term 2 FOLLOWER]: Raft consensus is shut down!
I20260608 12:43:10.428408 12608 tablet_replica.cc:333] T 00000000000000000000000000000000 P 40c5f826885c43de805854dab6c30086: stopping tablet replica
I20260608 12:43:10.449486 12608 master.cc:584] Master@127.12.80.60:45909 shutdown complete.
[       OK ] AutoRebalancerTest.NextLeaderResumesAutoRebalancing (6875 ms)
[ RUN      ] AutoRebalancerTest.MovesScheduledIfAddTserver
I20260608 12:43:10.494364 12608 internal_mini_cluster.cc:156] Creating distributed mini masters. Addrs: 127.12.80.62:40255
I20260608 12:43:10.496150 12608 file_cache.cc:492] Constructed file cache file cache with capacity 419430
W20260608 12:43:10.502915 14217 instance_detector.cc:116] could not retrieve AWS instance metadata: Network error: curl error: HTTP response code said error: The requested URL returned error: 404
W20260608 12:43:10.503659 14218 instance_detector.cc:116] could not retrieve Azure instance metadata: Network error: curl error: HTTP response code said error: The requested URL returned error: 404
W20260608 12:43:10.504787 14220 instance_detector.cc:116] could not retrieve OpenStack instance metadata: Network error: curl error: HTTP response code said error: The requested URL returned error: 404
I20260608 12:43:10.506690 12608 server_base.cc:1061] running on GCE node
I20260608 12:43:10.507742 12608 hybrid_clock.cc:584] initializing the hybrid clock with 'system_unsync' time source
W20260608 12:43:10.508030 12608 system_unsync_time.cc:38] NTP support is disabled. Clock error bounds will not be accurate. This configuration is not suitable for distributed clusters.
I20260608 12:43:10.508190 12608 hybrid_clock.cc:648] HybridClock initialized: now 1780922590508173 us; error 0 us; skew 500 ppm
I20260608 12:43:10.508775 12608 server_base.cc:861] Flag tcmalloc_max_total_thread_cache_bytes is not working since tcmalloc is not enabled.
I20260608 12:43:10.511862 12608 webserver.cc:533] Webserver started at http://127.12.80.62:37429/ using document root <none> and password file <none>
I20260608 12:43:10.512439 12608 fs_manager.cc:362] Metadata directory not provided
I20260608 12:43:10.512771 12608 fs_manager.cc:368] Using write-ahead log directory (fs_wal_dir) as metadata directory
I20260608 12:43:10.513129 12608 server_base.cc:909] This appears to be a new deployment of Kudu; creating new FS layout
