I20260608 12:42:54.523119 13492 tablet_bootstrap.cc:492] T 8c63f650d1ad4f799f832c91cd9ac1de P a92f47b3ff2544a887131f101a89f958: No bootstrap required, opened a new log
I20260608 12:42:54.520439 13294 raft_consensus.cc:2468] T c1b68728a74d4722b2c3af19a6f2aefd P fa996b8a718d4bf691102be53a6f9a9c [term 0 FOLLOWER]: Leader pre-election vote request: Granting yes vote for candidate 3ff2444f005942fd84c962c6c3a5b917 in term 0.
I20260608 12:42:54.526456 13506 raft_consensus.cc:3060] T 78b486645b054bae96479795f8576785 P 3ff2444f005942fd84c962c6c3a5b917 [term 0 FOLLOWER]: Advancing to term 1
I20260608 12:42:54.528060 13492 ts_tablet_manager.cc:1403] T 8c63f650d1ad4f799f832c91cd9ac1de P a92f47b3ff2544a887131f101a89f958: Time spent bootstrapping tablet: real 0.115s	user 0.046s	sys 0.036s
I20260608 12:42:54.528040 13499 consensus_queue.cc:237] T 6894e2e6c1d244c6901368d057dab3fb P a92f47b3ff2544a887131f101a89f958 [LEADER]: Queue going to LEADER mode. State: All replicated index: 0, Majority replicated index: 0, Committed index: 0, Last appended: 0.0, Last appended by leader: 0, Current term: 1, Majority size: 2, State: 0, Mode: LEADER, active raft config: opid_index: -1 OBSOLETE_local: false peers { permanent_uuid: "fa996b8a718d4bf691102be53a6f9a9c" member_type: VOTER last_known_addr { host: "127.12.84.129" port: 37067 } } peers { permanent_uuid: "3ff2444f005942fd84c962c6c3a5b917" member_type: VOTER last_known_addr { host: "127.12.84.130" port: 37719 } } peers { permanent_uuid: "a92f47b3ff2544a887131f101a89f958" member_type: VOTER last_known_addr { host: "127.12.84.131" port: 45443 } }
W20260608 12:42:54.526721 13408 leader_election.cc:343] T ffa76c3b343048c287b1350a84e56c36 P a92f47b3ff2544a887131f101a89f958 [CANDIDATE]: Term 1 pre-election: Tablet error from VoteRequest() call to peer fa996b8a718d4bf691102be53a6f9a9c (127.12.84.129:37067): Illegal state: must be running to vote when last-logged opid is not known
I20260608 12:42:54.529551 13334 leader_election.cc:304] T 8c63f650d1ad4f799f832c91cd9ac1de P 3ff2444f005942fd84c962c6c3a5b917 [CANDIDATE]: Term 1 pre-election: Election decided. Result: candidate won. Election summary: received 3 responses out of 3 voters: 2 yes votes; 1 no votes. yes voters: 3ff2444f005942fd84c962c6c3a5b917, fa996b8a718d4bf691102be53a6f9a9c; no voters: a92f47b3ff2544a887131f101a89f958
I20260608 12:42:54.529734 13408 leader_election.cc:304] T ffa76c3b343048c287b1350a84e56c36 P a92f47b3ff2544a887131f101a89f958 [CANDIDATE]: Term 1 pre-election: Election decided. Result: candidate lost. Election summary: received 3 responses out of 3 voters: 1 yes votes; 2 no votes. yes voters: a92f47b3ff2544a887131f101a89f958; no voters: 3ff2444f005942fd84c962c6c3a5b917, fa996b8a718d4bf691102be53a6f9a9c
I20260608 12:42:54.531083 13498 raft_consensus.cc:2804] T 8c63f650d1ad4f799f832c91cd9ac1de P 3ff2444f005942fd84c962c6c3a5b917 [term 0 FOLLOWER]: Leader pre-election won for term 1
I20260608 12:42:54.531538 13498 raft_consensus.cc:493] T 8c63f650d1ad4f799f832c91cd9ac1de P 3ff2444f005942fd84c962c6c3a5b917 [term 0 FOLLOWER]: Starting leader election (no leader contacted us within the election timeout)
I20260608 12:42:54.531936 13498 raft_consensus.cc:3060] T 8c63f650d1ad4f799f832c91cd9ac1de P 3ff2444f005942fd84c962c6c3a5b917 [term 0 FOLLOWER]: Advancing to term 1
I20260608 12:42:54.534090 13334 leader_election.cc:304] T c1b68728a74d4722b2c3af19a6f2aefd P 3ff2444f005942fd84c962c6c3a5b917 [CANDIDATE]: Term 1 pre-election: Election decided. Result: candidate won. Election summary: received 3 responses out of 3 voters: 2 yes votes; 1 no votes. yes voters: 3ff2444f005942fd84c962c6c3a5b917, fa996b8a718d4bf691102be53a6f9a9c; no voters: a92f47b3ff2544a887131f101a89f958
I20260608 12:42:54.534340 13505 raft_consensus.cc:2749] T ffa76c3b343048c287b1350a84e56c36 P a92f47b3ff2544a887131f101a89f958 [term 0 FOLLOWER]: Leader pre-election lost for term 1. Reason: could not achieve majority
I20260608 12:42:54.539713 13506 raft_consensus.cc:515] T 78b486645b054bae96479795f8576785 P 3ff2444f005942fd84c962c6c3a5b917 [term 1 FOLLOWER]: Starting leader election with config: opid_index: -1 OBSOLETE_local: false peers { permanent_uuid: "fa996b8a718d4bf691102be53a6f9a9c" member_type: VOTER last_known_addr { host: "127.12.84.129" port: 37067 } } peers { permanent_uuid: "3ff2444f005942fd84c962c6c3a5b917" member_type: VOTER last_known_addr { host: "127.12.84.130" port: 37719 } } peers { permanent_uuid: "a92f47b3ff2544a887131f101a89f958" member_type: VOTER last_known_addr { host: "127.12.84.131" port: 45443 } }
I20260608 12:42:54.543387 13498 raft_consensus.cc:515] T 8c63f650d1ad4f799f832c91cd9ac1de P 3ff2444f005942fd84c962c6c3a5b917 [term 1 FOLLOWER]: Starting leader election with config: opid_index: -1 OBSOLETE_local: false peers { permanent_uuid: "fa996b8a718d4bf691102be53a6f9a9c" member_type: VOTER last_known_addr { host: "127.12.84.129" port: 37067 } } peers { permanent_uuid: "3ff2444f005942fd84c962c6c3a5b917" member_type: VOTER last_known_addr { host: "127.12.84.130" port: 37719 } } peers { permanent_uuid: "a92f47b3ff2544a887131f101a89f958" member_type: VOTER last_known_addr { host: "127.12.84.131" port: 45443 } }
I20260608 12:42:54.545078 13506 leader_election.cc:290] T 78b486645b054bae96479795f8576785 P 3ff2444f005942fd84c962c6c3a5b917 [CANDIDATE]: Term 1 election: Requested vote from peers fa996b8a718d4bf691102be53a6f9a9c (127.12.84.129:37067), a92f47b3ff2544a887131f101a89f958 (127.12.84.131:45443)
I20260608 12:42:54.545723 13294 tablet_service.cc:1917] Received RequestConsensusVote() RPC: tablet_id: "78b486645b054bae96479795f8576785" candidate_uuid: "3ff2444f005942fd84c962c6c3a5b917" candidate_term: 1 candidate_status { last_received { term: 0 index: 0 } } ignore_live_leader: false dest_uuid: "fa996b8a718d4bf691102be53a6f9a9c"
I20260608 12:42:54.546077 13498 leader_election.cc:290] T 8c63f650d1ad4f799f832c91cd9ac1de P 3ff2444f005942fd84c962c6c3a5b917 [CANDIDATE]: Term 1 election: Requested vote from peers fa996b8a718d4bf691102be53a6f9a9c (127.12.84.129:37067), a92f47b3ff2544a887131f101a89f958 (127.12.84.131:45443)
I20260608 12:42:54.546329 13294 raft_consensus.cc:3060] T 78b486645b054bae96479795f8576785 P fa996b8a718d4bf691102be53a6f9a9c [term 0 FOLLOWER]: Advancing to term 1
I20260608 12:42:54.546561 13442 tablet_service.cc:1917] Received RequestConsensusVote() RPC: tablet_id: "78b486645b054bae96479795f8576785" candidate_uuid: "3ff2444f005942fd84c962c6c3a5b917" candidate_term: 1 candidate_status { last_received { term: 0 index: 0 } } ignore_live_leader: false dest_uuid: "a92f47b3ff2544a887131f101a89f958"
I20260608 12:42:54.547482 13443 tablet_service.cc:1917] Received RequestConsensusVote() RPC: tablet_id: "8c63f650d1ad4f799f832c91cd9ac1de" candidate_uuid: "3ff2444f005942fd84c962c6c3a5b917" candidate_term: 1 candidate_status { last_received { term: 0 index: 0 } } ignore_live_leader: false dest_uuid: "a92f47b3ff2544a887131f101a89f958"
I20260608 12:42:54.542702 13520 raft_consensus.cc:2804] T c1b68728a74d4722b2c3af19a6f2aefd P 3ff2444f005942fd84c962c6c3a5b917 [term 0 FOLLOWER]: Leader pre-election won for term 1
I20260608 12:42:54.549425 13293 tablet_service.cc:1917] Received RequestConsensusVote() RPC: tablet_id: "8c63f650d1ad4f799f832c91cd9ac1de" candidate_uuid: "3ff2444f005942fd84c962c6c3a5b917" candidate_term: 1 candidate_status { last_received { term: 0 index: 0 } } ignore_live_leader: false dest_uuid: "fa996b8a718d4bf691102be53a6f9a9c"
I20260608 12:42:54.549995 13293 raft_consensus.cc:3060] T 8c63f650d1ad4f799f832c91cd9ac1de P fa996b8a718d4bf691102be53a6f9a9c [term 0 FOLLOWER]: Advancing to term 1
I20260608 12:42:54.550666 13489 tablet_bootstrap.cc:492] T a5f35c71dc8744d98888cc9806e99da4 P fa996b8a718d4bf691102be53a6f9a9c: No bootstrap required, opened a new log
I20260608 12:42:54.551187 13489 ts_tablet_manager.cc:1403] T a5f35c71dc8744d98888cc9806e99da4 P fa996b8a718d4bf691102be53a6f9a9c: Time spent bootstrapping tablet: real 0.066s	user 0.012s	sys 0.005s
I20260608 12:42:54.548740 13492 raft_consensus.cc:359] T 8c63f650d1ad4f799f832c91cd9ac1de P a92f47b3ff2544a887131f101a89f958 [term 0 FOLLOWER]: Replica starting. Triggering 0 pending ops. Active config: opid_index: -1 OBSOLETE_local: false peers { permanent_uuid: "fa996b8a718d4bf691102be53a6f9a9c" member_type: VOTER last_known_addr { host: "127.12.84.129" port: 37067 } } peers { permanent_uuid: "3ff2444f005942fd84c962c6c3a5b917" member_type: VOTER last_known_addr { host: "127.12.84.130" port: 37719 } } peers { permanent_uuid: "a92f47b3ff2544a887131f101a89f958" member_type: VOTER last_known_addr { host: "127.12.84.131" port: 45443 } }
I20260608 12:42:54.551663 13492 raft_consensus.cc:385] T 8c63f650d1ad4f799f832c91cd9ac1de P a92f47b3ff2544a887131f101a89f958 [term 0 FOLLOWER]: Consensus starting up: Expiring failure detector timer to make a prompt election more likely
I20260608 12:42:54.551968 13492 raft_consensus.cc:740] T 8c63f650d1ad4f799f832c91cd9ac1de P a92f47b3ff2544a887131f101a89f958 [term 0 FOLLOWER]: Becoming Follower/Learner. State: Replica: a92f47b3ff2544a887131f101a89f958, State: Initialized, Role: FOLLOWER
W20260608 12:42:54.552210 13240 auto_rebalancer.cc:259] Could not retrieve cluster info: Service unavailable: Tablet not running
I20260608 12:42:54.552789 13492 consensus_queue.cc:260] T 8c63f650d1ad4f799f832c91cd9ac1de P a92f47b3ff2544a887131f101a89f958 [NON_LEADER]: Queue going to NON_LEADER mode. State: All replicated index: 0, Majority replicated index: 0, Committed index: 0, Last appended: 0.0, Last appended by leader: 0, Current term: 0, Majority size: -1, State: 0, Mode: NON_LEADER, active raft config: opid_index: -1 OBSOLETE_local: false peers { permanent_uuid: "fa996b8a718d4bf691102be53a6f9a9c" member_type: VOTER last_known_addr { host: "127.12.84.129" port: 37067 } } peers { permanent_uuid: "3ff2444f005942fd84c962c6c3a5b917" member_type: VOTER last_known_addr { host: "127.12.84.130" port: 37719 } } peers { permanent_uuid: "a92f47b3ff2544a887131f101a89f958" member_type: VOTER last_known_addr { host: "127.12.84.131" port: 45443 } }
W20260608 12:42:54.554311 13333 leader_election.cc:343] T 78b486645b054bae96479795f8576785 P 3ff2444f005942fd84c962c6c3a5b917 [CANDIDATE]: Term 1 election: Tablet error from VoteRequest() call to peer a92f47b3ff2544a887131f101a89f958 (127.12.84.131:45443): Illegal state: must be running to vote when last-logged opid is not known
I20260608 12:42:54.554343 13489 raft_consensus.cc:359] T a5f35c71dc8744d98888cc9806e99da4 P fa996b8a718d4bf691102be53a6f9a9c [term 0 FOLLOWER]: Replica starting. Triggering 0 pending ops. Active config: opid_index: -1 OBSOLETE_local: false peers { permanent_uuid: "3ff2444f005942fd84c962c6c3a5b917" member_type: VOTER last_known_addr { host: "127.12.84.130" port: 37719 } } peers { permanent_uuid: "a92f47b3ff2544a887131f101a89f958" member_type: VOTER last_known_addr { host: "127.12.84.131" port: 45443 } } peers { permanent_uuid: "fa996b8a718d4bf691102be53a6f9a9c" member_type: VOTER last_known_addr { host: "127.12.84.129" port: 37067 } }
I20260608 12:42:54.554934 13245 auto_leader_rebalancer.cc:140] leader rebalance for table test-workload
I20260608 12:42:54.555150 13492 ts_tablet_manager.cc:1434] T 8c63f650d1ad4f799f832c91cd9ac1de P a92f47b3ff2544a887131f101a89f958: Time spent starting tablet: real 0.026s	user 0.000s	sys 0.008s
W20260608 12:42:54.555331 13333 leader_election.cc:343] T 8c63f650d1ad4f799f832c91cd9ac1de P 3ff2444f005942fd84c962c6c3a5b917 [CANDIDATE]: Term 1 election: Tablet error from VoteRequest() call to peer a92f47b3ff2544a887131f101a89f958 (127.12.84.131:45443): Illegal state: must be running to vote when last-logged opid is not known
W20260608 12:42:54.556084 13245 auto_leader_rebalancer.cc:460] the master instance isn't leader: Service unavailable: Tablet not running
I20260608 12:42:54.556244 13492 tablet_bootstrap.cc:492] T c1b68728a74d4722b2c3af19a6f2aefd P a92f47b3ff2544a887131f101a89f958: Bootstrap starting.
I20260608 12:42:54.558322 13294 raft_consensus.cc:2468] T 78b486645b054bae96479795f8576785 P fa996b8a718d4bf691102be53a6f9a9c [term 1 FOLLOWER]: Leader election vote request: Granting yes vote for candidate 3ff2444f005942fd84c962c6c3a5b917 in term 1.
I20260608 12:42:54.558187 13191 catalog_manager.cc:5696] T 6894e2e6c1d244c6901368d057dab3fb P a92f47b3ff2544a887131f101a89f958 reported cstate change: term changed from 0 to 1, leader changed from <none> to a92f47b3ff2544a887131f101a89f958 (127.12.84.131). New cstate: current_term: 1 leader_uuid: "a92f47b3ff2544a887131f101a89f958" committed_config { opid_index: -1 OBSOLETE_local: false peers { permanent_uuid: "fa996b8a718d4bf691102be53a6f9a9c" member_type: VOTER last_known_addr { host: "127.12.84.129" port: 37067 } health_report { overall_health: UNKNOWN } } peers { permanent_uuid: "3ff2444f005942fd84c962c6c3a5b917" member_type: VOTER last_known_addr { host: "127.12.84.130" port: 37719 } health_report { overall_health: UNKNOWN } } peers { permanent_uuid: "a92f47b3ff2544a887131f101a89f958" member_type: VOTER last_known_addr { host: "127.12.84.131" port: 45443 } health_report { overall_health: HEALTHY } } }
I20260608 12:42:54.551196 13488 tablet_bootstrap.cc:654] T ffa76c3b343048c287b1350a84e56c36 P 3ff2444f005942fd84c962c6c3a5b917: Neither blocks nor log segments found. Creating new log.
I20260608 12:42:54.559787 13293 raft_consensus.cc:2468] T 8c63f650d1ad4f799f832c91cd9ac1de P fa996b8a718d4bf691102be53a6f9a9c [term 1 FOLLOWER]: Leader election vote request: Granting yes vote for candidate 3ff2444f005942fd84c962c6c3a5b917 in term 1.
I20260608 12:42:54.561273 13334 leader_election.cc:304] T 78b486645b054bae96479795f8576785 P 3ff2444f005942fd84c962c6c3a5b917 [CANDIDATE]: Term 1 election: Election decided. Result: candidate won. Election summary: received 3 responses out of 3 voters: 2 yes votes; 1 no votes. yes voters: 3ff2444f005942fd84c962c6c3a5b917, fa996b8a718d4bf691102be53a6f9a9c; no voters: a92f47b3ff2544a887131f101a89f958
I20260608 12:42:54.555331 13489 raft_consensus.cc:385] T a5f35c71dc8744d98888cc9806e99da4 P fa996b8a718d4bf691102be53a6f9a9c [term 0 FOLLOWER]: Consensus starting up: Expiring failure detector timer to make a prompt election more likely
I20260608 12:42:54.562889 13492 tablet_bootstrap.cc:654] T c1b68728a74d4722b2c3af19a6f2aefd P a92f47b3ff2544a887131f101a89f958: Neither blocks nor log segments found. Creating new log.
I20260608 12:42:54.562180 13498 raft_consensus.cc:2804] T 78b486645b054bae96479795f8576785 P 3ff2444f005942fd84c962c6c3a5b917 [term 1 FOLLOWER]: Leader election won for term 1
I20260608 12:42:54.565423 13489 raft_consensus.cc:740] T a5f35c71dc8744d98888cc9806e99da4 P fa996b8a718d4bf691102be53a6f9a9c [term 0 FOLLOWER]: Becoming Follower/Learner. State: Replica: fa996b8a718d4bf691102be53a6f9a9c, State: Initialized, Role: FOLLOWER
I20260608 12:42:54.566077 13498 raft_consensus.cc:697] T 78b486645b054bae96479795f8576785 P 3ff2444f005942fd84c962c6c3a5b917 [term 1 LEADER]: Becoming Leader. State: Replica: 3ff2444f005942fd84c962c6c3a5b917, State: Running, Role: LEADER
I20260608 12:42:54.566615 13489 consensus_queue.cc:260] T a5f35c71dc8744d98888cc9806e99da4 P fa996b8a718d4bf691102be53a6f9a9c [NON_LEADER]: Queue going to NON_LEADER mode. State: All replicated index: 0, Majority replicated index: 0, Committed index: 0, Last appended: 0.0, Last appended by leader: 0, Current term: 0, Majority size: -1, State: 0, Mode: NON_LEADER, active raft config: opid_index: -1 OBSOLETE_local: false peers { permanent_uuid: "3ff2444f005942fd84c962c6c3a5b917" member_type: VOTER last_known_addr { host: "127.12.84.130" port: 37719 } } peers { permanent_uuid: "a92f47b3ff2544a887131f101a89f958" member_type: VOTER last_known_addr { host: "127.12.84.131" port: 45443 } } peers { permanent_uuid: "fa996b8a718d4bf691102be53a6f9a9c" member_type: VOTER last_known_addr { host: "127.12.84.129" port: 37067 } }
I20260608 12:42:54.567261 13498 consensus_queue.cc:237] T 78b486645b054bae96479795f8576785 P 3ff2444f005942fd84c962c6c3a5b917 [LEADER]: Queue going to LEADER mode. State: All replicated index: 0, Majority replicated index: 0, Committed index: 0, Last appended: 0.0, Last appended by leader: 0, Current term: 1, Majority size: 2, State: 0, Mode: LEADER, active raft config: opid_index: -1 OBSOLETE_local: false peers { permanent_uuid: "fa996b8a718d4bf691102be53a6f9a9c" member_type: VOTER last_known_addr { host: "127.12.84.129" port: 37067 } } peers { permanent_uuid: "3ff2444f005942fd84c962c6c3a5b917" member_type: VOTER last_known_addr { host: "127.12.84.130" port: 37719 } } peers { permanent_uuid: "a92f47b3ff2544a887131f101a89f958" member_type: VOTER last_known_addr { host: "127.12.84.131" port: 45443 } }
I20260608 12:42:54.549409 13520 raft_consensus.cc:493] T c1b68728a74d4722b2c3af19a6f2aefd P 3ff2444f005942fd84c962c6c3a5b917 [term 0 FOLLOWER]: Starting leader election (no leader contacted us within the election timeout)
I20260608 12:42:54.572129 13520 raft_consensus.cc:3060] T c1b68728a74d4722b2c3af19a6f2aefd P 3ff2444f005942fd84c962c6c3a5b917 [term 0 FOLLOWER]: Advancing to term 1
I20260608 12:42:54.574364 13489 ts_tablet_manager.cc:1434] T a5f35c71dc8744d98888cc9806e99da4 P fa996b8a718d4bf691102be53a6f9a9c: Time spent starting tablet: real 0.023s	user 0.007s	sys 0.000s
I20260608 12:42:54.575286 13506 raft_consensus.cc:493] T a5f35c71dc8744d98888cc9806e99da4 P 3ff2444f005942fd84c962c6c3a5b917 [term 0 FOLLOWER]: Starting pre-election (no leader contacted us within the election timeout)
I20260608 12:42:54.577234 13506 raft_consensus.cc:515] T a5f35c71dc8744d98888cc9806e99da4 P 3ff2444f005942fd84c962c6c3a5b917 [term 0 FOLLOWER]: Starting pre-election with config: opid_index: -1 OBSOLETE_local: false peers { permanent_uuid: "3ff2444f005942fd84c962c6c3a5b917" member_type: VOTER last_known_addr { host: "127.12.84.130" port: 37719 } } peers { permanent_uuid: "a92f47b3ff2544a887131f101a89f958" member_type: VOTER last_known_addr { host: "127.12.84.131" port: 45443 } } peers { permanent_uuid: "fa996b8a718d4bf691102be53a6f9a9c" member_type: VOTER last_known_addr { host: "127.12.84.129" port: 37067 } }
I20260608 12:42:54.580063 13506 leader_election.cc:290] T a5f35c71dc8744d98888cc9806e99da4 P 3ff2444f005942fd84c962c6c3a5b917 [CANDIDATE]: Term 1 pre-election: Requested pre-vote from peers a92f47b3ff2544a887131f101a89f958 (127.12.84.131:45443), fa996b8a718d4bf691102be53a6f9a9c (127.12.84.129:37067)
I20260608 12:42:54.576176 13334 leader_election.cc:304] T 8c63f650d1ad4f799f832c91cd9ac1de P 3ff2444f005942fd84c962c6c3a5b917 [CANDIDATE]: Term 1 election: Election decided. Result: candidate won. Election summary: received 3 responses out of 3 voters: 2 yes votes; 1 no votes. yes voters: 3ff2444f005942fd84c962c6c3a5b917, fa996b8a718d4bf691102be53a6f9a9c; no voters: a92f47b3ff2544a887131f101a89f958
I20260608 12:42:54.581634 13443 tablet_service.cc:1917] Received RequestConsensusVote() RPC: tablet_id: "a5f35c71dc8744d98888cc9806e99da4" candidate_uuid: "3ff2444f005942fd84c962c6c3a5b917" candidate_term: 1 candidate_status { last_received { term: 0 index: 0 } } ignore_live_leader: false dest_uuid: "a92f47b3ff2544a887131f101a89f958" is_pre_election: true
I20260608 12:42:54.582454 13443 raft_consensus.cc:2468] T a5f35c71dc8744d98888cc9806e99da4 P a92f47b3ff2544a887131f101a89f958 [term 0 FOLLOWER]: Leader pre-election vote request: Granting yes vote for candidate 3ff2444f005942fd84c962c6c3a5b917 in term 0.
I20260608 12:42:54.584239 13333 leader_election.cc:304] T a5f35c71dc8744d98888cc9806e99da4 P 3ff2444f005942fd84c962c6c3a5b917 [CANDIDATE]: Term 1 pre-election: Election decided. Result: candidate won. Election summary: received 2 responses out of 3 voters: 2 yes votes; 0 no votes. yes voters: 3ff2444f005942fd84c962c6c3a5b917, a92f47b3ff2544a887131f101a89f958; no voters: 
I20260608 12:42:54.587487 13506 raft_consensus.cc:2804] T 8c63f650d1ad4f799f832c91cd9ac1de P 3ff2444f005942fd84c962c6c3a5b917 [term 1 FOLLOWER]: Leader election won for term 1
I20260608 12:42:54.589193 13293 tablet_service.cc:1917] Received RequestConsensusVote() RPC: tablet_id: "a5f35c71dc8744d98888cc9806e99da4" candidate_uuid: "3ff2444f005942fd84c962c6c3a5b917" candidate_term: 1 candidate_status { last_received { term: 0 index: 0 } } ignore_live_leader: false dest_uuid: "fa996b8a718d4bf691102be53a6f9a9c" is_pre_election: true
I20260608 12:42:54.591169 13293 raft_consensus.cc:2468] T a5f35c71dc8744d98888cc9806e99da4 P fa996b8a718d4bf691102be53a6f9a9c [term 0 FOLLOWER]: Leader pre-election vote request: Granting yes vote for candidate 3ff2444f005942fd84c962c6c3a5b917 in term 0.
I20260608 12:42:54.594305 13526 raft_consensus.cc:493] T ec79feb9345f43eba90faad0e30f8c7a P 3ff2444f005942fd84c962c6c3a5b917 [term 0 FOLLOWER]: Starting pre-election (no leader contacted us within the election timeout)
I20260608 12:42:54.594913 13489 tablet_bootstrap.cc:492] T ffa76c3b343048c287b1350a84e56c36 P fa996b8a718d4bf691102be53a6f9a9c: Bootstrap starting.
I20260608 12:42:54.600217 13527 raft_consensus.cc:2804] T a5f35c71dc8744d98888cc9806e99da4 P 3ff2444f005942fd84c962c6c3a5b917 [term 0 FOLLOWER]: Leader pre-election won for term 1
I20260608 12:42:54.600679 13527 raft_consensus.cc:493] T a5f35c71dc8744d98888cc9806e99da4 P 3ff2444f005942fd84c962c6c3a5b917 [term 0 FOLLOWER]: Starting leader election (no leader contacted us within the election timeout)
I20260608 12:42:54.601080 13527 raft_consensus.cc:3060] T a5f35c71dc8744d98888cc9806e99da4 P 3ff2444f005942fd84c962c6c3a5b917 [term 0 FOLLOWER]: Advancing to term 1
I20260608 12:42:54.604671 13526 raft_consensus.cc:515] T ec79feb9345f43eba90faad0e30f8c7a P 3ff2444f005942fd84c962c6c3a5b917 [term 0 FOLLOWER]: Starting pre-election with config: opid_index: -1 OBSOLETE_local: false peers { permanent_uuid: "fa996b8a718d4bf691102be53a6f9a9c" member_type: VOTER last_known_addr { host: "127.12.84.129" port: 37067 } } peers { permanent_uuid: "3ff2444f005942fd84c962c6c3a5b917" member_type: VOTER last_known_addr { host: "127.12.84.130" port: 37719 } } peers { permanent_uuid: "a92f47b3ff2544a887131f101a89f958" member_type: VOTER last_known_addr { host: "127.12.84.131" port: 45443 } }
I20260608 12:42:54.606756 13506 raft_consensus.cc:697] T 8c63f650d1ad4f799f832c91cd9ac1de P 3ff2444f005942fd84c962c6c3a5b917 [term 1 LEADER]: Becoming Leader. State: Replica: 3ff2444f005942fd84c962c6c3a5b917, State: Running, Role: LEADER
I20260608 12:42:54.606835 13489 tablet_bootstrap.cc:654] T ffa76c3b343048c287b1350a84e56c36 P fa996b8a718d4bf691102be53a6f9a9c: Neither blocks nor log segments found. Creating new log.
I20260608 12:42:54.608201 13526 leader_election.cc:290] T ec79feb9345f43eba90faad0e30f8c7a P 3ff2444f005942fd84c962c6c3a5b917 [CANDIDATE]: Term 1 pre-election: Requested pre-vote from peers fa996b8a718d4bf691102be53a6f9a9c (127.12.84.129:37067), a92f47b3ff2544a887131f101a89f958 (127.12.84.131:45443)
I20260608 12:42:54.607995 13293 tablet_service.cc:1917] Received RequestConsensusVote() RPC: tablet_id: "ec79feb9345f43eba90faad0e30f8c7a" candidate_uuid: "3ff2444f005942fd84c962c6c3a5b917" candidate_term: 1 candidate_status { last_received { term: 0 index: 0 } } ignore_live_leader: false dest_uuid: "fa996b8a718d4bf691102be53a6f9a9c" is_pre_election: true
I20260608 12:42:54.608800 13293 raft_consensus.cc:2468] T ec79feb9345f43eba90faad0e30f8c7a P fa996b8a718d4bf691102be53a6f9a9c [term 0 FOLLOWER]: Leader pre-election vote request: Granting yes vote for candidate 3ff2444f005942fd84c962c6c3a5b917 in term 0.
I20260608 12:42:54.610092 13443 tablet_service.cc:1917] Received RequestConsensusVote() RPC: tablet_id: "ec79feb9345f43eba90faad0e30f8c7a" candidate_uuid: "3ff2444f005942fd84c962c6c3a5b917" candidate_term: 1 candidate_status { last_received { term: 0 index: 0 } } ignore_live_leader: false dest_uuid: "a92f47b3ff2544a887131f101a89f958" is_pre_election: true
I20260608 12:42:54.610095 13334 leader_election.cc:304] T ec79feb9345f43eba90faad0e30f8c7a P 3ff2444f005942fd84c962c6c3a5b917 [CANDIDATE]: Term 1 pre-election: Election decided. Result: candidate won. Election summary: received 2 responses out of 3 voters: 2 yes votes; 0 no votes. yes voters: 3ff2444f005942fd84c962c6c3a5b917, fa996b8a718d4bf691102be53a6f9a9c; no voters: 
W20260608 12:42:54.611827 13333 leader_election.cc:343] T ec79feb9345f43eba90faad0e30f8c7a P 3ff2444f005942fd84c962c6c3a5b917 [CANDIDATE]: Term 1 pre-election: Tablet error from VoteRequest() call to peer a92f47b3ff2544a887131f101a89f958 (127.12.84.131:45443): Illegal state: must be running to vote when last-logged opid is not known
I20260608 12:42:54.611254 13188 catalog_manager.cc:5696] T 78b486645b054bae96479795f8576785 P 3ff2444f005942fd84c962c6c3a5b917 reported cstate change: term changed from 0 to 1, leader changed from <none> to 3ff2444f005942fd84c962c6c3a5b917 (127.12.84.130). New cstate: current_term: 1 leader_uuid: "3ff2444f005942fd84c962c6c3a5b917" committed_config { opid_index: -1 OBSOLETE_local: false peers { permanent_uuid: "fa996b8a718d4bf691102be53a6f9a9c" member_type: VOTER last_known_addr { host: "127.12.84.129" port: 37067 } health_report { overall_health: UNKNOWN } } peers { permanent_uuid: "3ff2444f005942fd84c962c6c3a5b917" member_type: VOTER last_known_addr { host: "127.12.84.130" port: 37719 } health_report { overall_health: HEALTHY } } peers { permanent_uuid: "a92f47b3ff2544a887131f101a89f958" member_type: VOTER last_known_addr { host: "127.12.84.131" port: 45443 } health_report { overall_health: UNKNOWN } } }
I20260608 12:42:54.615032 13492 tablet_bootstrap.cc:492] T c1b68728a74d4722b2c3af19a6f2aefd P a92f47b3ff2544a887131f101a89f958: No bootstrap required, opened a new log
I20260608 12:42:54.614902 13526 raft_consensus.cc:2804] T ec79feb9345f43eba90faad0e30f8c7a P 3ff2444f005942fd84c962c6c3a5b917 [term 0 FOLLOWER]: Leader pre-election won for term 1
I20260608 12:42:54.615485 13526 raft_consensus.cc:493] T ec79feb9345f43eba90faad0e30f8c7a P 3ff2444f005942fd84c962c6c3a5b917 [term 0 FOLLOWER]: Starting leader election (no leader contacted us within the election timeout)
I20260608 12:42:54.615597 13492 ts_tablet_manager.cc:1403] T c1b68728a74d4722b2c3af19a6f2aefd P a92f47b3ff2544a887131f101a89f958: Time spent bootstrapping tablet: real 0.060s	user 0.027s	sys 0.029s
I20260608 12:42:54.615927 13526 raft_consensus.cc:3060] T ec79feb9345f43eba90faad0e30f8c7a P 3ff2444f005942fd84c962c6c3a5b917 [term 0 FOLLOWER]: Advancing to term 1
I20260608 12:42:54.607838 13506 consensus_queue.cc:237] T 8c63f650d1ad4f799f832c91cd9ac1de P 3ff2444f005942fd84c962c6c3a5b917 [LEADER]: Queue going to LEADER mode. State: All replicated index: 0, Majority replicated index: 0, Committed index: 0, Last appended: 0.0, Last appended by leader: 0, Current term: 1, Majority size: 2, State: 0, Mode: LEADER, active raft config: opid_index: -1 OBSOLETE_local: false peers { permanent_uuid: "fa996b8a718d4bf691102be53a6f9a9c" member_type: VOTER last_known_addr { host: "127.12.84.129" port: 37067 } } peers { permanent_uuid: "3ff2444f005942fd84c962c6c3a5b917" member_type: VOTER last_known_addr { host: "127.12.84.130" port: 37719 } } peers { permanent_uuid: "a92f47b3ff2544a887131f101a89f958" member_type: VOTER last_known_addr { host: "127.12.84.131" port: 45443 } }
I20260608 12:42:54.617915 13520 raft_consensus.cc:515] T c1b68728a74d4722b2c3af19a6f2aefd P 3ff2444f005942fd84c962c6c3a5b917 [term 1 FOLLOWER]: Starting leader election with config: opid_index: -1 OBSOLETE_local: false peers { permanent_uuid: "fa996b8a718d4bf691102be53a6f9a9c" member_type: VOTER last_known_addr { host: "127.12.84.129" port: 37067 } } peers { permanent_uuid: "3ff2444f005942fd84c962c6c3a5b917" member_type: VOTER last_known_addr { host: "127.12.84.130" port: 37719 } } peers { permanent_uuid: "a92f47b3ff2544a887131f101a89f958" member_type: VOTER last_known_addr { host: "127.12.84.131" port: 45443 } }
I20260608 12:42:54.620350 13492 raft_consensus.cc:359] T c1b68728a74d4722b2c3af19a6f2aefd P a92f47b3ff2544a887131f101a89f958 [term 0 FOLLOWER]: Replica starting. Triggering 0 pending ops. Active config: opid_index: -1 OBSOLETE_local: false peers { permanent_uuid: "fa996b8a718d4bf691102be53a6f9a9c" member_type: VOTER last_known_addr { host: "127.12.84.129" port: 37067 } } peers { permanent_uuid: "3ff2444f005942fd84c962c6c3a5b917" member_type: VOTER last_known_addr { host: "127.12.84.130" port: 37719 } } peers { permanent_uuid: "a92f47b3ff2544a887131f101a89f958" member_type: VOTER last_known_addr { host: "127.12.84.131" port: 45443 } }
I20260608 12:42:54.622395 13527 raft_consensus.cc:515] T a5f35c71dc8744d98888cc9806e99da4 P 3ff2444f005942fd84c962c6c3a5b917 [term 1 FOLLOWER]: Starting leader election with config: opid_index: -1 OBSOLETE_local: false peers { permanent_uuid: "3ff2444f005942fd84c962c6c3a5b917" member_type: VOTER last_known_addr { host: "127.12.84.130" port: 37719 } } peers { permanent_uuid: "a92f47b3ff2544a887131f101a89f958" member_type: VOTER last_known_addr { host: "127.12.84.131" port: 45443 } } peers { permanent_uuid: "fa996b8a718d4bf691102be53a6f9a9c" member_type: VOTER last_known_addr { host: "127.12.84.129" port: 37067 } }
I20260608 12:42:54.622850 13492 raft_consensus.cc:385] T c1b68728a74d4722b2c3af19a6f2aefd P a92f47b3ff2544a887131f101a89f958 [term 0 FOLLOWER]: Consensus starting up: Expiring failure detector timer to make a prompt election more likely
I20260608 12:42:54.623845 13492 raft_consensus.cc:740] T c1b68728a74d4722b2c3af19a6f2aefd P a92f47b3ff2544a887131f101a89f958 [term 0 FOLLOWER]: Becoming Follower/Learner. State: Replica: a92f47b3ff2544a887131f101a89f958, State: Initialized, Role: FOLLOWER
I20260608 12:42:54.630007 13443 tablet_service.cc:1917] Received RequestConsensusVote() RPC: tablet_id: "a5f35c71dc8744d98888cc9806e99da4" candidate_uuid: "3ff2444f005942fd84c962c6c3a5b917" candidate_term: 1 candidate_status { last_received { term: 0 index: 0 } } ignore_live_leader: false dest_uuid: "a92f47b3ff2544a887131f101a89f958"
I20260608 12:42:54.630762 13443 raft_consensus.cc:3060] T a5f35c71dc8744d98888cc9806e99da4 P a92f47b3ff2544a887131f101a89f958 [term 0 FOLLOWER]: Advancing to term 1
I20260608 12:42:54.631804 13489 tablet_bootstrap.cc:492] T ffa76c3b343048c287b1350a84e56c36 P fa996b8a718d4bf691102be53a6f9a9c: No bootstrap required, opened a new log
I20260608 12:42:54.633109 13527 leader_election.cc:290] T a5f35c71dc8744d98888cc9806e99da4 P 3ff2444f005942fd84c962c6c3a5b917 [CANDIDATE]: Term 1 election: Requested vote from peers a92f47b3ff2544a887131f101a89f958 (127.12.84.131:45443), fa996b8a718d4bf691102be53a6f9a9c (127.12.84.129:37067)
I20260608 12:42:54.632779 13489 ts_tablet_manager.cc:1403] T ffa76c3b343048c287b1350a84e56c36 P fa996b8a718d4bf691102be53a6f9a9c: Time spent bootstrapping tablet: real 0.038s	user 0.007s	sys 0.012s
I20260608 12:42:54.633970 13293 tablet_service.cc:1917] Received RequestConsensusVote() RPC: tablet_id: "a5f35c71dc8744d98888cc9806e99da4" candidate_uuid: "3ff2444f005942fd84c962c6c3a5b917" candidate_term: 1 candidate_status { last_received { term: 0 index: 0 } } ignore_live_leader: false dest_uuid: "fa996b8a718d4bf691102be53a6f9a9c"
I20260608 12:42:54.634737 13293 raft_consensus.cc:3060] T a5f35c71dc8744d98888cc9806e99da4 P fa996b8a718d4bf691102be53a6f9a9c [term 0 FOLLOWER]: Advancing to term 1
I20260608 12:42:54.637413 13488 tablet_bootstrap.cc:492] T ffa76c3b343048c287b1350a84e56c36 P 3ff2444f005942fd84c962c6c3a5b917: No bootstrap required, opened a new log
I20260608 12:42:54.637944 13488 ts_tablet_manager.cc:1403] T ffa76c3b343048c287b1350a84e56c36 P 3ff2444f005942fd84c962c6c3a5b917: Time spent bootstrapping tablet: real 0.141s	user 0.016s	sys 0.015s
I20260608 12:42:54.638105 13294 tablet_service.cc:1917] Received RequestConsensusVote() RPC: tablet_id: "c1b68728a74d4722b2c3af19a6f2aefd" candidate_uuid: "3ff2444f005942fd84c962c6c3a5b917" candidate_term: 1 candidate_status { last_received { term: 0 index: 0 } } ignore_live_leader: false dest_uuid: "fa996b8a718d4bf691102be53a6f9a9c"
I20260608 12:42:54.639034 13294 raft_consensus.cc:3060] T c1b68728a74d4722b2c3af19a6f2aefd P fa996b8a718d4bf691102be53a6f9a9c [term 0 FOLLOWER]: Advancing to term 1
I20260608 12:42:54.639482 13442 tablet_service.cc:1917] Received RequestConsensusVote() RPC: tablet_id: "c1b68728a74d4722b2c3af19a6f2aefd" candidate_uuid: "3ff2444f005942fd84c962c6c3a5b917" candidate_term: 1 candidate_status { last_received { term: 0 index: 0 } } ignore_live_leader: false dest_uuid: "a92f47b3ff2544a887131f101a89f958"
I20260608 12:42:54.640267 13520 leader_election.cc:290] T c1b68728a74d4722b2c3af19a6f2aefd P 3ff2444f005942fd84c962c6c3a5b917 [CANDIDATE]: Term 1 election: Requested vote from peers fa996b8a718d4bf691102be53a6f9a9c (127.12.84.129:37067), a92f47b3ff2544a887131f101a89f958 (127.12.84.131:45443)
I20260608 12:42:54.642930 13488 raft_consensus.cc:359] T ffa76c3b343048c287b1350a84e56c36 P 3ff2444f005942fd84c962c6c3a5b917 [term 0 FOLLOWER]: Replica starting. Triggering 0 pending ops. Active config: opid_index: -1 OBSOLETE_local: false peers { permanent_uuid: "fa996b8a718d4bf691102be53a6f9a9c" member_type: VOTER last_known_addr { host: "127.12.84.129" port: 37067 } } peers { permanent_uuid: "3ff2444f005942fd84c962c6c3a5b917" member_type: VOTER last_known_addr { host: "127.12.84.130" port: 37719 } } peers { permanent_uuid: "a92f47b3ff2544a887131f101a89f958" member_type: VOTER last_known_addr { host: "127.12.84.131" port: 45443 } }
I20260608 12:42:54.643700 13488 raft_consensus.cc:385] T ffa76c3b343048c287b1350a84e56c36 P 3ff2444f005942fd84c962c6c3a5b917 [term 0 FOLLOWER]: Consensus starting up: Expiring failure detector timer to make a prompt election more likely
I20260608 12:42:54.644009 13488 raft_consensus.cc:740] T ffa76c3b343048c287b1350a84e56c36 P 3ff2444f005942fd84c962c6c3a5b917 [term 0 FOLLOWER]: Becoming Follower/Learner. State: Replica: 3ff2444f005942fd84c962c6c3a5b917, State: Initialized, Role: FOLLOWER
I20260608 12:42:54.643883 13492 consensus_queue.cc:260] T c1b68728a74d4722b2c3af19a6f2aefd P a92f47b3ff2544a887131f101a89f958 [NON_LEADER]: Queue going to NON_LEADER mode. State: All replicated index: 0, Majority replicated index: 0, Committed index: 0, Last appended: 0.0, Last appended by leader: 0, Current term: 0, Majority size: -1, State: 0, Mode: NON_LEADER, active raft config: opid_index: -1 OBSOLETE_local: false peers { permanent_uuid: "fa996b8a718d4bf691102be53a6f9a9c" member_type: VOTER last_known_addr { host: "127.12.84.129" port: 37067 } } peers { permanent_uuid: "3ff2444f005942fd84c962c6c3a5b917" member_type: VOTER last_known_addr { host: "127.12.84.130" port: 37719 } } peers { permanent_uuid: "a92f47b3ff2544a887131f101a89f958" member_type: VOTER last_known_addr { host: "127.12.84.131" port: 45443 } }
I20260608 12:42:54.644850 13294 raft_consensus.cc:2468] T c1b68728a74d4722b2c3af19a6f2aefd P fa996b8a718d4bf691102be53a6f9a9c [term 1 FOLLOWER]: Leader election vote request: Granting yes vote for candidate 3ff2444f005942fd84c962c6c3a5b917 in term 1.
I20260608 12:42:54.644941 13488 consensus_queue.cc:260] T ffa76c3b343048c287b1350a84e56c36 P 3ff2444f005942fd84c962c6c3a5b917 [NON_LEADER]: Queue going to NON_LEADER mode. State: All replicated index: 0, Majority replicated index: 0, Committed index: 0, Last appended: 0.0, Last appended by leader: 0, Current term: 0, Majority size: -1, State: 0, Mode: NON_LEADER, active raft config: opid_index: -1 OBSOLETE_local: false peers { permanent_uuid: "fa996b8a718d4bf691102be53a6f9a9c" member_type: VOTER last_known_addr { host: "127.12.84.129" port: 37067 } } peers { permanent_uuid: "3ff2444f005942fd84c962c6c3a5b917" member_type: VOTER last_known_addr { host: "127.12.84.130" port: 37719 } } peers { permanent_uuid: "a92f47b3ff2544a887131f101a89f958" member_type: VOTER last_known_addr { host: "127.12.84.131" port: 45443 } }
I20260608 12:42:54.645534 13293 raft_consensus.cc:2468] T a5f35c71dc8744d98888cc9806e99da4 P fa996b8a718d4bf691102be53a6f9a9c [term 1 FOLLOWER]: Leader election vote request: Granting yes vote for candidate 3ff2444f005942fd84c962c6c3a5b917 in term 1.
I20260608 12:42:54.647543 13442 raft_consensus.cc:3060] T c1b68728a74d4722b2c3af19a6f2aefd P a92f47b3ff2544a887131f101a89f958 [term 0 FOLLOWER]: Advancing to term 1
I20260608 12:42:54.647735 13334 leader_election.cc:304] T c1b68728a74d4722b2c3af19a6f2aefd P 3ff2444f005942fd84c962c6c3a5b917 [CANDIDATE]: Term 1 election: Election decided. Result: candidate won. Election summary: received 2 responses out of 3 voters: 2 yes votes; 0 no votes. yes voters: 3ff2444f005942fd84c962c6c3a5b917, fa996b8a718d4bf691102be53a6f9a9c; no voters: 
I20260608 12:42:54.645917 13526 raft_consensus.cc:515] T ec79feb9345f43eba90faad0e30f8c7a P 3ff2444f005942fd84c962c6c3a5b917 [term 1 FOLLOWER]: Starting leader election with config: opid_index: -1 OBSOLETE_local: false peers { permanent_uuid: "fa996b8a718d4bf691102be53a6f9a9c" member_type: VOTER last_known_addr { host: "127.12.84.129" port: 37067 } } peers { permanent_uuid: "3ff2444f005942fd84c962c6c3a5b917" member_type: VOTER last_known_addr { host: "127.12.84.130" port: 37719 } } peers { permanent_uuid: "a92f47b3ff2544a887131f101a89f958" member_type: VOTER last_known_addr { host: "127.12.84.131" port: 45443 } }
I20260608 12:42:54.653766 13441 tablet_service.cc:1917] Received RequestConsensusVote() RPC: tablet_id: "ec79feb9345f43eba90faad0e30f8c7a" candidate_uuid: "3ff2444f005942fd84c962c6c3a5b917" candidate_term: 1 candidate_status { last_received { term: 0 index: 0 } } ignore_live_leader: false dest_uuid: "a92f47b3ff2544a887131f101a89f958"
W20260608 12:42:54.655930 13333 leader_election.cc:343] T ec79feb9345f43eba90faad0e30f8c7a P 3ff2444f005942fd84c962c6c3a5b917 [CANDIDATE]: Term 1 election: Tablet error from VoteRequest() call to peer a92f47b3ff2544a887131f101a89f958 (127.12.84.131:45443): Illegal state: must be running to vote when last-logged opid is not known
I20260608 12:42:54.655918 13492 ts_tablet_manager.cc:1434] T c1b68728a74d4722b2c3af19a6f2aefd P a92f47b3ff2544a887131f101a89f958: Time spent starting tablet: real 0.040s	user 0.008s	sys 0.000s
I20260608 12:42:54.653357 13334 leader_election.cc:304] T a5f35c71dc8744d98888cc9806e99da4 P 3ff2444f005942fd84c962c6c3a5b917 [CANDIDATE]: Term 1 election: Election decided. Result: candidate won. Election summary: received 2 responses out of 3 voters: 2 yes votes; 0 no votes. yes voters: 3ff2444f005942fd84c962c6c3a5b917, fa996b8a718d4bf691102be53a6f9a9c; no voters: 
I20260608 12:42:54.659157 13442 raft_consensus.cc:2468] T c1b68728a74d4722b2c3af19a6f2aefd P a92f47b3ff2544a887131f101a89f958 [term 1 FOLLOWER]: Leader election vote request: Granting yes vote for candidate 3ff2444f005942fd84c962c6c3a5b917 in term 1.
I20260608 12:42:54.654261 13526 leader_election.cc:290] T ec79feb9345f43eba90faad0e30f8c7a P 3ff2444f005942fd84c962c6c3a5b917 [CANDIDATE]: Term 1 election: Requested vote from peers fa996b8a718d4bf691102be53a6f9a9c (127.12.84.129:37067), a92f47b3ff2544a887131f101a89f958 (127.12.84.131:45443)
I20260608 12:42:54.659744 13520 raft_consensus.cc:2804] T c1b68728a74d4722b2c3af19a6f2aefd P 3ff2444f005942fd84c962c6c3a5b917 [term 1 FOLLOWER]: Leader election won for term 1
I20260608 12:42:54.661813 13488 ts_tablet_manager.cc:1434] T ffa76c3b343048c287b1350a84e56c36 P 3ff2444f005942fd84c962c6c3a5b917: Time spent starting tablet: real 0.024s	user 0.003s	sys 0.004s
I20260608 12:42:54.661881 13293 tablet_service.cc:1917] Received RequestConsensusVote() RPC: tablet_id: "ec79feb9345f43eba90faad0e30f8c7a" candidate_uuid: "3ff2444f005942fd84c962c6c3a5b917" candidate_term: 1 candidate_status { last_received { term: 0 index: 0 } } ignore_live_leader: false dest_uuid: "fa996b8a718d4bf691102be53a6f9a9c"
I20260608 12:42:54.667794 13520 raft_consensus.cc:697] T c1b68728a74d4722b2c3af19a6f2aefd P 3ff2444f005942fd84c962c6c3a5b917 [term 1 LEADER]: Becoming Leader. State: Replica: 3ff2444f005942fd84c962c6c3a5b917, State: Running, Role: LEADER
I20260608 12:42:54.668231 13488 tablet_bootstrap.cc:492] T 4ff55d3a4ee3425a9c8b94468b4ee360 P 3ff2444f005942fd84c962c6c3a5b917: Bootstrap starting.
I20260608 12:42:54.662283 13527 raft_consensus.cc:2804] T a5f35c71dc8744d98888cc9806e99da4 P 3ff2444f005942fd84c962c6c3a5b917 [term 1 FOLLOWER]: Leader election won for term 1
I20260608 12:42:54.669021 13527 raft_consensus.cc:697] T a5f35c71dc8744d98888cc9806e99da4 P 3ff2444f005942fd84c962c6c3a5b917 [term 1 LEADER]: Becoming Leader. State: Replica: 3ff2444f005942fd84c962c6c3a5b917, State: Running, Role: LEADER
I20260608 12:42:54.668953 13520 consensus_queue.cc:237] T c1b68728a74d4722b2c3af19a6f2aefd P 3ff2444f005942fd84c962c6c3a5b917 [LEADER]: Queue going to LEADER mode. State: All replicated index: 0, Majority replicated index: 0, Committed index: 0, Last appended: 0.0, Last appended by leader: 0, Current term: 1, Majority size: 2, State: 0, Mode: LEADER, active raft config: opid_index: -1 OBSOLETE_local: false peers { permanent_uuid: "fa996b8a718d4bf691102be53a6f9a9c" member_type: VOTER last_known_addr { host: "127.12.84.129" port: 37067 } } peers { permanent_uuid: "3ff2444f005942fd84c962c6c3a5b917" member_type: VOTER last_known_addr { host: "127.12.84.130" port: 37719 } } peers { permanent_uuid: "a92f47b3ff2544a887131f101a89f958" member_type: VOTER last_known_addr { host: "127.12.84.131" port: 45443 } }
I20260608 12:42:54.667842 13293 raft_consensus.cc:3060] T ec79feb9345f43eba90faad0e30f8c7a P fa996b8a718d4bf691102be53a6f9a9c [term 0 FOLLOWER]: Advancing to term 1
I20260608 12:42:54.675748 13488 tablet_bootstrap.cc:654] T 4ff55d3a4ee3425a9c8b94468b4ee360 P 3ff2444f005942fd84c962c6c3a5b917: Neither blocks nor log segments found. Creating new log.
I20260608 12:42:54.670282 13527 consensus_queue.cc:237] T a5f35c71dc8744d98888cc9806e99da4 P 3ff2444f005942fd84c962c6c3a5b917 [LEADER]: Queue going to LEADER mode. State: All replicated index: 0, Majority replicated index: 0, Committed index: 0, Last appended: 0.0, Last appended by leader: 0, Current term: 1, Majority size: 2, State: 0, Mode: LEADER, active raft config: opid_index: -1 OBSOLETE_local: false peers { permanent_uuid: "3ff2444f005942fd84c962c6c3a5b917" member_type: VOTER last_known_addr { host: "127.12.84.130" port: 37719 } } peers { permanent_uuid: "a92f47b3ff2544a887131f101a89f958" member_type: VOTER last_known_addr { host: "127.12.84.131" port: 45443 } } peers { permanent_uuid: "fa996b8a718d4bf691102be53a6f9a9c" member_type: VOTER last_known_addr { host: "127.12.84.129" port: 37067 } }
I20260608 12:42:54.664420 13443 raft_consensus.cc:2468] T a5f35c71dc8744d98888cc9806e99da4 P a92f47b3ff2544a887131f101a89f958 [term 1 FOLLOWER]: Leader election vote request: Granting yes vote for candidate 3ff2444f005942fd84c962c6c3a5b917 in term 1.
I20260608 12:42:54.660598 13492 tablet_bootstrap.cc:492] T ec79feb9345f43eba90faad0e30f8c7a P a92f47b3ff2544a887131f101a89f958: Bootstrap starting.
I20260608 12:42:54.688949 13492 tablet_bootstrap.cc:654] T ec79feb9345f43eba90faad0e30f8c7a P a92f47b3ff2544a887131f101a89f958: Neither blocks nor log segments found. Creating new log.
I20260608 12:42:54.690287 13488 tablet_bootstrap.cc:492] T 4ff55d3a4ee3425a9c8b94468b4ee360 P 3ff2444f005942fd84c962c6c3a5b917: No bootstrap required, opened a new log
I20260608 12:42:54.690726 13488 ts_tablet_manager.cc:1403] T 4ff55d3a4ee3425a9c8b94468b4ee360 P 3ff2444f005942fd84c962c6c3a5b917: Time spent bootstrapping tablet: real 0.023s	user 0.012s	sys 0.008s
I20260608 12:42:54.663599 13489 raft_consensus.cc:359] T ffa76c3b343048c287b1350a84e56c36 P fa996b8a718d4bf691102be53a6f9a9c [term 0 FOLLOWER]: Replica starting. Triggering 0 pending ops. Active config: opid_index: -1 OBSOLETE_local: false peers { permanent_uuid: "fa996b8a718d4bf691102be53a6f9a9c" member_type: VOTER last_known_addr { host: "127.12.84.129" port: 37067 } } peers { permanent_uuid: "3ff2444f005942fd84c962c6c3a5b917" member_type: VOTER last_known_addr { host: "127.12.84.130" port: 37719 } } peers { permanent_uuid: "a92f47b3ff2544a887131f101a89f958" member_type: VOTER last_known_addr { host: "127.12.84.131" port: 45443 } }
I20260608 12:42:54.692435 13489 raft_consensus.cc:385] T ffa76c3b343048c287b1350a84e56c36 P fa996b8a718d4bf691102be53a6f9a9c [term 0 FOLLOWER]: Consensus starting up: Expiring failure detector timer to make a prompt election more likely
I20260608 12:42:54.692718 13489 raft_consensus.cc:740] T ffa76c3b343048c287b1350a84e56c36 P fa996b8a718d4bf691102be53a6f9a9c [term 0 FOLLOWER]: Becoming Follower/Learner. State: Replica: fa996b8a718d4bf691102be53a6f9a9c, State: Initialized, Role: FOLLOWER
I20260608 12:42:54.692932 13488 raft_consensus.cc:359] T 4ff55d3a4ee3425a9c8b94468b4ee360 P 3ff2444f005942fd84c962c6c3a5b917 [term 0 FOLLOWER]: Replica starting. Triggering 0 pending ops. Active config: opid_index: -1 OBSOLETE_local: false peers { permanent_uuid: "fa996b8a718d4bf691102be53a6f9a9c" member_type: VOTER last_known_addr { host: "127.12.84.129" port: 37067 } } peers { permanent_uuid: "3ff2444f005942fd84c962c6c3a5b917" member_type: VOTER last_known_addr { host: "127.12.84.130" port: 37719 } } peers { permanent_uuid: "a92f47b3ff2544a887131f101a89f958" member_type: VOTER last_known_addr { host: "127.12.84.131" port: 45443 } }
I20260608 12:42:54.693478 13488 raft_consensus.cc:385] T 4ff55d3a4ee3425a9c8b94468b4ee360 P 3ff2444f005942fd84c962c6c3a5b917 [term 0 FOLLOWER]: Consensus starting up: Expiring failure detector timer to make a prompt election more likely
I20260608 12:42:54.693696 13488 raft_consensus.cc:740] T 4ff55d3a4ee3425a9c8b94468b4ee360 P 3ff2444f005942fd84c962c6c3a5b917 [term 0 FOLLOWER]: Becoming Follower/Learner. State: Replica: 3ff2444f005942fd84c962c6c3a5b917, State: Initialized, Role: FOLLOWER
I20260608 12:42:54.694382 13488 consensus_queue.cc:260] T 4ff55d3a4ee3425a9c8b94468b4ee360 P 3ff2444f005942fd84c962c6c3a5b917 [NON_LEADER]: Queue going to NON_LEADER mode. State: All replicated index: 0, Majority replicated index: 0, Committed index: 0, Last appended: 0.0, Last appended by leader: 0, Current term: 0, Majority size: -1, State: 0, Mode: NON_LEADER, active raft config: opid_index: -1 OBSOLETE_local: false peers { permanent_uuid: "fa996b8a718d4bf691102be53a6f9a9c" member_type: VOTER last_known_addr { host: "127.12.84.129" port: 37067 } } peers { permanent_uuid: "3ff2444f005942fd84c962c6c3a5b917" member_type: VOTER last_known_addr { host: "127.12.84.130" port: 37719 } } peers { permanent_uuid: "a92f47b3ff2544a887131f101a89f958" member_type: VOTER last_known_addr { host: "127.12.84.131" port: 45443 } }
I20260608 12:42:54.694761 13293 raft_consensus.cc:2468] T ec79feb9345f43eba90faad0e30f8c7a P fa996b8a718d4bf691102be53a6f9a9c [term 1 FOLLOWER]: Leader election vote request: Granting yes vote for candidate 3ff2444f005942fd84c962c6c3a5b917 in term 1.
I20260608 12:42:54.695849 13489 consensus_queue.cc:260] T ffa76c3b343048c287b1350a84e56c36 P fa996b8a718d4bf691102be53a6f9a9c [NON_LEADER]: Queue going to NON_LEADER mode. State: All replicated index: 0, Majority replicated index: 0, Committed index: 0, Last appended: 0.0, Last appended by leader: 0, Current term: 0, Majority size: -1, State: 0, Mode: NON_LEADER, active raft config: opid_index: -1 OBSOLETE_local: false peers { permanent_uuid: "fa996b8a718d4bf691102be53a6f9a9c" member_type: VOTER last_known_addr { host: "127.12.84.129" port: 37067 } } peers { permanent_uuid: "3ff2444f005942fd84c962c6c3a5b917" member_type: VOTER last_known_addr { host: "127.12.84.130" port: 37719 } } peers { permanent_uuid: "a92f47b3ff2544a887131f101a89f958" member_type: VOTER last_known_addr { host: "127.12.84.131" port: 45443 } }
I20260608 12:42:54.696656 13488 ts_tablet_manager.cc:1434] T 4ff55d3a4ee3425a9c8b94468b4ee360 P 3ff2444f005942fd84c962c6c3a5b917: Time spent starting tablet: real 0.006s	user 0.004s	sys 0.000s
I20260608 12:42:54.696404 13334 leader_election.cc:304] T ec79feb9345f43eba90faad0e30f8c7a P 3ff2444f005942fd84c962c6c3a5b917 [CANDIDATE]: Term 1 election: Election decided. Result: candidate won. Election summary: received 3 responses out of 3 voters: 2 yes votes; 1 no votes. yes voters: 3ff2444f005942fd84c962c6c3a5b917, fa996b8a718d4bf691102be53a6f9a9c; no voters: a92f47b3ff2544a887131f101a89f958
I20260608 12:42:54.697922 13520 raft_consensus.cc:2804] T ec79feb9345f43eba90faad0e30f8c7a P 3ff2444f005942fd84c962c6c3a5b917 [term 1 FOLLOWER]: Leader election won for term 1
I20260608 12:42:54.698381 13520 raft_consensus.cc:697] T ec79feb9345f43eba90faad0e30f8c7a P 3ff2444f005942fd84c962c6c3a5b917 [term 1 LEADER]: Becoming Leader. State: Replica: 3ff2444f005942fd84c962c6c3a5b917, State: Running, Role: LEADER
I20260608 12:42:54.699225 13520 consensus_queue.cc:237] T ec79feb9345f43eba90faad0e30f8c7a P 3ff2444f005942fd84c962c6c3a5b917 [LEADER]: Queue going to LEADER mode. State: All replicated index: 0, Majority replicated index: 0, Committed index: 0, Last appended: 0.0, Last appended by leader: 0, Current term: 1, Majority size: 2, State: 0, Mode: LEADER, active raft config: opid_index: -1 OBSOLETE_local: false peers { permanent_uuid: "fa996b8a718d4bf691102be53a6f9a9c" member_type: VOTER last_known_addr { host: "127.12.84.129" port: 37067 } } peers { permanent_uuid: "3ff2444f005942fd84c962c6c3a5b917" member_type: VOTER last_known_addr { host: "127.12.84.130" port: 37719 } } peers { permanent_uuid: "a92f47b3ff2544a887131f101a89f958" member_type: VOTER last_known_addr { host: "127.12.84.131" port: 45443 } }
I20260608 12:42:54.701560 13489 ts_tablet_manager.cc:1434] T ffa76c3b343048c287b1350a84e56c36 P fa996b8a718d4bf691102be53a6f9a9c: Time spent starting tablet: real 0.067s	user 0.007s	sys 0.000s
I20260608 12:42:54.702607 13489 tablet_bootstrap.cc:492] T 4ff55d3a4ee3425a9c8b94468b4ee360 P fa996b8a718d4bf691102be53a6f9a9c: Bootstrap starting.
I20260608 12:42:54.705566 13492 tablet_bootstrap.cc:492] T ec79feb9345f43eba90faad0e30f8c7a P a92f47b3ff2544a887131f101a89f958: No bootstrap required, opened a new log
