I20260608 12:44:16.454988 15919 consensus_queue.cc:1048] T 558e4209d2e840848a667f67e2e78811 P a887f2af078842cfb205c8aeeee8a7dd [LEADER]: Connected to new peer: Peer: permanent_uuid: "a321dc15763c4a1e909b74dba617ad3f" member_type: VOTER last_known_addr { host: "127.12.100.1" port: 42079 }, Status: LMP_MISMATCH, Last received: 0.0, Next index: 2, Last known committed idx: 1, Time since last communication: 0.000s
I20260608 12:44:16.466547 16157 tablet_copy_client.cc:806] T fd31cee1db3d4ef6b73ce9643206134c P 085a49fb22fb43d290a2bc38ea84c2a0: tablet copy: Starting download of 0 data blocks...
I20260608 12:44:16.467305 16157 tablet_copy_client.cc:670] T fd31cee1db3d4ef6b73ce9643206134c P 085a49fb22fb43d290a2bc38ea84c2a0: tablet copy: Starting download of 1 WAL segments...
I20260608 12:44:16.476706 15796 raft_consensus.cc:1275] T 2123c0a6866747019848b39c12a87f6d P a887f2af078842cfb205c8aeeee8a7dd [term 2 FOLLOWER]: Refusing update from remote peer a43b5d761f5c436f95544a2258a6aee6: Log matching property violated. Preceding OpId in replica: term: 1 index: 1. Preceding OpId from leader: term: 2 index: 2. (index mismatch)
I20260608 12:44:16.478513 16038 consensus_queue.cc:1048] T 2123c0a6866747019848b39c12a87f6d P a43b5d761f5c436f95544a2258a6aee6 [LEADER]: Connected to new peer: Peer: permanent_uuid: "a887f2af078842cfb205c8aeeee8a7dd" member_type: VOTER last_known_addr { host: "127.12.100.2" port: 42689 }, Status: LMP_MISMATCH, Last received: 0.0, Next index: 2, Last known committed idx: 1, Time since last communication: 0.000s
I20260608 12:44:16.483559 16154 tablet_copy_client.cc:323] T 74cff44aca0947bfbb255a66594bbe1e P 085a49fb22fb43d290a2bc38ea84c2a0: tablet copy: Beginning tablet copy session from remote peer at address 127.12.100.2:42689
I20260608 12:44:16.484191 16157 tablet_copy_client.cc:538] T fd31cee1db3d4ef6b73ce9643206134c P 085a49fb22fb43d290a2bc38ea84c2a0: tablet copy: Tablet Copy complete. Replacing tablet superblock.
I20260608 12:44:16.494053 15806 tablet_copy_service.cc:140] P a887f2af078842cfb205c8aeeee8a7dd: Received BeginTabletCopySession request for tablet 74cff44aca0947bfbb255a66594bbe1e from peer 085a49fb22fb43d290a2bc38ea84c2a0 ({username='slave'} at 127.0.0.1:48572)
I20260608 12:44:16.494643 15806 tablet_copy_service.cc:161] P a887f2af078842cfb205c8aeeee8a7dd: Beginning new tablet copy session on tablet 74cff44aca0947bfbb255a66594bbe1e from peer 085a49fb22fb43d290a2bc38ea84c2a0 at {username='slave'} at 127.0.0.1:48572: session id = 085a49fb22fb43d290a2bc38ea84c2a0-74cff44aca0947bfbb255a66594bbe1e
I20260608 12:44:16.503961 16157 tablet_bootstrap.cc:492] T fd31cee1db3d4ef6b73ce9643206134c P 085a49fb22fb43d290a2bc38ea84c2a0: Bootstrap starting.
I20260608 12:44:16.508175 15806 tablet_copy_source_session.cc:215] T 74cff44aca0947bfbb255a66594bbe1e P a887f2af078842cfb205c8aeeee8a7dd: Tablet Copy: opened 0 blocks and 1 log segments
I20260608 12:44:16.511456 16154 data_dirs.cc:400] Could only allocate 1 dirs of requested 3 for tablet 74cff44aca0947bfbb255a66594bbe1e. 1 dirs total, 0 dirs full, 0 dirs failed
I20260608 12:44:16.523150 15720 raft_consensus.cc:1275] T 2123c0a6866747019848b39c12a87f6d P a321dc15763c4a1e909b74dba617ad3f [term 2 FOLLOWER]: Refusing update from remote peer a43b5d761f5c436f95544a2258a6aee6: Log matching property violated. Preceding OpId in replica: term: 1 index: 1. Preceding OpId from leader: term: 2 index: 2. (index mismatch)
I20260608 12:44:16.525151 16123 consensus_queue.cc:1048] T 2123c0a6866747019848b39c12a87f6d P a43b5d761f5c436f95544a2258a6aee6 [LEADER]: Connected to new peer: Peer: permanent_uuid: "a321dc15763c4a1e909b74dba617ad3f" member_type: VOTER last_known_addr { host: "127.12.100.1" port: 42079 }, Status: LMP_MISMATCH, Last received: 0.0, Next index: 2, Last known committed idx: 1, Time since last communication: 0.000s
I20260608 12:44:16.543855 16168 ts_tablet_manager.cc:933] T 68878fe7bd444dcc8f880434fce50a45 P 085a49fb22fb43d290a2bc38ea84c2a0: Initiating tablet copy from peer a887f2af078842cfb205c8aeeee8a7dd (127.12.100.2:42689)
I20260608 12:44:16.554484 16168 tablet_copy_client.cc:323] T 68878fe7bd444dcc8f880434fce50a45 P 085a49fb22fb43d290a2bc38ea84c2a0: tablet copy: Beginning tablet copy session from remote peer at address 127.12.100.2:42689
I20260608 12:44:16.556867 15806 tablet_copy_service.cc:140] P a887f2af078842cfb205c8aeeee8a7dd: Received BeginTabletCopySession request for tablet 68878fe7bd444dcc8f880434fce50a45 from peer 085a49fb22fb43d290a2bc38ea84c2a0 ({username='slave'} at 127.0.0.1:48572)
I20260608 12:44:16.557498 15806 tablet_copy_service.cc:161] P a887f2af078842cfb205c8aeeee8a7dd: Beginning new tablet copy session on tablet 68878fe7bd444dcc8f880434fce50a45 from peer 085a49fb22fb43d290a2bc38ea84c2a0 at {username='slave'} at 127.0.0.1:48572: session id = 085a49fb22fb43d290a2bc38ea84c2a0-68878fe7bd444dcc8f880434fce50a45
I20260608 12:44:16.565984 15806 tablet_copy_source_session.cc:215] T 68878fe7bd444dcc8f880434fce50a45 P a887f2af078842cfb205c8aeeee8a7dd: Tablet Copy: opened 0 blocks and 1 log segments
I20260608 12:44:16.567287 16154 tablet_copy_client.cc:806] T 74cff44aca0947bfbb255a66594bbe1e P 085a49fb22fb43d290a2bc38ea84c2a0: tablet copy: Starting download of 0 data blocks...
I20260608 12:44:16.567842 16154 tablet_copy_client.cc:670] T 74cff44aca0947bfbb255a66594bbe1e P 085a49fb22fb43d290a2bc38ea84c2a0: tablet copy: Starting download of 1 WAL segments...
I20260608 12:44:16.570322 16168 data_dirs.cc:400] Could only allocate 1 dirs of requested 3 for tablet 68878fe7bd444dcc8f880434fce50a45. 1 dirs total, 0 dirs full, 0 dirs failed
I20260608 12:44:16.575142 16154 tablet_copy_client.cc:538] T 74cff44aca0947bfbb255a66594bbe1e P 085a49fb22fb43d290a2bc38ea84c2a0: tablet copy: Tablet Copy complete. Replacing tablet superblock.
I20260608 12:44:16.580130 16157 tablet_bootstrap.cc:492] T fd31cee1db3d4ef6b73ce9643206134c P 085a49fb22fb43d290a2bc38ea84c2a0: Bootstrap replayed 1/1 log segments. Stats: ops{read=2 overwritten=0 applied=2 ignored=0} inserts{seen=0 ignored=0} mutations{seen=0 ignored=0} orphaned_commits=0. Pending: 0 replicates
I20260608 12:44:16.581352 16157 tablet_bootstrap.cc:492] T fd31cee1db3d4ef6b73ce9643206134c P 085a49fb22fb43d290a2bc38ea84c2a0: Bootstrap complete.
I20260608 12:44:16.582089 16157 ts_tablet_manager.cc:1403] T fd31cee1db3d4ef6b73ce9643206134c P 085a49fb22fb43d290a2bc38ea84c2a0: Time spent bootstrapping tablet: real 0.078s	user 0.028s	sys 0.032s
I20260608 12:44:16.584429 16154 tablet_bootstrap.cc:492] T 74cff44aca0947bfbb255a66594bbe1e P 085a49fb22fb43d290a2bc38ea84c2a0: Bootstrap starting.
I20260608 12:44:16.585888 16168 tablet_copy_client.cc:806] T 68878fe7bd444dcc8f880434fce50a45 P 085a49fb22fb43d290a2bc38ea84c2a0: tablet copy: Starting download of 0 data blocks...
I20260608 12:44:16.586549 16168 tablet_copy_client.cc:670] T 68878fe7bd444dcc8f880434fce50a45 P 085a49fb22fb43d290a2bc38ea84c2a0: tablet copy: Starting download of 1 WAL segments...
I20260608 12:44:16.585688 16157 raft_consensus.cc:359] T fd31cee1db3d4ef6b73ce9643206134c P 085a49fb22fb43d290a2bc38ea84c2a0 [term 1 LEARNER]: Replica starting. Triggering 0 pending ops. Active config: opid_index: 2 OBSOLETE_local: false peers { permanent_uuid: "a321dc15763c4a1e909b74dba617ad3f" member_type: VOTER last_known_addr { host: "127.12.100.1" port: 42079 } attrs { replace: true } } peers { permanent_uuid: "a887f2af078842cfb205c8aeeee8a7dd" member_type: VOTER last_known_addr { host: "127.12.100.2" port: 42689 } } peers { permanent_uuid: "a43b5d761f5c436f95544a2258a6aee6" member_type: VOTER last_known_addr { host: "127.12.100.3" port: 46577 } } peers { permanent_uuid: "085a49fb22fb43d290a2bc38ea84c2a0" member_type: NON_VOTER last_known_addr { host: "127.12.100.4" port: 37603 } attrs { promote: true } }
I20260608 12:44:16.590456 16157 raft_consensus.cc:740] T fd31cee1db3d4ef6b73ce9643206134c P 085a49fb22fb43d290a2bc38ea84c2a0 [term 1 LEARNER]: Becoming Follower/Learner. State: Replica: 085a49fb22fb43d290a2bc38ea84c2a0, State: Initialized, Role: LEARNER
I20260608 12:44:16.590723 16168 tablet_copy_client.cc:538] T 68878fe7bd444dcc8f880434fce50a45 P 085a49fb22fb43d290a2bc38ea84c2a0: tablet copy: Tablet Copy complete. Replacing tablet superblock.
I20260608 12:44:16.591148 16157 consensus_queue.cc:260] T fd31cee1db3d4ef6b73ce9643206134c P 085a49fb22fb43d290a2bc38ea84c2a0 [NON_LEADER]: Queue going to NON_LEADER mode. State: All replicated index: 0, Majority replicated index: 0, Committed index: 2, Last appended: 1.2, Last appended by leader: 2, Current term: 0, Majority size: -1, State: 0, Mode: NON_LEADER, active raft config: opid_index: 2 OBSOLETE_local: false peers { permanent_uuid: "a321dc15763c4a1e909b74dba617ad3f" member_type: VOTER last_known_addr { host: "127.12.100.1" port: 42079 } attrs { replace: true } } peers { permanent_uuid: "a887f2af078842cfb205c8aeeee8a7dd" member_type: VOTER last_known_addr { host: "127.12.100.2" port: 42689 } } peers { permanent_uuid: "a43b5d761f5c436f95544a2258a6aee6" member_type: VOTER last_known_addr { host: "127.12.100.3" port: 46577 } } peers { permanent_uuid: "085a49fb22fb43d290a2bc38ea84c2a0" member_type: NON_VOTER last_known_addr { host: "127.12.100.4" port: 37603 } attrs { promote: true } }
I20260608 12:44:16.598280 16157 ts_tablet_manager.cc:1434] T fd31cee1db3d4ef6b73ce9643206134c P 085a49fb22fb43d290a2bc38ea84c2a0: Time spent starting tablet: real 0.016s	user 0.001s	sys 0.004s
I20260608 12:44:16.600199 15806 tablet_copy_service.cc:342] P a887f2af078842cfb205c8aeeee8a7dd: Request end of tablet copy session 085a49fb22fb43d290a2bc38ea84c2a0-fd31cee1db3d4ef6b73ce9643206134c received from {username='slave'} at 127.0.0.1:48572
I20260608 12:44:16.600642 15806 tablet_copy_service.cc:434] P a887f2af078842cfb205c8aeeee8a7dd: ending tablet copy session 085a49fb22fb43d290a2bc38ea84c2a0-fd31cee1db3d4ef6b73ce9643206134c on tablet fd31cee1db3d4ef6b73ce9643206134c with peer 085a49fb22fb43d290a2bc38ea84c2a0
I20260608 12:44:16.603271 16168 tablet_bootstrap.cc:492] T 68878fe7bd444dcc8f880434fce50a45 P 085a49fb22fb43d290a2bc38ea84c2a0: Bootstrap starting.
I20260608 12:44:16.610074 15720 raft_consensus.cc:1275] T 07dd8eef4a974f9bae805c1a8af4772f P a321dc15763c4a1e909b74dba617ad3f [term 2 FOLLOWER]: Refusing update from remote peer a43b5d761f5c436f95544a2258a6aee6: Log matching property violated. Preceding OpId in replica: term: 1 index: 1. Preceding OpId from leader: term: 2 index: 2. (index mismatch)
I20260608 12:44:16.611943 16123 consensus_queue.cc:1048] T 07dd8eef4a974f9bae805c1a8af4772f P a43b5d761f5c436f95544a2258a6aee6 [LEADER]: Connected to new peer: Peer: permanent_uuid: "a321dc15763c4a1e909b74dba617ad3f" member_type: VOTER last_known_addr { host: "127.12.100.1" port: 42079 }, Status: LMP_MISMATCH, Last received: 0.0, Next index: 2, Last known committed idx: 1, Time since last communication: 0.000s
I20260608 12:44:16.620468 16154 tablet_bootstrap.cc:492] T 74cff44aca0947bfbb255a66594bbe1e P 085a49fb22fb43d290a2bc38ea84c2a0: Bootstrap replayed 1/1 log segments. Stats: ops{read=2 overwritten=0 applied=2 ignored=0} inserts{seen=0 ignored=0} mutations{seen=0 ignored=0} orphaned_commits=0. Pending: 0 replicates
I20260608 12:44:16.622133 16154 tablet_bootstrap.cc:492] T 74cff44aca0947bfbb255a66594bbe1e P 085a49fb22fb43d290a2bc38ea84c2a0: Bootstrap complete.
I20260608 12:44:16.622822 16154 ts_tablet_manager.cc:1403] T 74cff44aca0947bfbb255a66594bbe1e P 085a49fb22fb43d290a2bc38ea84c2a0: Time spent bootstrapping tablet: real 0.039s	user 0.030s	sys 0.002s
I20260608 12:44:16.626394 16154 raft_consensus.cc:359] T 74cff44aca0947bfbb255a66594bbe1e P 085a49fb22fb43d290a2bc38ea84c2a0 [term 1 LEARNER]: Replica starting. Triggering 0 pending ops. Active config: opid_index: 2 OBSOLETE_local: false peers { permanent_uuid: "a887f2af078842cfb205c8aeeee8a7dd" member_type: VOTER last_known_addr { host: "127.12.100.2" port: 42689 } } peers { permanent_uuid: "a321dc15763c4a1e909b74dba617ad3f" member_type: VOTER last_known_addr { host: "127.12.100.1" port: 42079 } } peers { permanent_uuid: "a43b5d761f5c436f95544a2258a6aee6" member_type: VOTER last_known_addr { host: "127.12.100.3" port: 46577 } attrs { replace: true } } peers { permanent_uuid: "085a49fb22fb43d290a2bc38ea84c2a0" member_type: NON_VOTER last_known_addr { host: "127.12.100.4" port: 37603 } attrs { promote: true } }
I20260608 12:44:16.627247 16154 raft_consensus.cc:740] T 74cff44aca0947bfbb255a66594bbe1e P 085a49fb22fb43d290a2bc38ea84c2a0 [term 1 LEARNER]: Becoming Follower/Learner. State: Replica: 085a49fb22fb43d290a2bc38ea84c2a0, State: Initialized, Role: LEARNER
I20260608 12:44:16.627934 16154 consensus_queue.cc:260] T 74cff44aca0947bfbb255a66594bbe1e P 085a49fb22fb43d290a2bc38ea84c2a0 [NON_LEADER]: Queue going to NON_LEADER mode. State: All replicated index: 0, Majority replicated index: 0, Committed index: 2, Last appended: 1.2, Last appended by leader: 2, Current term: 0, Majority size: -1, State: 0, Mode: NON_LEADER, active raft config: opid_index: 2 OBSOLETE_local: false peers { permanent_uuid: "a887f2af078842cfb205c8aeeee8a7dd" member_type: VOTER last_known_addr { host: "127.12.100.2" port: 42689 } } peers { permanent_uuid: "a321dc15763c4a1e909b74dba617ad3f" member_type: VOTER last_known_addr { host: "127.12.100.1" port: 42079 } } peers { permanent_uuid: "a43b5d761f5c436f95544a2258a6aee6" member_type: VOTER last_known_addr { host: "127.12.100.3" port: 46577 } attrs { replace: true } } peers { permanent_uuid: "085a49fb22fb43d290a2bc38ea84c2a0" member_type: NON_VOTER last_known_addr { host: "127.12.100.4" port: 37603 } attrs { promote: true } }
I20260608 12:44:16.632486 16154 ts_tablet_manager.cc:1434] T 74cff44aca0947bfbb255a66594bbe1e P 085a49fb22fb43d290a2bc38ea84c2a0: Time spent starting tablet: real 0.009s	user 0.009s	sys 0.000s
I20260608 12:44:16.634853 15806 tablet_copy_service.cc:342] P a887f2af078842cfb205c8aeeee8a7dd: Request end of tablet copy session 085a49fb22fb43d290a2bc38ea84c2a0-74cff44aca0947bfbb255a66594bbe1e received from {username='slave'} at 127.0.0.1:48572
I20260608 12:44:16.635375 15806 tablet_copy_service.cc:434] P a887f2af078842cfb205c8aeeee8a7dd: ending tablet copy session 085a49fb22fb43d290a2bc38ea84c2a0-74cff44aca0947bfbb255a66594bbe1e on tablet 74cff44aca0947bfbb255a66594bbe1e with peer 085a49fb22fb43d290a2bc38ea84c2a0
I20260608 12:44:16.653642 15796 raft_consensus.cc:1275] T 07dd8eef4a974f9bae805c1a8af4772f P a887f2af078842cfb205c8aeeee8a7dd [term 2 FOLLOWER]: Refusing update from remote peer a43b5d761f5c436f95544a2258a6aee6: Log matching property violated. Preceding OpId in replica: term: 1 index: 1. Preceding OpId from leader: term: 2 index: 2. (index mismatch)
I20260608 12:44:16.654491 16168 tablet_bootstrap.cc:492] T 68878fe7bd444dcc8f880434fce50a45 P 085a49fb22fb43d290a2bc38ea84c2a0: Bootstrap replayed 1/1 log segments. Stats: ops{read=2 overwritten=0 applied=2 ignored=0} inserts{seen=0 ignored=0} mutations{seen=0 ignored=0} orphaned_commits=0. Pending: 0 replicates
I20260608 12:44:16.655454 16168 tablet_bootstrap.cc:492] T 68878fe7bd444dcc8f880434fce50a45 P 085a49fb22fb43d290a2bc38ea84c2a0: Bootstrap complete.
I20260608 12:44:16.655833 16038 consensus_queue.cc:1048] T 07dd8eef4a974f9bae805c1a8af4772f P a43b5d761f5c436f95544a2258a6aee6 [LEADER]: Connected to new peer: Peer: permanent_uuid: "a887f2af078842cfb205c8aeeee8a7dd" member_type: VOTER last_known_addr { host: "127.12.100.2" port: 42689 }, Status: LMP_MISMATCH, Last received: 0.0, Next index: 2, Last known committed idx: 1, Time since last communication: 0.000s
I20260608 12:44:16.656194 16168 ts_tablet_manager.cc:1403] T 68878fe7bd444dcc8f880434fce50a45 P 085a49fb22fb43d290a2bc38ea84c2a0: Time spent bootstrapping tablet: real 0.057s	user 0.024s	sys 0.024s
I20260608 12:44:16.665962 16168 raft_consensus.cc:359] T 68878fe7bd444dcc8f880434fce50a45 P 085a49fb22fb43d290a2bc38ea84c2a0 [term 1 LEARNER]: Replica starting. Triggering 0 pending ops. Active config: opid_index: 2 OBSOLETE_local: false peers { permanent_uuid: "a43b5d761f5c436f95544a2258a6aee6" member_type: VOTER last_known_addr { host: "127.12.100.3" port: 46577 } } peers { permanent_uuid: "a321dc15763c4a1e909b74dba617ad3f" member_type: VOTER last_known_addr { host: "127.12.100.1" port: 42079 } attrs { replace: true } } peers { permanent_uuid: "a887f2af078842cfb205c8aeeee8a7dd" member_type: VOTER last_known_addr { host: "127.12.100.2" port: 42689 } } peers { permanent_uuid: "085a49fb22fb43d290a2bc38ea84c2a0" member_type: NON_VOTER last_known_addr { host: "127.12.100.4" port: 37603 } attrs { promote: true } }
I20260608 12:44:16.666864 16168 raft_consensus.cc:740] T 68878fe7bd444dcc8f880434fce50a45 P 085a49fb22fb43d290a2bc38ea84c2a0 [term 1 LEARNER]: Becoming Follower/Learner. State: Replica: 085a49fb22fb43d290a2bc38ea84c2a0, State: Initialized, Role: LEARNER
I20260608 12:44:16.667547 16168 consensus_queue.cc:260] T 68878fe7bd444dcc8f880434fce50a45 P 085a49fb22fb43d290a2bc38ea84c2a0 [NON_LEADER]: Queue going to NON_LEADER mode. State: All replicated index: 0, Majority replicated index: 0, Committed index: 2, Last appended: 1.2, Last appended by leader: 2, Current term: 0, Majority size: -1, State: 0, Mode: NON_LEADER, active raft config: opid_index: 2 OBSOLETE_local: false peers { permanent_uuid: "a43b5d761f5c436f95544a2258a6aee6" member_type: VOTER last_known_addr { host: "127.12.100.3" port: 46577 } } peers { permanent_uuid: "a321dc15763c4a1e909b74dba617ad3f" member_type: VOTER last_known_addr { host: "127.12.100.1" port: 42079 } attrs { replace: true } } peers { permanent_uuid: "a887f2af078842cfb205c8aeeee8a7dd" member_type: VOTER last_known_addr { host: "127.12.100.2" port: 42689 } } peers { permanent_uuid: "085a49fb22fb43d290a2bc38ea84c2a0" member_type: NON_VOTER last_known_addr { host: "127.12.100.4" port: 37603 } attrs { promote: true } }
I20260608 12:44:16.672281 16168 ts_tablet_manager.cc:1434] T 68878fe7bd444dcc8f880434fce50a45 P 085a49fb22fb43d290a2bc38ea84c2a0: Time spent starting tablet: real 0.009s	user 0.007s	sys 0.000s
I20260608 12:44:16.675272 15806 tablet_copy_service.cc:342] P a887f2af078842cfb205c8aeeee8a7dd: Request end of tablet copy session 085a49fb22fb43d290a2bc38ea84c2a0-68878fe7bd444dcc8f880434fce50a45 received from {username='slave'} at 127.0.0.1:48572
I20260608 12:44:16.675756 15806 tablet_copy_service.cc:434] P a887f2af078842cfb205c8aeeee8a7dd: ending tablet copy session 085a49fb22fb43d290a2bc38ea84c2a0-68878fe7bd444dcc8f880434fce50a45 on tablet 68878fe7bd444dcc8f880434fce50a45 with peer 085a49fb22fb43d290a2bc38ea84c2a0
I20260608 12:44:16.764093 16024 raft_consensus.cc:1217] T 7391a3d05dbd4a48b0fa42799428c52f P 085a49fb22fb43d290a2bc38ea84c2a0 [term 1 LEARNER]: Deduplicated request from leader. Original: 1.1->[1.2-1.2]   Dedup: 1.2->[]
I20260608 12:44:16.812136 16024 raft_consensus.cc:1217] T fd31cee1db3d4ef6b73ce9643206134c P 085a49fb22fb43d290a2bc38ea84c2a0 [term 1 LEARNER]: Deduplicated request from leader. Original: 1.1->[1.2-1.2]   Dedup: 1.2->[]
I20260608 12:44:16.887984 15796 raft_consensus.cc:1275] T 7375ef7a2a3b4059b86b66c1b00091c1 P a887f2af078842cfb205c8aeeee8a7dd [term 2 FOLLOWER]: Refusing update from remote peer 085a49fb22fb43d290a2bc38ea84c2a0: Log matching property violated. Preceding OpId in replica: term: 1 index: 1. Preceding OpId from leader: term: 2 index: 2. (index mismatch)
I20260608 12:44:16.889370 16118 consensus_queue.cc:1048] T 7375ef7a2a3b4059b86b66c1b00091c1 P 085a49fb22fb43d290a2bc38ea84c2a0 [LEADER]: Connected to new peer: Peer: permanent_uuid: "a887f2af078842cfb205c8aeeee8a7dd" member_type: VOTER last_known_addr { host: "127.12.100.2" port: 42689 }, Status: LMP_MISMATCH, Last received: 0.0, Next index: 2, Last known committed idx: 1, Time since last communication: 0.000s
I20260608 12:44:16.902524 15720 raft_consensus.cc:1275] T 7375ef7a2a3b4059b86b66c1b00091c1 P a321dc15763c4a1e909b74dba617ad3f [term 2 FOLLOWER]: Refusing update from remote peer 085a49fb22fb43d290a2bc38ea84c2a0: Log matching property violated. Preceding OpId in replica: term: 1 index: 1. Preceding OpId from leader: term: 2 index: 2. (index mismatch)
I20260608 12:44:16.904388 16076 consensus_queue.cc:1048] T 7375ef7a2a3b4059b86b66c1b00091c1 P 085a49fb22fb43d290a2bc38ea84c2a0 [LEADER]: Connected to new peer: Peer: permanent_uuid: "a321dc15763c4a1e909b74dba617ad3f" member_type: VOTER last_known_addr { host: "127.12.100.1" port: 42079 }, Status: LMP_MISMATCH, Last received: 0.0, Next index: 2, Last known committed idx: 1, Time since last communication: 0.001s
I20260608 12:44:16.966691 16024 raft_consensus.cc:1217] T 74cff44aca0947bfbb255a66594bbe1e P 085a49fb22fb43d290a2bc38ea84c2a0 [term 1 LEARNER]: Deduplicated request from leader. Original: 1.1->[1.2-1.2]   Dedup: 1.2->[]
I20260608 12:44:17.051189 16024 raft_consensus.cc:1217] T 68878fe7bd444dcc8f880434fce50a45 P 085a49fb22fb43d290a2bc38ea84c2a0 [term 1 LEARNER]: Deduplicated request from leader. Original: 1.1->[1.2-1.2]   Dedup: 1.2->[]
I20260608 12:44:17.261137 15922 raft_consensus.cc:1064] T 7391a3d05dbd4a48b0fa42799428c52f P a321dc15763c4a1e909b74dba617ad3f: attempting to promote NON_VOTER 085a49fb22fb43d290a2bc38ea84c2a0 to VOTER
I20260608 12:44:17.263687 15922 consensus_queue.cc:237] T 7391a3d05dbd4a48b0fa42799428c52f P a321dc15763c4a1e909b74dba617ad3f [LEADER]: Queue going to LEADER mode. State: All replicated index: 0, Majority replicated index: 2, Committed index: 2, Last appended: 1.2, Last appended by leader: 0, Current term: 1, Majority size: 3, State: 0, Mode: LEADER, active raft config: opid_index: 3 OBSOLETE_local: false peers { permanent_uuid: "a321dc15763c4a1e909b74dba617ad3f" member_type: VOTER last_known_addr { host: "127.12.100.1" port: 42079 } } peers { permanent_uuid: "a887f2af078842cfb205c8aeeee8a7dd" member_type: VOTER last_known_addr { host: "127.12.100.2" port: 42689 } attrs { replace: true } } peers { permanent_uuid: "a43b5d761f5c436f95544a2258a6aee6" member_type: VOTER last_known_addr { host: "127.12.100.3" port: 46577 } } peers { permanent_uuid: "085a49fb22fb43d290a2bc38ea84c2a0" member_type: VOTER last_known_addr { host: "127.12.100.4" port: 37603 } attrs { promote: false } }
I20260608 12:44:17.270426 16024 raft_consensus.cc:1275] T 7391a3d05dbd4a48b0fa42799428c52f P 085a49fb22fb43d290a2bc38ea84c2a0 [term 1 LEARNER]: Refusing update from remote peer a321dc15763c4a1e909b74dba617ad3f: Log matching property violated. Preceding OpId in replica: term: 1 index: 2. Preceding OpId from leader: term: 1 index: 3. (index mismatch)
I20260608 12:44:17.270380 15868 raft_consensus.cc:1275] T 7391a3d05dbd4a48b0fa42799428c52f P a43b5d761f5c436f95544a2258a6aee6 [term 1 FOLLOWER]: Refusing update from remote peer a321dc15763c4a1e909b74dba617ad3f: Log matching property violated. Preceding OpId in replica: term: 1 index: 2. Preceding OpId from leader: term: 1 index: 3. (index mismatch)
I20260608 12:44:17.271546 15796 raft_consensus.cc:1275] T 7391a3d05dbd4a48b0fa42799428c52f P a887f2af078842cfb205c8aeeee8a7dd [term 1 FOLLOWER]: Refusing update from remote peer a321dc15763c4a1e909b74dba617ad3f: Log matching property violated. Preceding OpId in replica: term: 1 index: 2. Preceding OpId from leader: term: 1 index: 3. (index mismatch)
I20260608 12:44:17.272089 15950 consensus_queue.cc:1048] T 7391a3d05dbd4a48b0fa42799428c52f P a321dc15763c4a1e909b74dba617ad3f [LEADER]: Connected to new peer: Peer: permanent_uuid: "085a49fb22fb43d290a2bc38ea84c2a0" member_type: VOTER last_known_addr { host: "127.12.100.4" port: 37603 } attrs { promote: false }, Status: LMP_MISMATCH, Last received: 0.0, Next index: 3, Last known committed idx: 2, Time since last communication: 0.000s
I20260608 12:44:17.273097 15940 consensus_queue.cc:1048] T 7391a3d05dbd4a48b0fa42799428c52f P a321dc15763c4a1e909b74dba617ad3f [LEADER]: Connected to new peer: Peer: permanent_uuid: "a887f2af078842cfb205c8aeeee8a7dd" member_type: VOTER last_known_addr { host: "127.12.100.2" port: 42689 } attrs { replace: true }, Status: LMP_MISMATCH, Last received: 0.0, Next index: 3, Last known committed idx: 2, Time since last communication: 0.000s
I20260608 12:44:17.273813 15922 consensus_queue.cc:1048] T 7391a3d05dbd4a48b0fa42799428c52f P a321dc15763c4a1e909b74dba617ad3f [LEADER]: Connected to new peer: Peer: permanent_uuid: "a43b5d761f5c436f95544a2258a6aee6" member_type: VOTER last_known_addr { host: "127.12.100.3" port: 46577 }, Status: LMP_MISMATCH, Last received: 0.0, Next index: 3, Last known committed idx: 2, Time since last communication: 0.000s
I20260608 12:44:17.298159 15950 raft_consensus.cc:2955] T 7391a3d05dbd4a48b0fa42799428c52f P a321dc15763c4a1e909b74dba617ad3f [term 1 LEADER]: Committing config change with OpId 1.3: config changed from index 2 to 3, 085a49fb22fb43d290a2bc38ea84c2a0 (127.12.100.4) changed from NON_VOTER to VOTER. New config: { opid_index: 3 OBSOLETE_local: false peers { permanent_uuid: "a321dc15763c4a1e909b74dba617ad3f" member_type: VOTER last_known_addr { host: "127.12.100.1" port: 42079 } } peers { permanent_uuid: "a887f2af078842cfb205c8aeeee8a7dd" member_type: VOTER last_known_addr { host: "127.12.100.2" port: 42689 } attrs { replace: true } } peers { permanent_uuid: "a43b5d761f5c436f95544a2258a6aee6" member_type: VOTER last_known_addr { host: "127.12.100.3" port: 46577 } } peers { permanent_uuid: "085a49fb22fb43d290a2bc38ea84c2a0" member_type: VOTER last_known_addr { host: "127.12.100.4" port: 37603 } attrs { promote: false } } }
I20260608 12:44:17.299831 16024 raft_consensus.cc:2955] T 7391a3d05dbd4a48b0fa42799428c52f P 085a49fb22fb43d290a2bc38ea84c2a0 [term 1 FOLLOWER]: Committing config change with OpId 1.3: config changed from index 2 to 3, 085a49fb22fb43d290a2bc38ea84c2a0 (127.12.100.4) changed from NON_VOTER to VOTER. New config: { opid_index: 3 OBSOLETE_local: false peers { permanent_uuid: "a321dc15763c4a1e909b74dba617ad3f" member_type: VOTER last_known_addr { host: "127.12.100.1" port: 42079 } } peers { permanent_uuid: "a887f2af078842cfb205c8aeeee8a7dd" member_type: VOTER last_known_addr { host: "127.12.100.2" port: 42689 } attrs { replace: true } } peers { permanent_uuid: "a43b5d761f5c436f95544a2258a6aee6" member_type: VOTER last_known_addr { host: "127.12.100.3" port: 46577 } } peers { permanent_uuid: "085a49fb22fb43d290a2bc38ea84c2a0" member_type: VOTER last_known_addr { host: "127.12.100.4" port: 37603 } attrs { promote: false } } }
I20260608 12:44:17.301047 15796 raft_consensus.cc:2955] T 7391a3d05dbd4a48b0fa42799428c52f P a887f2af078842cfb205c8aeeee8a7dd [term 1 FOLLOWER]: Committing config change with OpId 1.3: config changed from index 2 to 3, 085a49fb22fb43d290a2bc38ea84c2a0 (127.12.100.4) changed from NON_VOTER to VOTER. New config: { opid_index: 3 OBSOLETE_local: false peers { permanent_uuid: "a321dc15763c4a1e909b74dba617ad3f" member_type: VOTER last_known_addr { host: "127.12.100.1" port: 42079 } } peers { permanent_uuid: "a887f2af078842cfb205c8aeeee8a7dd" member_type: VOTER last_known_addr { host: "127.12.100.2" port: 42689 } attrs { replace: true } } peers { permanent_uuid: "a43b5d761f5c436f95544a2258a6aee6" member_type: VOTER last_known_addr { host: "127.12.100.3" port: 46577 } } peers { permanent_uuid: "085a49fb22fb43d290a2bc38ea84c2a0" member_type: VOTER last_known_addr { host: "127.12.100.4" port: 37603 } attrs { promote: false } } }
I20260608 12:44:17.314993 15868 raft_consensus.cc:2955] T 7391a3d05dbd4a48b0fa42799428c52f P a43b5d761f5c436f95544a2258a6aee6 [term 1 FOLLOWER]: Committing config change with OpId 1.3: config changed from index 2 to 3, 085a49fb22fb43d290a2bc38ea84c2a0 (127.12.100.4) changed from NON_VOTER to VOTER. New config: { opid_index: 3 OBSOLETE_local: false peers { permanent_uuid: "a321dc15763c4a1e909b74dba617ad3f" member_type: VOTER last_known_addr { host: "127.12.100.1" port: 42079 } } peers { permanent_uuid: "a887f2af078842cfb205c8aeeee8a7dd" member_type: VOTER last_known_addr { host: "127.12.100.2" port: 42689 } attrs { replace: true } } peers { permanent_uuid: "a43b5d761f5c436f95544a2258a6aee6" member_type: VOTER last_known_addr { host: "127.12.100.3" port: 46577 } } peers { permanent_uuid: "085a49fb22fb43d290a2bc38ea84c2a0" member_type: VOTER last_known_addr { host: "127.12.100.4" port: 37603 } attrs { promote: false } } }
I20260608 12:44:17.315214 15619 catalog_manager.cc:5696] T 7391a3d05dbd4a48b0fa42799428c52f P a887f2af078842cfb205c8aeeee8a7dd reported cstate change: config changed from index 2 to 3, 085a49fb22fb43d290a2bc38ea84c2a0 (127.12.100.4) changed from NON_VOTER to VOTER. New cstate: current_term: 1 leader_uuid: "a321dc15763c4a1e909b74dba617ad3f" committed_config { opid_index: 3 OBSOLETE_local: false peers { permanent_uuid: "a321dc15763c4a1e909b74dba617ad3f" member_type: VOTER last_known_addr { host: "127.12.100.1" port: 42079 } } peers { permanent_uuid: "a887f2af078842cfb205c8aeeee8a7dd" member_type: VOTER last_known_addr { host: "127.12.100.2" port: 42689 } attrs { replace: true } } peers { permanent_uuid: "a43b5d761f5c436f95544a2258a6aee6" member_type: VOTER last_known_addr { host: "127.12.100.3" port: 46577 } } peers { permanent_uuid: "085a49fb22fb43d290a2bc38ea84c2a0" member_type: VOTER last_known_addr { host: "127.12.100.4" port: 37603 } attrs { promote: false } } }
I20260608 12:44:17.326305 15948 raft_consensus.cc:1064] T fd31cee1db3d4ef6b73ce9643206134c P a887f2af078842cfb205c8aeeee8a7dd: attempting to promote NON_VOTER 085a49fb22fb43d290a2bc38ea84c2a0 to VOTER
I20260608 12:44:17.328985 15948 consensus_queue.cc:237] T fd31cee1db3d4ef6b73ce9643206134c P a887f2af078842cfb205c8aeeee8a7dd [LEADER]: Queue going to LEADER mode. State: All replicated index: 0, Majority replicated index: 2, Committed index: 2, Last appended: 1.2, Last appended by leader: 0, Current term: 1, Majority size: 3, State: 0, Mode: LEADER, active raft config: opid_index: 3 OBSOLETE_local: false peers { permanent_uuid: "a321dc15763c4a1e909b74dba617ad3f" member_type: VOTER last_known_addr { host: "127.12.100.1" port: 42079 } attrs { replace: true } } peers { permanent_uuid: "a887f2af078842cfb205c8aeeee8a7dd" member_type: VOTER last_known_addr { host: "127.12.100.2" port: 42689 } } peers { permanent_uuid: "a43b5d761f5c436f95544a2258a6aee6" member_type: VOTER last_known_addr { host: "127.12.100.3" port: 46577 } } peers { permanent_uuid: "085a49fb22fb43d290a2bc38ea84c2a0" member_type: VOTER last_known_addr { host: "127.12.100.4" port: 37603 } attrs { promote: false } }
I20260608 12:44:17.336547 16024 raft_consensus.cc:1275] T fd31cee1db3d4ef6b73ce9643206134c P 085a49fb22fb43d290a2bc38ea84c2a0 [term 1 LEARNER]: Refusing update from remote peer a887f2af078842cfb205c8aeeee8a7dd: Log matching property violated. Preceding OpId in replica: term: 1 index: 2. Preceding OpId from leader: term: 1 index: 3. (index mismatch)
I20260608 12:44:17.337467 15868 raft_consensus.cc:1275] T fd31cee1db3d4ef6b73ce9643206134c P a43b5d761f5c436f95544a2258a6aee6 [term 1 FOLLOWER]: Refusing update from remote peer a887f2af078842cfb205c8aeeee8a7dd: Log matching property violated. Preceding OpId in replica: term: 1 index: 2. Preceding OpId from leader: term: 1 index: 3. (index mismatch)
I20260608 12:44:17.337566 15720 raft_consensus.cc:1275] T fd31cee1db3d4ef6b73ce9643206134c P a321dc15763c4a1e909b74dba617ad3f [term 1 FOLLOWER]: Refusing update from remote peer a887f2af078842cfb205c8aeeee8a7dd: Log matching property violated. Preceding OpId in replica: term: 1 index: 2. Preceding OpId from leader: term: 1 index: 3. (index mismatch)
I20260608 12:44:17.338915 15960 consensus_queue.cc:1048] T fd31cee1db3d4ef6b73ce9643206134c P a887f2af078842cfb205c8aeeee8a7dd [LEADER]: Connected to new peer: Peer: permanent_uuid: "085a49fb22fb43d290a2bc38ea84c2a0" member_type: VOTER last_known_addr { host: "127.12.100.4" port: 37603 } attrs { promote: false }, Status: LMP_MISMATCH, Last received: 0.0, Next index: 3, Last known committed idx: 2, Time since last communication: 0.000s
I20260608 12:44:17.342658 15919 consensus_queue.cc:1048] T fd31cee1db3d4ef6b73ce9643206134c P a887f2af078842cfb205c8aeeee8a7dd [LEADER]: Connected to new peer: Peer: permanent_uuid: "a43b5d761f5c436f95544a2258a6aee6" member_type: VOTER last_known_addr { host: "127.12.100.3" port: 46577 }, Status: LMP_MISMATCH, Last received: 0.0, Next index: 3, Last known committed idx: 2, Time since last communication: 0.000s
I20260608 12:44:17.344947 15919 consensus_queue.cc:1048] T fd31cee1db3d4ef6b73ce9643206134c P a887f2af078842cfb205c8aeeee8a7dd [LEADER]: Connected to new peer: Peer: permanent_uuid: "a321dc15763c4a1e909b74dba617ad3f" member_type: VOTER last_known_addr { host: "127.12.100.1" port: 42079 } attrs { replace: true }, Status: LMP_MISMATCH, Last received: 0.0, Next index: 3, Last known committed idx: 2, Time since last communication: 0.000s
I20260608 12:44:17.350455 15720 consensus_queue.cc:237] T 7391a3d05dbd4a48b0fa42799428c52f P a321dc15763c4a1e909b74dba617ad3f [LEADER]: Queue going to LEADER mode. State: All replicated index: 0, Majority replicated index: 3, Committed index: 3, Last appended: 1.3, Last appended by leader: 0, Current term: 1, Majority size: 2, State: 0, Mode: LEADER, active raft config: opid_index: 4 OBSOLETE_local: false peers { permanent_uuid: "a321dc15763c4a1e909b74dba617ad3f" member_type: VOTER last_known_addr { host: "127.12.100.1" port: 42079 } } peers { permanent_uuid: "a43b5d761f5c436f95544a2258a6aee6" member_type: VOTER last_known_addr { host: "127.12.100.3" port: 46577 } } peers { permanent_uuid: "085a49fb22fb43d290a2bc38ea84c2a0" member_type: VOTER last_known_addr { host: "127.12.100.4" port: 37603 } attrs { promote: false } }
I20260608 12:44:17.360091 16022 raft_consensus.cc:1275] T 7391a3d05dbd4a48b0fa42799428c52f P 085a49fb22fb43d290a2bc38ea84c2a0 [term 1 FOLLOWER]: Refusing update from remote peer a321dc15763c4a1e909b74dba617ad3f: Log matching property violated. Preceding OpId in replica: term: 1 index: 3. Preceding OpId from leader: term: 1 index: 4. (index mismatch)
I20260608 12:44:17.361706 15950 consensus_queue.cc:1048] T 7391a3d05dbd4a48b0fa42799428c52f P a321dc15763c4a1e909b74dba617ad3f [LEADER]: Connected to new peer: Peer: permanent_uuid: "085a49fb22fb43d290a2bc38ea84c2a0" member_type: VOTER last_known_addr { host: "127.12.100.4" port: 37603 } attrs { promote: false }, Status: LMP_MISMATCH, Last received: 0.0, Next index: 4, Last known committed idx: 3, Time since last communication: 0.000s
I20260608 12:44:17.362253 15869 raft_consensus.cc:1275] T 7391a3d05dbd4a48b0fa42799428c52f P a43b5d761f5c436f95544a2258a6aee6 [term 1 FOLLOWER]: Refusing update from remote peer a321dc15763c4a1e909b74dba617ad3f: Log matching property violated. Preceding OpId in replica: term: 1 index: 3. Preceding OpId from leader: term: 1 index: 4. (index mismatch)
I20260608 12:44:17.366876 15950 consensus_queue.cc:1048] T 7391a3d05dbd4a48b0fa42799428c52f P a321dc15763c4a1e909b74dba617ad3f [LEADER]: Connected to new peer: Peer: permanent_uuid: "a43b5d761f5c436f95544a2258a6aee6" member_type: VOTER last_known_addr { host: "127.12.100.3" port: 46577 }, Status: LMP_MISMATCH, Last received: 0.0, Next index: 4, Last known committed idx: 3, Time since last communication: 0.000s
I20260608 12:44:17.370009 15922 raft_consensus.cc:2955] T 7391a3d05dbd4a48b0fa42799428c52f P a321dc15763c4a1e909b74dba617ad3f [term 1 LEADER]: Committing config change with OpId 1.4: config changed from index 3 to 4, VOTER a887f2af078842cfb205c8aeeee8a7dd (127.12.100.2) evicted. New config: { opid_index: 4 OBSOLETE_local: false peers { permanent_uuid: "a321dc15763c4a1e909b74dba617ad3f" member_type: VOTER last_known_addr { host: "127.12.100.1" port: 42079 } } peers { permanent_uuid: "a43b5d761f5c436f95544a2258a6aee6" member_type: VOTER last_known_addr { host: "127.12.100.3" port: 46577 } } peers { permanent_uuid: "085a49fb22fb43d290a2bc38ea84c2a0" member_type: VOTER last_known_addr { host: "127.12.100.4" port: 37603 } attrs { promote: false } } }
I20260608 12:44:17.376844 15869 raft_consensus.cc:2955] T 7391a3d05dbd4a48b0fa42799428c52f P a43b5d761f5c436f95544a2258a6aee6 [term 1 FOLLOWER]: Committing config change with OpId 1.4: config changed from index 3 to 4, VOTER a887f2af078842cfb205c8aeeee8a7dd (127.12.100.2) evicted. New config: { opid_index: 4 OBSOLETE_local: false peers { permanent_uuid: "a321dc15763c4a1e909b74dba617ad3f" member_type: VOTER last_known_addr { host: "127.12.100.1" port: 42079 } } peers { permanent_uuid: "a43b5d761f5c436f95544a2258a6aee6" member_type: VOTER last_known_addr { host: "127.12.100.3" port: 46577 } } peers { permanent_uuid: "085a49fb22fb43d290a2bc38ea84c2a0" member_type: VOTER last_known_addr { host: "127.12.100.4" port: 37603 } attrs { promote: false } } }
I20260608 12:44:17.377689 15919 raft_consensus.cc:2955] T fd31cee1db3d4ef6b73ce9643206134c P a887f2af078842cfb205c8aeeee8a7dd [term 1 LEADER]: Committing config change with OpId 1.3: config changed from index 2 to 3, 085a49fb22fb43d290a2bc38ea84c2a0 (127.12.100.4) changed from NON_VOTER to VOTER. New config: { opid_index: 3 OBSOLETE_local: false peers { permanent_uuid: "a321dc15763c4a1e909b74dba617ad3f" member_type: VOTER last_known_addr { host: "127.12.100.1" port: 42079 } attrs { replace: true } } peers { permanent_uuid: "a887f2af078842cfb205c8aeeee8a7dd" member_type: VOTER last_known_addr { host: "127.12.100.2" port: 42689 } } peers { permanent_uuid: "a43b5d761f5c436f95544a2258a6aee6" member_type: VOTER last_known_addr { host: "127.12.100.3" port: 46577 } } peers { permanent_uuid: "085a49fb22fb43d290a2bc38ea84c2a0" member_type: VOTER last_known_addr { host: "127.12.100.4" port: 37603 } attrs { promote: false } } }
I20260608 12:44:17.380833 16022 raft_consensus.cc:2955] T 7391a3d05dbd4a48b0fa42799428c52f P 085a49fb22fb43d290a2bc38ea84c2a0 [term 1 FOLLOWER]: Committing config change with OpId 1.4: config changed from index 3 to 4, VOTER a887f2af078842cfb205c8aeeee8a7dd (127.12.100.2) evicted. New config: { opid_index: 4 OBSOLETE_local: false peers { permanent_uuid: "a321dc15763c4a1e909b74dba617ad3f" member_type: VOTER last_known_addr { host: "127.12.100.1" port: 42079 } } peers { permanent_uuid: "a43b5d761f5c436f95544a2258a6aee6" member_type: VOTER last_known_addr { host: "127.12.100.3" port: 46577 } } peers { permanent_uuid: "085a49fb22fb43d290a2bc38ea84c2a0" member_type: VOTER last_known_addr { host: "127.12.100.4" port: 37603 } attrs { promote: false } } }
I20260608 12:44:17.382018 15605 catalog_manager.cc:5209] ChangeConfig:REMOVE_PEER RPC for tablet 7391a3d05dbd4a48b0fa42799428c52f with cas_config_opid_index 3: ChangeConfig:REMOVE_PEER succeeded (attempt 1)
I20260608 12:44:17.387966 15617 catalog_manager.cc:5696] T 7391a3d05dbd4a48b0fa42799428c52f P a321dc15763c4a1e909b74dba617ad3f reported cstate change: config changed from index 3 to 4, VOTER a887f2af078842cfb205c8aeeee8a7dd (127.12.100.2) evicted. New cstate: current_term: 1 leader_uuid: "a321dc15763c4a1e909b74dba617ad3f" committed_config { opid_index: 4 OBSOLETE_local: false peers { permanent_uuid: "a321dc15763c4a1e909b74dba617ad3f" member_type: VOTER last_known_addr { host: "127.12.100.1" port: 42079 } health_report { overall_health: HEALTHY } } peers { permanent_uuid: "a43b5d761f5c436f95544a2258a6aee6" member_type: VOTER last_known_addr { host: "127.12.100.3" port: 46577 } health_report { overall_health: HEALTHY } } peers { permanent_uuid: "085a49fb22fb43d290a2bc38ea84c2a0" member_type: VOTER last_known_addr { host: "127.12.100.4" port: 37603 } attrs { promote: false } health_report { overall_health: HEALTHY } } }
I20260608 12:44:17.391738 15869 raft_consensus.cc:2955] T fd31cee1db3d4ef6b73ce9643206134c P a43b5d761f5c436f95544a2258a6aee6 [term 1 FOLLOWER]: Committing config change with OpId 1.3: config changed from index 2 to 3, 085a49fb22fb43d290a2bc38ea84c2a0 (127.12.100.4) changed from NON_VOTER to VOTER. New config: { opid_index: 3 OBSOLETE_local: false peers { permanent_uuid: "a321dc15763c4a1e909b74dba617ad3f" member_type: VOTER last_known_addr { host: "127.12.100.1" port: 42079 } attrs { replace: true } } peers { permanent_uuid: "a887f2af078842cfb205c8aeeee8a7dd" member_type: VOTER last_known_addr { host: "127.12.100.2" port: 42689 } } peers { permanent_uuid: "a43b5d761f5c436f95544a2258a6aee6" member_type: VOTER last_known_addr { host: "127.12.100.3" port: 46577 } } peers { permanent_uuid: "085a49fb22fb43d290a2bc38ea84c2a0" member_type: VOTER last_known_addr { host: "127.12.100.4" port: 37603 } attrs { promote: false } } }
I20260608 12:44:17.403003 16024 raft_consensus.cc:2955] T fd31cee1db3d4ef6b73ce9643206134c P 085a49fb22fb43d290a2bc38ea84c2a0 [term 1 FOLLOWER]: Committing config change with OpId 1.3: config changed from index 2 to 3, 085a49fb22fb43d290a2bc38ea84c2a0 (127.12.100.4) changed from NON_VOTER to VOTER. New config: { opid_index: 3 OBSOLETE_local: false peers { permanent_uuid: "a321dc15763c4a1e909b74dba617ad3f" member_type: VOTER last_known_addr { host: "127.12.100.1" port: 42079 } attrs { replace: true } } peers { permanent_uuid: "a887f2af078842cfb205c8aeeee8a7dd" member_type: VOTER last_known_addr { host: "127.12.100.2" port: 42689 } } peers { permanent_uuid: "a43b5d761f5c436f95544a2258a6aee6" member_type: VOTER last_known_addr { host: "127.12.100.3" port: 46577 } } peers { permanent_uuid: "085a49fb22fb43d290a2bc38ea84c2a0" member_type: VOTER last_known_addr { host: "127.12.100.4" port: 37603 } attrs { promote: false } } }
I20260608 12:44:17.409085 15720 raft_consensus.cc:2955] T fd31cee1db3d4ef6b73ce9643206134c P a321dc15763c4a1e909b74dba617ad3f [term 1 FOLLOWER]: Committing config change with OpId 1.3: config changed from index 2 to 3, 085a49fb22fb43d290a2bc38ea84c2a0 (127.12.100.4) changed from NON_VOTER to VOTER. New config: { opid_index: 3 OBSOLETE_local: false peers { permanent_uuid: "a321dc15763c4a1e909b74dba617ad3f" member_type: VOTER last_known_addr { host: "127.12.100.1" port: 42079 } attrs { replace: true } } peers { permanent_uuid: "a887f2af078842cfb205c8aeeee8a7dd" member_type: VOTER last_known_addr { host: "127.12.100.2" port: 42689 } } peers { permanent_uuid: "a43b5d761f5c436f95544a2258a6aee6" member_type: VOTER last_known_addr { host: "127.12.100.3" port: 46577 } } peers { permanent_uuid: "085a49fb22fb43d290a2bc38ea84c2a0" member_type: VOTER last_known_addr { host: "127.12.100.4" port: 37603 } attrs { promote: false } } }
I20260608 12:44:17.415936 15619 catalog_manager.cc:5696] T fd31cee1db3d4ef6b73ce9643206134c P a887f2af078842cfb205c8aeeee8a7dd reported cstate change: config changed from index 2 to 3, 085a49fb22fb43d290a2bc38ea84c2a0 (127.12.100.4) changed from NON_VOTER to VOTER. New cstate: current_term: 1 leader_uuid: "a887f2af078842cfb205c8aeeee8a7dd" committed_config { opid_index: 3 OBSOLETE_local: false peers { permanent_uuid: "a321dc15763c4a1e909b74dba617ad3f" member_type: VOTER last_known_addr { host: "127.12.100.1" port: 42079 } attrs { replace: true } health_report { overall_health: UNKNOWN } } peers { permanent_uuid: "a887f2af078842cfb205c8aeeee8a7dd" member_type: VOTER last_known_addr { host: "127.12.100.2" port: 42689 } health_report { overall_health: HEALTHY } } peers { permanent_uuid: "a43b5d761f5c436f95544a2258a6aee6" member_type: VOTER last_known_addr { host: "127.12.100.3" port: 46577 } health_report { overall_health: HEALTHY } } peers { permanent_uuid: "085a49fb22fb43d290a2bc38ea84c2a0" member_type: VOTER last_known_addr { host: "127.12.100.4" port: 37603 } attrs { promote: false } health_report { overall_health: HEALTHY } } }
I20260608 12:44:17.419482 15782 tablet_service.cc:1558] Processing DeleteTablet for tablet 7391a3d05dbd4a48b0fa42799428c52f with delete_type TABLET_DATA_TOMBSTONED (TS a887f2af078842cfb205c8aeeee8a7dd not found in new config with opid_index 4) from {username='slave'} at 127.0.0.1:48554
I20260608 12:44:17.434469 15796 consensus_queue.cc:237] T fd31cee1db3d4ef6b73ce9643206134c P a887f2af078842cfb205c8aeeee8a7dd [LEADER]: Queue going to LEADER mode. State: All replicated index: 0, Majority replicated index: 3, Committed index: 3, Last appended: 1.3, Last appended by leader: 0, Current term: 1, Majority size: 2, State: 0, Mode: LEADER, active raft config: opid_index: 4 OBSOLETE_local: false peers { permanent_uuid: "a887f2af078842cfb205c8aeeee8a7dd" member_type: VOTER last_known_addr { host: "127.12.100.2" port: 42689 } } peers { permanent_uuid: "a43b5d761f5c436f95544a2258a6aee6" member_type: VOTER last_known_addr { host: "127.12.100.3" port: 46577 } } peers { permanent_uuid: "085a49fb22fb43d290a2bc38ea84c2a0" member_type: VOTER last_known_addr { host: "127.12.100.4" port: 37603 } attrs { promote: false } }
I20260608 12:44:17.446547 15868 raft_consensus.cc:1275] T fd31cee1db3d4ef6b73ce9643206134c P a43b5d761f5c436f95544a2258a6aee6 [term 1 FOLLOWER]: Refusing update from remote peer a887f2af078842cfb205c8aeeee8a7dd: Log matching property violated. Preceding OpId in replica: term: 1 index: 3. Preceding OpId from leader: term: 1 index: 4. (index mismatch)
I20260608 12:44:17.446547 16022 raft_consensus.cc:1275] T fd31cee1db3d4ef6b73ce9643206134c P 085a49fb22fb43d290a2bc38ea84c2a0 [term 1 FOLLOWER]: Refusing update from remote peer a887f2af078842cfb205c8aeeee8a7dd: Log matching property violated. Preceding OpId in replica: term: 1 index: 3. Preceding OpId from leader: term: 1 index: 4. (index mismatch)
I20260608 12:44:17.448451 16190 tablet_replica.cc:333] T 7391a3d05dbd4a48b0fa42799428c52f P a887f2af078842cfb205c8aeeee8a7dd: stopping tablet replica
I20260608 12:44:17.448480 16189 consensus_queue.cc:1048] T fd31cee1db3d4ef6b73ce9643206134c P a887f2af078842cfb205c8aeeee8a7dd [LEADER]: Connected to new peer: Peer: permanent_uuid: "a43b5d761f5c436f95544a2258a6aee6" member_type: VOTER last_known_addr { host: "127.12.100.3" port: 46577 }, Status: LMP_MISMATCH, Last received: 0.0, Next index: 4, Last known committed idx: 3, Time since last communication: 0.001s
I20260608 12:44:17.449688 16190 raft_consensus.cc:2243] T 7391a3d05dbd4a48b0fa42799428c52f P a887f2af078842cfb205c8aeeee8a7dd [term 1 FOLLOWER]: Raft consensus shutting down.
I20260608 12:44:17.450479 16190 raft_consensus.cc:2272] T 7391a3d05dbd4a48b0fa42799428c52f P a887f2af078842cfb205c8aeeee8a7dd [term 1 FOLLOWER]: Raft consensus is shut down!
I20260608 12:44:17.451930 15919 consensus_queue.cc:1048] T fd31cee1db3d4ef6b73ce9643206134c P a887f2af078842cfb205c8aeeee8a7dd [LEADER]: Connected to new peer: Peer: permanent_uuid: "085a49fb22fb43d290a2bc38ea84c2a0" member_type: VOTER last_known_addr { host: "127.12.100.4" port: 37603 } attrs { promote: false }, Status: LMP_MISMATCH, Last received: 0.0, Next index: 4, Last known committed idx: 3, Time since last communication: 0.000s
I20260608 12:44:17.455296 16190 ts_tablet_manager.cc:1916] T 7391a3d05dbd4a48b0fa42799428c52f P a887f2af078842cfb205c8aeeee8a7dd: Deleting tablet data with delete state TABLET_DATA_TOMBSTONED
I20260608 12:44:17.456017 15960 raft_consensus.cc:2955] T fd31cee1db3d4ef6b73ce9643206134c P a887f2af078842cfb205c8aeeee8a7dd [term 1 LEADER]: Committing config change with OpId 1.4: config changed from index 3 to 4, VOTER a321dc15763c4a1e909b74dba617ad3f (127.12.100.1) evicted. New config: { opid_index: 4 OBSOLETE_local: false peers { permanent_uuid: "a887f2af078842cfb205c8aeeee8a7dd" member_type: VOTER last_known_addr { host: "127.12.100.2" port: 42689 } } peers { permanent_uuid: "a43b5d761f5c436f95544a2258a6aee6" member_type: VOTER last_known_addr { host: "127.12.100.3" port: 46577 } } peers { permanent_uuid: "085a49fb22fb43d290a2bc38ea84c2a0" member_type: VOTER last_known_addr { host: "127.12.100.4" port: 37603 } attrs { promote: false } } }
I20260608 12:44:17.464110 15868 raft_consensus.cc:2955] T fd31cee1db3d4ef6b73ce9643206134c P a43b5d761f5c436f95544a2258a6aee6 [term 1 FOLLOWER]: Committing config change with OpId 1.4: config changed from index 3 to 4, VOTER a321dc15763c4a1e909b74dba617ad3f (127.12.100.1) evicted. New config: { opid_index: 4 OBSOLETE_local: false peers { permanent_uuid: "a887f2af078842cfb205c8aeeee8a7dd" member_type: VOTER last_known_addr { host: "127.12.100.2" port: 42689 } } peers { permanent_uuid: "a43b5d761f5c436f95544a2258a6aee6" member_type: VOTER last_known_addr { host: "127.12.100.3" port: 46577 } } peers { permanent_uuid: "085a49fb22fb43d290a2bc38ea84c2a0" member_type: VOTER last_known_addr { host: "127.12.100.4" port: 37603 } attrs { promote: false } } }
I20260608 12:44:17.465288 16022 raft_consensus.cc:2955] T fd31cee1db3d4ef6b73ce9643206134c P 085a49fb22fb43d290a2bc38ea84c2a0 [term 1 FOLLOWER]: Committing config change with OpId 1.4: config changed from index 3 to 4, VOTER a321dc15763c4a1e909b74dba617ad3f (127.12.100.1) evicted. New config: { opid_index: 4 OBSOLETE_local: false peers { permanent_uuid: "a887f2af078842cfb205c8aeeee8a7dd" member_type: VOTER last_known_addr { host: "127.12.100.2" port: 42689 } } peers { permanent_uuid: "a43b5d761f5c436f95544a2258a6aee6" member_type: VOTER last_known_addr { host: "127.12.100.3" port: 46577 } } peers { permanent_uuid: "085a49fb22fb43d290a2bc38ea84c2a0" member_type: VOTER last_known_addr { host: "127.12.100.4" port: 37603 } attrs { promote: false } } }
I20260608 12:44:17.473784 16190 ts_tablet_manager.cc:1929] T 7391a3d05dbd4a48b0fa42799428c52f P a887f2af078842cfb205c8aeeee8a7dd: tablet deleted with delete type TABLET_DATA_TOMBSTONED: last-logged OpId 1.3
I20260608 12:44:17.474347 16190 log.cc:1199] T 7391a3d05dbd4a48b0fa42799428c52f P a887f2af078842cfb205c8aeeee8a7dd: Deleting WAL directory at /tmp/dist-test-taskGNMpbE/test-tmp/auto_rebalancer-test.0.AutoRebalancerTest.RangeAwareRebalancesNewRangeReplicas.1780922566623511-12688-0/minicluster-data/ts-1-root/wals/7391a3d05dbd4a48b0fa42799428c52f
I20260608 12:44:17.476176 15605 catalog_manager.cc:5027] TS a887f2af078842cfb205c8aeeee8a7dd (127.12.100.2:42689): tablet 7391a3d05dbd4a48b0fa42799428c52f (table range_aware_rebalance_new_range [id=0c9ad8df7d5f40f092ee4ccee847e2d8]) successfully deleted
