I20260608 12:42:52.545809 13595 raft_consensus.cc:697] T a04da54b58504d2aaf02e8f11cd875bc P c4905898fee24ffbaabaeef3f71555a2 [term 1 LEADER]: Becoming Leader. State: Replica: c4905898fee24ffbaabaeef3f71555a2, State: Running, Role: LEADER
I20260608 12:42:52.546329 13566 ts_tablet_manager.cc:1434] T 0de09638f8624a3c80ab6ea6ca71e223 P c4905898fee24ffbaabaeef3f71555a2: Time spent starting tablet: real 0.039s	user 0.010s	sys 0.007s
I20260608 12:42:52.548218 13368 raft_consensus.cc:2468] T a27a4e7125db484d90373fbcfd9a5861 P 0ffd4aacd91a4a78885d064bde6b08fe [term 1 FOLLOWER]: Leader election vote request: Granting yes vote for candidate 514ebfbfb8954789a43604b602104c4f in term 1.
I20260608 12:42:52.549446 13566 tablet_bootstrap.cc:492] T 3c16847d09c4400fba9985e20701de40 P c4905898fee24ffbaabaeef3f71555a2: Bootstrap starting.
I20260608 12:42:52.549600 13408 leader_election.cc:304] T a27a4e7125db484d90373fbcfd9a5861 P 514ebfbfb8954789a43604b602104c4f [CANDIDATE]: Term 1 election: Election decided. Result: candidate won. Election summary: received 2 responses out of 3 voters: 2 yes votes; 0 no votes. yes voters: 0ffd4aacd91a4a78885d064bde6b08fe, 514ebfbfb8954789a43604b602104c4f; no voters: 
I20260608 12:42:52.543413 13517 raft_consensus.cc:2468] T a27a4e7125db484d90373fbcfd9a5861 P c4905898fee24ffbaabaeef3f71555a2 [term 1 FOLLOWER]: Leader election vote request: Granting yes vote for candidate 514ebfbfb8954789a43604b602104c4f in term 1.
I20260608 12:42:52.544032 13568 leader_election.cc:290] T a27a4e7125db484d90373fbcfd9a5861 P 514ebfbfb8954789a43604b602104c4f [CANDIDATE]: Term 1 election: Requested vote from peers 0ffd4aacd91a4a78885d064bde6b08fe (127.12.103.65:37701), c4905898fee24ffbaabaeef3f71555a2 (127.12.103.67:38309)
I20260608 12:42:52.550297 13563 tablet_bootstrap.cc:492] T 6b065c4d07a9484c8217bd1d70b051cb P 514ebfbfb8954789a43604b602104c4f: Bootstrap starting.
I20260608 12:42:52.549446 13562 tablet_bootstrap.cc:492] T 3c16847d09c4400fba9985e20701de40 P 0ffd4aacd91a4a78885d064bde6b08fe: Bootstrap starting.
I20260608 12:42:52.550752 13568 raft_consensus.cc:2804] T a27a4e7125db484d90373fbcfd9a5861 P 514ebfbfb8954789a43604b602104c4f [term 1 FOLLOWER]: Leader election won for term 1
I20260608 12:42:52.552960 13568 raft_consensus.cc:697] T a27a4e7125db484d90373fbcfd9a5861 P 514ebfbfb8954789a43604b602104c4f [term 1 LEADER]: Becoming Leader. State: Replica: 514ebfbfb8954789a43604b602104c4f, State: Running, Role: LEADER
I20260608 12:42:52.554108 13568 consensus_queue.cc:237] T a27a4e7125db484d90373fbcfd9a5861 P 514ebfbfb8954789a43604b602104c4f [LEADER]: Queue going to LEADER mode. State: All replicated index: 0, Majority replicated index: 0, Committed index: 0, Last appended: 0.0, Last appended by leader: 0, Current term: 1, Majority size: 2, State: 0, Mode: LEADER, active raft config: opid_index: -1 OBSOLETE_local: false peers { permanent_uuid: "0ffd4aacd91a4a78885d064bde6b08fe" member_type: VOTER last_known_addr { host: "127.12.103.65" port: 37701 } } peers { permanent_uuid: "514ebfbfb8954789a43604b602104c4f" member_type: VOTER last_known_addr { host: "127.12.103.66" port: 35257 } } peers { permanent_uuid: "c4905898fee24ffbaabaeef3f71555a2" member_type: VOTER last_known_addr { host: "127.12.103.67" port: 38309 } }
I20260608 12:42:52.556489 13595 consensus_queue.cc:237] T a04da54b58504d2aaf02e8f11cd875bc P c4905898fee24ffbaabaeef3f71555a2 [LEADER]: Queue going to LEADER mode. State: All replicated index: 0, Majority replicated index: 0, Committed index: 0, Last appended: 0.0, Last appended by leader: 0, Current term: 1, Majority size: 2, State: 0, Mode: LEADER, active raft config: opid_index: -1 OBSOLETE_local: false peers { permanent_uuid: "0ffd4aacd91a4a78885d064bde6b08fe" member_type: VOTER last_known_addr { host: "127.12.103.65" port: 37701 } } peers { permanent_uuid: "514ebfbfb8954789a43604b602104c4f" member_type: VOTER last_known_addr { host: "127.12.103.66" port: 35257 } } peers { permanent_uuid: "c4905898fee24ffbaabaeef3f71555a2" member_type: VOTER last_known_addr { host: "127.12.103.67" port: 38309 } }
I20260608 12:42:52.557595 13563 tablet_bootstrap.cc:654] T 6b065c4d07a9484c8217bd1d70b051cb P 514ebfbfb8954789a43604b602104c4f: Neither blocks nor log segments found. Creating new log.
I20260608 12:42:52.561228 13566 tablet_bootstrap.cc:654] T 3c16847d09c4400fba9985e20701de40 P c4905898fee24ffbaabaeef3f71555a2: Neither blocks nor log segments found. Creating new log.
I20260608 12:42:52.568861 13562 tablet_bootstrap.cc:654] T 3c16847d09c4400fba9985e20701de40 P 0ffd4aacd91a4a78885d064bde6b08fe: Neither blocks nor log segments found. Creating new log.
I20260608 12:42:52.569754 13563 tablet_bootstrap.cc:492] T 6b065c4d07a9484c8217bd1d70b051cb P 514ebfbfb8954789a43604b602104c4f: No bootstrap required, opened a new log
I20260608 12:42:52.570510 13563 ts_tablet_manager.cc:1403] T 6b065c4d07a9484c8217bd1d70b051cb P 514ebfbfb8954789a43604b602104c4f: Time spent bootstrapping tablet: real 0.020s	user 0.016s	sys 0.002s
I20260608 12:42:52.572319 13594 raft_consensus.cc:493] T 6c652fbc6c7348e48f7b8435ef5fbfd7 P c4905898fee24ffbaabaeef3f71555a2 [term 0 FOLLOWER]: Starting pre-election (no leader contacted us within the election timeout)
I20260608 12:42:52.572835 13594 raft_consensus.cc:515] T 6c652fbc6c7348e48f7b8435ef5fbfd7 P c4905898fee24ffbaabaeef3f71555a2 [term 0 FOLLOWER]: Starting pre-election with config: opid_index: -1 OBSOLETE_local: false peers { permanent_uuid: "0ffd4aacd91a4a78885d064bde6b08fe" member_type: VOTER last_known_addr { host: "127.12.103.65" port: 37701 } } peers { permanent_uuid: "514ebfbfb8954789a43604b602104c4f" member_type: VOTER last_known_addr { host: "127.12.103.66" port: 35257 } } peers { permanent_uuid: "c4905898fee24ffbaabaeef3f71555a2" member_type: VOTER last_known_addr { host: "127.12.103.67" port: 38309 } }
I20260608 12:42:52.573895 13563 raft_consensus.cc:359] T 6b065c4d07a9484c8217bd1d70b051cb P 514ebfbfb8954789a43604b602104c4f [term 0 FOLLOWER]: Replica starting. Triggering 0 pending ops. Active config: opid_index: -1 OBSOLETE_local: false peers { permanent_uuid: "0ffd4aacd91a4a78885d064bde6b08fe" member_type: VOTER last_known_addr { host: "127.12.103.65" port: 37701 } } peers { permanent_uuid: "514ebfbfb8954789a43604b602104c4f" member_type: VOTER last_known_addr { host: "127.12.103.66" port: 35257 } } peers { permanent_uuid: "c4905898fee24ffbaabaeef3f71555a2" member_type: VOTER last_known_addr { host: "127.12.103.67" port: 38309 } }
I20260608 12:42:52.574630 13563 raft_consensus.cc:385] T 6b065c4d07a9484c8217bd1d70b051cb P 514ebfbfb8954789a43604b602104c4f [term 0 FOLLOWER]: Consensus starting up: Expiring failure detector timer to make a prompt election more likely
I20260608 12:42:52.574925 13563 raft_consensus.cc:740] T 6b065c4d07a9484c8217bd1d70b051cb P 514ebfbfb8954789a43604b602104c4f [term 0 FOLLOWER]: Becoming Follower/Learner. State: Replica: 514ebfbfb8954789a43604b602104c4f, State: Initialized, Role: FOLLOWER
I20260608 12:42:52.574122 13265 catalog_manager.cc:5696] T a04da54b58504d2aaf02e8f11cd875bc P c4905898fee24ffbaabaeef3f71555a2 reported cstate change: term changed from 0 to 1, leader changed from <none> to c4905898fee24ffbaabaeef3f71555a2 (127.12.103.67). New cstate: current_term: 1 leader_uuid: "c4905898fee24ffbaabaeef3f71555a2" committed_config { opid_index: -1 OBSOLETE_local: false peers { permanent_uuid: "0ffd4aacd91a4a78885d064bde6b08fe" member_type: VOTER last_known_addr { host: "127.12.103.65" port: 37701 } health_report { overall_health: UNKNOWN } } peers { permanent_uuid: "514ebfbfb8954789a43604b602104c4f" member_type: VOTER last_known_addr { host: "127.12.103.66" port: 35257 } health_report { overall_health: UNKNOWN } } peers { permanent_uuid: "c4905898fee24ffbaabaeef3f71555a2" member_type: VOTER last_known_addr { host: "127.12.103.67" port: 38309 } health_report { overall_health: HEALTHY } } }
I20260608 12:42:52.575103 13594 leader_election.cc:290] T 6c652fbc6c7348e48f7b8435ef5fbfd7 P c4905898fee24ffbaabaeef3f71555a2 [CANDIDATE]: Term 1 pre-election: Requested pre-vote from peers 0ffd4aacd91a4a78885d064bde6b08fe (127.12.103.65:37701), 514ebfbfb8954789a43604b602104c4f (127.12.103.66:35257)
I20260608 12:42:52.576645 13443 tablet_service.cc:1917] Received RequestConsensusVote() RPC: tablet_id: "6c652fbc6c7348e48f7b8435ef5fbfd7" candidate_uuid: "c4905898fee24ffbaabaeef3f71555a2" candidate_term: 1 candidate_status { last_received { term: 0 index: 0 } } ignore_live_leader: false dest_uuid: "514ebfbfb8954789a43604b602104c4f" is_pre_election: true
I20260608 12:42:52.576637 13368 tablet_service.cc:1917] Received RequestConsensusVote() RPC: tablet_id: "6c652fbc6c7348e48f7b8435ef5fbfd7" candidate_uuid: "c4905898fee24ffbaabaeef3f71555a2" candidate_term: 1 candidate_status { last_received { term: 0 index: 0 } } ignore_live_leader: false dest_uuid: "0ffd4aacd91a4a78885d064bde6b08fe" is_pre_election: true
I20260608 12:42:52.577456 13368 raft_consensus.cc:2468] T 6c652fbc6c7348e48f7b8435ef5fbfd7 P 0ffd4aacd91a4a78885d064bde6b08fe [term 0 FOLLOWER]: Leader pre-election vote request: Granting yes vote for candidate c4905898fee24ffbaabaeef3f71555a2 in term 0.
I20260608 12:42:52.578038 13563 consensus_queue.cc:260] T 6b065c4d07a9484c8217bd1d70b051cb P 514ebfbfb8954789a43604b602104c4f [NON_LEADER]: Queue going to NON_LEADER mode. State: All replicated index: 0, Majority replicated index: 0, Committed index: 0, Last appended: 0.0, Last appended by leader: 0, Current term: 0, Majority size: -1, State: 0, Mode: NON_LEADER, active raft config: opid_index: -1 OBSOLETE_local: false peers { permanent_uuid: "0ffd4aacd91a4a78885d064bde6b08fe" member_type: VOTER last_known_addr { host: "127.12.103.65" port: 37701 } } peers { permanent_uuid: "514ebfbfb8954789a43604b602104c4f" member_type: VOTER last_known_addr { host: "127.12.103.66" port: 35257 } } peers { permanent_uuid: "c4905898fee24ffbaabaeef3f71555a2" member_type: VOTER last_known_addr { host: "127.12.103.67" port: 38309 } }
I20260608 12:42:52.578927 13482 leader_election.cc:304] T 6c652fbc6c7348e48f7b8435ef5fbfd7 P c4905898fee24ffbaabaeef3f71555a2 [CANDIDATE]: Term 1 pre-election: Election decided. Result: candidate won. Election summary: received 2 responses out of 3 voters: 2 yes votes; 0 no votes. yes voters: 0ffd4aacd91a4a78885d064bde6b08fe, c4905898fee24ffbaabaeef3f71555a2; no voters: 
I20260608 12:42:52.577430 13443 raft_consensus.cc:2468] T 6c652fbc6c7348e48f7b8435ef5fbfd7 P 514ebfbfb8954789a43604b602104c4f [term 0 FOLLOWER]: Leader pre-election vote request: Granting yes vote for candidate c4905898fee24ffbaabaeef3f71555a2 in term 0.
I20260608 12:42:52.579788 13595 raft_consensus.cc:2804] T 6c652fbc6c7348e48f7b8435ef5fbfd7 P c4905898fee24ffbaabaeef3f71555a2 [term 0 FOLLOWER]: Leader pre-election won for term 1
I20260608 12:42:52.584200 13595 raft_consensus.cc:493] T 6c652fbc6c7348e48f7b8435ef5fbfd7 P c4905898fee24ffbaabaeef3f71555a2 [term 0 FOLLOWER]: Starting leader election (no leader contacted us within the election timeout)
I20260608 12:42:52.584534 13595 raft_consensus.cc:3060] T 6c652fbc6c7348e48f7b8435ef5fbfd7 P c4905898fee24ffbaabaeef3f71555a2 [term 0 FOLLOWER]: Advancing to term 1
I20260608 12:42:52.580335 13563 ts_tablet_manager.cc:1434] T 6b065c4d07a9484c8217bd1d70b051cb P 514ebfbfb8954789a43604b602104c4f: Time spent starting tablet: real 0.009s	user 0.006s	sys 0.000s
I20260608 12:42:52.588456 13563 tablet_bootstrap.cc:492] T 0de09638f8624a3c80ab6ea6ca71e223 P 514ebfbfb8954789a43604b602104c4f: Bootstrap starting.
I20260608 12:42:52.588040 13266 catalog_manager.cc:5696] T a27a4e7125db484d90373fbcfd9a5861 P 514ebfbfb8954789a43604b602104c4f reported cstate change: term changed from 0 to 1, leader changed from <none> to 514ebfbfb8954789a43604b602104c4f (127.12.103.66). New cstate: current_term: 1 leader_uuid: "514ebfbfb8954789a43604b602104c4f" committed_config { opid_index: -1 OBSOLETE_local: false peers { permanent_uuid: "0ffd4aacd91a4a78885d064bde6b08fe" member_type: VOTER last_known_addr { host: "127.12.103.65" port: 37701 } health_report { overall_health: UNKNOWN } } peers { permanent_uuid: "514ebfbfb8954789a43604b602104c4f" member_type: VOTER last_known_addr { host: "127.12.103.66" port: 35257 } health_report { overall_health: HEALTHY } } peers { permanent_uuid: "c4905898fee24ffbaabaeef3f71555a2" member_type: VOTER last_known_addr { host: "127.12.103.67" port: 38309 } health_report { overall_health: UNKNOWN } } }
I20260608 12:42:52.589002 13566 tablet_bootstrap.cc:492] T 3c16847d09c4400fba9985e20701de40 P c4905898fee24ffbaabaeef3f71555a2: No bootstrap required, opened a new log
I20260608 12:42:52.590153 13566 ts_tablet_manager.cc:1403] T 3c16847d09c4400fba9985e20701de40 P c4905898fee24ffbaabaeef3f71555a2: Time spent bootstrapping tablet: real 0.041s	user 0.014s	sys 0.000s
I20260608 12:42:52.589465 13594 raft_consensus.cc:493] T 0de09638f8624a3c80ab6ea6ca71e223 P c4905898fee24ffbaabaeef3f71555a2 [term 0 FOLLOWER]: Starting pre-election (no leader contacted us within the election timeout)
I20260608 12:42:52.590655 13594 raft_consensus.cc:515] T 0de09638f8624a3c80ab6ea6ca71e223 P c4905898fee24ffbaabaeef3f71555a2 [term 0 FOLLOWER]: Starting pre-election with config: opid_index: -1 OBSOLETE_local: false peers { permanent_uuid: "0ffd4aacd91a4a78885d064bde6b08fe" member_type: VOTER last_known_addr { host: "127.12.103.65" port: 37701 } } peers { permanent_uuid: "514ebfbfb8954789a43604b602104c4f" member_type: VOTER last_known_addr { host: "127.12.103.66" port: 35257 } } peers { permanent_uuid: "c4905898fee24ffbaabaeef3f71555a2" member_type: VOTER last_known_addr { host: "127.12.103.67" port: 38309 } }
I20260608 12:42:52.593227 13566 raft_consensus.cc:359] T 3c16847d09c4400fba9985e20701de40 P c4905898fee24ffbaabaeef3f71555a2 [term 0 FOLLOWER]: Replica starting. Triggering 0 pending ops. Active config: opid_index: -1 OBSOLETE_local: false peers { permanent_uuid: "0ffd4aacd91a4a78885d064bde6b08fe" member_type: VOTER last_known_addr { host: "127.12.103.65" port: 37701 } } peers { permanent_uuid: "514ebfbfb8954789a43604b602104c4f" member_type: VOTER last_known_addr { host: "127.12.103.66" port: 35257 } } peers { permanent_uuid: "c4905898fee24ffbaabaeef3f71555a2" member_type: VOTER last_known_addr { host: "127.12.103.67" port: 38309 } }
I20260608 12:42:52.593482 13368 tablet_service.cc:1917] Received RequestConsensusVote() RPC: tablet_id: "0de09638f8624a3c80ab6ea6ca71e223" candidate_uuid: "c4905898fee24ffbaabaeef3f71555a2" candidate_term: 1 candidate_status { last_received { term: 0 index: 0 } } ignore_live_leader: false dest_uuid: "0ffd4aacd91a4a78885d064bde6b08fe" is_pre_election: true
I20260608 12:42:52.593974 13566 raft_consensus.cc:385] T 3c16847d09c4400fba9985e20701de40 P c4905898fee24ffbaabaeef3f71555a2 [term 0 FOLLOWER]: Consensus starting up: Expiring failure detector timer to make a prompt election more likely
I20260608 12:42:52.594198 13368 raft_consensus.cc:2468] T 0de09638f8624a3c80ab6ea6ca71e223 P 0ffd4aacd91a4a78885d064bde6b08fe [term 0 FOLLOWER]: Leader pre-election vote request: Granting yes vote for candidate c4905898fee24ffbaabaeef3f71555a2 in term 0.
I20260608 12:42:52.594338 13566 raft_consensus.cc:740] T 3c16847d09c4400fba9985e20701de40 P c4905898fee24ffbaabaeef3f71555a2 [term 0 FOLLOWER]: Becoming Follower/Learner. State: Replica: c4905898fee24ffbaabaeef3f71555a2, State: Initialized, Role: FOLLOWER
I20260608 12:42:52.594779 13563 tablet_bootstrap.cc:654] T 0de09638f8624a3c80ab6ea6ca71e223 P 514ebfbfb8954789a43604b602104c4f: Neither blocks nor log segments found. Creating new log.
I20260608 12:42:52.594731 13568 raft_consensus.cc:493] T 5a6dc05af0a049f4a9d3aa5b18a9e827 P 514ebfbfb8954789a43604b602104c4f [term 0 FOLLOWER]: Starting pre-election (no leader contacted us within the election timeout)
I20260608 12:42:52.595266 13566 consensus_queue.cc:260] T 3c16847d09c4400fba9985e20701de40 P c4905898fee24ffbaabaeef3f71555a2 [NON_LEADER]: Queue going to NON_LEADER mode. State: All replicated index: 0, Majority replicated index: 0, Committed index: 0, Last appended: 0.0, Last appended by leader: 0, Current term: 0, Majority size: -1, State: 0, Mode: NON_LEADER, active raft config: opid_index: -1 OBSOLETE_local: false peers { permanent_uuid: "0ffd4aacd91a4a78885d064bde6b08fe" member_type: VOTER last_known_addr { host: "127.12.103.65" port: 37701 } } peers { permanent_uuid: "514ebfbfb8954789a43604b602104c4f" member_type: VOTER last_known_addr { host: "127.12.103.66" port: 35257 } } peers { permanent_uuid: "c4905898fee24ffbaabaeef3f71555a2" member_type: VOTER last_known_addr { host: "127.12.103.67" port: 38309 } }
I20260608 12:42:52.595568 13482 leader_election.cc:304] T 0de09638f8624a3c80ab6ea6ca71e223 P c4905898fee24ffbaabaeef3f71555a2 [CANDIDATE]: Term 1 pre-election: Election decided. Result: candidate won. Election summary: received 2 responses out of 3 voters: 2 yes votes; 0 no votes. yes voters: 0ffd4aacd91a4a78885d064bde6b08fe, c4905898fee24ffbaabaeef3f71555a2; no voters: 
I20260608 12:42:52.595373 13568 raft_consensus.cc:515] T 5a6dc05af0a049f4a9d3aa5b18a9e827 P 514ebfbfb8954789a43604b602104c4f [term 0 FOLLOWER]: Starting pre-election with config: opid_index: -1 OBSOLETE_local: false peers { permanent_uuid: "0ffd4aacd91a4a78885d064bde6b08fe" member_type: VOTER last_known_addr { host: "127.12.103.65" port: 37701 } } peers { permanent_uuid: "514ebfbfb8954789a43604b602104c4f" member_type: VOTER last_known_addr { host: "127.12.103.66" port: 35257 } } peers { permanent_uuid: "c4905898fee24ffbaabaeef3f71555a2" member_type: VOTER last_known_addr { host: "127.12.103.67" port: 38309 } }
I20260608 12:42:52.592584 13595 raft_consensus.cc:515] T 6c652fbc6c7348e48f7b8435ef5fbfd7 P c4905898fee24ffbaabaeef3f71555a2 [term 1 FOLLOWER]: Starting leader election with config: opid_index: -1 OBSOLETE_local: false peers { permanent_uuid: "0ffd4aacd91a4a78885d064bde6b08fe" member_type: VOTER last_known_addr { host: "127.12.103.65" port: 37701 } } peers { permanent_uuid: "514ebfbfb8954789a43604b602104c4f" member_type: VOTER last_known_addr { host: "127.12.103.66" port: 35257 } } peers { permanent_uuid: "c4905898fee24ffbaabaeef3f71555a2" member_type: VOTER last_known_addr { host: "127.12.103.67" port: 38309 } }
I20260608 12:42:52.597939 13573 raft_consensus.cc:2804] T 0de09638f8624a3c80ab6ea6ca71e223 P c4905898fee24ffbaabaeef3f71555a2 [term 0 FOLLOWER]: Leader pre-election won for term 1
I20260608 12:42:52.598299 13573 raft_consensus.cc:493] T 0de09638f8624a3c80ab6ea6ca71e223 P c4905898fee24ffbaabaeef3f71555a2 [term 0 FOLLOWER]: Starting leader election (no leader contacted us within the election timeout)
I20260608 12:42:52.598423 13595 leader_election.cc:290] T 6c652fbc6c7348e48f7b8435ef5fbfd7 P c4905898fee24ffbaabaeef3f71555a2 [CANDIDATE]: Term 1 election: Requested vote from peers 0ffd4aacd91a4a78885d064bde6b08fe (127.12.103.65:37701), 514ebfbfb8954789a43604b602104c4f (127.12.103.66:35257)
I20260608 12:42:52.599545 13368 tablet_service.cc:1917] Received RequestConsensusVote() RPC: tablet_id: "6c652fbc6c7348e48f7b8435ef5fbfd7" candidate_uuid: "c4905898fee24ffbaabaeef3f71555a2" candidate_term: 1 candidate_status { last_received { term: 0 index: 0 } } ignore_live_leader: false dest_uuid: "0ffd4aacd91a4a78885d064bde6b08fe"
I20260608 12:42:52.599761 13367 tablet_service.cc:1917] Received RequestConsensusVote() RPC: tablet_id: "5a6dc05af0a049f4a9d3aa5b18a9e827" candidate_uuid: "514ebfbfb8954789a43604b602104c4f" candidate_term: 1 candidate_status { last_received { term: 0 index: 0 } } ignore_live_leader: false dest_uuid: "0ffd4aacd91a4a78885d064bde6b08fe" is_pre_election: true
I20260608 12:42:52.600147 13368 raft_consensus.cc:3060] T 6c652fbc6c7348e48f7b8435ef5fbfd7 P 0ffd4aacd91a4a78885d064bde6b08fe [term 0 FOLLOWER]: Advancing to term 1
I20260608 12:42:52.601011 13562 tablet_bootstrap.cc:492] T 3c16847d09c4400fba9985e20701de40 P 0ffd4aacd91a4a78885d064bde6b08fe: No bootstrap required, opened a new log
W20260608 12:42:52.601248 13408 leader_election.cc:343] T 5a6dc05af0a049f4a9d3aa5b18a9e827 P 514ebfbfb8954789a43604b602104c4f [CANDIDATE]: Term 1 pre-election: Tablet error from VoteRequest() call to peer 0ffd4aacd91a4a78885d064bde6b08fe (127.12.103.65:37701): Illegal state: must be running to vote when last-logged opid is not known
I20260608 12:42:52.601490 13562 ts_tablet_manager.cc:1403] T 3c16847d09c4400fba9985e20701de40 P 0ffd4aacd91a4a78885d064bde6b08fe: Time spent bootstrapping tablet: real 0.052s	user 0.010s	sys 0.008s
I20260608 12:42:52.601735 13573 raft_consensus.cc:3060] T 0de09638f8624a3c80ab6ea6ca71e223 P c4905898fee24ffbaabaeef3f71555a2 [term 0 FOLLOWER]: Advancing to term 1
I20260608 12:42:52.604466 13562 raft_consensus.cc:359] T 3c16847d09c4400fba9985e20701de40 P 0ffd4aacd91a4a78885d064bde6b08fe [term 0 FOLLOWER]: Replica starting. Triggering 0 pending ops. Active config: opid_index: -1 OBSOLETE_local: false peers { permanent_uuid: "0ffd4aacd91a4a78885d064bde6b08fe" member_type: VOTER last_known_addr { host: "127.12.103.65" port: 37701 } } peers { permanent_uuid: "514ebfbfb8954789a43604b602104c4f" member_type: VOTER last_known_addr { host: "127.12.103.66" port: 35257 } } peers { permanent_uuid: "c4905898fee24ffbaabaeef3f71555a2" member_type: VOTER last_known_addr { host: "127.12.103.67" port: 38309 } }
I20260608 12:42:52.605157 13562 raft_consensus.cc:385] T 3c16847d09c4400fba9985e20701de40 P 0ffd4aacd91a4a78885d064bde6b08fe [term 0 FOLLOWER]: Consensus starting up: Expiring failure detector timer to make a prompt election more likely
I20260608 12:42:52.605436 13562 raft_consensus.cc:740] T 3c16847d09c4400fba9985e20701de40 P 0ffd4aacd91a4a78885d064bde6b08fe [term 0 FOLLOWER]: Becoming Follower/Learner. State: Replica: 0ffd4aacd91a4a78885d064bde6b08fe, State: Initialized, Role: FOLLOWER
I20260608 12:42:52.606851 13368 raft_consensus.cc:2468] T 6c652fbc6c7348e48f7b8435ef5fbfd7 P 0ffd4aacd91a4a78885d064bde6b08fe [term 1 FOLLOWER]: Leader election vote request: Granting yes vote for candidate c4905898fee24ffbaabaeef3f71555a2 in term 1.
I20260608 12:42:52.607369 13517 tablet_service.cc:1917] Received RequestConsensusVote() RPC: tablet_id: "5a6dc05af0a049f4a9d3aa5b18a9e827" candidate_uuid: "514ebfbfb8954789a43604b602104c4f" candidate_term: 1 candidate_status { last_received { term: 0 index: 0 } } ignore_live_leader: false dest_uuid: "c4905898fee24ffbaabaeef3f71555a2" is_pre_election: true
I20260608 12:42:52.608101 13482 leader_election.cc:304] T 6c652fbc6c7348e48f7b8435ef5fbfd7 P c4905898fee24ffbaabaeef3f71555a2 [CANDIDATE]: Term 1 election: Election decided. Result: candidate won. Election summary: received 2 responses out of 3 voters: 2 yes votes; 0 no votes. yes voters: 0ffd4aacd91a4a78885d064bde6b08fe, c4905898fee24ffbaabaeef3f71555a2; no voters: 
I20260608 12:42:52.608927 13443 tablet_service.cc:1917] Received RequestConsensusVote() RPC: tablet_id: "6c652fbc6c7348e48f7b8435ef5fbfd7" candidate_uuid: "c4905898fee24ffbaabaeef3f71555a2" candidate_term: 1 candidate_status { last_received { term: 0 index: 0 } } ignore_live_leader: false dest_uuid: "514ebfbfb8954789a43604b602104c4f"
I20260608 12:42:52.609472 13443 raft_consensus.cc:3060] T 6c652fbc6c7348e48f7b8435ef5fbfd7 P 514ebfbfb8954789a43604b602104c4f [term 0 FOLLOWER]: Advancing to term 1
I20260608 12:42:52.609987 13595 raft_consensus.cc:2804] T 6c652fbc6c7348e48f7b8435ef5fbfd7 P c4905898fee24ffbaabaeef3f71555a2 [term 1 FOLLOWER]: Leader election won for term 1
I20260608 12:42:52.610463 13595 raft_consensus.cc:697] T 6c652fbc6c7348e48f7b8435ef5fbfd7 P c4905898fee24ffbaabaeef3f71555a2 [term 1 LEADER]: Becoming Leader. State: Replica: c4905898fee24ffbaabaeef3f71555a2, State: Running, Role: LEADER
I20260608 12:42:52.611238 13595 consensus_queue.cc:237] T 6c652fbc6c7348e48f7b8435ef5fbfd7 P c4905898fee24ffbaabaeef3f71555a2 [LEADER]: Queue going to LEADER mode. State: All replicated index: 0, Majority replicated index: 0, Committed index: 0, Last appended: 0.0, Last appended by leader: 0, Current term: 1, Majority size: 2, State: 0, Mode: LEADER, active raft config: opid_index: -1 OBSOLETE_local: false peers { permanent_uuid: "0ffd4aacd91a4a78885d064bde6b08fe" member_type: VOTER last_known_addr { host: "127.12.103.65" port: 37701 } } peers { permanent_uuid: "514ebfbfb8954789a43604b602104c4f" member_type: VOTER last_known_addr { host: "127.12.103.66" port: 35257 } } peers { permanent_uuid: "c4905898fee24ffbaabaeef3f71555a2" member_type: VOTER last_known_addr { host: "127.12.103.67" port: 38309 } }
I20260608 12:42:52.597723 13568 leader_election.cc:290] T 5a6dc05af0a049f4a9d3aa5b18a9e827 P 514ebfbfb8954789a43604b602104c4f [CANDIDATE]: Term 1 pre-election: Requested pre-vote from peers 0ffd4aacd91a4a78885d064bde6b08fe (127.12.103.65:37701), c4905898fee24ffbaabaeef3f71555a2 (127.12.103.67:38309)
W20260608 12:42:52.614970 13409 leader_election.cc:343] T 5a6dc05af0a049f4a9d3aa5b18a9e827 P 514ebfbfb8954789a43604b602104c4f [CANDIDATE]: Term 1 pre-election: Tablet error from VoteRequest() call to peer c4905898fee24ffbaabaeef3f71555a2 (127.12.103.67:38309): Illegal state: must be running to vote when last-logged opid is not known
I20260608 12:42:52.614831 13562 consensus_queue.cc:260] T 3c16847d09c4400fba9985e20701de40 P 0ffd4aacd91a4a78885d064bde6b08fe [NON_LEADER]: Queue going to NON_LEADER mode. State: All replicated index: 0, Majority replicated index: 0, Committed index: 0, Last appended: 0.0, Last appended by leader: 0, Current term: 0, Majority size: -1, State: 0, Mode: NON_LEADER, active raft config: opid_index: -1 OBSOLETE_local: false peers { permanent_uuid: "0ffd4aacd91a4a78885d064bde6b08fe" member_type: VOTER last_known_addr { host: "127.12.103.65" port: 37701 } } peers { permanent_uuid: "514ebfbfb8954789a43604b602104c4f" member_type: VOTER last_known_addr { host: "127.12.103.66" port: 35257 } } peers { permanent_uuid: "c4905898fee24ffbaabaeef3f71555a2" member_type: VOTER last_known_addr { host: "127.12.103.67" port: 38309 } }
I20260608 12:42:52.615409 13409 leader_election.cc:304] T 5a6dc05af0a049f4a9d3aa5b18a9e827 P 514ebfbfb8954789a43604b602104c4f [CANDIDATE]: Term 1 pre-election: Election decided. Result: candidate lost. Election summary: received 3 responses out of 3 voters: 1 yes votes; 2 no votes. yes voters: 514ebfbfb8954789a43604b602104c4f; no voters: 0ffd4aacd91a4a78885d064bde6b08fe, c4905898fee24ffbaabaeef3f71555a2
I20260608 12:42:52.616580 13568 raft_consensus.cc:2749] T 5a6dc05af0a049f4a9d3aa5b18a9e827 P 514ebfbfb8954789a43604b602104c4f [term 0 FOLLOWER]: Leader pre-election lost for term 1. Reason: could not achieve majority
I20260608 12:42:52.617116 13562 ts_tablet_manager.cc:1434] T 3c16847d09c4400fba9985e20701de40 P 0ffd4aacd91a4a78885d064bde6b08fe: Time spent starting tablet: real 0.015s	user 0.004s	sys 0.000s
I20260608 12:42:52.618145 13562 tablet_bootstrap.cc:492] T 5a6dc05af0a049f4a9d3aa5b18a9e827 P 0ffd4aacd91a4a78885d064bde6b08fe: Bootstrap starting.
I20260608 12:42:52.619812 13573 raft_consensus.cc:515] T 0de09638f8624a3c80ab6ea6ca71e223 P c4905898fee24ffbaabaeef3f71555a2 [term 1 FOLLOWER]: Starting leader election with config: opid_index: -1 OBSOLETE_local: false peers { permanent_uuid: "0ffd4aacd91a4a78885d064bde6b08fe" member_type: VOTER last_known_addr { host: "127.12.103.65" port: 37701 } } peers { permanent_uuid: "514ebfbfb8954789a43604b602104c4f" member_type: VOTER last_known_addr { host: "127.12.103.66" port: 35257 } } peers { permanent_uuid: "c4905898fee24ffbaabaeef3f71555a2" member_type: VOTER last_known_addr { host: "127.12.103.67" port: 38309 } }
I20260608 12:42:52.621991 13573 leader_election.cc:290] T 0de09638f8624a3c80ab6ea6ca71e223 P c4905898fee24ffbaabaeef3f71555a2 [CANDIDATE]: Term 1 election: Requested vote from peers 0ffd4aacd91a4a78885d064bde6b08fe (127.12.103.65:37701), 514ebfbfb8954789a43604b602104c4f (127.12.103.66:35257)
I20260608 12:42:52.622822 13594 leader_election.cc:290] T 0de09638f8624a3c80ab6ea6ca71e223 P c4905898fee24ffbaabaeef3f71555a2 [CANDIDATE]: Term 1 pre-election: Requested pre-vote from peers 0ffd4aacd91a4a78885d064bde6b08fe (127.12.103.65:37701), 514ebfbfb8954789a43604b602104c4f (127.12.103.66:35257)
I20260608 12:42:52.622941 13368 tablet_service.cc:1917] Received RequestConsensusVote() RPC: tablet_id: "0de09638f8624a3c80ab6ea6ca71e223" candidate_uuid: "c4905898fee24ffbaabaeef3f71555a2" candidate_term: 1 candidate_status { last_received { term: 0 index: 0 } } ignore_live_leader: false dest_uuid: "0ffd4aacd91a4a78885d064bde6b08fe"
I20260608 12:42:52.628262 13368 raft_consensus.cc:3060] T 0de09638f8624a3c80ab6ea6ca71e223 P 0ffd4aacd91a4a78885d064bde6b08fe [term 0 FOLLOWER]: Advancing to term 1
I20260608 12:42:52.635224 13368 raft_consensus.cc:2468] T 0de09638f8624a3c80ab6ea6ca71e223 P 0ffd4aacd91a4a78885d064bde6b08fe [term 1 FOLLOWER]: Leader election vote request: Granting yes vote for candidate c4905898fee24ffbaabaeef3f71555a2 in term 1.
I20260608 12:42:52.636430 13482 leader_election.cc:304] T 0de09638f8624a3c80ab6ea6ca71e223 P c4905898fee24ffbaabaeef3f71555a2 [CANDIDATE]: Term 1 election: Election decided. Result: candidate won. Election summary: received 2 responses out of 3 voters: 2 yes votes; 0 no votes. yes voters: 0ffd4aacd91a4a78885d064bde6b08fe, c4905898fee24ffbaabaeef3f71555a2; no voters: 
I20260608 12:42:52.624171 13562 tablet_bootstrap.cc:654] T 5a6dc05af0a049f4a9d3aa5b18a9e827 P 0ffd4aacd91a4a78885d064bde6b08fe: Neither blocks nor log segments found. Creating new log.
I20260608 12:42:52.624655 13442 tablet_service.cc:1917] Received RequestConsensusVote() RPC: tablet_id: "0de09638f8624a3c80ab6ea6ca71e223" candidate_uuid: "c4905898fee24ffbaabaeef3f71555a2" candidate_term: 1 candidate_status { last_received { term: 0 index: 0 } } ignore_live_leader: false dest_uuid: "514ebfbfb8954789a43604b602104c4f"
W20260608 12:42:52.638612 13482 leader_election.cc:343] T 0de09638f8624a3c80ab6ea6ca71e223 P c4905898fee24ffbaabaeef3f71555a2 [CANDIDATE]: Term 1 election: Tablet error from VoteRequest() call to peer 514ebfbfb8954789a43604b602104c4f (127.12.103.66:35257): Illegal state: must be running to vote when last-logged opid is not known
I20260608 12:42:52.639642 13264 catalog_manager.cc:5696] T 6c652fbc6c7348e48f7b8435ef5fbfd7 P c4905898fee24ffbaabaeef3f71555a2 reported cstate change: term changed from 0 to 1, leader changed from <none> to c4905898fee24ffbaabaeef3f71555a2 (127.12.103.67). New cstate: current_term: 1 leader_uuid: "c4905898fee24ffbaabaeef3f71555a2" committed_config { opid_index: -1 OBSOLETE_local: false peers { permanent_uuid: "0ffd4aacd91a4a78885d064bde6b08fe" member_type: VOTER last_known_addr { host: "127.12.103.65" port: 37701 } health_report { overall_health: UNKNOWN } } peers { permanent_uuid: "514ebfbfb8954789a43604b602104c4f" member_type: VOTER last_known_addr { host: "127.12.103.66" port: 35257 } health_report { overall_health: UNKNOWN } } peers { permanent_uuid: "c4905898fee24ffbaabaeef3f71555a2" member_type: VOTER last_known_addr { host: "127.12.103.67" port: 38309 } health_report { overall_health: HEALTHY } } }
I20260608 12:42:52.627142 13441 tablet_service.cc:1917] Received RequestConsensusVote() RPC: tablet_id: "0de09638f8624a3c80ab6ea6ca71e223" candidate_uuid: "c4905898fee24ffbaabaeef3f71555a2" candidate_term: 1 candidate_status { last_received { term: 0 index: 0 } } ignore_live_leader: false dest_uuid: "514ebfbfb8954789a43604b602104c4f" is_pre_election: true
I20260608 12:42:52.641652 13565 raft_consensus.cc:493] T 9febaabad192478b9884068f411e2e3e P 0ffd4aacd91a4a78885d064bde6b08fe [term 0 FOLLOWER]: Starting pre-election (no leader contacted us within the election timeout)
I20260608 12:42:52.642131 13565 raft_consensus.cc:515] T 9febaabad192478b9884068f411e2e3e P 0ffd4aacd91a4a78885d064bde6b08fe [term 0 FOLLOWER]: Starting pre-election with config: opid_index: -1 OBSOLETE_local: false peers { permanent_uuid: "0ffd4aacd91a4a78885d064bde6b08fe" member_type: VOTER last_known_addr { host: "127.12.103.65" port: 37701 } } peers { permanent_uuid: "514ebfbfb8954789a43604b602104c4f" member_type: VOTER last_known_addr { host: "127.12.103.66" port: 35257 } } peers { permanent_uuid: "c4905898fee24ffbaabaeef3f71555a2" member_type: VOTER last_known_addr { host: "127.12.103.67" port: 38309 } }
I20260608 12:42:52.643186 13566 ts_tablet_manager.cc:1434] T 3c16847d09c4400fba9985e20701de40 P c4905898fee24ffbaabaeef3f71555a2: Time spent starting tablet: real 0.053s	user 0.008s	sys 0.014s
I20260608 12:42:52.644294 13566 tablet_bootstrap.cc:492] T 6b065c4d07a9484c8217bd1d70b051cb P c4905898fee24ffbaabaeef3f71555a2: Bootstrap starting.
W20260608 12:42:52.645828 13482 leader_election.cc:343] T 0de09638f8624a3c80ab6ea6ca71e223 P c4905898fee24ffbaabaeef3f71555a2 [CANDIDATE]: Term 1 pre-election: Tablet error from VoteRequest() call to peer 514ebfbfb8954789a43604b602104c4f (127.12.103.66:35257): Illegal state: must be running to vote when last-logged opid is not known
I20260608 12:42:52.646678 13441 tablet_service.cc:1917] Received RequestConsensusVote() RPC: tablet_id: "9febaabad192478b9884068f411e2e3e" candidate_uuid: "0ffd4aacd91a4a78885d064bde6b08fe" candidate_term: 1 candidate_status { last_received { term: 0 index: 0 } } ignore_live_leader: false dest_uuid: "514ebfbfb8954789a43604b602104c4f" is_pre_election: true
I20260608 12:42:52.647272 13441 raft_consensus.cc:2468] T 9febaabad192478b9884068f411e2e3e P 514ebfbfb8954789a43604b602104c4f [term 0 FOLLOWER]: Leader pre-election vote request: Granting yes vote for candidate 0ffd4aacd91a4a78885d064bde6b08fe in term 0.
I20260608 12:42:52.648567 13333 leader_election.cc:304] T 9febaabad192478b9884068f411e2e3e P 0ffd4aacd91a4a78885d064bde6b08fe [CANDIDATE]: Term 1 pre-election: Election decided. Result: candidate won. Election summary: received 2 responses out of 3 voters: 2 yes votes; 0 no votes. yes voters: 0ffd4aacd91a4a78885d064bde6b08fe, 514ebfbfb8954789a43604b602104c4f; no voters: 
I20260608 12:42:52.627501 13443 raft_consensus.cc:2468] T 6c652fbc6c7348e48f7b8435ef5fbfd7 P 514ebfbfb8954789a43604b602104c4f [term 1 FOLLOWER]: Leader election vote request: Granting yes vote for candidate c4905898fee24ffbaabaeef3f71555a2 in term 1.
I20260608 12:42:52.651206 13517 tablet_service.cc:1917] Received RequestConsensusVote() RPC: tablet_id: "9febaabad192478b9884068f411e2e3e" candidate_uuid: "0ffd4aacd91a4a78885d064bde6b08fe" candidate_term: 1 candidate_status { last_received { term: 0 index: 0 } } ignore_live_leader: false dest_uuid: "c4905898fee24ffbaabaeef3f71555a2" is_pre_election: true
I20260608 12:42:52.651425 13595 raft_consensus.cc:2804] T 0de09638f8624a3c80ab6ea6ca71e223 P c4905898fee24ffbaabaeef3f71555a2 [term 1 FOLLOWER]: Leader election won for term 1
I20260608 12:42:52.651887 13595 raft_consensus.cc:697] T 0de09638f8624a3c80ab6ea6ca71e223 P c4905898fee24ffbaabaeef3f71555a2 [term 1 LEADER]: Becoming Leader. State: Replica: c4905898fee24ffbaabaeef3f71555a2, State: Running, Role: LEADER
W20260608 12:42:52.652906 13334 leader_election.cc:343] T 9febaabad192478b9884068f411e2e3e P 0ffd4aacd91a4a78885d064bde6b08fe [CANDIDATE]: Term 1 pre-election: Tablet error from VoteRequest() call to peer c4905898fee24ffbaabaeef3f71555a2 (127.12.103.67:38309): Illegal state: must be running to vote when last-logged opid is not known
I20260608 12:42:52.652681 13595 consensus_queue.cc:237] T 0de09638f8624a3c80ab6ea6ca71e223 P c4905898fee24ffbaabaeef3f71555a2 [LEADER]: Queue going to LEADER mode. State: All replicated index: 0, Majority replicated index: 0, Committed index: 0, Last appended: 0.0, Last appended by leader: 0, Current term: 1, Majority size: 2, State: 0, Mode: LEADER, active raft config: opid_index: -1 OBSOLETE_local: false peers { permanent_uuid: "0ffd4aacd91a4a78885d064bde6b08fe" member_type: VOTER last_known_addr { host: "127.12.103.65" port: 37701 } } peers { permanent_uuid: "514ebfbfb8954789a43604b602104c4f" member_type: VOTER last_known_addr { host: "127.12.103.66" port: 35257 } } peers { permanent_uuid: "c4905898fee24ffbaabaeef3f71555a2" member_type: VOTER last_known_addr { host: "127.12.103.67" port: 38309 } }
I20260608 12:42:52.654404 13566 tablet_bootstrap.cc:654] T 6b065c4d07a9484c8217bd1d70b051cb P c4905898fee24ffbaabaeef3f71555a2: Neither blocks nor log segments found. Creating new log.
W20260608 12:42:52.655238 13314 auto_rebalancer.cc:259] Could not retrieve cluster info: Service unavailable: Tablet not running
I20260608 12:42:52.644218 13565 leader_election.cc:290] T 9febaabad192478b9884068f411e2e3e P 0ffd4aacd91a4a78885d064bde6b08fe [CANDIDATE]: Term 1 pre-election: Requested pre-vote from peers 514ebfbfb8954789a43604b602104c4f (127.12.103.66:35257), c4905898fee24ffbaabaeef3f71555a2 (127.12.103.67:38309)
I20260608 12:42:52.661737 13565 raft_consensus.cc:2804] T 9febaabad192478b9884068f411e2e3e P 0ffd4aacd91a4a78885d064bde6b08fe [term 0 FOLLOWER]: Leader pre-election won for term 1
I20260608 12:42:52.662122 13565 raft_consensus.cc:493] T 9febaabad192478b9884068f411e2e3e P 0ffd4aacd91a4a78885d064bde6b08fe [term 0 FOLLOWER]: Starting leader election (no leader contacted us within the election timeout)
I20260608 12:42:52.662447 13565 raft_consensus.cc:3060] T 9febaabad192478b9884068f411e2e3e P 0ffd4aacd91a4a78885d064bde6b08fe [term 0 FOLLOWER]: Advancing to term 1
I20260608 12:42:52.661146 13319 auto_leader_rebalancer.cc:140] leader rebalance for table test-workload
I20260608 12:42:52.672585 13563 tablet_bootstrap.cc:492] T 0de09638f8624a3c80ab6ea6ca71e223 P 514ebfbfb8954789a43604b602104c4f: No bootstrap required, opened a new log
I20260608 12:42:52.673146 13563 ts_tablet_manager.cc:1403] T 0de09638f8624a3c80ab6ea6ca71e223 P 514ebfbfb8954789a43604b602104c4f: Time spent bootstrapping tablet: real 0.085s	user 0.024s	sys 0.043s
I20260608 12:42:52.676291 13563 raft_consensus.cc:359] T 0de09638f8624a3c80ab6ea6ca71e223 P 514ebfbfb8954789a43604b602104c4f [term 0 FOLLOWER]: Replica starting. Triggering 0 pending ops. Active config: opid_index: -1 OBSOLETE_local: false peers { permanent_uuid: "0ffd4aacd91a4a78885d064bde6b08fe" member_type: VOTER last_known_addr { host: "127.12.103.65" port: 37701 } } peers { permanent_uuid: "514ebfbfb8954789a43604b602104c4f" member_type: VOTER last_known_addr { host: "127.12.103.66" port: 35257 } } peers { permanent_uuid: "c4905898fee24ffbaabaeef3f71555a2" member_type: VOTER last_known_addr { host: "127.12.103.67" port: 38309 } }
I20260608 12:42:52.676965 13563 raft_consensus.cc:385] T 0de09638f8624a3c80ab6ea6ca71e223 P 514ebfbfb8954789a43604b602104c4f [term 0 FOLLOWER]: Consensus starting up: Expiring failure detector timer to make a prompt election more likely
I20260608 12:42:52.677244 13563 raft_consensus.cc:740] T 0de09638f8624a3c80ab6ea6ca71e223 P 514ebfbfb8954789a43604b602104c4f [term 0 FOLLOWER]: Becoming Follower/Learner. State: Replica: 514ebfbfb8954789a43604b602104c4f, State: Initialized, Role: FOLLOWER
W20260608 12:42:52.678633 13319 auto_leader_rebalancer.cc:460] the master instance isn't leader: Service unavailable: Tablet not running
I20260608 12:42:52.678565 13563 consensus_queue.cc:260] T 0de09638f8624a3c80ab6ea6ca71e223 P 514ebfbfb8954789a43604b602104c4f [NON_LEADER]: Queue going to NON_LEADER mode. State: All replicated index: 0, Majority replicated index: 0, Committed index: 0, Last appended: 0.0, Last appended by leader: 0, Current term: 0, Majority size: -1, State: 0, Mode: NON_LEADER, active raft config: opid_index: -1 OBSOLETE_local: false peers { permanent_uuid: "0ffd4aacd91a4a78885d064bde6b08fe" member_type: VOTER last_known_addr { host: "127.12.103.65" port: 37701 } } peers { permanent_uuid: "514ebfbfb8954789a43604b602104c4f" member_type: VOTER last_known_addr { host: "127.12.103.66" port: 35257 } } peers { permanent_uuid: "c4905898fee24ffbaabaeef3f71555a2" member_type: VOTER last_known_addr { host: "127.12.103.67" port: 38309 } }
I20260608 12:42:52.681090 13563 ts_tablet_manager.cc:1434] T 0de09638f8624a3c80ab6ea6ca71e223 P 514ebfbfb8954789a43604b602104c4f: Time spent starting tablet: real 0.008s	user 0.003s	sys 0.004s
I20260608 12:42:52.688019 13565 raft_consensus.cc:515] T 9febaabad192478b9884068f411e2e3e P 0ffd4aacd91a4a78885d064bde6b08fe [term 1 FOLLOWER]: Starting leader election with config: opid_index: -1 OBSOLETE_local: false peers { permanent_uuid: "0ffd4aacd91a4a78885d064bde6b08fe" member_type: VOTER last_known_addr { host: "127.12.103.65" port: 37701 } } peers { permanent_uuid: "514ebfbfb8954789a43604b602104c4f" member_type: VOTER last_known_addr { host: "127.12.103.66" port: 35257 } } peers { permanent_uuid: "c4905898fee24ffbaabaeef3f71555a2" member_type: VOTER last_known_addr { host: "127.12.103.67" port: 38309 } }
I20260608 12:42:52.687980 13264 catalog_manager.cc:5696] T 0de09638f8624a3c80ab6ea6ca71e223 P c4905898fee24ffbaabaeef3f71555a2 reported cstate change: term changed from 0 to 1, leader changed from <none> to c4905898fee24ffbaabaeef3f71555a2 (127.12.103.67). New cstate: current_term: 1 leader_uuid: "c4905898fee24ffbaabaeef3f71555a2" committed_config { opid_index: -1 OBSOLETE_local: false peers { permanent_uuid: "0ffd4aacd91a4a78885d064bde6b08fe" member_type: VOTER last_known_addr { host: "127.12.103.65" port: 37701 } health_report { overall_health: UNKNOWN } } peers { permanent_uuid: "514ebfbfb8954789a43604b602104c4f" member_type: VOTER last_known_addr { host: "127.12.103.66" port: 35257 } health_report { overall_health: UNKNOWN } } peers { permanent_uuid: "c4905898fee24ffbaabaeef3f71555a2" member_type: VOTER last_known_addr { host: "127.12.103.67" port: 38309 } health_report { overall_health: HEALTHY } } }
I20260608 12:42:52.691427 13443 tablet_service.cc:1917] Received RequestConsensusVote() RPC: tablet_id: "9febaabad192478b9884068f411e2e3e" candidate_uuid: "0ffd4aacd91a4a78885d064bde6b08fe" candidate_term: 1 candidate_status { last_received { term: 0 index: 0 } } ignore_live_leader: false dest_uuid: "514ebfbfb8954789a43604b602104c4f"
I20260608 12:42:52.691984 13443 raft_consensus.cc:3060] T 9febaabad192478b9884068f411e2e3e P 514ebfbfb8954789a43604b602104c4f [term 0 FOLLOWER]: Advancing to term 1
I20260608 12:42:52.697978 13566 tablet_bootstrap.cc:492] T 6b065c4d07a9484c8217bd1d70b051cb P c4905898fee24ffbaabaeef3f71555a2: No bootstrap required, opened a new log
I20260608 12:42:52.697935 13517 tablet_service.cc:1917] Received RequestConsensusVote() RPC: tablet_id: "9febaabad192478b9884068f411e2e3e" candidate_uuid: "0ffd4aacd91a4a78885d064bde6b08fe" candidate_term: 1 candidate_status { last_received { term: 0 index: 0 } } ignore_live_leader: false dest_uuid: "c4905898fee24ffbaabaeef3f71555a2"
I20260608 12:42:52.698268 13443 raft_consensus.cc:2468] T 9febaabad192478b9884068f411e2e3e P 514ebfbfb8954789a43604b602104c4f [term 1 FOLLOWER]: Leader election vote request: Granting yes vote for candidate 0ffd4aacd91a4a78885d064bde6b08fe in term 1.
I20260608 12:42:52.698670 13566 ts_tablet_manager.cc:1403] T 6b065c4d07a9484c8217bd1d70b051cb P c4905898fee24ffbaabaeef3f71555a2: Time spent bootstrapping tablet: real 0.055s	user 0.017s	sys 0.003s
W20260608 12:42:52.699769 13334 leader_election.cc:343] T 9febaabad192478b9884068f411e2e3e P 0ffd4aacd91a4a78885d064bde6b08fe [CANDIDATE]: Term 1 election: Tablet error from VoteRequest() call to peer c4905898fee24ffbaabaeef3f71555a2 (127.12.103.67:38309): Illegal state: must be running to vote when last-logged opid is not known
I20260608 12:42:52.700546 13333 leader_election.cc:304] T 9febaabad192478b9884068f411e2e3e P 0ffd4aacd91a4a78885d064bde6b08fe [CANDIDATE]: Term 1 election: Election decided. Result: candidate won. Election summary: received 3 responses out of 3 voters: 2 yes votes; 1 no votes. yes voters: 0ffd4aacd91a4a78885d064bde6b08fe, 514ebfbfb8954789a43604b602104c4f; no voters: c4905898fee24ffbaabaeef3f71555a2
I20260608 12:42:52.701550 13605 raft_consensus.cc:2804] T 9febaabad192478b9884068f411e2e3e P 0ffd4aacd91a4a78885d064bde6b08fe [term 1 FOLLOWER]: Leader election won for term 1
I20260608 12:42:52.701767 13566 raft_consensus.cc:359] T 6b065c4d07a9484c8217bd1d70b051cb P c4905898fee24ffbaabaeef3f71555a2 [term 0 FOLLOWER]: Replica starting. Triggering 0 pending ops. Active config: opid_index: -1 OBSOLETE_local: false peers { permanent_uuid: "0ffd4aacd91a4a78885d064bde6b08fe" member_type: VOTER last_known_addr { host: "127.12.103.65" port: 37701 } } peers { permanent_uuid: "514ebfbfb8954789a43604b602104c4f" member_type: VOTER last_known_addr { host: "127.12.103.66" port: 35257 } } peers { permanent_uuid: "c4905898fee24ffbaabaeef3f71555a2" member_type: VOTER last_known_addr { host: "127.12.103.67" port: 38309 } }
I20260608 12:42:52.702535 13566 raft_consensus.cc:385] T 6b065c4d07a9484c8217bd1d70b051cb P c4905898fee24ffbaabaeef3f71555a2 [term 0 FOLLOWER]: Consensus starting up: Expiring failure detector timer to make a prompt election more likely
I20260608 12:42:52.702838 13566 raft_consensus.cc:740] T 6b065c4d07a9484c8217bd1d70b051cb P c4905898fee24ffbaabaeef3f71555a2 [term 0 FOLLOWER]: Becoming Follower/Learner. State: Replica: c4905898fee24ffbaabaeef3f71555a2, State: Initialized, Role: FOLLOWER
I20260608 12:42:52.703528 13605 raft_consensus.cc:697] T 9febaabad192478b9884068f411e2e3e P 0ffd4aacd91a4a78885d064bde6b08fe [term 1 LEADER]: Becoming Leader. State: Replica: 0ffd4aacd91a4a78885d064bde6b08fe, State: Running, Role: LEADER
I20260608 12:42:52.704638 13562 tablet_bootstrap.cc:492] T 5a6dc05af0a049f4a9d3aa5b18a9e827 P 0ffd4aacd91a4a78885d064bde6b08fe: No bootstrap required, opened a new log
I20260608 12:42:52.704370 13605 consensus_queue.cc:237] T 9febaabad192478b9884068f411e2e3e P 0ffd4aacd91a4a78885d064bde6b08fe [LEADER]: Queue going to LEADER mode. State: All replicated index: 0, Majority replicated index: 0, Committed index: 0, Last appended: 0.0, Last appended by leader: 0, Current term: 1, Majority size: 2, State: 0, Mode: LEADER, active raft config: opid_index: -1 OBSOLETE_local: false peers { permanent_uuid: "0ffd4aacd91a4a78885d064bde6b08fe" member_type: VOTER last_known_addr { host: "127.12.103.65" port: 37701 } } peers { permanent_uuid: "514ebfbfb8954789a43604b602104c4f" member_type: VOTER last_known_addr { host: "127.12.103.66" port: 35257 } } peers { permanent_uuid: "c4905898fee24ffbaabaeef3f71555a2" member_type: VOTER last_known_addr { host: "127.12.103.67" port: 38309 } }
I20260608 12:42:52.704996 13562 ts_tablet_manager.cc:1403] T 5a6dc05af0a049f4a9d3aa5b18a9e827 P 0ffd4aacd91a4a78885d064bde6b08fe: Time spent bootstrapping tablet: real 0.087s	user 0.012s	sys 0.032s
I20260608 12:42:52.705184 13565 leader_election.cc:290] T 9febaabad192478b9884068f411e2e3e P 0ffd4aacd91a4a78885d064bde6b08fe [CANDIDATE]: Term 1 election: Requested vote from peers 514ebfbfb8954789a43604b602104c4f (127.12.103.66:35257), c4905898fee24ffbaabaeef3f71555a2 (127.12.103.67:38309)
I20260608 12:42:52.707080 13562 raft_consensus.cc:359] T 5a6dc05af0a049f4a9d3aa5b18a9e827 P 0ffd4aacd91a4a78885d064bde6b08fe [term 0 FOLLOWER]: Replica starting. Triggering 0 pending ops. Active config: opid_index: -1 OBSOLETE_local: false peers { permanent_uuid: "0ffd4aacd91a4a78885d064bde6b08fe" member_type: VOTER last_known_addr { host: "127.12.103.65" port: 37701 } } peers { permanent_uuid: "514ebfbfb8954789a43604b602104c4f" member_type: VOTER last_known_addr { host: "127.12.103.66" port: 35257 } } peers { permanent_uuid: "c4905898fee24ffbaabaeef3f71555a2" member_type: VOTER last_known_addr { host: "127.12.103.67" port: 38309 } }
I20260608 12:42:52.707564 13562 raft_consensus.cc:385] T 5a6dc05af0a049f4a9d3aa5b18a9e827 P 0ffd4aacd91a4a78885d064bde6b08fe [term 0 FOLLOWER]: Consensus starting up: Expiring failure detector timer to make a prompt election more likely
I20260608 12:42:52.707772 13562 raft_consensus.cc:740] T 5a6dc05af0a049f4a9d3aa5b18a9e827 P 0ffd4aacd91a4a78885d064bde6b08fe [term 0 FOLLOWER]: Becoming Follower/Learner. State: Replica: 0ffd4aacd91a4a78885d064bde6b08fe, State: Initialized, Role: FOLLOWER
I20260608 12:42:52.708321 13562 consensus_queue.cc:260] T 5a6dc05af0a049f4a9d3aa5b18a9e827 P 0ffd4aacd91a4a78885d064bde6b08fe [NON_LEADER]: Queue going to NON_LEADER mode. State: All replicated index: 0, Majority replicated index: 0, Committed index: 0, Last appended: 0.0, Last appended by leader: 0, Current term: 0, Majority size: -1, State: 0, Mode: NON_LEADER, active raft config: opid_index: -1 OBSOLETE_local: false peers { permanent_uuid: "0ffd4aacd91a4a78885d064bde6b08fe" member_type: VOTER last_known_addr { host: "127.12.103.65" port: 37701 } } peers { permanent_uuid: "514ebfbfb8954789a43604b602104c4f" member_type: VOTER last_known_addr { host: "127.12.103.66" port: 35257 } } peers { permanent_uuid: "c4905898fee24ffbaabaeef3f71555a2" member_type: VOTER last_known_addr { host: "127.12.103.67" port: 38309 } }
I20260608 12:42:52.710971 13562 ts_tablet_manager.cc:1434] T 5a6dc05af0a049f4a9d3aa5b18a9e827 P 0ffd4aacd91a4a78885d064bde6b08fe: Time spent starting tablet: real 0.006s	user 0.006s	sys 0.001s
I20260608 12:42:52.703653 13566 consensus_queue.cc:260] T 6b065c4d07a9484c8217bd1d70b051cb P c4905898fee24ffbaabaeef3f71555a2 [NON_LEADER]: Queue going to NON_LEADER mode. State: All replicated index: 0, Majority replicated index: 0, Committed index: 0, Last appended: 0.0, Last appended by leader: 0, Current term: 0, Majority size: -1, State: 0, Mode: NON_LEADER, active raft config: opid_index: -1 OBSOLETE_local: false peers { permanent_uuid: "0ffd4aacd91a4a78885d064bde6b08fe" member_type: VOTER last_known_addr { host: "127.12.103.65" port: 37701 } } peers { permanent_uuid: "514ebfbfb8954789a43604b602104c4f" member_type: VOTER last_known_addr { host: "127.12.103.66" port: 35257 } } peers { permanent_uuid: "c4905898fee24ffbaabaeef3f71555a2" member_type: VOTER last_known_addr { host: "127.12.103.67" port: 38309 } }
I20260608 12:42:52.714051 13595 raft_consensus.cc:493] T 6b065c4d07a9484c8217bd1d70b051cb P c4905898fee24ffbaabaeef3f71555a2 [term 0 FOLLOWER]: Starting pre-election (no leader contacted us within the election timeout)
