I20260608 12:37:08.545704  1516 leader_election.cc:304] T 00000000000000000000000000000000 P 984cee40b4a2474cbe4adfb1f0f202be [CANDIDATE]: Term 2 election: Election decided. Result: candidate won. Election summary: received 3 responses out of 3 voters: 2 yes votes; 1 no votes. yes voters: 984cee40b4a2474cbe4adfb1f0f202be, d6143d8a66114ba9a02f6375ac4192f0; no voters: c7a8a9ef47b84e2e805f1bfd21cecf86
I20260608 12:37:08.546341  2043 raft_consensus.cc:2804] T 00000000000000000000000000000000 P 984cee40b4a2474cbe4adfb1f0f202be [term 2 FOLLOWER]: Leader election won for term 2
I20260608 12:37:08.547375  2043 raft_consensus.cc:697] T 00000000000000000000000000000000 P 984cee40b4a2474cbe4adfb1f0f202be [term 2 LEADER]: Becoming Leader. State: Replica: 984cee40b4a2474cbe4adfb1f0f202be, State: Running, Role: LEADER
I20260608 12:37:08.548167  2043 consensus_queue.cc:237] T 00000000000000000000000000000000 P 984cee40b4a2474cbe4adfb1f0f202be [LEADER]: Queue going to LEADER mode. State: All replicated index: 0, Majority replicated index: 9, Committed index: 9, Last appended: 1.9, Last appended by leader: 9, Current term: 2, Majority size: 2, State: 0, Mode: LEADER, active raft config: opid_index: -1 OBSOLETE_local: false peers { permanent_uuid: "984cee40b4a2474cbe4adfb1f0f202be" member_type: VOTER last_known_addr { host: "127.0.107.254" port: 34037 } } peers { permanent_uuid: "c7a8a9ef47b84e2e805f1bfd21cecf86" member_type: VOTER last_known_addr { host: "127.0.107.253" port: 35175 } } peers { permanent_uuid: "d6143d8a66114ba9a02f6375ac4192f0" member_type: VOTER last_known_addr { host: "127.0.107.252" port: 33989 } }
I20260608 12:37:08.553637  2046 sys_catalog.cc:455] T 00000000000000000000000000000000 P 984cee40b4a2474cbe4adfb1f0f202be [sys.catalog]: SysCatalogTable state changed. Reason: New leader 984cee40b4a2474cbe4adfb1f0f202be. Latest consensus state: current_term: 2 leader_uuid: "984cee40b4a2474cbe4adfb1f0f202be" committed_config { opid_index: -1 OBSOLETE_local: false peers { permanent_uuid: "984cee40b4a2474cbe4adfb1f0f202be" member_type: VOTER last_known_addr { host: "127.0.107.254" port: 34037 } } peers { permanent_uuid: "c7a8a9ef47b84e2e805f1bfd21cecf86" member_type: VOTER last_known_addr { host: "127.0.107.253" port: 35175 } } peers { permanent_uuid: "d6143d8a66114ba9a02f6375ac4192f0" member_type: VOTER last_known_addr { host: "127.0.107.252" port: 33989 } } }
I20260608 12:37:08.554154  2046 sys_catalog.cc:458] T 00000000000000000000000000000000 P 984cee40b4a2474cbe4adfb1f0f202be [sys.catalog]: This master's current role is: LEADER
I20260608 12:37:08.555646  2048 catalog_manager.cc:1510] Loading table and tablet metadata into memory...
I20260608 12:37:08.560842  2048 catalog_manager.cc:679] Loaded metadata for table test-workload [id=eca7e28fdc884e0dab32527ed7bad55c]
I20260608 12:37:08.566330  2048 tablet_loader.cc:96] loaded metadata for tablet 6cba3c6c02dc43bea5c804fb6976a210 (table test-workload [id=eca7e28fdc884e0dab32527ed7bad55c])
I20260608 12:37:08.567315  2048 tablet_loader.cc:96] loaded metadata for tablet 8aebd1a6672243599372a9abd3396b77 (table test-workload [id=eca7e28fdc884e0dab32527ed7bad55c])
I20260608 12:37:08.568265  2048 tablet_loader.cc:96] loaded metadata for tablet dd9c1a6bc21b4fadb60c81a62736e2f1 (table test-workload [id=eca7e28fdc884e0dab32527ed7bad55c])
I20260608 12:37:08.569190  2048 catalog_manager.cc:1519] Initializing Kudu cluster ID...
I20260608 12:37:08.572130  2048 catalog_manager.cc:1294] Loaded cluster ID: 201d0cdd327f4fa794eb026314fc3c82
I20260608 12:37:08.572358  2048 catalog_manager.cc:1530] Initializing Kudu internal certificate authority...
I20260608 12:37:08.575951  2048 catalog_manager.cc:1539] Loading token signing keys...
I20260608 12:37:08.578889  2048 catalog_manager.cc:6080] T 00000000000000000000000000000000 P 984cee40b4a2474cbe4adfb1f0f202be: Loaded TSK: 0
I20260608 12:37:08.579842  2048 catalog_manager.cc:1549] Initializing in-progress tserver states...
I20260608 12:37:08.689524  1738 auto_leader_rebalancer.cc:140] leader rebalance for table test-workload
I20260608 12:37:08.689790   431 tablet_server.cc:179] TabletServer@127.0.107.193:0 shutting down...
I20260608 12:37:08.690062  1738 auto_leader_rebalancer.cc:451] All tables' leader rebalancing finished this round
I20260608 12:37:08.716881   431 ts_tablet_manager.cc:1507] Shutting down tablet manager...
I20260608 12:37:08.717839   431 tablet_replica.cc:333] T 8aebd1a6672243599372a9abd3396b77 P ec4112388db9486faeabed3a7b16ec78: stopping tablet replica
I20260608 12:37:08.718552   431 raft_consensus.cc:2243] T 8aebd1a6672243599372a9abd3396b77 P ec4112388db9486faeabed3a7b16ec78 [term 1 LEADER]: Raft consensus shutting down.
I20260608 12:37:08.719110   431 raft_consensus.cc:2272] T 8aebd1a6672243599372a9abd3396b77 P ec4112388db9486faeabed3a7b16ec78 [term 1 FOLLOWER]: Raft consensus is shut down!
I20260608 12:37:08.737576   431 tablet_server.cc:196] TabletServer@127.0.107.193:0 shutdown complete.
I20260608 12:37:08.747563   431 tablet_server.cc:179] TabletServer@127.0.107.194:0 shutting down...
I20260608 12:37:08.769369   431 ts_tablet_manager.cc:1507] Shutting down tablet manager...
I20260608 12:37:08.770184   431 tablet_replica.cc:333] T dd9c1a6bc21b4fadb60c81a62736e2f1 P d67119eb829c4c3f9c4ef2bca7f36dd2: stopping tablet replica
I20260608 12:37:08.770778   431 raft_consensus.cc:2243] T dd9c1a6bc21b4fadb60c81a62736e2f1 P d67119eb829c4c3f9c4ef2bca7f36dd2 [term 1 LEADER]: Raft consensus shutting down.
I20260608 12:37:08.771291   431 raft_consensus.cc:2272] T dd9c1a6bc21b4fadb60c81a62736e2f1 P d67119eb829c4c3f9c4ef2bca7f36dd2 [term 1 FOLLOWER]: Raft consensus is shut down!
I20260608 12:37:08.789513   431 tablet_server.cc:196] TabletServer@127.0.107.194:0 shutdown complete.
I20260608 12:37:08.798606   431 tablet_server.cc:179] TabletServer@127.0.107.195:0 shutting down...
I20260608 12:37:08.820403   431 ts_tablet_manager.cc:1507] Shutting down tablet manager...
I20260608 12:37:08.821071   431 tablet_replica.cc:333] T 6cba3c6c02dc43bea5c804fb6976a210 P 6ca1fb337a9e4c06a7b6bfd34a9d1d63: stopping tablet replica
I20260608 12:37:08.821568   431 raft_consensus.cc:2243] T 6cba3c6c02dc43bea5c804fb6976a210 P 6ca1fb337a9e4c06a7b6bfd34a9d1d63 [term 1 LEADER]: Raft consensus shutting down.
I20260608 12:37:08.822026   431 raft_consensus.cc:2272] T 6cba3c6c02dc43bea5c804fb6976a210 P 6ca1fb337a9e4c06a7b6bfd34a9d1d63 [term 1 FOLLOWER]: Raft consensus is shut down!
I20260608 12:37:08.840431   431 tablet_server.cc:196] TabletServer@127.0.107.195:0 shutdown complete.
I20260608 12:37:08.850322   431 master.cc:562] Master@127.0.107.254:34037 shutting down...
I20260608 12:37:08.869318   431 raft_consensus.cc:2243] T 00000000000000000000000000000000 P 984cee40b4a2474cbe4adfb1f0f202be [term 2 LEADER]: Raft consensus shutting down.
I20260608 12:37:08.870008   431 pending_rounds.cc:70] T 00000000000000000000000000000000 P 984cee40b4a2474cbe4adfb1f0f202be: Trying to abort 1 pending ops.
I20260608 12:37:08.870335   431 pending_rounds.cc:77] T 00000000000000000000000000000000 P 984cee40b4a2474cbe4adfb1f0f202be: Aborting op as it isn't in flight: id { term: 2 index: 10 } timestamp: 7294657448140435456 op_type: NO_OP noop_request { }
I20260608 12:37:08.870705   431 raft_consensus.cc:2889] T 00000000000000000000000000000000 P 984cee40b4a2474cbe4adfb1f0f202be [term 2 LEADER]: NO_OP replication failed: Aborted: Op aborted
I20260608 12:37:08.871019   431 raft_consensus.cc:2272] T 00000000000000000000000000000000 P 984cee40b4a2474cbe4adfb1f0f202be [term 2 FOLLOWER]: Raft consensus is shut down!
I20260608 12:37:08.871443   431 tablet_replica.cc:333] T 00000000000000000000000000000000 P 984cee40b4a2474cbe4adfb1f0f202be: stopping tablet replica
I20260608 12:37:08.890815   431 master.cc:584] Master@127.0.107.254:34037 shutdown complete.
I20260608 12:37:08.903910   431 master.cc:562] Master@127.0.107.252:33989 shutting down...
I20260608 12:37:08.920907   431 raft_consensus.cc:2243] T 00000000000000000000000000000000 P d6143d8a66114ba9a02f6375ac4192f0 [term 2 FOLLOWER]: Raft consensus shutting down.
I20260608 12:37:08.921483   431 raft_consensus.cc:2272] T 00000000000000000000000000000000 P d6143d8a66114ba9a02f6375ac4192f0 [term 2 FOLLOWER]: Raft consensus is shut down!
I20260608 12:37:08.921831   431 tablet_replica.cc:333] T 00000000000000000000000000000000 P d6143d8a66114ba9a02f6375ac4192f0: stopping tablet replica
I20260608 12:37:08.940680   431 master.cc:584] Master@127.0.107.252:33989 shutdown complete.
[       OK ] AutoRebalancerTest.NextLeaderResumesAutoRebalancing (4652 ms)
[ RUN      ] AutoRebalancerTest.MovesScheduledIfAddTserver
I20260608 12:37:08.973934   431 internal_mini_cluster.cc:156] Creating distributed mini masters. Addrs: 127.0.107.254:44017
I20260608 12:37:08.975217   431 file_cache.cc:492] Constructed file cache file cache with capacity 419430
W20260608 12:37:08.980693  2049 instance_detector.cc:116] could not retrieve AWS instance metadata: Network error: curl error: HTTP response code said error: The requested URL returned error: 404
W20260608 12:37:08.981647  2050 instance_detector.cc:116] could not retrieve Azure instance metadata: Network error: curl error: HTTP response code said error: The requested URL returned error: 404
W20260608 12:37:08.982384  2052 instance_detector.cc:116] could not retrieve OpenStack instance metadata: Network error: curl error: HTTP response code said error: The requested URL returned error: 404
I20260608 12:37:08.982714   431 server_base.cc:1061] running on GCE node
I20260608 12:37:08.983577   431 hybrid_clock.cc:584] initializing the hybrid clock with 'system_unsync' time source
W20260608 12:37:08.983814   431 system_unsync_time.cc:38] NTP support is disabled. Clock error bounds will not be accurate. This configuration is not suitable for distributed clusters.
I20260608 12:37:08.983978   431 hybrid_clock.cc:648] HybridClock initialized: now 1780922228983954 us; error 0 us; skew 500 ppm
I20260608 12:37:08.984527   431 server_base.cc:861] Flag tcmalloc_max_total_thread_cache_bytes is not working since tcmalloc is not enabled.
I20260608 12:37:08.987054   431 webserver.cc:533] Webserver started at http://127.0.107.254:36041/ using document root <none> and password file <none>
I20260608 12:37:08.987562   431 fs_manager.cc:362] Metadata directory not provided
I20260608 12:37:08.987778   431 fs_manager.cc:368] Using write-ahead log directory (fs_wal_dir) as metadata directory
I20260608 12:37:08.988050   431 server_base.cc:909] This appears to be a new deployment of Kudu; creating new FS layout
I20260608 12:37:08.989639   431 fs_manager.cc:1068] Generated new instance metadata in path /tmp/dist-test-taskF61L7G/test-tmp/auto_rebalancer-test.0.AutoRebalancerTest.MovesScheduledIfAddTserver.1780922206685814-431-0/minicluster-data/master-0-root/instance:
uuid: "580ccbeccd37414687820acdc25ef6af"
format_stamp: "Formatted at 2026-06-08 12:37:08 on dist-test-slave-jdxb"
I20260608 12:37:08.994089   431 fs_manager.cc:696] Time spent creating directory manager: real 0.004s	user 0.003s	sys 0.000s
I20260608 12:37:08.997400  2057 log_block_manager.cc:4031] Time spent loading block containers with low live blocks: real 0.000s	user 0.000s	sys 0.000s
I20260608 12:37:08.998320   431 fs_manager.cc:730] Time spent opening block manager: real 0.002s	user 0.003s	sys 0.000s
I20260608 12:37:08.998569   431 fs_manager.cc:647] Opened local filesystem: /tmp/dist-test-taskF61L7G/test-tmp/auto_rebalancer-test.0.AutoRebalancerTest.MovesScheduledIfAddTserver.1780922206685814-431-0/minicluster-data/master-0-root
uuid: "580ccbeccd37414687820acdc25ef6af"
format_stamp: "Formatted at 2026-06-08 12:37:08 on dist-test-slave-jdxb"
I20260608 12:37:08.998791   431 fs_report.cc:389] FS layout report
--------------------
wal directory: /tmp/dist-test-taskF61L7G/test-tmp/auto_rebalancer-test.0.AutoRebalancerTest.MovesScheduledIfAddTserver.1780922206685814-431-0/minicluster-data/master-0-root
metadata directory: /tmp/dist-test-taskF61L7G/test-tmp/auto_rebalancer-test.0.AutoRebalancerTest.MovesScheduledIfAddTserver.1780922206685814-431-0/minicluster-data/master-0-root
1 data directories: /tmp/dist-test-taskF61L7G/test-tmp/auto_rebalancer-test.0.AutoRebalancerTest.MovesScheduledIfAddTserver.1780922206685814-431-0/minicluster-data/master-0-root/data
Total live blocks: 0
Total live bytes: 0
Total live bytes (after alignment): 0
Total number of LBM containers: 0 (0 full)
Did not check for missing blocks
Did not check for orphaned blocks
Total full LBM containers with extra space: 0 (0 repaired)
Total full LBM container extra space in bytes: 0 (0 repaired)
Total incomplete LBM containers: 0 (0 repaired)
Total LBM partial records: 0 (0 repaired)
Total corrupted LBM metadata records in RocksDB: 0 (0 repaired)
I20260608 12:37:09.032709   431 rpc_server.cc:225] running with OpenSSL 1.1.1  11 Sep 2018
I20260608 12:37:09.033941   431 kserver.cc:163] Server-wide thread pool size limit: 3276
I20260608 12:37:09.071511   431 rpc_server.cc:307] RPC server started. Bound to: 127.0.107.254:44017
I20260608 12:37:09.071620  2108 acceptor_pool.cc:272] collecting diagnostics on the listening RPC socket 127.0.107.254:44017 every 8 connection(s)
I20260608 12:37:09.075559  2109 data_dirs.cc:400] Could only allocate 1 dirs of requested 3 for tablet 00000000000000000000000000000000. 1 dirs total, 0 dirs full, 0 dirs failed
I20260608 12:37:09.085253  2109 tablet_bootstrap.cc:492] T 00000000000000000000000000000000 P 580ccbeccd37414687820acdc25ef6af: Bootstrap starting.
I20260608 12:37:09.089977  2109 tablet_bootstrap.cc:654] T 00000000000000000000000000000000 P 580ccbeccd37414687820acdc25ef6af: Neither blocks nor log segments found. Creating new log.
I20260608 12:37:09.094115  2109 tablet_bootstrap.cc:492] T 00000000000000000000000000000000 P 580ccbeccd37414687820acdc25ef6af: No bootstrap required, opened a new log
I20260608 12:37:09.096287  2109 raft_consensus.cc:359] T 00000000000000000000000000000000 P 580ccbeccd37414687820acdc25ef6af [term 0 FOLLOWER]: Replica starting. Triggering 0 pending ops. Active config: opid_index: -1 OBSOLETE_local: true peers { permanent_uuid: "580ccbeccd37414687820acdc25ef6af" member_type: VOTER }
I20260608 12:37:09.096683  2109 raft_consensus.cc:385] T 00000000000000000000000000000000 P 580ccbeccd37414687820acdc25ef6af [term 0 FOLLOWER]: Consensus starting up: Expiring failure detector timer to make a prompt election more likely
I20260608 12:37:09.096922  2109 raft_consensus.cc:740] T 00000000000000000000000000000000 P 580ccbeccd37414687820acdc25ef6af [term 0 FOLLOWER]: Becoming Follower/Learner. State: Replica: 580ccbeccd37414687820acdc25ef6af, State: Initialized, Role: FOLLOWER
I20260608 12:37:09.097510  2109 consensus_queue.cc:260] T 00000000000000000000000000000000 P 580ccbeccd37414687820acdc25ef6af [NON_LEADER]: Queue going to NON_LEADER mode. State: All replicated index: 0, Majority replicated index: 0, Committed index: 0, Last appended: 0.0, Last appended by leader: 0, Current term: 0, Majority size: -1, State: 0, Mode: NON_LEADER, active raft config: opid_index: -1 OBSOLETE_local: true peers { permanent_uuid: "580ccbeccd37414687820acdc25ef6af" member_type: VOTER }
I20260608 12:37:09.097957  2109 raft_consensus.cc:399] T 00000000000000000000000000000000 P 580ccbeccd37414687820acdc25ef6af [term 0 FOLLOWER]: Only one voter in the Raft config. Triggering election immediately
I20260608 12:37:09.098181  2109 raft_consensus.cc:493] T 00000000000000000000000000000000 P 580ccbeccd37414687820acdc25ef6af [term 0 FOLLOWER]: Starting leader election (initial election of a single-replica configuration)
I20260608 12:37:09.098500  2109 raft_consensus.cc:3060] T 00000000000000000000000000000000 P 580ccbeccd37414687820acdc25ef6af [term 0 FOLLOWER]: Advancing to term 1
I20260608 12:37:09.102752  2109 raft_consensus.cc:515] T 00000000000000000000000000000000 P 580ccbeccd37414687820acdc25ef6af [term 1 FOLLOWER]: Starting leader election with config: opid_index: -1 OBSOLETE_local: true peers { permanent_uuid: "580ccbeccd37414687820acdc25ef6af" member_type: VOTER }
I20260608 12:37:09.103271  2109 leader_election.cc:304] T 00000000000000000000000000000000 P 580ccbeccd37414687820acdc25ef6af [CANDIDATE]: Term 1 election: Election decided. Result: candidate won. Election summary: received 1 responses out of 1 voters: 1 yes votes; 0 no votes. yes voters: 580ccbeccd37414687820acdc25ef6af; no voters: 
I20260608 12:37:09.104359  2109 leader_election.cc:290] T 00000000000000000000000000000000 P 580ccbeccd37414687820acdc25ef6af [CANDIDATE]: Term 1 election: Requested vote from peers 
I20260608 12:37:09.104954  2112 raft_consensus.cc:2804] T 00000000000000000000000000000000 P 580ccbeccd37414687820acdc25ef6af [term 1 FOLLOWER]: Leader election won for term 1
I20260608 12:37:09.106389  2112 raft_consensus.cc:697] T 00000000000000000000000000000000 P 580ccbeccd37414687820acdc25ef6af [term 1 LEADER]: Becoming Leader. State: Replica: 580ccbeccd37414687820acdc25ef6af, State: Running, Role: LEADER
I20260608 12:37:09.107090  2112 consensus_queue.cc:237] T 00000000000000000000000000000000 P 580ccbeccd37414687820acdc25ef6af [LEADER]: Queue going to LEADER mode. State: All replicated index: 0, Majority replicated index: 0, Committed index: 0, Last appended: 0.0, Last appended by leader: 0, Current term: 1, Majority size: 1, State: 0, Mode: LEADER, active raft config: opid_index: -1 OBSOLETE_local: true peers { permanent_uuid: "580ccbeccd37414687820acdc25ef6af" member_type: VOTER }
I20260608 12:37:09.107352  2109 sys_catalog.cc:565] T 00000000000000000000000000000000 P 580ccbeccd37414687820acdc25ef6af [sys.catalog]: configured and running, proceeding with master startup.
I20260608 12:37:09.110440  2114 sys_catalog.cc:455] T 00000000000000000000000000000000 P 580ccbeccd37414687820acdc25ef6af [sys.catalog]: SysCatalogTable state changed. Reason: New leader 580ccbeccd37414687820acdc25ef6af. Latest consensus state: current_term: 1 leader_uuid: "580ccbeccd37414687820acdc25ef6af" committed_config { opid_index: -1 OBSOLETE_local: true peers { permanent_uuid: "580ccbeccd37414687820acdc25ef6af" member_type: VOTER } }
I20260608 12:37:09.110863  2113 sys_catalog.cc:455] T 00000000000000000000000000000000 P 580ccbeccd37414687820acdc25ef6af [sys.catalog]: SysCatalogTable state changed. Reason: RaftConsensus started. Latest consensus state: current_term: 1 leader_uuid: "580ccbeccd37414687820acdc25ef6af" committed_config { opid_index: -1 OBSOLETE_local: true peers { permanent_uuid: "580ccbeccd37414687820acdc25ef6af" member_type: VOTER } }
I20260608 12:37:09.111101  2114 sys_catalog.cc:458] T 00000000000000000000000000000000 P 580ccbeccd37414687820acdc25ef6af [sys.catalog]: This master's current role is: LEADER
I20260608 12:37:09.111423  2113 sys_catalog.cc:458] T 00000000000000000000000000000000 P 580ccbeccd37414687820acdc25ef6af [sys.catalog]: This master's current role is: LEADER
I20260608 12:37:09.115160  2119 catalog_manager.cc:1510] Loading table and tablet metadata into memory...
I20260608 12:37:09.120811  2119 catalog_manager.cc:1519] Initializing Kudu cluster ID...
I20260608 12:37:09.125406   431 internal_mini_cluster.cc:184] Waiting to initialize catalog manager on master 0
I20260608 12:37:09.131188  2119 catalog_manager.cc:1382] Generated new cluster ID: 46fe3caf190245d3bf331a441b3d1593
I20260608 12:37:09.131490  2119 catalog_manager.cc:1530] Initializing Kudu internal certificate authority...
I20260608 12:37:09.145865  2119 catalog_manager.cc:1405] Generated new certificate authority record
I20260608 12:37:09.147130  2119 catalog_manager.cc:1539] Loading token signing keys...
I20260608 12:37:09.158819  2119 catalog_manager.cc:6069] T 00000000000000000000000000000000 P 580ccbeccd37414687820acdc25ef6af: Generated new TSK 0
I20260608 12:37:09.159438  2119 catalog_manager.cc:1549] Initializing in-progress tserver states...
I20260608 12:37:09.192112   431 file_cache.cc:492] Constructed file cache file cache with capacity 419430
W20260608 12:37:09.198184  2130 instance_detector.cc:116] could not retrieve AWS instance metadata: Network error: curl error: HTTP response code said error: The requested URL returned error: 404
W20260608 12:37:09.199563  2131 instance_detector.cc:116] could not retrieve Azure instance metadata: Network error: curl error: HTTP response code said error: The requested URL returned error: 404
W20260608 12:37:09.201185  2133 instance_detector.cc:116] could not retrieve OpenStack instance metadata: Network error: curl error: HTTP response code said error: The requested URL returned error: 404
I20260608 12:37:09.201962   431 server_base.cc:1061] running on GCE node
I20260608 12:37:09.202826   431 hybrid_clock.cc:584] initializing the hybrid clock with 'system_unsync' time source
W20260608 12:37:09.203052   431 system_unsync_time.cc:38] NTP support is disabled. Clock error bounds will not be accurate. This configuration is not suitable for distributed clusters.
I20260608 12:37:09.203241   431 hybrid_clock.cc:648] HybridClock initialized: now 1780922229203224 us; error 0 us; skew 500 ppm
I20260608 12:37:09.203819   431 server_base.cc:861] Flag tcmalloc_max_total_thread_cache_bytes is not working since tcmalloc is not enabled.
I20260608 12:37:09.206074   431 webserver.cc:533] Webserver started at http://127.0.107.193:42207/ using document root <none> and password file <none>
I20260608 12:37:09.206616   431 fs_manager.cc:362] Metadata directory not provided
I20260608 12:37:09.206827   431 fs_manager.cc:368] Using write-ahead log directory (fs_wal_dir) as metadata directory
I20260608 12:37:09.207110   431 server_base.cc:909] This appears to be a new deployment of Kudu; creating new FS layout
I20260608 12:37:09.208195   431 fs_manager.cc:1068] Generated new instance metadata in path /tmp/dist-test-taskF61L7G/test-tmp/auto_rebalancer-test.0.AutoRebalancerTest.MovesScheduledIfAddTserver.1780922206685814-431-0/minicluster-data/ts-0-root/instance:
uuid: "ede22117eaea48208970f01cd8c201d7"
format_stamp: "Formatted at 2026-06-08 12:37:09 on dist-test-slave-jdxb"
I20260608 12:37:09.212659   431 fs_manager.cc:696] Time spent creating directory manager: real 0.004s	user 0.002s	sys 0.004s
I20260608 12:37:09.215953  2138 log_block_manager.cc:4031] Time spent loading block containers with low live blocks: real 0.000s	user 0.000s	sys 0.000s
I20260608 12:37:09.216645   431 fs_manager.cc:730] Time spent opening block manager: real 0.002s	user 0.001s	sys 0.000s
I20260608 12:37:09.216931   431 fs_manager.cc:647] Opened local filesystem: /tmp/dist-test-taskF61L7G/test-tmp/auto_rebalancer-test.0.AutoRebalancerTest.MovesScheduledIfAddTserver.1780922206685814-431-0/minicluster-data/ts-0-root
uuid: "ede22117eaea48208970f01cd8c201d7"
format_stamp: "Formatted at 2026-06-08 12:37:09 on dist-test-slave-jdxb"
I20260608 12:37:09.217195   431 fs_report.cc:389] FS layout report
--------------------
wal directory: /tmp/dist-test-taskF61L7G/test-tmp/auto_rebalancer-test.0.AutoRebalancerTest.MovesScheduledIfAddTserver.1780922206685814-431-0/minicluster-data/ts-0-root
metadata directory: /tmp/dist-test-taskF61L7G/test-tmp/auto_rebalancer-test.0.AutoRebalancerTest.MovesScheduledIfAddTserver.1780922206685814-431-0/minicluster-data/ts-0-root
1 data directories: /tmp/dist-test-taskF61L7G/test-tmp/auto_rebalancer-test.0.AutoRebalancerTest.MovesScheduledIfAddTserver.1780922206685814-431-0/minicluster-data/ts-0-root/data
Total live blocks: 0
Total live bytes: 0
Total live bytes (after alignment): 0
Total number of LBM containers: 0 (0 full)
Did not check for missing blocks
Did not check for orphaned blocks
Total full LBM containers with extra space: 0 (0 repaired)
Total full LBM container extra space in bytes: 0 (0 repaired)
Total incomplete LBM containers: 0 (0 repaired)
Total LBM partial records: 0 (0 repaired)
Total corrupted LBM metadata records in RocksDB: 0 (0 repaired)
I20260608 12:37:09.227145   431 rpc_server.cc:225] running with OpenSSL 1.1.1  11 Sep 2018
I20260608 12:37:09.228363   431 kserver.cc:163] Server-wide thread pool size limit: 3276
I20260608 12:37:09.229794   431 txn_system_client.cc:432] TxnSystemClient initialization is disabled...
I20260608 12:37:09.232056   431 ts_tablet_manager.cc:585] Loaded tablet metadata (0 total tablets, 0 live tablets)
I20260608 12:37:09.232278   431 ts_tablet_manager.cc:531] Time spent load tablet metadata: real 0.000s	user 0.000s	sys 0.000s
I20260608 12:37:09.232522   431 ts_tablet_manager.cc:616] Registered 0 tablets
I20260608 12:37:09.232692   431 ts_tablet_manager.cc:595] Time spent register tablets: real 0.000s	user 0.000s	sys 0.000s
I20260608 12:37:09.271792   431 rpc_server.cc:307] RPC server started. Bound to: 127.0.107.193:40265
I20260608 12:37:09.271903  2200 acceptor_pool.cc:272] collecting diagnostics on the listening RPC socket 127.0.107.193:40265 every 8 connection(s)
I20260608 12:37:09.277042   431 file_cache.cc:492] Constructed file cache file cache with capacity 419430
W20260608 12:37:09.285274  2205 instance_detector.cc:116] could not retrieve AWS instance metadata: Network error: curl error: HTTP response code said error: The requested URL returned error: 404
W20260608 12:37:09.286124  2206 instance_detector.cc:116] could not retrieve Azure instance metadata: Network error: curl error: HTTP response code said error: The requested URL returned error: 404
I20260608 12:37:09.287914   431 server_base.cc:1061] running on GCE node
W20260608 12:37:09.287446  2208 instance_detector.cc:116] could not retrieve OpenStack instance metadata: Network error: curl error: HTTP response code said error: The requested URL returned error: 404
I20260608 12:37:09.289070   431 hybrid_clock.cc:584] initializing the hybrid clock with 'system_unsync' time source
W20260608 12:37:09.289321   431 system_unsync_time.cc:38] NTP support is disabled. Clock error bounds will not be accurate. This configuration is not suitable for distributed clusters.
I20260608 12:37:09.289503   431 hybrid_clock.cc:648] HybridClock initialized: now 1780922229289483 us; error 0 us; skew 500 ppm
I20260608 12:37:09.290109   431 server_base.cc:861] Flag tcmalloc_max_total_thread_cache_bytes is not working since tcmalloc is not enabled.
I20260608 12:37:09.292953   431 webserver.cc:533] Webserver started at http://127.0.107.194:46019/ using document root <none> and password file <none>
I20260608 12:37:09.293148  2201 heartbeater.cc:344] Connected to a master server at 127.0.107.254:44017
I20260608 12:37:09.293565  2201 heartbeater.cc:461] Registering TS with master...
I20260608 12:37:09.293572   431 fs_manager.cc:362] Metadata directory not provided
I20260608 12:37:09.294008   431 fs_manager.cc:368] Using write-ahead log directory (fs_wal_dir) as metadata directory
I20260608 12:37:09.294343   431 server_base.cc:909] This appears to be a new deployment of Kudu; creating new FS layout
I20260608 12:37:09.294508  2201 heartbeater.cc:507] Master 127.0.107.254:44017 requested a full tablet report, sending...
I20260608 12:37:09.295439   431 fs_manager.cc:1068] Generated new instance metadata in path /tmp/dist-test-taskF61L7G/test-tmp/auto_rebalancer-test.0.AutoRebalancerTest.MovesScheduledIfAddTserver.1780922206685814-431-0/minicluster-data/ts-1-root/instance:
uuid: "a78081a047124f4586107471cbaffe42"
format_stamp: "Formatted at 2026-06-08 12:37:09 on dist-test-slave-jdxb"
I20260608 12:37:09.296615  2074 ts_manager.cc:194] Registered new tserver with Master: ede22117eaea48208970f01cd8c201d7 (127.0.107.193:40265)
I20260608 12:37:09.298429  2074 master_service.cc:502] Signed X509 certificate for tserver {username='slave'} at 127.0.0.1:57484
I20260608 12:37:09.300489   431 fs_manager.cc:696] Time spent creating directory manager: real 0.004s	user 0.004s	sys 0.001s
I20260608 12:37:09.304108  2213 log_block_manager.cc:4031] Time spent loading block containers with low live blocks: real 0.000s	user 0.000s	sys 0.000s
I20260608 12:37:09.304836   431 fs_manager.cc:730] Time spent opening block manager: real 0.002s	user 0.001s	sys 0.000s
I20260608 12:37:09.305119   431 fs_manager.cc:647] Opened local filesystem: /tmp/dist-test-taskF61L7G/test-tmp/auto_rebalancer-test.0.AutoRebalancerTest.MovesScheduledIfAddTserver.1780922206685814-431-0/minicluster-data/ts-1-root
uuid: "a78081a047124f4586107471cbaffe42"
format_stamp: "Formatted at 2026-06-08 12:37:09 on dist-test-slave-jdxb"
I20260608 12:37:09.305384   431 fs_report.cc:389] FS layout report
--------------------
wal directory: /tmp/dist-test-taskF61L7G/test-tmp/auto_rebalancer-test.0.AutoRebalancerTest.MovesScheduledIfAddTserver.1780922206685814-431-0/minicluster-data/ts-1-root
metadata directory: /tmp/dist-test-taskF61L7G/test-tmp/auto_rebalancer-test.0.AutoRebalancerTest.MovesScheduledIfAddTserver.1780922206685814-431-0/minicluster-data/ts-1-root
1 data directories: /tmp/dist-test-taskF61L7G/test-tmp/auto_rebalancer-test.0.AutoRebalancerTest.MovesScheduledIfAddTserver.1780922206685814-431-0/minicluster-data/ts-1-root/data
Total live blocks: 0
Total live bytes: 0
Total live bytes (after alignment): 0
Total number of LBM containers: 0 (0 full)
Did not check for missing blocks
Did not check for orphaned blocks
Total full LBM containers with extra space: 0 (0 repaired)
Total full LBM container extra space in bytes: 0 (0 repaired)
Total incomplete LBM containers: 0 (0 repaired)
Total LBM partial records: 0 (0 repaired)
Total corrupted LBM metadata records in RocksDB: 0 (0 repaired)
I20260608 12:37:09.319922   431 rpc_server.cc:225] running with OpenSSL 1.1.1  11 Sep 2018
I20260608 12:37:09.321153   431 kserver.cc:163] Server-wide thread pool size limit: 3276
I20260608 12:37:09.322589   431 txn_system_client.cc:432] TxnSystemClient initialization is disabled...
I20260608 12:37:09.324752   431 ts_tablet_manager.cc:585] Loaded tablet metadata (0 total tablets, 0 live tablets)
I20260608 12:37:09.324946   431 ts_tablet_manager.cc:531] Time spent load tablet metadata: real 0.000s	user 0.000s	sys 0.000s
I20260608 12:37:09.325213   431 ts_tablet_manager.cc:616] Registered 0 tablets
I20260608 12:37:09.325378   431 ts_tablet_manager.cc:595] Time spent register tablets: real 0.000s	user 0.000s	sys 0.000s
I20260608 12:37:09.365165   431 rpc_server.cc:307] RPC server started. Bound to: 127.0.107.194:33033
I20260608 12:37:09.365271  2275 acceptor_pool.cc:272] collecting diagnostics on the listening RPC socket 127.0.107.194:33033 every 8 connection(s)
I20260608 12:37:09.370406   431 file_cache.cc:492] Constructed file cache file cache with capacity 419430
W20260608 12:37:09.378289  2279 instance_detector.cc:116] could not retrieve AWS instance metadata: Network error: curl error: HTTP response code said error: The requested URL returned error: 404
W20260608 12:37:09.379892  2280 instance_detector.cc:116] could not retrieve Azure instance metadata: Network error: curl error: HTTP response code said error: The requested URL returned error: 404
I20260608 12:37:09.382450  2276 heartbeater.cc:344] Connected to a master server at 127.0.107.254:44017
W20260608 12:37:09.382570  2282 instance_detector.cc:116] could not retrieve OpenStack instance metadata: Network error: curl error: HTTP response code said error: The requested URL returned error: 404
I20260608 12:37:09.382929  2276 heartbeater.cc:461] Registering TS with master...
I20260608 12:37:09.383457   431 server_base.cc:1061] running on GCE node
I20260608 12:37:09.383801  2276 heartbeater.cc:507] Master 127.0.107.254:44017 requested a full tablet report, sending...
I20260608 12:37:09.384367   431 hybrid_clock.cc:584] initializing the hybrid clock with 'system_unsync' time source
W20260608 12:37:09.384620   431 system_unsync_time.cc:38] NTP support is disabled. Clock error bounds will not be accurate. This configuration is not suitable for distributed clusters.
I20260608 12:37:09.384851   431 hybrid_clock.cc:648] HybridClock initialized: now 1780922229384830 us; error 0 us; skew 500 ppm
I20260608 12:37:09.385511   431 server_base.cc:861] Flag tcmalloc_max_total_thread_cache_bytes is not working since tcmalloc is not enabled.
I20260608 12:37:09.386004  2074 ts_manager.cc:194] Registered new tserver with Master: a78081a047124f4586107471cbaffe42 (127.0.107.194:33033)
I20260608 12:37:09.387451  2074 master_service.cc:502] Signed X509 certificate for tserver {username='slave'} at 127.0.0.1:57494
I20260608 12:37:09.388345   431 webserver.cc:533] Webserver started at http://127.0.107.195:40329/ using document root <none> and password file <none>
I20260608 12:37:09.389042   431 fs_manager.cc:362] Metadata directory not provided
I20260608 12:37:09.389307   431 fs_manager.cc:368] Using write-ahead log directory (fs_wal_dir) as metadata directory
I20260608 12:37:09.389652   431 server_base.cc:909] This appears to be a new deployment of Kudu; creating new FS layout
I20260608 12:37:09.390859   431 fs_manager.cc:1068] Generated new instance metadata in path /tmp/dist-test-taskF61L7G/test-tmp/auto_rebalancer-test.0.AutoRebalancerTest.MovesScheduledIfAddTserver.1780922206685814-431-0/minicluster-data/ts-2-root/instance:
uuid: "6e2d6798836741b0bdfd055206d178ae"
format_stamp: "Formatted at 2026-06-08 12:37:09 on dist-test-slave-jdxb"
I20260608 12:37:09.395089   431 fs_manager.cc:696] Time spent creating directory manager: real 0.004s	user 0.000s	sys 0.004s
I20260608 12:37:09.398186  2287 log_block_manager.cc:4031] Time spent loading block containers with low live blocks: real 0.000s	user 0.000s	sys 0.000s
I20260608 12:37:09.398998   431 fs_manager.cc:730] Time spent opening block manager: real 0.002s	user 0.002s	sys 0.001s
I20260608 12:37:09.399305   431 fs_manager.cc:647] Opened local filesystem: /tmp/dist-test-taskF61L7G/test-tmp/auto_rebalancer-test.0.AutoRebalancerTest.MovesScheduledIfAddTserver.1780922206685814-431-0/minicluster-data/ts-2-root
uuid: "6e2d6798836741b0bdfd055206d178ae"
format_stamp: "Formatted at 2026-06-08 12:37:09 on dist-test-slave-jdxb"
I20260608 12:37:09.399591   431 fs_report.cc:389] FS layout report
--------------------
wal directory: /tmp/dist-test-taskF61L7G/test-tmp/auto_rebalancer-test.0.AutoRebalancerTest.MovesScheduledIfAddTserver.1780922206685814-431-0/minicluster-data/ts-2-root
metadata directory: /tmp/dist-test-taskF61L7G/test-tmp/auto_rebalancer-test.0.AutoRebalancerTest.MovesScheduledIfAddTserver.1780922206685814-431-0/minicluster-data/ts-2-root
1 data directories: /tmp/dist-test-taskF61L7G/test-tmp/auto_rebalancer-test.0.AutoRebalancerTest.MovesScheduledIfAddTserver.1780922206685814-431-0/minicluster-data/ts-2-root/data
Total live blocks: 0
Total live bytes: 0
Total live bytes (after alignment): 0
Total number of LBM containers: 0 (0 full)
Did not check for missing blocks
Did not check for orphaned blocks
Total full LBM containers with extra space: 0 (0 repaired)
Total full LBM container extra space in bytes: 0 (0 repaired)
Total incomplete LBM containers: 0 (0 repaired)
Total LBM partial records: 0 (0 repaired)
Total corrupted LBM metadata records in RocksDB: 0 (0 repaired)
I20260608 12:37:09.409976   431 rpc_server.cc:225] running with OpenSSL 1.1.1  11 Sep 2018
I20260608 12:37:09.411147   431 kserver.cc:163] Server-wide thread pool size limit: 3276
I20260608 12:37:09.412508   431 txn_system_client.cc:432] TxnSystemClient initialization is disabled...
I20260608 12:37:09.414757   431 ts_tablet_manager.cc:585] Loaded tablet metadata (0 total tablets, 0 live tablets)
I20260608 12:37:09.414978   431 ts_tablet_manager.cc:531] Time spent load tablet metadata: real 0.000s	user 0.000s	sys 0.000s
I20260608 12:37:09.415217   431 ts_tablet_manager.cc:616] Registered 0 tablets
I20260608 12:37:09.415393   431 ts_tablet_manager.cc:595] Time spent register tablets: real 0.000s	user 0.000s	sys 0.000s
I20260608 12:37:09.454998   431 rpc_server.cc:307] RPC server started. Bound to: 127.0.107.195:38173
I20260608 12:37:09.455125  2349 acceptor_pool.cc:272] collecting diagnostics on the listening RPC socket 127.0.107.195:38173 every 8 connection(s)
I20260608 12:37:09.468859  2350 heartbeater.cc:344] Connected to a master server at 127.0.107.254:44017
I20260608 12:37:09.469230  2350 heartbeater.cc:461] Registering TS with master...
I20260608 12:37:09.469928  2350 heartbeater.cc:507] Master 127.0.107.254:44017 requested a full tablet report, sending...
I20260608 12:37:09.471846  2074 ts_manager.cc:194] Registered new tserver with Master: 6e2d6798836741b0bdfd055206d178ae (127.0.107.195:38173)
I20260608 12:37:09.472905   431 internal_mini_cluster.cc:371] 3 TS(s) registered with all masters after 0.014563116s
I20260608 12:37:09.473168  2074 master_service.cc:502] Signed X509 certificate for tserver {username='slave'} at 127.0.0.1:57498
I20260608 12:37:10.301204  2201 heartbeater.cc:499] Master 127.0.107.254:44017 was elected leader, sending a full tablet report...
I20260608 12:37:10.390336  2276 heartbeater.cc:499] Master 127.0.107.254:44017 was elected leader, sending a full tablet report...
I20260608 12:37:10.475643  2350 heartbeater.cc:499] Master 127.0.107.254:44017 was elected leader, sending a full tablet report...
I20260608 12:37:10.527388  2074 catalog_manager.cc:2282] Servicing CreateTable request from {username='slave'} at 127.0.0.1:57514:
name: "test-workload"
schema {
  columns {
    name: "key"
    type: INT32
    is_key: true
    is_nullable: false
    encoding: AUTO_ENCODING
    compression: DEFAULT_COMPRESSION
    cfile_block_size: 0
    immutable: false
  }
  columns {
    name: "int_val"
    type: INT32
    is_key: false
    is_nullable: false
    encoding: AUTO_ENCODING
    compression: DEFAULT_COMPRESSION
    cfile_block_size: 0
    immutable: false
  }
  columns {
    name: "string_val"
    type: STRING
    is_key: false
    is_nullable: true
    encoding: AUTO_ENCODING
    compression: DEFAULT_COMPRESSION
    cfile_block_size: 0
    immutable: false
  }
}
num_replicas: 3
split_rows_range_bounds {
  rows: "\004\001\000\377\377\377?""\004\001\000\377\377\377?"
  indirect_data: """"
}
partition_schema {
  range_schema {
    columns {
      name: "key"
    }
  }
}
W20260608 12:37:10.529572  2074 catalog_manager.cc:7076] The number of live tablet servers is not enough to re-replicate a tablet replica of the newly created table test-workload in case of a server failure: 4 tablet servers would be needed, 3 are available. Consider bringing up more tablet servers.
I20260608 12:37:10.576628  2166 tablet_service.cc:1511] Processing CreateTablet for tablet 05e5ba6743164d17af118098dc22396a (DEFAULT_TABLE table=test-workload [id=f2c5c29344c344d5a00a953018d8e3c4]), partition=RANGE (key) PARTITION VALUES < 1073741823
I20260608 12:37:10.578451  2166 data_dirs.cc:400] Could only allocate 1 dirs of requested 3 for tablet 05e5ba6743164d17af118098dc22396a. 1 dirs total, 0 dirs full, 0 dirs failed
I20260608 12:37:10.583498  2165 tablet_service.cc:1511] Processing CreateTablet for tablet 332c4901392441338f4df7369e167904 (DEFAULT_TABLE table=test-workload [id=f2c5c29344c344d5a00a953018d8e3c4]), partition=RANGE (key) PARTITION 1073741823 <= VALUES
I20260608 12:37:10.584883  2165 data_dirs.cc:400] Could only allocate 1 dirs of requested 3 for tablet 332c4901392441338f4df7369e167904. 1 dirs total, 0 dirs full, 0 dirs failed
I20260608 12:37:10.592571  2315 tablet_service.cc:1511] Processing CreateTablet for tablet 05e5ba6743164d17af118098dc22396a (DEFAULT_TABLE table=test-workload [id=f2c5c29344c344d5a00a953018d8e3c4]), partition=RANGE (key) PARTITION VALUES < 1073741823
I20260608 12:37:10.593020  2241 tablet_service.cc:1511] Processing CreateTablet for tablet 05e5ba6743164d17af118098dc22396a (DEFAULT_TABLE table=test-workload [id=f2c5c29344c344d5a00a953018d8e3c4]), partition=RANGE (key) PARTITION VALUES < 1073741823
I20260608 12:37:10.593408  2240 tablet_service.cc:1511] Processing CreateTablet for tablet 332c4901392441338f4df7369e167904 (DEFAULT_TABLE table=test-workload [id=f2c5c29344c344d5a00a953018d8e3c4]), partition=RANGE (key) PARTITION 1073741823 <= VALUES
I20260608 12:37:10.594061  2315 data_dirs.cc:400] Could only allocate 1 dirs of requested 3 for tablet 05e5ba6743164d17af118098dc22396a. 1 dirs total, 0 dirs full, 0 dirs failed
I20260608 12:37:10.594530  2241 data_dirs.cc:400] Could only allocate 1 dirs of requested 3 for tablet 05e5ba6743164d17af118098dc22396a. 1 dirs total, 0 dirs full, 0 dirs failed
I20260608 12:37:10.595180  2240 data_dirs.cc:400] Could only allocate 1 dirs of requested 3 for tablet 332c4901392441338f4df7369e167904. 1 dirs total, 0 dirs full, 0 dirs failed
I20260608 12:37:10.599607  2314 tablet_service.cc:1511] Processing CreateTablet for tablet 332c4901392441338f4df7369e167904 (DEFAULT_TABLE table=test-workload [id=f2c5c29344c344d5a00a953018d8e3c4]), partition=RANGE (key) PARTITION 1073741823 <= VALUES
I20260608 12:37:10.600945  2314 data_dirs.cc:400] Could only allocate 1 dirs of requested 3 for tablet 332c4901392441338f4df7369e167904. 1 dirs total, 0 dirs full, 0 dirs failed
I20260608 12:37:10.617267  2371 tablet_bootstrap.cc:492] T 05e5ba6743164d17af118098dc22396a P a78081a047124f4586107471cbaffe42: Bootstrap starting.
I20260608 12:37:10.617792  2370 tablet_bootstrap.cc:492] T 332c4901392441338f4df7369e167904 P ede22117eaea48208970f01cd8c201d7: Bootstrap starting.
I20260608 12:37:10.624828  2371 tablet_bootstrap.cc:654] T 05e5ba6743164d17af118098dc22396a P a78081a047124f4586107471cbaffe42: Neither blocks nor log segments found. Creating new log.
I20260608 12:37:10.625846  2370 tablet_bootstrap.cc:654] T 332c4901392441338f4df7369e167904 P ede22117eaea48208970f01cd8c201d7: Neither blocks nor log segments found. Creating new log.
I20260608 12:37:10.633725  2370 tablet_bootstrap.cc:492] T 332c4901392441338f4df7369e167904 P ede22117eaea48208970f01cd8c201d7: No bootstrap required, opened a new log
I20260608 12:37:10.632496  2372 tablet_bootstrap.cc:492] T 332c4901392441338f4df7369e167904 P 6e2d6798836741b0bdfd055206d178ae: Bootstrap starting.
I20260608 12:37:10.634196  2370 ts_tablet_manager.cc:1403] T 332c4901392441338f4df7369e167904 P ede22117eaea48208970f01cd8c201d7: Time spent bootstrapping tablet: real 0.017s	user 0.003s	sys 0.011s
I20260608 12:37:10.635453  2371 tablet_bootstrap.cc:492] T 05e5ba6743164d17af118098dc22396a P a78081a047124f4586107471cbaffe42: No bootstrap required, opened a new log
I20260608 12:37:10.635951  2371 ts_tablet_manager.cc:1403] T 05e5ba6743164d17af118098dc22396a P a78081a047124f4586107471cbaffe42: Time spent bootstrapping tablet: real 0.019s	user 0.004s	sys 0.013s
I20260608 12:37:10.636617  2370 raft_consensus.cc:359] T 332c4901392441338f4df7369e167904 P ede22117eaea48208970f01cd8c201d7 [term 0 FOLLOWER]: Replica starting. Triggering 0 pending ops. Active config: opid_index: -1 OBSOLETE_local: false peers { permanent_uuid: "ede22117eaea48208970f01cd8c201d7" member_type: VOTER last_known_addr { host: "127.0.107.193" port: 40265 } } peers { permanent_uuid: "a78081a047124f4586107471cbaffe42" member_type: VOTER last_known_addr { host: "127.0.107.194" port: 33033 } } peers { permanent_uuid: "6e2d6798836741b0bdfd055206d178ae" member_type: VOTER last_known_addr { host: "127.0.107.195" port: 38173 } }
I20260608 12:37:10.637202  2370 raft_consensus.cc:385] T 332c4901392441338f4df7369e167904 P ede22117eaea48208970f01cd8c201d7 [term 0 FOLLOWER]: Consensus starting up: Expiring failure detector timer to make a prompt election more likely
I20260608 12:37:10.637440  2370 raft_consensus.cc:740] T 332c4901392441338f4df7369e167904 P ede22117eaea48208970f01cd8c201d7 [term 0 FOLLOWER]: Becoming Follower/Learner. State: Replica: ede22117eaea48208970f01cd8c201d7, State: Initialized, Role: FOLLOWER
I20260608 12:37:10.638132  2370 consensus_queue.cc:260] T 332c4901392441338f4df7369e167904 P ede22117eaea48208970f01cd8c201d7 [NON_LEADER]: Queue going to NON_LEADER mode. State: All replicated index: 0, Majority replicated index: 0, Committed index: 0, Last appended: 0.0, Last appended by leader: 0, Current term: 0, Majority size: -1, State: 0, Mode: NON_LEADER, active raft config: opid_index: -1 OBSOLETE_local: false peers { permanent_uuid: "ede22117eaea48208970f01cd8c201d7" member_type: VOTER last_known_addr { host: "127.0.107.193" port: 40265 } } peers { permanent_uuid: "a78081a047124f4586107471cbaffe42" member_type: VOTER last_known_addr { host: "127.0.107.194" port: 33033 } } peers { permanent_uuid: "6e2d6798836741b0bdfd055206d178ae" member_type: VOTER last_known_addr { host: "127.0.107.195" port: 38173 } }
I20260608 12:37:10.638978  2371 raft_consensus.cc:359] T 05e5ba6743164d17af118098dc22396a P a78081a047124f4586107471cbaffe42 [term 0 FOLLOWER]: Replica starting. Triggering 0 pending ops. Active config: opid_index: -1 OBSOLETE_local: false peers { permanent_uuid: "ede22117eaea48208970f01cd8c201d7" member_type: VOTER last_known_addr { host: "127.0.107.193" port: 40265 } } peers { permanent_uuid: "6e2d6798836741b0bdfd055206d178ae" member_type: VOTER last_known_addr { host: "127.0.107.195" port: 38173 } } peers { permanent_uuid: "a78081a047124f4586107471cbaffe42" member_type: VOTER last_known_addr { host: "127.0.107.194" port: 33033 } }
I20260608 12:37:10.639788  2371 raft_consensus.cc:385] T 05e5ba6743164d17af118098dc22396a P a78081a047124f4586107471cbaffe42 [term 0 FOLLOWER]: Consensus starting up: Expiring failure detector timer to make a prompt election more likely
I20260608 12:37:10.640167  2371 raft_consensus.cc:740] T 05e5ba6743164d17af118098dc22396a P a78081a047124f4586107471cbaffe42 [term 0 FOLLOWER]: Becoming Follower/Learner. State: Replica: a78081a047124f4586107471cbaffe42, State: Initialized, Role: FOLLOWER
I20260608 12:37:10.640918  2370 ts_tablet_manager.cc:1434] T 332c4901392441338f4df7369e167904 P ede22117eaea48208970f01cd8c201d7: Time spent starting tablet: real 0.006s	user 0.003s	sys 0.002s
I20260608 12:37:10.641336  2372 tablet_bootstrap.cc:654] T 332c4901392441338f4df7369e167904 P 6e2d6798836741b0bdfd055206d178ae: Neither blocks nor log segments found. Creating new log.
I20260608 12:37:10.641192  2371 consensus_queue.cc:260] T 05e5ba6743164d17af118098dc22396a P a78081a047124f4586107471cbaffe42 [NON_LEADER]: Queue going to NON_LEADER mode. State: All replicated index: 0, Majority replicated index: 0, Committed index: 0, Last appended: 0.0, Last appended by leader: 0, Current term: 0, Majority size: -1, State: 0, Mode: NON_LEADER, active raft config: opid_index: -1 OBSOLETE_local: false peers { permanent_uuid: "ede22117eaea48208970f01cd8c201d7" member_type: VOTER last_known_addr { host: "127.0.107.193" port: 40265 } } peers { permanent_uuid: "6e2d6798836741b0bdfd055206d178ae" member_type: VOTER last_known_addr { host: "127.0.107.195" port: 38173 } } peers { permanent_uuid: "a78081a047124f4586107471cbaffe42" member_type: VOTER last_known_addr { host: "127.0.107.194" port: 33033 } }
I20260608 12:37:10.641987  2370 tablet_bootstrap.cc:492] T 05e5ba6743164d17af118098dc22396a P ede22117eaea48208970f01cd8c201d7: Bootstrap starting.
I20260608 12:37:10.649024  2370 tablet_bootstrap.cc:654] T 05e5ba6743164d17af118098dc22396a P ede22117eaea48208970f01cd8c201d7: Neither blocks nor log segments found. Creating new log.
I20260608 12:37:10.653954  2371 ts_tablet_manager.cc:1434] T 05e5ba6743164d17af118098dc22396a P a78081a047124f4586107471cbaffe42: Time spent starting tablet: real 0.018s	user 0.011s	sys 0.006s
I20260608 12:37:10.655541  2371 tablet_bootstrap.cc:492] T 332c4901392441338f4df7369e167904 P a78081a047124f4586107471cbaffe42: Bootstrap starting.
I20260608 12:37:10.659571  2372 tablet_bootstrap.cc:492] T 332c4901392441338f4df7369e167904 P 6e2d6798836741b0bdfd055206d178ae: No bootstrap required, opened a new log
I20260608 12:37:10.660468  2370 tablet_bootstrap.cc:492] T 05e5ba6743164d17af118098dc22396a P ede22117eaea48208970f01cd8c201d7: No bootstrap required, opened a new log
I20260608 12:37:10.660609  2372 ts_tablet_manager.cc:1403] T 332c4901392441338f4df7369e167904 P 6e2d6798836741b0bdfd055206d178ae: Time spent bootstrapping tablet: real 0.029s	user 0.010s	sys 0.016s
I20260608 12:37:10.660980  2370 ts_tablet_manager.cc:1403] T 05e5ba6743164d17af118098dc22396a P ede22117eaea48208970f01cd8c201d7: Time spent bootstrapping tablet: real 0.019s	user 0.005s	sys 0.007s
I20260608 12:37:10.662917  2371 tablet_bootstrap.cc:654] T 332c4901392441338f4df7369e167904 P a78081a047124f4586107471cbaffe42: Neither blocks nor log segments found. Creating new log.
I20260608 12:37:10.663936  2372 raft_consensus.cc:359] T 332c4901392441338f4df7369e167904 P 6e2d6798836741b0bdfd055206d178ae [term 0 FOLLOWER]: Replica starting. Triggering 0 pending ops. Active config: opid_index: -1 OBSOLETE_local: false peers { permanent_uuid: "ede22117eaea48208970f01cd8c201d7" member_type: VOTER last_known_addr { host: "127.0.107.193" port: 40265 } } peers { permanent_uuid: "a78081a047124f4586107471cbaffe42" member_type: VOTER last_known_addr { host: "127.0.107.194" port: 33033 } } peers { permanent_uuid: "6e2d6798836741b0bdfd055206d178ae" member_type: VOTER last_known_addr { host: "127.0.107.195" port: 38173 } }
I20260608 12:37:10.664166  2370 raft_consensus.cc:359] T 05e5ba6743164d17af118098dc22396a P ede22117eaea48208970f01cd8c201d7 [term 0 FOLLOWER]: Replica starting. Triggering 0 pending ops. Active config: opid_index: -1 OBSOLETE_local: false peers { permanent_uuid: "ede22117eaea48208970f01cd8c201d7" member_type: VOTER last_known_addr { host: "127.0.107.193" port: 40265 } } peers { permanent_uuid: "6e2d6798836741b0bdfd055206d178ae" member_type: VOTER last_known_addr { host: "127.0.107.195" port: 38173 } } peers { permanent_uuid: "a78081a047124f4586107471cbaffe42" member_type: VOTER last_known_addr { host: "127.0.107.194" port: 33033 } }
I20260608 12:37:10.664778  2372 raft_consensus.cc:385] T 332c4901392441338f4df7369e167904 P 6e2d6798836741b0bdfd055206d178ae [term 0 FOLLOWER]: Consensus starting up: Expiring failure detector timer to make a prompt election more likely
