I20260608 12:37:10.664958  2370 raft_consensus.cc:385] T 05e5ba6743164d17af118098dc22396a P ede22117eaea48208970f01cd8c201d7 [term 0 FOLLOWER]: Consensus starting up: Expiring failure detector timer to make a prompt election more likely
I20260608 12:37:10.665174  2372 raft_consensus.cc:740] T 332c4901392441338f4df7369e167904 P 6e2d6798836741b0bdfd055206d178ae [term 0 FOLLOWER]: Becoming Follower/Learner. State: Replica: 6e2d6798836741b0bdfd055206d178ae, State: Initialized, Role: FOLLOWER
I20260608 12:37:10.665398  2370 raft_consensus.cc:740] T 05e5ba6743164d17af118098dc22396a P ede22117eaea48208970f01cd8c201d7 [term 0 FOLLOWER]: Becoming Follower/Learner. State: Replica: ede22117eaea48208970f01cd8c201d7, State: Initialized, Role: FOLLOWER
I20260608 12:37:10.666210  2372 consensus_queue.cc:260] T 332c4901392441338f4df7369e167904 P 6e2d6798836741b0bdfd055206d178ae [NON_LEADER]: Queue going to NON_LEADER mode. State: All replicated index: 0, Majority replicated index: 0, Committed index: 0, Last appended: 0.0, Last appended by leader: 0, Current term: 0, Majority size: -1, State: 0, Mode: NON_LEADER, active raft config: opid_index: -1 OBSOLETE_local: false peers { permanent_uuid: "ede22117eaea48208970f01cd8c201d7" member_type: VOTER last_known_addr { host: "127.0.107.193" port: 40265 } } peers { permanent_uuid: "a78081a047124f4586107471cbaffe42" member_type: VOTER last_known_addr { host: "127.0.107.194" port: 33033 } } peers { permanent_uuid: "6e2d6798836741b0bdfd055206d178ae" member_type: VOTER last_known_addr { host: "127.0.107.195" port: 38173 } }
I20260608 12:37:10.667697  2370 consensus_queue.cc:260] T 05e5ba6743164d17af118098dc22396a P ede22117eaea48208970f01cd8c201d7 [NON_LEADER]: Queue going to NON_LEADER mode. State: All replicated index: 0, Majority replicated index: 0, Committed index: 0, Last appended: 0.0, Last appended by leader: 0, Current term: 0, Majority size: -1, State: 0, Mode: NON_LEADER, active raft config: opid_index: -1 OBSOLETE_local: false peers { permanent_uuid: "ede22117eaea48208970f01cd8c201d7" member_type: VOTER last_known_addr { host: "127.0.107.193" port: 40265 } } peers { permanent_uuid: "6e2d6798836741b0bdfd055206d178ae" member_type: VOTER last_known_addr { host: "127.0.107.195" port: 38173 } } peers { permanent_uuid: "a78081a047124f4586107471cbaffe42" member_type: VOTER last_known_addr { host: "127.0.107.194" port: 33033 } }
I20260608 12:37:10.670557  2370 ts_tablet_manager.cc:1434] T 05e5ba6743164d17af118098dc22396a P ede22117eaea48208970f01cd8c201d7: Time spent starting tablet: real 0.009s	user 0.006s	sys 0.001s
I20260608 12:37:10.670825  2372 ts_tablet_manager.cc:1434] T 332c4901392441338f4df7369e167904 P 6e2d6798836741b0bdfd055206d178ae: Time spent starting tablet: real 0.010s	user 0.009s	sys 0.000s
I20260608 12:37:10.671883  2372 tablet_bootstrap.cc:492] T 05e5ba6743164d17af118098dc22396a P 6e2d6798836741b0bdfd055206d178ae: Bootstrap starting.
I20260608 12:37:10.674000  2371 tablet_bootstrap.cc:492] T 332c4901392441338f4df7369e167904 P a78081a047124f4586107471cbaffe42: No bootstrap required, opened a new log
I20260608 12:37:10.674501  2371 ts_tablet_manager.cc:1403] T 332c4901392441338f4df7369e167904 P a78081a047124f4586107471cbaffe42: Time spent bootstrapping tablet: real 0.019s	user 0.012s	sys 0.004s
I20260608 12:37:10.677493  2371 raft_consensus.cc:359] T 332c4901392441338f4df7369e167904 P a78081a047124f4586107471cbaffe42 [term 0 FOLLOWER]: Replica starting. Triggering 0 pending ops. Active config: opid_index: -1 OBSOLETE_local: false peers { permanent_uuid: "ede22117eaea48208970f01cd8c201d7" member_type: VOTER last_known_addr { host: "127.0.107.193" port: 40265 } } peers { permanent_uuid: "a78081a047124f4586107471cbaffe42" member_type: VOTER last_known_addr { host: "127.0.107.194" port: 33033 } } peers { permanent_uuid: "6e2d6798836741b0bdfd055206d178ae" member_type: VOTER last_known_addr { host: "127.0.107.195" port: 38173 } }
I20260608 12:37:10.678186  2371 raft_consensus.cc:385] T 332c4901392441338f4df7369e167904 P a78081a047124f4586107471cbaffe42 [term 0 FOLLOWER]: Consensus starting up: Expiring failure detector timer to make a prompt election more likely
I20260608 12:37:10.678469  2372 tablet_bootstrap.cc:654] T 05e5ba6743164d17af118098dc22396a P 6e2d6798836741b0bdfd055206d178ae: Neither blocks nor log segments found. Creating new log.
I20260608 12:37:10.678627  2371 raft_consensus.cc:740] T 332c4901392441338f4df7369e167904 P a78081a047124f4586107471cbaffe42 [term 0 FOLLOWER]: Becoming Follower/Learner. State: Replica: a78081a047124f4586107471cbaffe42, State: Initialized, Role: FOLLOWER
I20260608 12:37:10.679704  2371 consensus_queue.cc:260] T 332c4901392441338f4df7369e167904 P a78081a047124f4586107471cbaffe42 [NON_LEADER]: Queue going to NON_LEADER mode. State: All replicated index: 0, Majority replicated index: 0, Committed index: 0, Last appended: 0.0, Last appended by leader: 0, Current term: 0, Majority size: -1, State: 0, Mode: NON_LEADER, active raft config: opid_index: -1 OBSOLETE_local: false peers { permanent_uuid: "ede22117eaea48208970f01cd8c201d7" member_type: VOTER last_known_addr { host: "127.0.107.193" port: 40265 } } peers { permanent_uuid: "a78081a047124f4586107471cbaffe42" member_type: VOTER last_known_addr { host: "127.0.107.194" port: 33033 } } peers { permanent_uuid: "6e2d6798836741b0bdfd055206d178ae" member_type: VOTER last_known_addr { host: "127.0.107.195" port: 38173 } }
I20260608 12:37:10.683145  2371 ts_tablet_manager.cc:1434] T 332c4901392441338f4df7369e167904 P a78081a047124f4586107471cbaffe42: Time spent starting tablet: real 0.008s	user 0.006s	sys 0.000s
I20260608 12:37:10.684082  2372 tablet_bootstrap.cc:492] T 05e5ba6743164d17af118098dc22396a P 6e2d6798836741b0bdfd055206d178ae: No bootstrap required, opened a new log
I20260608 12:37:10.684613  2372 ts_tablet_manager.cc:1403] T 05e5ba6743164d17af118098dc22396a P 6e2d6798836741b0bdfd055206d178ae: Time spent bootstrapping tablet: real 0.013s	user 0.008s	sys 0.004s
I20260608 12:37:10.686762  2372 raft_consensus.cc:359] T 05e5ba6743164d17af118098dc22396a P 6e2d6798836741b0bdfd055206d178ae [term 0 FOLLOWER]: Replica starting. Triggering 0 pending ops. Active config: opid_index: -1 OBSOLETE_local: false peers { permanent_uuid: "ede22117eaea48208970f01cd8c201d7" member_type: VOTER last_known_addr { host: "127.0.107.193" port: 40265 } } peers { permanent_uuid: "6e2d6798836741b0bdfd055206d178ae" member_type: VOTER last_known_addr { host: "127.0.107.195" port: 38173 } } peers { permanent_uuid: "a78081a047124f4586107471cbaffe42" member_type: VOTER last_known_addr { host: "127.0.107.194" port: 33033 } }
I20260608 12:37:10.687379  2372 raft_consensus.cc:385] T 05e5ba6743164d17af118098dc22396a P 6e2d6798836741b0bdfd055206d178ae [term 0 FOLLOWER]: Consensus starting up: Expiring failure detector timer to make a prompt election more likely
I20260608 12:37:10.687685  2372 raft_consensus.cc:740] T 05e5ba6743164d17af118098dc22396a P 6e2d6798836741b0bdfd055206d178ae [term 0 FOLLOWER]: Becoming Follower/Learner. State: Replica: 6e2d6798836741b0bdfd055206d178ae, State: Initialized, Role: FOLLOWER
I20260608 12:37:10.688426  2372 consensus_queue.cc:260] T 05e5ba6743164d17af118098dc22396a P 6e2d6798836741b0bdfd055206d178ae [NON_LEADER]: Queue going to NON_LEADER mode. State: All replicated index: 0, Majority replicated index: 0, Committed index: 0, Last appended: 0.0, Last appended by leader: 0, Current term: 0, Majority size: -1, State: 0, Mode: NON_LEADER, active raft config: opid_index: -1 OBSOLETE_local: false peers { permanent_uuid: "ede22117eaea48208970f01cd8c201d7" member_type: VOTER last_known_addr { host: "127.0.107.193" port: 40265 } } peers { permanent_uuid: "6e2d6798836741b0bdfd055206d178ae" member_type: VOTER last_known_addr { host: "127.0.107.195" port: 38173 } } peers { permanent_uuid: "a78081a047124f4586107471cbaffe42" member_type: VOTER last_known_addr { host: "127.0.107.194" port: 33033 } }
I20260608 12:37:10.690420  2372 ts_tablet_manager.cc:1434] T 05e5ba6743164d17af118098dc22396a P 6e2d6798836741b0bdfd055206d178ae: Time spent starting tablet: real 0.006s	user 0.006s	sys 0.000s
I20260608 12:37:10.889182  2380 raft_consensus.cc:493] T 332c4901392441338f4df7369e167904 P 6e2d6798836741b0bdfd055206d178ae [term 0 FOLLOWER]: Starting pre-election (no leader contacted us within the election timeout)
I20260608 12:37:10.889765  2380 raft_consensus.cc:515] T 332c4901392441338f4df7369e167904 P 6e2d6798836741b0bdfd055206d178ae [term 0 FOLLOWER]: Starting pre-election with config: opid_index: -1 OBSOLETE_local: false peers { permanent_uuid: "ede22117eaea48208970f01cd8c201d7" member_type: VOTER last_known_addr { host: "127.0.107.193" port: 40265 } } peers { permanent_uuid: "a78081a047124f4586107471cbaffe42" member_type: VOTER last_known_addr { host: "127.0.107.194" port: 33033 } } peers { permanent_uuid: "6e2d6798836741b0bdfd055206d178ae" member_type: VOTER last_known_addr { host: "127.0.107.195" port: 38173 } }
I20260608 12:37:10.891911  2380 leader_election.cc:290] T 332c4901392441338f4df7369e167904 P 6e2d6798836741b0bdfd055206d178ae [CANDIDATE]: Term 1 pre-election: Requested pre-vote from peers ede22117eaea48208970f01cd8c201d7 (127.0.107.193:40265), a78081a047124f4586107471cbaffe42 (127.0.107.194:33033)
I20260608 12:37:10.902987  2176 tablet_service.cc:1917] Received RequestConsensusVote() RPC: tablet_id: "332c4901392441338f4df7369e167904" candidate_uuid: "6e2d6798836741b0bdfd055206d178ae" candidate_term: 1 candidate_status { last_received { term: 0 index: 0 } } ignore_live_leader: false dest_uuid: "ede22117eaea48208970f01cd8c201d7" is_pre_election: true
I20260608 12:37:10.903399  2251 tablet_service.cc:1917] Received RequestConsensusVote() RPC: tablet_id: "332c4901392441338f4df7369e167904" candidate_uuid: "6e2d6798836741b0bdfd055206d178ae" candidate_term: 1 candidate_status { last_received { term: 0 index: 0 } } ignore_live_leader: false dest_uuid: "a78081a047124f4586107471cbaffe42" is_pre_election: true
I20260608 12:37:10.903633  2176 raft_consensus.cc:2468] T 332c4901392441338f4df7369e167904 P ede22117eaea48208970f01cd8c201d7 [term 0 FOLLOWER]: Leader pre-election vote request: Granting yes vote for candidate 6e2d6798836741b0bdfd055206d178ae in term 0.
I20260608 12:37:10.904047  2251 raft_consensus.cc:2468] T 332c4901392441338f4df7369e167904 P a78081a047124f4586107471cbaffe42 [term 0 FOLLOWER]: Leader pre-election vote request: Granting yes vote for candidate 6e2d6798836741b0bdfd055206d178ae in term 0.
I20260608 12:37:10.904966  2288 leader_election.cc:304] T 332c4901392441338f4df7369e167904 P 6e2d6798836741b0bdfd055206d178ae [CANDIDATE]: Term 1 pre-election: Election decided. Result: candidate won. Election summary: received 2 responses out of 3 voters: 2 yes votes; 0 no votes. yes voters: 6e2d6798836741b0bdfd055206d178ae, ede22117eaea48208970f01cd8c201d7; no voters: 
I20260608 12:37:10.905694  2380 raft_consensus.cc:2804] T 332c4901392441338f4df7369e167904 P 6e2d6798836741b0bdfd055206d178ae [term 0 FOLLOWER]: Leader pre-election won for term 1
I20260608 12:37:10.906088  2380 raft_consensus.cc:493] T 332c4901392441338f4df7369e167904 P 6e2d6798836741b0bdfd055206d178ae [term 0 FOLLOWER]: Starting leader election (no leader contacted us within the election timeout)
I20260608 12:37:10.906409  2380 raft_consensus.cc:3060] T 332c4901392441338f4df7369e167904 P 6e2d6798836741b0bdfd055206d178ae [term 0 FOLLOWER]: Advancing to term 1
I20260608 12:37:10.911145  2380 raft_consensus.cc:515] T 332c4901392441338f4df7369e167904 P 6e2d6798836741b0bdfd055206d178ae [term 1 FOLLOWER]: Starting leader election with config: opid_index: -1 OBSOLETE_local: false peers { permanent_uuid: "ede22117eaea48208970f01cd8c201d7" member_type: VOTER last_known_addr { host: "127.0.107.193" port: 40265 } } peers { permanent_uuid: "a78081a047124f4586107471cbaffe42" member_type: VOTER last_known_addr { host: "127.0.107.194" port: 33033 } } peers { permanent_uuid: "6e2d6798836741b0bdfd055206d178ae" member_type: VOTER last_known_addr { host: "127.0.107.195" port: 38173 } }
I20260608 12:37:10.912777  2380 leader_election.cc:290] T 332c4901392441338f4df7369e167904 P 6e2d6798836741b0bdfd055206d178ae [CANDIDATE]: Term 1 election: Requested vote from peers ede22117eaea48208970f01cd8c201d7 (127.0.107.193:40265), a78081a047124f4586107471cbaffe42 (127.0.107.194:33033)
I20260608 12:37:10.913522  2176 tablet_service.cc:1917] Received RequestConsensusVote() RPC: tablet_id: "332c4901392441338f4df7369e167904" candidate_uuid: "6e2d6798836741b0bdfd055206d178ae" candidate_term: 1 candidate_status { last_received { term: 0 index: 0 } } ignore_live_leader: false dest_uuid: "ede22117eaea48208970f01cd8c201d7"
I20260608 12:37:10.913818  2251 tablet_service.cc:1917] Received RequestConsensusVote() RPC: tablet_id: "332c4901392441338f4df7369e167904" candidate_uuid: "6e2d6798836741b0bdfd055206d178ae" candidate_term: 1 candidate_status { last_received { term: 0 index: 0 } } ignore_live_leader: false dest_uuid: "a78081a047124f4586107471cbaffe42"
I20260608 12:37:10.914027  2176 raft_consensus.cc:3060] T 332c4901392441338f4df7369e167904 P ede22117eaea48208970f01cd8c201d7 [term 0 FOLLOWER]: Advancing to term 1
I20260608 12:37:10.914399  2251 raft_consensus.cc:3060] T 332c4901392441338f4df7369e167904 P a78081a047124f4586107471cbaffe42 [term 0 FOLLOWER]: Advancing to term 1
I20260608 12:37:10.918618  2176 raft_consensus.cc:2468] T 332c4901392441338f4df7369e167904 P ede22117eaea48208970f01cd8c201d7 [term 1 FOLLOWER]: Leader election vote request: Granting yes vote for candidate 6e2d6798836741b0bdfd055206d178ae in term 1.
I20260608 12:37:10.918776  2251 raft_consensus.cc:2468] T 332c4901392441338f4df7369e167904 P a78081a047124f4586107471cbaffe42 [term 1 FOLLOWER]: Leader election vote request: Granting yes vote for candidate 6e2d6798836741b0bdfd055206d178ae in term 1.
I20260608 12:37:10.919737  2288 leader_election.cc:304] T 332c4901392441338f4df7369e167904 P 6e2d6798836741b0bdfd055206d178ae [CANDIDATE]: Term 1 election: Election decided. Result: candidate won. Election summary: received 2 responses out of 3 voters: 2 yes votes; 0 no votes. yes voters: 6e2d6798836741b0bdfd055206d178ae, ede22117eaea48208970f01cd8c201d7; no voters: 
I20260608 12:37:10.920463  2380 raft_consensus.cc:2804] T 332c4901392441338f4df7369e167904 P 6e2d6798836741b0bdfd055206d178ae [term 1 FOLLOWER]: Leader election won for term 1
I20260608 12:37:10.921726  2380 raft_consensus.cc:697] T 332c4901392441338f4df7369e167904 P 6e2d6798836741b0bdfd055206d178ae [term 1 LEADER]: Becoming Leader. State: Replica: 6e2d6798836741b0bdfd055206d178ae, State: Running, Role: LEADER
I20260608 12:37:10.922535  2380 consensus_queue.cc:237] T 332c4901392441338f4df7369e167904 P 6e2d6798836741b0bdfd055206d178ae [LEADER]: Queue going to LEADER mode. State: All replicated index: 0, Majority replicated index: 0, Committed index: 0, Last appended: 0.0, Last appended by leader: 0, Current term: 1, Majority size: 2, State: 0, Mode: LEADER, active raft config: opid_index: -1 OBSOLETE_local: false peers { permanent_uuid: "ede22117eaea48208970f01cd8c201d7" member_type: VOTER last_known_addr { host: "127.0.107.193" port: 40265 } } peers { permanent_uuid: "a78081a047124f4586107471cbaffe42" member_type: VOTER last_known_addr { host: "127.0.107.194" port: 33033 } } peers { permanent_uuid: "6e2d6798836741b0bdfd055206d178ae" member_type: VOTER last_known_addr { host: "127.0.107.195" port: 38173 } }
I20260608 12:37:10.930368  2072 catalog_manager.cc:5696] T 332c4901392441338f4df7369e167904 P 6e2d6798836741b0bdfd055206d178ae reported cstate change: term changed from 0 to 1, leader changed from <none> to 6e2d6798836741b0bdfd055206d178ae (127.0.107.195). New cstate: current_term: 1 leader_uuid: "6e2d6798836741b0bdfd055206d178ae" committed_config { opid_index: -1 OBSOLETE_local: false peers { permanent_uuid: "ede22117eaea48208970f01cd8c201d7" member_type: VOTER last_known_addr { host: "127.0.107.193" port: 40265 } health_report { overall_health: UNKNOWN } } peers { permanent_uuid: "a78081a047124f4586107471cbaffe42" member_type: VOTER last_known_addr { host: "127.0.107.194" port: 33033 } health_report { overall_health: UNKNOWN } } peers { permanent_uuid: "6e2d6798836741b0bdfd055206d178ae" member_type: VOTER last_known_addr { host: "127.0.107.195" port: 38173 } health_report { overall_health: HEALTHY } } }
I20260608 12:37:11.033597  2375 raft_consensus.cc:493] T 05e5ba6743164d17af118098dc22396a P ede22117eaea48208970f01cd8c201d7 [term 0 FOLLOWER]: Starting pre-election (no leader contacted us within the election timeout)
I20260608 12:37:11.034080  2375 raft_consensus.cc:515] T 05e5ba6743164d17af118098dc22396a P ede22117eaea48208970f01cd8c201d7 [term 0 FOLLOWER]: Starting pre-election with config: opid_index: -1 OBSOLETE_local: false peers { permanent_uuid: "ede22117eaea48208970f01cd8c201d7" member_type: VOTER last_known_addr { host: "127.0.107.193" port: 40265 } } peers { permanent_uuid: "6e2d6798836741b0bdfd055206d178ae" member_type: VOTER last_known_addr { host: "127.0.107.195" port: 38173 } } peers { permanent_uuid: "a78081a047124f4586107471cbaffe42" member_type: VOTER last_known_addr { host: "127.0.107.194" port: 33033 } }
I20260608 12:37:11.036203  2375 leader_election.cc:290] T 05e5ba6743164d17af118098dc22396a P ede22117eaea48208970f01cd8c201d7 [CANDIDATE]: Term 1 pre-election: Requested pre-vote from peers 6e2d6798836741b0bdfd055206d178ae (127.0.107.195:38173), a78081a047124f4586107471cbaffe42 (127.0.107.194:33033)
I20260608 12:37:11.047222  2325 tablet_service.cc:1917] Received RequestConsensusVote() RPC: tablet_id: "05e5ba6743164d17af118098dc22396a" candidate_uuid: "ede22117eaea48208970f01cd8c201d7" candidate_term: 1 candidate_status { last_received { term: 0 index: 0 } } ignore_live_leader: false dest_uuid: "6e2d6798836741b0bdfd055206d178ae" is_pre_election: true
I20260608 12:37:11.047369  2251 tablet_service.cc:1917] Received RequestConsensusVote() RPC: tablet_id: "05e5ba6743164d17af118098dc22396a" candidate_uuid: "ede22117eaea48208970f01cd8c201d7" candidate_term: 1 candidate_status { last_received { term: 0 index: 0 } } ignore_live_leader: false dest_uuid: "a78081a047124f4586107471cbaffe42" is_pre_election: true
I20260608 12:37:11.048076  2251 raft_consensus.cc:2468] T 05e5ba6743164d17af118098dc22396a P a78081a047124f4586107471cbaffe42 [term 0 FOLLOWER]: Leader pre-election vote request: Granting yes vote for candidate ede22117eaea48208970f01cd8c201d7 in term 0.
I20260608 12:37:11.048067  2325 raft_consensus.cc:2468] T 05e5ba6743164d17af118098dc22396a P 6e2d6798836741b0bdfd055206d178ae [term 0 FOLLOWER]: Leader pre-election vote request: Granting yes vote for candidate ede22117eaea48208970f01cd8c201d7 in term 0.
I20260608 12:37:11.049592  2141 leader_election.cc:304] T 05e5ba6743164d17af118098dc22396a P ede22117eaea48208970f01cd8c201d7 [CANDIDATE]: Term 1 pre-election: Election decided. Result: candidate won. Election summary: received 2 responses out of 3 voters: 2 yes votes; 0 no votes. yes voters: a78081a047124f4586107471cbaffe42, ede22117eaea48208970f01cd8c201d7; no voters: 
I20260608 12:37:11.050412  2375 raft_consensus.cc:2804] T 05e5ba6743164d17af118098dc22396a P ede22117eaea48208970f01cd8c201d7 [term 0 FOLLOWER]: Leader pre-election won for term 1
I20260608 12:37:11.050776  2375 raft_consensus.cc:493] T 05e5ba6743164d17af118098dc22396a P ede22117eaea48208970f01cd8c201d7 [term 0 FOLLOWER]: Starting leader election (no leader contacted us within the election timeout)
I20260608 12:37:11.051126  2375 raft_consensus.cc:3060] T 05e5ba6743164d17af118098dc22396a P ede22117eaea48208970f01cd8c201d7 [term 0 FOLLOWER]: Advancing to term 1
I20260608 12:37:11.055616  2375 raft_consensus.cc:515] T 05e5ba6743164d17af118098dc22396a P ede22117eaea48208970f01cd8c201d7 [term 1 FOLLOWER]: Starting leader election with config: opid_index: -1 OBSOLETE_local: false peers { permanent_uuid: "ede22117eaea48208970f01cd8c201d7" member_type: VOTER last_known_addr { host: "127.0.107.193" port: 40265 } } peers { permanent_uuid: "6e2d6798836741b0bdfd055206d178ae" member_type: VOTER last_known_addr { host: "127.0.107.195" port: 38173 } } peers { permanent_uuid: "a78081a047124f4586107471cbaffe42" member_type: VOTER last_known_addr { host: "127.0.107.194" port: 33033 } }
I20260608 12:37:11.057123  2375 leader_election.cc:290] T 05e5ba6743164d17af118098dc22396a P ede22117eaea48208970f01cd8c201d7 [CANDIDATE]: Term 1 election: Requested vote from peers 6e2d6798836741b0bdfd055206d178ae (127.0.107.195:38173), a78081a047124f4586107471cbaffe42 (127.0.107.194:33033)
I20260608 12:37:11.057901  2325 tablet_service.cc:1917] Received RequestConsensusVote() RPC: tablet_id: "05e5ba6743164d17af118098dc22396a" candidate_uuid: "ede22117eaea48208970f01cd8c201d7" candidate_term: 1 candidate_status { last_received { term: 0 index: 0 } } ignore_live_leader: false dest_uuid: "6e2d6798836741b0bdfd055206d178ae"
I20260608 12:37:11.058066  2251 tablet_service.cc:1917] Received RequestConsensusVote() RPC: tablet_id: "05e5ba6743164d17af118098dc22396a" candidate_uuid: "ede22117eaea48208970f01cd8c201d7" candidate_term: 1 candidate_status { last_received { term: 0 index: 0 } } ignore_live_leader: false dest_uuid: "a78081a047124f4586107471cbaffe42"
I20260608 12:37:11.058384  2325 raft_consensus.cc:3060] T 05e5ba6743164d17af118098dc22396a P 6e2d6798836741b0bdfd055206d178ae [term 0 FOLLOWER]: Advancing to term 1
I20260608 12:37:11.058598  2251 raft_consensus.cc:3060] T 05e5ba6743164d17af118098dc22396a P a78081a047124f4586107471cbaffe42 [term 0 FOLLOWER]: Advancing to term 1
I20260608 12:37:11.062780  2251 raft_consensus.cc:2468] T 05e5ba6743164d17af118098dc22396a P a78081a047124f4586107471cbaffe42 [term 1 FOLLOWER]: Leader election vote request: Granting yes vote for candidate ede22117eaea48208970f01cd8c201d7 in term 1.
I20260608 12:37:11.062999  2325 raft_consensus.cc:2468] T 05e5ba6743164d17af118098dc22396a P 6e2d6798836741b0bdfd055206d178ae [term 1 FOLLOWER]: Leader election vote request: Granting yes vote for candidate ede22117eaea48208970f01cd8c201d7 in term 1.
I20260608 12:37:11.063709  2141 leader_election.cc:304] T 05e5ba6743164d17af118098dc22396a P ede22117eaea48208970f01cd8c201d7 [CANDIDATE]: Term 1 election: Election decided. Result: candidate won. Election summary: received 2 responses out of 3 voters: 2 yes votes; 0 no votes. yes voters: a78081a047124f4586107471cbaffe42, ede22117eaea48208970f01cd8c201d7; no voters: 
I20260608 12:37:11.064471  2375 raft_consensus.cc:2804] T 05e5ba6743164d17af118098dc22396a P ede22117eaea48208970f01cd8c201d7 [term 1 FOLLOWER]: Leader election won for term 1
I20260608 12:37:11.065534  2375 raft_consensus.cc:697] T 05e5ba6743164d17af118098dc22396a P ede22117eaea48208970f01cd8c201d7 [term 1 LEADER]: Becoming Leader. State: Replica: ede22117eaea48208970f01cd8c201d7, State: Running, Role: LEADER
I20260608 12:37:11.066354  2375 consensus_queue.cc:237] T 05e5ba6743164d17af118098dc22396a P ede22117eaea48208970f01cd8c201d7 [LEADER]: Queue going to LEADER mode. State: All replicated index: 0, Majority replicated index: 0, Committed index: 0, Last appended: 0.0, Last appended by leader: 0, Current term: 1, Majority size: 2, State: 0, Mode: LEADER, active raft config: opid_index: -1 OBSOLETE_local: false peers { permanent_uuid: "ede22117eaea48208970f01cd8c201d7" member_type: VOTER last_known_addr { host: "127.0.107.193" port: 40265 } } peers { permanent_uuid: "6e2d6798836741b0bdfd055206d178ae" member_type: VOTER last_known_addr { host: "127.0.107.195" port: 38173 } } peers { permanent_uuid: "a78081a047124f4586107471cbaffe42" member_type: VOTER last_known_addr { host: "127.0.107.194" port: 33033 } }
I20260608 12:37:11.072963  2072 catalog_manager.cc:5696] T 05e5ba6743164d17af118098dc22396a P ede22117eaea48208970f01cd8c201d7 reported cstate change: term changed from 0 to 1, leader changed from <none> to ede22117eaea48208970f01cd8c201d7 (127.0.107.193). New cstate: current_term: 1 leader_uuid: "ede22117eaea48208970f01cd8c201d7" committed_config { opid_index: -1 OBSOLETE_local: false peers { permanent_uuid: "ede22117eaea48208970f01cd8c201d7" member_type: VOTER last_known_addr { host: "127.0.107.193" port: 40265 } health_report { overall_health: HEALTHY } } peers { permanent_uuid: "6e2d6798836741b0bdfd055206d178ae" member_type: VOTER last_known_addr { host: "127.0.107.195" port: 38173 } health_report { overall_health: UNKNOWN } } peers { permanent_uuid: "a78081a047124f4586107471cbaffe42" member_type: VOTER last_known_addr { host: "127.0.107.194" port: 33033 } health_report { overall_health: UNKNOWN } } }
I20260608 12:37:11.125501  2127 auto_leader_rebalancer.cc:140] leader rebalance for table test-workload
I20260608 12:37:11.128121  2127 auto_leader_rebalancer.cc:388] table: test-workload, leader rebalance finish, leader transfer count: 0
I20260608 12:37:11.128453  2127 auto_leader_rebalancer.cc:451] All tables' leader rebalancing finished this round
I20260608 12:37:11.344280  2380 consensus_queue.cc:1048] T 332c4901392441338f4df7369e167904 P 6e2d6798836741b0bdfd055206d178ae [LEADER]: Connected to new peer: Peer: permanent_uuid: "ede22117eaea48208970f01cd8c201d7" member_type: VOTER last_known_addr { host: "127.0.107.193" port: 40265 }, Status: LMP_MISMATCH, Last received: 0.0, Next index: 1, Last known committed idx: 0, Time since last communication: 0.000s
I20260608 12:37:11.358112  2392 consensus_queue.cc:1048] T 332c4901392441338f4df7369e167904 P 6e2d6798836741b0bdfd055206d178ae [LEADER]: Connected to new peer: Peer: permanent_uuid: "a78081a047124f4586107471cbaffe42" member_type: VOTER last_known_addr { host: "127.0.107.194" port: 33033 }, Status: LMP_MISMATCH, Last received: 0.0, Next index: 1, Last known committed idx: 0, Time since last communication: 0.000s
I20260608 12:37:11.564009  2375 consensus_queue.cc:1048] T 05e5ba6743164d17af118098dc22396a P ede22117eaea48208970f01cd8c201d7 [LEADER]: Connected to new peer: Peer: permanent_uuid: "a78081a047124f4586107471cbaffe42" member_type: VOTER last_known_addr { host: "127.0.107.194" port: 33033 }, Status: LMP_MISMATCH, Last received: 0.0, Next index: 1, Last known committed idx: 0, Time since last communication: 0.000s
I20260608 12:37:11.577018  2375 consensus_queue.cc:1048] T 05e5ba6743164d17af118098dc22396a P ede22117eaea48208970f01cd8c201d7 [LEADER]: Connected to new peer: Peer: permanent_uuid: "6e2d6798836741b0bdfd055206d178ae" member_type: VOTER last_known_addr { host: "127.0.107.195" port: 38173 }, Status: LMP_MISMATCH, Last received: 0.0, Next index: 1, Last known committed idx: 0, Time since last communication: 0.000s
I20260608 12:37:13.129557  2127 auto_leader_rebalancer.cc:140] leader rebalance for table test-workload
I20260608 12:37:13.132210  2127 auto_leader_rebalancer.cc:388] table: test-workload, leader rebalance finish, leader transfer count: 0
I20260608 12:37:13.132611  2127 auto_leader_rebalancer.cc:451] All tables' leader rebalancing finished this round
I20260608 12:37:15.133605  2127 auto_leader_rebalancer.cc:140] leader rebalance for table test-workload
I20260608 12:37:15.135953  2127 auto_leader_rebalancer.cc:388] table: test-workload, leader rebalance finish, leader transfer count: 0
I20260608 12:37:15.136301  2127 auto_leader_rebalancer.cc:451] All tables' leader rebalancing finished this round
I20260608 12:37:17.137581  2127 auto_leader_rebalancer.cc:140] leader rebalance for table test-workload
I20260608 12:37:17.139984  2127 auto_leader_rebalancer.cc:388] table: test-workload, leader rebalance finish, leader transfer count: 0
I20260608 12:37:17.140311  2127 auto_leader_rebalancer.cc:451] All tables' leader rebalancing finished this round
I20260608 12:37:19.141366  2127 auto_leader_rebalancer.cc:140] leader rebalance for table test-workload
I20260608 12:37:19.143745  2127 auto_leader_rebalancer.cc:388] table: test-workload, leader rebalance finish, leader transfer count: 0
I20260608 12:37:19.144145  2127 auto_leader_rebalancer.cc:451] All tables' leader rebalancing finished this round
I20260608 12:37:21.145077  2127 auto_leader_rebalancer.cc:140] leader rebalance for table test-workload
I20260608 12:37:21.147152  2127 auto_leader_rebalancer.cc:388] table: test-workload, leader rebalance finish, leader transfer count: 0
I20260608 12:37:21.147451  2127 auto_leader_rebalancer.cc:451] All tables' leader rebalancing finished this round
I20260608 12:37:23.148519  2127 auto_leader_rebalancer.cc:140] leader rebalance for table test-workload
I20260608 12:37:23.151041  2127 auto_leader_rebalancer.cc:388] table: test-workload, leader rebalance finish, leader transfer count: 0
I20260608 12:37:23.151407  2127 auto_leader_rebalancer.cc:451] All tables' leader rebalancing finished this round
I20260608 12:37:23.226060   431 file_cache.cc:492] Constructed file cache file cache with capacity 419430
W20260608 12:37:23.233565  2408 instance_detector.cc:116] could not retrieve AWS instance metadata: Network error: curl error: HTTP response code said error: The requested URL returned error: 404
W20260608 12:37:23.233882  2409 instance_detector.cc:116] could not retrieve Azure instance metadata: Network error: curl error: HTTP response code said error: The requested URL returned error: 404
W20260608 12:37:23.235962  2411 instance_detector.cc:116] could not retrieve OpenStack instance metadata: Network error: curl error: HTTP response code said error: The requested URL returned error: 404
I20260608 12:37:23.237221   431 server_base.cc:1061] running on GCE node
I20260608 12:37:23.238833   431 hybrid_clock.cc:584] initializing the hybrid clock with 'system_unsync' time source
W20260608 12:37:23.239071   431 system_unsync_time.cc:38] NTP support is disabled. Clock error bounds will not be accurate. This configuration is not suitable for distributed clusters.
I20260608 12:37:23.239288   431 hybrid_clock.cc:648] HybridClock initialized: now 1780922243239266 us; error 0 us; skew 500 ppm
I20260608 12:37:23.240221   431 server_base.cc:861] Flag tcmalloc_max_total_thread_cache_bytes is not working since tcmalloc is not enabled.
I20260608 12:37:23.243234   431 webserver.cc:533] Webserver started at http://127.0.107.196:45083/ using document root <none> and password file <none>
I20260608 12:37:23.243856   431 fs_manager.cc:362] Metadata directory not provided
I20260608 12:37:23.244081   431 fs_manager.cc:368] Using write-ahead log directory (fs_wal_dir) as metadata directory
I20260608 12:37:23.244431   431 server_base.cc:909] This appears to be a new deployment of Kudu; creating new FS layout
I20260608 12:37:23.245895   431 fs_manager.cc:1068] Generated new instance metadata in path /tmp/dist-test-taskF61L7G/test-tmp/auto_rebalancer-test.0.AutoRebalancerTest.MovesScheduledIfAddTserver.1780922206685814-431-0/minicluster-data/ts-3-root/instance:
uuid: "c094df6b0b6e4d8881815fab60054a05"
format_stamp: "Formatted at 2026-06-08 12:37:23 on dist-test-slave-jdxb"
I20260608 12:37:23.251299   431 fs_manager.cc:696] Time spent creating directory manager: real 0.005s	user 0.000s	sys 0.004s
I20260608 12:37:23.254762  2416 log_block_manager.cc:4031] Time spent loading block containers with low live blocks: real 0.000s	user 0.000s	sys 0.000s
I20260608 12:37:23.255570   431 fs_manager.cc:730] Time spent opening block manager: real 0.002s	user 0.002s	sys 0.002s
I20260608 12:37:23.255863   431 fs_manager.cc:647] Opened local filesystem: /tmp/dist-test-taskF61L7G/test-tmp/auto_rebalancer-test.0.AutoRebalancerTest.MovesScheduledIfAddTserver.1780922206685814-431-0/minicluster-data/ts-3-root
uuid: "c094df6b0b6e4d8881815fab60054a05"
format_stamp: "Formatted at 2026-06-08 12:37:23 on dist-test-slave-jdxb"
I20260608 12:37:23.256127   431 fs_report.cc:389] FS layout report
--------------------
wal directory: /tmp/dist-test-taskF61L7G/test-tmp/auto_rebalancer-test.0.AutoRebalancerTest.MovesScheduledIfAddTserver.1780922206685814-431-0/minicluster-data/ts-3-root
metadata directory: /tmp/dist-test-taskF61L7G/test-tmp/auto_rebalancer-test.0.AutoRebalancerTest.MovesScheduledIfAddTserver.1780922206685814-431-0/minicluster-data/ts-3-root
1 data directories: /tmp/dist-test-taskF61L7G/test-tmp/auto_rebalancer-test.0.AutoRebalancerTest.MovesScheduledIfAddTserver.1780922206685814-431-0/minicluster-data/ts-3-root/data
Total live blocks: 0
Total live bytes: 0
Total live bytes (after alignment): 0
Total number of LBM containers: 0 (0 full)
Did not check for missing blocks
Did not check for orphaned blocks
Total full LBM containers with extra space: 0 (0 repaired)
Total full LBM container extra space in bytes: 0 (0 repaired)
Total incomplete LBM containers: 0 (0 repaired)
Total LBM partial records: 0 (0 repaired)
Total corrupted LBM metadata records in RocksDB: 0 (0 repaired)
I20260608 12:37:23.289498   431 rpc_server.cc:225] running with OpenSSL 1.1.1  11 Sep 2018
I20260608 12:37:23.290887   431 kserver.cc:163] Server-wide thread pool size limit: 3276
I20260608 12:37:23.292488   431 txn_system_client.cc:432] TxnSystemClient initialization is disabled...
I20260608 12:37:23.294930   431 ts_tablet_manager.cc:585] Loaded tablet metadata (0 total tablets, 0 live tablets)
I20260608 12:37:23.295173   431 ts_tablet_manager.cc:531] Time spent load tablet metadata: real 0.000s	user 0.000s	sys 0.000s
I20260608 12:37:23.295432   431 ts_tablet_manager.cc:616] Registered 0 tablets
I20260608 12:37:23.295637   431 ts_tablet_manager.cc:595] Time spent register tablets: real 0.000s	user 0.000s	sys 0.000s
I20260608 12:37:23.338984   431 rpc_server.cc:307] RPC server started. Bound to: 127.0.107.196:37325
I20260608 12:37:23.339110  2478 acceptor_pool.cc:272] collecting diagnostics on the listening RPC socket 127.0.107.196:37325 every 8 connection(s)
I20260608 12:37:23.354817  2479 heartbeater.cc:344] Connected to a master server at 127.0.107.254:44017
I20260608 12:37:23.355255  2479 heartbeater.cc:461] Registering TS with master...
I20260608 12:37:23.356019  2479 heartbeater.cc:507] Master 127.0.107.254:44017 requested a full tablet report, sending...
I20260608 12:37:23.358201  2074 ts_manager.cc:194] Registered new tserver with Master: c094df6b0b6e4d8881815fab60054a05 (127.0.107.196:37325)
I20260608 12:37:23.359714  2074 master_service.cc:502] Signed X509 certificate for tserver {username='slave'} at 127.0.0.1:47802
I20260608 12:37:24.205314  2176 consensus_queue.cc:237] T 05e5ba6743164d17af118098dc22396a P ede22117eaea48208970f01cd8c201d7 [LEADER]: Queue going to LEADER mode. State: All replicated index: 0, Majority replicated index: 1, Committed index: 1, Last appended: 1.1, Last appended by leader: 0, Current term: 1, Majority size: 2, State: 0, Mode: LEADER, active raft config: opid_index: 2 OBSOLETE_local: false peers { permanent_uuid: "ede22117eaea48208970f01cd8c201d7" member_type: VOTER last_known_addr { host: "127.0.107.193" port: 40265 } } peers { permanent_uuid: "6e2d6798836741b0bdfd055206d178ae" member_type: VOTER last_known_addr { host: "127.0.107.195" port: 38173 } attrs { replace: true } } peers { permanent_uuid: "a78081a047124f4586107471cbaffe42" member_type: VOTER last_known_addr { host: "127.0.107.194" port: 33033 } } peers { permanent_uuid: "c094df6b0b6e4d8881815fab60054a05" member_type: NON_VOTER last_known_addr { host: "127.0.107.196" port: 37325 } attrs { promote: true } }
I20260608 12:37:24.212891  2251 raft_consensus.cc:1275] T 05e5ba6743164d17af118098dc22396a P a78081a047124f4586107471cbaffe42 [term 1 FOLLOWER]: Refusing update from remote peer ede22117eaea48208970f01cd8c201d7: Log matching property violated. Preceding OpId in replica: term: 1 index: 1. Preceding OpId from leader: term: 1 index: 2. (index mismatch)
I20260608 12:37:24.215195  2406 consensus_queue.cc:1048] T 05e5ba6743164d17af118098dc22396a P ede22117eaea48208970f01cd8c201d7 [LEADER]: Connected to new peer: Peer: permanent_uuid: "a78081a047124f4586107471cbaffe42" member_type: VOTER last_known_addr { host: "127.0.107.194" port: 33033 }, Status: LMP_MISMATCH, Last received: 0.0, Next index: 2, Last known committed idx: 1, Time since last communication: 0.001s
I20260608 12:37:24.216563  2325 raft_consensus.cc:1275] T 05e5ba6743164d17af118098dc22396a P 6e2d6798836741b0bdfd055206d178ae [term 1 FOLLOWER]: Refusing update from remote peer ede22117eaea48208970f01cd8c201d7: Log matching property violated. Preceding OpId in replica: term: 1 index: 1. Preceding OpId from leader: term: 1 index: 2. (index mismatch)
I20260608 12:37:24.218029  2406 consensus_queue.cc:1048] T 05e5ba6743164d17af118098dc22396a P ede22117eaea48208970f01cd8c201d7 [LEADER]: Connected to new peer: Peer: permanent_uuid: "6e2d6798836741b0bdfd055206d178ae" member_type: VOTER last_known_addr { host: "127.0.107.195" port: 38173 } attrs { replace: true }, Status: LMP_MISMATCH, Last received: 0.0, Next index: 2, Last known committed idx: 1, Time since last communication: 0.000s
I20260608 12:37:24.227751  2486 raft_consensus.cc:2955] T 05e5ba6743164d17af118098dc22396a P ede22117eaea48208970f01cd8c201d7 [term 1 LEADER]: Committing config change with OpId 1.2: config changed from index -1 to 2, NON_VOTER c094df6b0b6e4d8881815fab60054a05 (127.0.107.196) added. New config: { opid_index: 2 OBSOLETE_local: false peers { permanent_uuid: "ede22117eaea48208970f01cd8c201d7" member_type: VOTER last_known_addr { host: "127.0.107.193" port: 40265 } } peers { permanent_uuid: "6e2d6798836741b0bdfd055206d178ae" member_type: VOTER last_known_addr { host: "127.0.107.195" port: 38173 } attrs { replace: true } } peers { permanent_uuid: "a78081a047124f4586107471cbaffe42" member_type: VOTER last_known_addr { host: "127.0.107.194" port: 33033 } } peers { permanent_uuid: "c094df6b0b6e4d8881815fab60054a05" member_type: NON_VOTER last_known_addr { host: "127.0.107.196" port: 37325 } attrs { promote: true } } }
W20260608 12:37:24.229518  2142 consensus_peers.cc:597] T 05e5ba6743164d17af118098dc22396a P ede22117eaea48208970f01cd8c201d7 -> Peer c094df6b0b6e4d8881815fab60054a05 (127.0.107.196:37325): Couldn't send request to peer c094df6b0b6e4d8881815fab60054a05. Error code: TABLET_NOT_FOUND (6). Status: Not found: Tablet not found: 05e5ba6743164d17af118098dc22396a. This is attempt 1: this message will repeat every 5th retry.
I20260608 12:37:24.229321  2325 raft_consensus.cc:2955] T 05e5ba6743164d17af118098dc22396a P 6e2d6798836741b0bdfd055206d178ae [term 1 FOLLOWER]: Committing config change with OpId 1.2: config changed from index -1 to 2, NON_VOTER c094df6b0b6e4d8881815fab60054a05 (127.0.107.196) added. New config: { opid_index: 2 OBSOLETE_local: false peers { permanent_uuid: "ede22117eaea48208970f01cd8c201d7" member_type: VOTER last_known_addr { host: "127.0.107.193" port: 40265 } } peers { permanent_uuid: "6e2d6798836741b0bdfd055206d178ae" member_type: VOTER last_known_addr { host: "127.0.107.195" port: 38173 } attrs { replace: true } } peers { permanent_uuid: "a78081a047124f4586107471cbaffe42" member_type: VOTER last_known_addr { host: "127.0.107.194" port: 33033 } } peers { permanent_uuid: "c094df6b0b6e4d8881815fab60054a05" member_type: NON_VOTER last_known_addr { host: "127.0.107.196" port: 37325 } attrs { promote: true } } }
I20260608 12:37:24.230566  2251 raft_consensus.cc:2955] T 05e5ba6743164d17af118098dc22396a P a78081a047124f4586107471cbaffe42 [term 1 FOLLOWER]: Committing config change with OpId 1.2: config changed from index -1 to 2, NON_VOTER c094df6b0b6e4d8881815fab60054a05 (127.0.107.196) added. New config: { opid_index: 2 OBSOLETE_local: false peers { permanent_uuid: "ede22117eaea48208970f01cd8c201d7" member_type: VOTER last_known_addr { host: "127.0.107.193" port: 40265 } } peers { permanent_uuid: "6e2d6798836741b0bdfd055206d178ae" member_type: VOTER last_known_addr { host: "127.0.107.195" port: 38173 } attrs { replace: true } } peers { permanent_uuid: "a78081a047124f4586107471cbaffe42" member_type: VOTER last_known_addr { host: "127.0.107.194" port: 33033 } } peers { permanent_uuid: "c094df6b0b6e4d8881815fab60054a05" member_type: NON_VOTER last_known_addr { host: "127.0.107.196" port: 37325 } attrs { promote: true } } }
I20260608 12:37:24.243227  2074 catalog_manager.cc:5696] T 05e5ba6743164d17af118098dc22396a P a78081a047124f4586107471cbaffe42 reported cstate change: config changed from index -1 to 2, NON_VOTER c094df6b0b6e4d8881815fab60054a05 (127.0.107.196) added. New cstate: current_term: 1 leader_uuid: "ede22117eaea48208970f01cd8c201d7" committed_config { opid_index: 2 OBSOLETE_local: false peers { permanent_uuid: "ede22117eaea48208970f01cd8c201d7" member_type: VOTER last_known_addr { host: "127.0.107.193" port: 40265 } } peers { permanent_uuid: "6e2d6798836741b0bdfd055206d178ae" member_type: VOTER last_known_addr { host: "127.0.107.195" port: 38173 } attrs { replace: true } } peers { permanent_uuid: "a78081a047124f4586107471cbaffe42" member_type: VOTER last_known_addr { host: "127.0.107.194" port: 33033 } } peers { permanent_uuid: "c094df6b0b6e4d8881815fab60054a05" member_type: NON_VOTER last_known_addr { host: "127.0.107.196" port: 37325 } attrs { promote: true } } }
I20260608 12:37:24.362136  2479 heartbeater.cc:499] Master 127.0.107.254:44017 was elected leader, sending a full tablet report...
I20260608 12:37:24.612905  2497 ts_tablet_manager.cc:933] T 05e5ba6743164d17af118098dc22396a P c094df6b0b6e4d8881815fab60054a05: Initiating tablet copy from peer ede22117eaea48208970f01cd8c201d7 (127.0.107.193:40265)
I20260608 12:37:24.614970  2497 tablet_copy_client.cc:323] T 05e5ba6743164d17af118098dc22396a P c094df6b0b6e4d8881815fab60054a05: tablet copy: Beginning tablet copy session from remote peer at address 127.0.107.193:40265
I20260608 12:37:24.627194  2186 tablet_copy_service.cc:140] P ede22117eaea48208970f01cd8c201d7: Received BeginTabletCopySession request for tablet 05e5ba6743164d17af118098dc22396a from peer c094df6b0b6e4d8881815fab60054a05 ({username='slave'} at 127.0.0.1:39636)
I20260608 12:37:24.627714  2186 tablet_copy_service.cc:161] P ede22117eaea48208970f01cd8c201d7: Beginning new tablet copy session on tablet 05e5ba6743164d17af118098dc22396a from peer c094df6b0b6e4d8881815fab60054a05 at {username='slave'} at 127.0.0.1:39636: session id = c094df6b0b6e4d8881815fab60054a05-05e5ba6743164d17af118098dc22396a
I20260608 12:37:24.633492  2186 tablet_copy_source_session.cc:215] T 05e5ba6743164d17af118098dc22396a P ede22117eaea48208970f01cd8c201d7: Tablet Copy: opened 0 blocks and 1 log segments
I20260608 12:37:24.636617  2497 data_dirs.cc:400] Could only allocate 1 dirs of requested 3 for tablet 05e5ba6743164d17af118098dc22396a. 1 dirs total, 0 dirs full, 0 dirs failed
I20260608 12:37:24.646826  2497 tablet_copy_client.cc:806] T 05e5ba6743164d17af118098dc22396a P c094df6b0b6e4d8881815fab60054a05: tablet copy: Starting download of 0 data blocks...
I20260608 12:37:24.647409  2497 tablet_copy_client.cc:670] T 05e5ba6743164d17af118098dc22396a P c094df6b0b6e4d8881815fab60054a05: tablet copy: Starting download of 1 WAL segments...
I20260608 12:37:24.651404  2497 tablet_copy_client.cc:538] T 05e5ba6743164d17af118098dc22396a P c094df6b0b6e4d8881815fab60054a05: tablet copy: Tablet Copy complete. Replacing tablet superblock.
I20260608 12:37:24.657034  2497 tablet_bootstrap.cc:492] T 05e5ba6743164d17af118098dc22396a P c094df6b0b6e4d8881815fab60054a05: Bootstrap starting.
I20260608 12:37:24.673722  2497 tablet_bootstrap.cc:492] T 05e5ba6743164d17af118098dc22396a P c094df6b0b6e4d8881815fab60054a05: Bootstrap replayed 1/1 log segments. Stats: ops{read=2 overwritten=0 applied=2 ignored=0} inserts{seen=0 ignored=0} mutations{seen=0 ignored=0} orphaned_commits=0. Pending: 0 replicates
I20260608 12:37:24.674561  2497 tablet_bootstrap.cc:492] T 05e5ba6743164d17af118098dc22396a P c094df6b0b6e4d8881815fab60054a05: Bootstrap complete.
I20260608 12:37:24.675235  2497 ts_tablet_manager.cc:1403] T 05e5ba6743164d17af118098dc22396a P c094df6b0b6e4d8881815fab60054a05: Time spent bootstrapping tablet: real 0.018s	user 0.006s	sys 0.013s
I20260608 12:37:24.677784  2497 raft_consensus.cc:359] T 05e5ba6743164d17af118098dc22396a P c094df6b0b6e4d8881815fab60054a05 [term 1 LEARNER]: Replica starting. Triggering 0 pending ops. Active config: opid_index: 2 OBSOLETE_local: false peers { permanent_uuid: "ede22117eaea48208970f01cd8c201d7" member_type: VOTER last_known_addr { host: "127.0.107.193" port: 40265 } } peers { permanent_uuid: "6e2d6798836741b0bdfd055206d178ae" member_type: VOTER last_known_addr { host: "127.0.107.195" port: 38173 } attrs { replace: true } } peers { permanent_uuid: "a78081a047124f4586107471cbaffe42" member_type: VOTER last_known_addr { host: "127.0.107.194" port: 33033 } } peers { permanent_uuid: "c094df6b0b6e4d8881815fab60054a05" member_type: NON_VOTER last_known_addr { host: "127.0.107.196" port: 37325 } attrs { promote: true } }
I20260608 12:37:24.678447  2497 raft_consensus.cc:740] T 05e5ba6743164d17af118098dc22396a P c094df6b0b6e4d8881815fab60054a05 [term 1 LEARNER]: Becoming Follower/Learner. State: Replica: c094df6b0b6e4d8881815fab60054a05, State: Initialized, Role: LEARNER
I20260608 12:37:24.679026  2497 consensus_queue.cc:260] T 05e5ba6743164d17af118098dc22396a P c094df6b0b6e4d8881815fab60054a05 [NON_LEADER]: Queue going to NON_LEADER mode. State: All replicated index: 0, Majority replicated index: 0, Committed index: 2, Last appended: 1.2, Last appended by leader: 2, Current term: 0, Majority size: -1, State: 0, Mode: NON_LEADER, active raft config: opid_index: 2 OBSOLETE_local: false peers { permanent_uuid: "ede22117eaea48208970f01cd8c201d7" member_type: VOTER last_known_addr { host: "127.0.107.193" port: 40265 } } peers { permanent_uuid: "6e2d6798836741b0bdfd055206d178ae" member_type: VOTER last_known_addr { host: "127.0.107.195" port: 38173 } attrs { replace: true } } peers { permanent_uuid: "a78081a047124f4586107471cbaffe42" member_type: VOTER last_known_addr { host: "127.0.107.194" port: 33033 } } peers { permanent_uuid: "c094df6b0b6e4d8881815fab60054a05" member_type: NON_VOTER last_known_addr { host: "127.0.107.196" port: 37325 } attrs { promote: true } }
I20260608 12:37:24.681656  2497 ts_tablet_manager.cc:1434] T 05e5ba6743164d17af118098dc22396a P c094df6b0b6e4d8881815fab60054a05: Time spent starting tablet: real 0.006s	user 0.006s	sys 0.000s
I20260608 12:37:24.683768  2186 tablet_copy_service.cc:342] P ede22117eaea48208970f01cd8c201d7: Request end of tablet copy session c094df6b0b6e4d8881815fab60054a05-05e5ba6743164d17af118098dc22396a received from {username='slave'} at 127.0.0.1:39636
I20260608 12:37:24.684262  2186 tablet_copy_service.cc:434] P ede22117eaea48208970f01cd8c201d7: ending tablet copy session c094df6b0b6e4d8881815fab60054a05-05e5ba6743164d17af118098dc22396a on tablet 05e5ba6743164d17af118098dc22396a with peer c094df6b0b6e4d8881815fab60054a05
I20260608 12:37:25.152295  2127 auto_leader_rebalancer.cc:140] leader rebalance for table test-workload
I20260608 12:37:25.154482  2127 auto_leader_rebalancer.cc:388] table: test-workload, leader rebalance finish, leader transfer count: 0
I20260608 12:37:25.154848  2127 auto_leader_rebalancer.cc:451] All tables' leader rebalancing finished this round
I20260608 12:37:25.177940  2454 raft_consensus.cc:1217] T 05e5ba6743164d17af118098dc22396a P c094df6b0b6e4d8881815fab60054a05 [term 1 LEARNER]: Deduplicated request from leader. Original: 1.1->[1.2-1.2]   Dedup: 1.2->[]
I20260608 12:37:25.645452  2503 raft_consensus.cc:1064] T 05e5ba6743164d17af118098dc22396a P ede22117eaea48208970f01cd8c201d7: attempting to promote NON_VOTER c094df6b0b6e4d8881815fab60054a05 to VOTER
I20260608 12:37:25.647820  2503 consensus_queue.cc:237] T 05e5ba6743164d17af118098dc22396a P ede22117eaea48208970f01cd8c201d7 [LEADER]: Queue going to LEADER mode. State: All replicated index: 0, Majority replicated index: 2, Committed index: 2, Last appended: 1.2, Last appended by leader: 0, Current term: 1, Majority size: 3, State: 0, Mode: LEADER, active raft config: opid_index: 3 OBSOLETE_local: false peers { permanent_uuid: "ede22117eaea48208970f01cd8c201d7" member_type: VOTER last_known_addr { host: "127.0.107.193" port: 40265 } } peers { permanent_uuid: "6e2d6798836741b0bdfd055206d178ae" member_type: VOTER last_known_addr { host: "127.0.107.195" port: 38173 } attrs { replace: true } } peers { permanent_uuid: "a78081a047124f4586107471cbaffe42" member_type: VOTER last_known_addr { host: "127.0.107.194" port: 33033 } } peers { permanent_uuid: "c094df6b0b6e4d8881815fab60054a05" member_type: VOTER last_known_addr { host: "127.0.107.196" port: 37325 } attrs { promote: false } }
I20260608 12:37:25.654052  2251 raft_consensus.cc:1275] T 05e5ba6743164d17af118098dc22396a P a78081a047124f4586107471cbaffe42 [term 1 FOLLOWER]: Refusing update from remote peer ede22117eaea48208970f01cd8c201d7: Log matching property violated. Preceding OpId in replica: term: 1 index: 2. Preceding OpId from leader: term: 1 index: 3. (index mismatch)
I20260608 12:37:25.654481  2454 raft_consensus.cc:1275] T 05e5ba6743164d17af118098dc22396a P c094df6b0b6e4d8881815fab60054a05 [term 1 LEARNER]: Refusing update from remote peer ede22117eaea48208970f01cd8c201d7: Log matching property violated. Preceding OpId in replica: term: 1 index: 2. Preceding OpId from leader: term: 1 index: 3. (index mismatch)
I20260608 12:37:25.655325  2325 raft_consensus.cc:1275] T 05e5ba6743164d17af118098dc22396a P 6e2d6798836741b0bdfd055206d178ae [term 1 FOLLOWER]: Refusing update from remote peer ede22117eaea48208970f01cd8c201d7: Log matching property violated. Preceding OpId in replica: term: 1 index: 2. Preceding OpId from leader: term: 1 index: 3. (index mismatch)
