Metrics: {"child_traces":[["op",{"apply.queue_time_us":11399,"mutex_wait_us":4595,"num_ops":4,"prepare.queue_time_us":811533,"prepare.run_cpu_time_us":5167,"prepare.run_wall_time_us":72127,"replication_time_us":166343,"spinlock_wait_cycles":15828352}]]}
W20260608 12:44:43.412343 17162 outbound_call.cc:321] RPC callback for RPC call kudu.consensus.ConsensusService.UpdateConsensus -> {remote=127.12.84.3:39101, user_credentials={real_user=slave}} blocked reactor thread for 98324.6us
W20260608 12:44:43.449745 17087 outbound_call.cc:321] RPC callback for RPC call kudu.consensus.ConsensusService.UpdateConsensus -> {remote=127.12.84.3:39101, user_credentials={real_user=slave}} blocked reactor thread for 94259.1us
W20260608 12:44:43.890504 17302 outbound_call.cc:321] RPC callback for RPC call kudu.tserver.TabletServerService.Write -> {remote=127.12.84.3:39101, user_credentials={real_user=slave}} blocked reactor thread for 56371.7us
W20260608 12:44:43.937381 17402 meta_cache.cc:1261] Time spent looking up entry by key: real 0.097s	user 0.004s	sys 0.000s
W20260608 12:44:45.197192 17400 meta_cache.cc:1261] Time spent looking up entry by key: real 0.055s	user 0.000s	sys 0.000s
W20260608 12:44:45.206339 17402 meta_cache.cc:1261] Time spent looking up entry by key: real 0.058s	user 0.003s	sys 0.000s
W20260608 12:44:45.327107 17087 outbound_call.cc:321] RPC callback for RPC call kudu.consensus.ConsensusService.UpdateConsensus -> {remote=127.12.84.3:39101, user_credentials={real_user=slave}} blocked reactor thread for 75036.1us
W20260608 12:44:45.813473 17234 outbound_call.cc:321] RPC callback for RPC call kudu.consensus.ConsensusService.UpdateConsensus -> {remote=127.12.84.2:34659, user_credentials={real_user=slave}} blocked reactor thread for 56560.8us
W20260608 12:44:45.889716 17234 outbound_call.cc:321] RPC callback for RPC call kudu.consensus.ConsensusService.UpdateConsensus -> {remote=127.12.84.2:34659, user_credentials={real_user=slave}} blocked reactor thread for 50596.7us
I20260608 12:44:46.089413 12624 file_cache.cc:492] Constructed file cache file cache with capacity 419430
W20260608 12:44:46.095541 17497 instance_detector.cc:116] could not retrieve AWS instance metadata: Network error: curl error: HTTP response code said error: The requested URL returned error: 404
W20260608 12:44:46.096448 17498 instance_detector.cc:116] could not retrieve Azure instance metadata: Network error: curl error: HTTP response code said error: The requested URL returned error: 404
W20260608 12:44:46.097024 17500 instance_detector.cc:116] could not retrieve OpenStack instance metadata: Network error: curl error: HTTP response code said error: The requested URL returned error: 404
I20260608 12:44:46.097605 12624 server_base.cc:1061] running on GCE node
I20260608 12:44:46.099005 12624 hybrid_clock.cc:584] initializing the hybrid clock with 'system_unsync' time source
W20260608 12:44:46.099223 12624 system_unsync_time.cc:38] NTP support is disabled. Clock error bounds will not be accurate. This configuration is not suitable for distributed clusters.
I20260608 12:44:46.099428 12624 hybrid_clock.cc:648] HybridClock initialized: now 1780922686099406 us; error 0 us; skew 500 ppm
I20260608 12:44:46.099964 12624 server_base.cc:861] Flag tcmalloc_max_total_thread_cache_bytes is not working since tcmalloc is not enabled.
I20260608 12:44:46.103011 12624 webserver.cc:533] Webserver started at http://127.12.84.4:34177/ using document root <none> and password file <none>
I20260608 12:44:46.103500 12624 fs_manager.cc:362] Metadata directory not provided
I20260608 12:44:46.103722 12624 fs_manager.cc:368] Using write-ahead log directory (fs_wal_dir) as metadata directory
I20260608 12:44:46.104029 12624 server_base.cc:909] This appears to be a new deployment of Kudu; creating new FS layout
I20260608 12:44:46.105217 12624 fs_manager.cc:1068] Generated new instance metadata in path /tmp/dist-test-taskmrJsgK/test-tmp/auto_rebalancer-test.0.AutoRebalancerTest.TestMaxMovesPerServer.1780922561788697-12624-0/minicluster-data/ts-3-root/instance:
uuid: "93b6ba5d3f7e4720ada66aadcc78b1dd"
format_stamp: "Formatted at 2026-06-08 12:44:46 on dist-test-slave-6fhx"
I20260608 12:44:46.109648 12624 fs_manager.cc:696] Time spent creating directory manager: real 0.004s	user 0.004s	sys 0.000s
I20260608 12:44:46.112820 17505 log_block_manager.cc:4031] Time spent loading block containers with low live blocks: real 0.000s	user 0.000s	sys 0.000s
I20260608 12:44:46.113494 12624 fs_manager.cc:730] Time spent opening block manager: real 0.002s	user 0.002s	sys 0.001s
I20260608 12:44:46.113754 12624 fs_manager.cc:647] Opened local filesystem: /tmp/dist-test-taskmrJsgK/test-tmp/auto_rebalancer-test.0.AutoRebalancerTest.TestMaxMovesPerServer.1780922561788697-12624-0/minicluster-data/ts-3-root
uuid: "93b6ba5d3f7e4720ada66aadcc78b1dd"
format_stamp: "Formatted at 2026-06-08 12:44:46 on dist-test-slave-6fhx"
I20260608 12:44:46.114018 12624 fs_report.cc:389] FS layout report
--------------------
wal directory: /tmp/dist-test-taskmrJsgK/test-tmp/auto_rebalancer-test.0.AutoRebalancerTest.TestMaxMovesPerServer.1780922561788697-12624-0/minicluster-data/ts-3-root
metadata directory: /tmp/dist-test-taskmrJsgK/test-tmp/auto_rebalancer-test.0.AutoRebalancerTest.TestMaxMovesPerServer.1780922561788697-12624-0/minicluster-data/ts-3-root
1 data directories: /tmp/dist-test-taskmrJsgK/test-tmp/auto_rebalancer-test.0.AutoRebalancerTest.TestMaxMovesPerServer.1780922561788697-12624-0/minicluster-data/ts-3-root/data
Total live blocks: 0
Total live bytes: 0
Total live bytes (after alignment): 0
Total number of LBM containers: 0 (0 full)
Did not check for missing blocks
Did not check for orphaned blocks
Total full LBM containers with extra space: 0 (0 repaired)
Total full LBM container extra space in bytes: 0 (0 repaired)
Total incomplete LBM containers: 0 (0 repaired)
Total LBM partial records: 0 (0 repaired)
Total corrupted LBM metadata records in RocksDB: 0 (0 repaired)
I20260608 12:44:46.123056 12624 rpc_server.cc:225] running with OpenSSL 1.1.1  11 Sep 2018
I20260608 12:44:46.124092 12624 kserver.cc:163] Server-wide thread pool size limit: 3276
I20260608 12:44:46.125353 12624 txn_system_client.cc:432] TxnSystemClient initialization is disabled...
I20260608 12:44:46.127315 12624 ts_tablet_manager.cc:585] Loaded tablet metadata (0 total tablets, 0 live tablets)
I20260608 12:44:46.127529 12624 ts_tablet_manager.cc:531] Time spent load tablet metadata: real 0.000s	user 0.000s	sys 0.000s
I20260608 12:44:46.127736 12624 ts_tablet_manager.cc:616] Registered 0 tablets
I20260608 12:44:46.127894 12624 ts_tablet_manager.cc:595] Time spent register tablets: real 0.000s	user 0.000s	sys 0.000s
I20260608 12:44:46.166219 12624 rpc_server.cc:307] RPC server started. Bound to: 127.12.84.4:38051
I20260608 12:44:46.166321 17567 acceptor_pool.cc:272] collecting diagnostics on the listening RPC socket 127.12.84.4:38051 every 8 connection(s)
I20260608 12:44:46.171759 12624 file_cache.cc:492] Constructed file cache file cache with capacity 419430
W20260608 12:44:46.178385 17572 instance_detector.cc:116] could not retrieve AWS instance metadata: Network error: curl error: HTTP response code said error: The requested URL returned error: 404
W20260608 12:44:46.180424 17573 instance_detector.cc:116] could not retrieve Azure instance metadata: Network error: curl error: HTTP response code said error: The requested URL returned error: 404
W20260608 12:44:46.181655 17575 instance_detector.cc:116] could not retrieve OpenStack instance metadata: Network error: curl error: HTTP response code said error: The requested URL returned error: 404
I20260608 12:44:46.182622 12624 server_base.cc:1061] running on GCE node
I20260608 12:44:46.185297 12624 hybrid_clock.cc:584] initializing the hybrid clock with 'system_unsync' time source
W20260608 12:44:46.185490 12624 system_unsync_time.cc:38] NTP support is disabled. Clock error bounds will not be accurate. This configuration is not suitable for distributed clusters.
I20260608 12:44:46.185683 12624 hybrid_clock.cc:648] HybridClock initialized: now 1780922686185667 us; error 0 us; skew 500 ppm
I20260608 12:44:46.186405 12624 server_base.cc:861] Flag tcmalloc_max_total_thread_cache_bytes is not working since tcmalloc is not enabled.
I20260608 12:44:46.189128 17568 heartbeater.cc:344] Connected to a master server at 127.12.84.62:42309
I20260608 12:44:46.189427 12624 webserver.cc:533] Webserver started at http://127.12.84.5:45841/ using document root <none> and password file <none>
I20260608 12:44:46.189554 17568 heartbeater.cc:461] Registering TS with master...
I20260608 12:44:46.190070 12624 fs_manager.cc:362] Metadata directory not provided
I20260608 12:44:46.190274 12624 fs_manager.cc:368] Using write-ahead log directory (fs_wal_dir) as metadata directory
I20260608 12:44:46.190454 17568 heartbeater.cc:507] Master 127.12.84.62:42309 requested a full tablet report, sending...
I20260608 12:44:46.190552 12624 server_base.cc:909] This appears to be a new deployment of Kudu; creating new FS layout
I20260608 12:44:46.191905 12624 fs_manager.cc:1068] Generated new instance metadata in path /tmp/dist-test-taskmrJsgK/test-tmp/auto_rebalancer-test.0.AutoRebalancerTest.TestMaxMovesPerServer.1780922561788697-12624-0/minicluster-data/ts-4-root/instance:
uuid: "c46df08a9d9c4b778b5a96a0c642c8f2"
format_stamp: "Formatted at 2026-06-08 12:44:46 on dist-test-slave-6fhx"
I20260608 12:44:46.192611 17013 ts_manager.cc:194] Registered new tserver with Master: 93b6ba5d3f7e4720ada66aadcc78b1dd (127.12.84.4:38051)
I20260608 12:44:46.193884 17013 master_service.cc:502] Signed X509 certificate for tserver {username='slave'} at 127.0.0.1:59566
I20260608 12:44:46.196480 12624 fs_manager.cc:696] Time spent creating directory manager: real 0.004s	user 0.005s	sys 0.000s
I20260608 12:44:46.199503 17580 log_block_manager.cc:4031] Time spent loading block containers with low live blocks: real 0.000s	user 0.000s	sys 0.000s
I20260608 12:44:46.200083 12624 fs_manager.cc:730] Time spent opening block manager: real 0.002s	user 0.002s	sys 0.000s
I20260608 12:44:46.200346 12624 fs_manager.cc:647] Opened local filesystem: /tmp/dist-test-taskmrJsgK/test-tmp/auto_rebalancer-test.0.AutoRebalancerTest.TestMaxMovesPerServer.1780922561788697-12624-0/minicluster-data/ts-4-root
uuid: "c46df08a9d9c4b778b5a96a0c642c8f2"
format_stamp: "Formatted at 2026-06-08 12:44:46 on dist-test-slave-6fhx"
I20260608 12:44:46.200619 12624 fs_report.cc:389] FS layout report
--------------------
wal directory: /tmp/dist-test-taskmrJsgK/test-tmp/auto_rebalancer-test.0.AutoRebalancerTest.TestMaxMovesPerServer.1780922561788697-12624-0/minicluster-data/ts-4-root
metadata directory: /tmp/dist-test-taskmrJsgK/test-tmp/auto_rebalancer-test.0.AutoRebalancerTest.TestMaxMovesPerServer.1780922561788697-12624-0/minicluster-data/ts-4-root
1 data directories: /tmp/dist-test-taskmrJsgK/test-tmp/auto_rebalancer-test.0.AutoRebalancerTest.TestMaxMovesPerServer.1780922561788697-12624-0/minicluster-data/ts-4-root/data
Total live blocks: 0
Total live bytes: 0
Total live bytes (after alignment): 0
Total number of LBM containers: 0 (0 full)
Did not check for missing blocks
Did not check for orphaned blocks
Total full LBM containers with extra space: 0 (0 repaired)
Total full LBM container extra space in bytes: 0 (0 repaired)
Total incomplete LBM containers: 0 (0 repaired)
Total LBM partial records: 0 (0 repaired)
Total corrupted LBM metadata records in RocksDB: 0 (0 repaired)
I20260608 12:44:46.212215 12624 rpc_server.cc:225] running with OpenSSL 1.1.1  11 Sep 2018
I20260608 12:44:46.213330 12624 kserver.cc:163] Server-wide thread pool size limit: 3276
I20260608 12:44:46.216742 12624 txn_system_client.cc:432] TxnSystemClient initialization is disabled...
I20260608 12:44:46.218421 12624 ts_tablet_manager.cc:585] Loaded tablet metadata (0 total tablets, 0 live tablets)
I20260608 12:44:46.218613 12624 ts_tablet_manager.cc:531] Time spent load tablet metadata: real 0.000s	user 0.000s	sys 0.000s
I20260608 12:44:46.218814 12624 ts_tablet_manager.cc:616] Registered 0 tablets
I20260608 12:44:46.218973 12624 ts_tablet_manager.cc:595] Time spent register tablets: real 0.000s	user 0.000s	sys 0.000s
I20260608 12:44:46.271391 12624 rpc_server.cc:307] RPC server started. Bound to: 127.12.84.5:33297
I20260608 12:44:46.271528 17642 acceptor_pool.cc:272] collecting diagnostics on the listening RPC socket 127.12.84.5:33297 every 8 connection(s)
I20260608 12:44:46.277570 12624 file_cache.cc:492] Constructed file cache file cache with capacity 419430
W20260608 12:44:46.285966 17646 instance_detector.cc:116] could not retrieve AWS instance metadata: Network error: curl error: HTTP response code said error: The requested URL returned error: 404
W20260608 12:44:46.288290 17647 instance_detector.cc:116] could not retrieve Azure instance metadata: Network error: curl error: HTTP response code said error: The requested URL returned error: 404
I20260608 12:44:46.289124 17643 heartbeater.cc:344] Connected to a master server at 127.12.84.62:42309
I20260608 12:44:46.289672 17643 heartbeater.cc:461] Registering TS with master...
W20260608 12:44:46.289855 17649 instance_detector.cc:116] could not retrieve OpenStack instance metadata: Network error: curl error: HTTP response code said error: The requested URL returned error: 404
I20260608 12:44:46.291411 17643 heartbeater.cc:507] Master 127.12.84.62:42309 requested a full tablet report, sending...
I20260608 12:44:46.291772 12624 server_base.cc:1061] running on GCE node
I20260608 12:44:46.293567 17013 ts_manager.cc:194] Registered new tserver with Master: c46df08a9d9c4b778b5a96a0c642c8f2 (127.12.84.5:33297)
I20260608 12:44:46.293999 12624 hybrid_clock.cc:584] initializing the hybrid clock with 'system_unsync' time source
W20260608 12:44:46.294271 12624 system_unsync_time.cc:38] NTP support is disabled. Clock error bounds will not be accurate. This configuration is not suitable for distributed clusters.
I20260608 12:44:46.294499 12624 hybrid_clock.cc:648] HybridClock initialized: now 1780922686294482 us; error 0 us; skew 500 ppm
I20260608 12:44:46.295195 12624 server_base.cc:861] Flag tcmalloc_max_total_thread_cache_bytes is not working since tcmalloc is not enabled.
I20260608 12:44:46.295234 17013 master_service.cc:502] Signed X509 certificate for tserver {username='slave'} at 127.0.0.1:59572
I20260608 12:44:46.298597 12624 webserver.cc:533] Webserver started at http://127.12.84.6:45717/ using document root <none> and password file <none>
I20260608 12:44:46.299220 12624 fs_manager.cc:362] Metadata directory not provided
I20260608 12:44:46.299433 12624 fs_manager.cc:368] Using write-ahead log directory (fs_wal_dir) as metadata directory
I20260608 12:44:46.299724 12624 server_base.cc:909] This appears to be a new deployment of Kudu; creating new FS layout
I20260608 12:44:46.301126 12624 fs_manager.cc:1068] Generated new instance metadata in path /tmp/dist-test-taskmrJsgK/test-tmp/auto_rebalancer-test.0.AutoRebalancerTest.TestMaxMovesPerServer.1780922561788697-12624-0/minicluster-data/ts-5-root/instance:
uuid: "ea5d680913e14d4589d6c3a2856ca174"
format_stamp: "Formatted at 2026-06-08 12:44:46 on dist-test-slave-6fhx"
I20260608 12:44:46.305662 12624 fs_manager.cc:696] Time spent creating directory manager: real 0.004s	user 0.004s	sys 0.000s
I20260608 12:44:46.308408 17654 log_block_manager.cc:4031] Time spent loading block containers with low live blocks: real 0.000s	user 0.000s	sys 0.000s
I20260608 12:44:46.309069 12624 fs_manager.cc:730] Time spent opening block manager: real 0.002s	user 0.002s	sys 0.001s
I20260608 12:44:46.309329 12624 fs_manager.cc:647] Opened local filesystem: /tmp/dist-test-taskmrJsgK/test-tmp/auto_rebalancer-test.0.AutoRebalancerTest.TestMaxMovesPerServer.1780922561788697-12624-0/minicluster-data/ts-5-root
uuid: "ea5d680913e14d4589d6c3a2856ca174"
format_stamp: "Formatted at 2026-06-08 12:44:46 on dist-test-slave-6fhx"
I20260608 12:44:46.309557 12624 fs_report.cc:389] FS layout report
--------------------
wal directory: /tmp/dist-test-taskmrJsgK/test-tmp/auto_rebalancer-test.0.AutoRebalancerTest.TestMaxMovesPerServer.1780922561788697-12624-0/minicluster-data/ts-5-root
metadata directory: /tmp/dist-test-taskmrJsgK/test-tmp/auto_rebalancer-test.0.AutoRebalancerTest.TestMaxMovesPerServer.1780922561788697-12624-0/minicluster-data/ts-5-root
1 data directories: /tmp/dist-test-taskmrJsgK/test-tmp/auto_rebalancer-test.0.AutoRebalancerTest.TestMaxMovesPerServer.1780922561788697-12624-0/minicluster-data/ts-5-root/data
Total live blocks: 0
Total live bytes: 0
Total live bytes (after alignment): 0
Total number of LBM containers: 0 (0 full)
Did not check for missing blocks
Did not check for orphaned blocks
Total full LBM containers with extra space: 0 (0 repaired)
Total full LBM container extra space in bytes: 0 (0 repaired)
Total incomplete LBM containers: 0 (0 repaired)
Total LBM partial records: 0 (0 repaired)
Total corrupted LBM metadata records in RocksDB: 0 (0 repaired)
I20260608 12:44:46.327477 12624 rpc_server.cc:225] running with OpenSSL 1.1.1  11 Sep 2018
I20260608 12:44:46.328497 12624 kserver.cc:163] Server-wide thread pool size limit: 3276
I20260608 12:44:46.330262 12624 txn_system_client.cc:432] TxnSystemClient initialization is disabled...
I20260608 12:44:46.332808 12624 ts_tablet_manager.cc:585] Loaded tablet metadata (0 total tablets, 0 live tablets)
I20260608 12:44:46.333024 12624 ts_tablet_manager.cc:531] Time spent load tablet metadata: real 0.000s	user 0.000s	sys 0.000s
I20260608 12:44:46.333273 12624 ts_tablet_manager.cc:616] Registered 0 tablets
I20260608 12:44:46.333441 12624 ts_tablet_manager.cc:595] Time spent register tablets: real 0.000s	user 0.000s	sys 0.000s
I20260608 12:44:46.406423 12624 rpc_server.cc:307] RPC server started. Bound to: 127.12.84.6:43965
I20260608 12:44:46.406934 17716 acceptor_pool.cc:272] collecting diagnostics on the listening RPC socket 127.12.84.6:43965 every 8 connection(s)
I20260608 12:44:46.422333 17717 heartbeater.cc:344] Connected to a master server at 127.12.84.62:42309
I20260608 12:44:46.422679 17717 heartbeater.cc:461] Registering TS with master...
I20260608 12:44:46.423285 17717 heartbeater.cc:507] Master 127.12.84.62:42309 requested a full tablet report, sending...
I20260608 12:44:46.424968 17013 ts_manager.cc:194] Registered new tserver with Master: ea5d680913e14d4589d6c3a2856ca174 (127.12.84.6:43965)
I20260608 12:44:46.426364 17013 master_service.cc:502] Signed X509 certificate for tserver {username='slave'} at 127.0.0.1:59586
I20260608 12:44:47.196449 17568 heartbeater.cc:499] Master 127.12.84.62:42309 was elected leader, sending a full tablet report...
I20260608 12:44:47.297798 17643 heartbeater.cc:499] Master 127.12.84.62:42309 was elected leader, sending a full tablet report...
I20260608 12:44:47.428651 17717 heartbeater.cc:499] Master 127.12.84.62:42309 was elected leader, sending a full tablet report...
I20260608 12:44:48.089120 17721 raft_consensus.cc:493] T 367ed16d788842c587700c9e32f48fb7 P da2c020537e84b8d8b65593ab09095c9 [term 1 FOLLOWER]: Starting pre-election (detected failure of leader 73d9decc23494adc92340de5ec921f49)
I20260608 12:44:48.089980 17721 raft_consensus.cc:515] T 367ed16d788842c587700c9e32f48fb7 P da2c020537e84b8d8b65593ab09095c9 [term 1 FOLLOWER]: Starting pre-election with config: opid_index: -1 OBSOLETE_local: false peers { permanent_uuid: "73d9decc23494adc92340de5ec921f49" member_type: VOTER last_known_addr { host: "127.12.84.1" port: 45147 } } peers { permanent_uuid: "da2c020537e84b8d8b65593ab09095c9" member_type: VOTER last_known_addr { host: "127.12.84.2" port: 34659 } } peers { permanent_uuid: "81c3b781ec394ccc8c49ed6b68129a09" member_type: VOTER last_known_addr { host: "127.12.84.3" port: 39101 } }
I20260608 12:44:48.093255 17115 tablet_service.cc:1917] Received RequestConsensusVote() RPC: tablet_id: "367ed16d788842c587700c9e32f48fb7" candidate_uuid: "da2c020537e84b8d8b65593ab09095c9" candidate_term: 2 candidate_status { last_received { term: 1 index: 28 } } ignore_live_leader: false dest_uuid: "73d9decc23494adc92340de5ec921f49" is_pre_election: true
I20260608 12:44:48.098655 17722 raft_consensus.cc:493] T e133ccdc1c394b11af0f0e7b83927f50 P 73d9decc23494adc92340de5ec921f49 [term 1 FOLLOWER]: Starting pre-election (detected failure of leader da2c020537e84b8d8b65593ab09095c9)
I20260608 12:44:48.100764 17721 leader_election.cc:290] T 367ed16d788842c587700c9e32f48fb7 P da2c020537e84b8d8b65593ab09095c9 [CANDIDATE]: Term 2 pre-election: Requested pre-vote from peers 73d9decc23494adc92340de5ec921f49 (127.12.84.1:45147), 81c3b781ec394ccc8c49ed6b68129a09 (127.12.84.3:39101)
I20260608 12:44:48.101467 17722 raft_consensus.cc:515] T e133ccdc1c394b11af0f0e7b83927f50 P 73d9decc23494adc92340de5ec921f49 [term 1 FOLLOWER]: Starting pre-election with config: opid_index: -1 OBSOLETE_local: false peers { permanent_uuid: "73d9decc23494adc92340de5ec921f49" member_type: VOTER last_known_addr { host: "127.12.84.1" port: 45147 } } peers { permanent_uuid: "da2c020537e84b8d8b65593ab09095c9" member_type: VOTER last_known_addr { host: "127.12.84.2" port: 34659 } } peers { permanent_uuid: "81c3b781ec394ccc8c49ed6b68129a09" member_type: VOTER last_known_addr { host: "127.12.84.3" port: 39101 } }
I20260608 12:44:48.261914 17722 leader_election.cc:290] T e133ccdc1c394b11af0f0e7b83927f50 P 73d9decc23494adc92340de5ec921f49 [CANDIDATE]: Term 2 pre-election: Requested pre-vote from peers da2c020537e84b8d8b65593ab09095c9 (127.12.84.2:34659), 81c3b781ec394ccc8c49ed6b68129a09 (127.12.84.3:39101)
I20260608 12:44:48.272286 17724 raft_consensus.cc:493] T 49ee1ed07c9a4727aa9d3d887a978c69 P 73d9decc23494adc92340de5ec921f49 [term 1 FOLLOWER]: Starting pre-election (detected failure of leader 81c3b781ec394ccc8c49ed6b68129a09)
I20260608 12:44:48.274067 17721 raft_consensus.cc:493] T 49ee1ed07c9a4727aa9d3d887a978c69 P da2c020537e84b8d8b65593ab09095c9 [term 1 FOLLOWER]: Starting pre-election (detected failure of leader 81c3b781ec394ccc8c49ed6b68129a09)
I20260608 12:44:48.291534 17721 raft_consensus.cc:515] T 49ee1ed07c9a4727aa9d3d887a978c69 P da2c020537e84b8d8b65593ab09095c9 [term 1 FOLLOWER]: Starting pre-election with config: opid_index: -1 OBSOLETE_local: false peers { permanent_uuid: "73d9decc23494adc92340de5ec921f49" member_type: VOTER last_known_addr { host: "127.12.84.1" port: 45147 } } peers { permanent_uuid: "da2c020537e84b8d8b65593ab09095c9" member_type: VOTER last_known_addr { host: "127.12.84.2" port: 34659 } } peers { permanent_uuid: "81c3b781ec394ccc8c49ed6b68129a09" member_type: VOTER last_known_addr { host: "127.12.84.3" port: 39101 } }
I20260608 12:44:48.293663 17721 leader_election.cc:290] T 49ee1ed07c9a4727aa9d3d887a978c69 P da2c020537e84b8d8b65593ab09095c9 [CANDIDATE]: Term 2 pre-election: Requested pre-vote from peers 73d9decc23494adc92340de5ec921f49 (127.12.84.1:45147), 81c3b781ec394ccc8c49ed6b68129a09 (127.12.84.3:39101)
I20260608 12:44:48.275308 17727 raft_consensus.cc:493] T 061a1a8eddcc42b287dd166c2b8e9dd8 P 73d9decc23494adc92340de5ec921f49 [term 1 FOLLOWER]: Starting pre-election (detected failure of leader 81c3b781ec394ccc8c49ed6b68129a09)
I20260608 12:44:48.294551 17727 raft_consensus.cc:515] T 061a1a8eddcc42b287dd166c2b8e9dd8 P 73d9decc23494adc92340de5ec921f49 [term 1 FOLLOWER]: Starting pre-election with config: opid_index: -1 OBSOLETE_local: false peers { permanent_uuid: "73d9decc23494adc92340de5ec921f49" member_type: VOTER last_known_addr { host: "127.12.84.1" port: 45147 } } peers { permanent_uuid: "da2c020537e84b8d8b65593ab09095c9" member_type: VOTER last_known_addr { host: "127.12.84.2" port: 34659 } } peers { permanent_uuid: "81c3b781ec394ccc8c49ed6b68129a09" member_type: VOTER last_known_addr { host: "127.12.84.3" port: 39101 } }
I20260608 12:44:48.296609 17724 raft_consensus.cc:515] T 49ee1ed07c9a4727aa9d3d887a978c69 P 73d9decc23494adc92340de5ec921f49 [term 1 FOLLOWER]: Starting pre-election with config: opid_index: -1 OBSOLETE_local: false peers { permanent_uuid: "73d9decc23494adc92340de5ec921f49" member_type: VOTER last_known_addr { host: "127.12.84.1" port: 45147 } } peers { permanent_uuid: "da2c020537e84b8d8b65593ab09095c9" member_type: VOTER last_known_addr { host: "127.12.84.2" port: 34659 } } peers { permanent_uuid: "81c3b781ec394ccc8c49ed6b68129a09" member_type: VOTER last_known_addr { host: "127.12.84.3" port: 39101 } }
I20260608 12:44:48.294883 17722 raft_consensus.cc:493] T 8e05a4a805d042cc8eca5ab90b240f75 P 73d9decc23494adc92340de5ec921f49 [term 1 FOLLOWER]: Starting pre-election (detected failure of leader 81c3b781ec394ccc8c49ed6b68129a09)
I20260608 12:44:48.297946 17722 raft_consensus.cc:515] T 8e05a4a805d042cc8eca5ab90b240f75 P 73d9decc23494adc92340de5ec921f49 [term 1 FOLLOWER]: Starting pre-election with config: opid_index: -1 OBSOLETE_local: false peers { permanent_uuid: "73d9decc23494adc92340de5ec921f49" member_type: VOTER last_known_addr { host: "127.12.84.1" port: 45147 } } peers { permanent_uuid: "da2c020537e84b8d8b65593ab09095c9" member_type: VOTER last_known_addr { host: "127.12.84.2" port: 34659 } } peers { permanent_uuid: "81c3b781ec394ccc8c49ed6b68129a09" member_type: VOTER last_known_addr { host: "127.12.84.3" port: 39101 } }
I20260608 12:44:48.302802 17731 raft_consensus.cc:493] T f9d6da8192fb4813ba1a8d50ae513840 P 81c3b781ec394ccc8c49ed6b68129a09 [term 1 FOLLOWER]: Starting pre-election (detected failure of leader 73d9decc23494adc92340de5ec921f49)
I20260608 12:44:48.303200 17729 raft_consensus.cc:493] T 81de3bd2a718458abc1ce2f179cc18fd P 73d9decc23494adc92340de5ec921f49 [term 1 FOLLOWER]: Starting pre-election (detected failure of leader 81c3b781ec394ccc8c49ed6b68129a09)
I20260608 12:44:48.336097 17729 raft_consensus.cc:515] T 81de3bd2a718458abc1ce2f179cc18fd P 73d9decc23494adc92340de5ec921f49 [term 1 FOLLOWER]: Starting pre-election with config: opid_index: -1 OBSOLETE_local: false peers { permanent_uuid: "73d9decc23494adc92340de5ec921f49" member_type: VOTER last_known_addr { host: "127.12.84.1" port: 45147 } } peers { permanent_uuid: "da2c020537e84b8d8b65593ab09095c9" member_type: VOTER last_known_addr { host: "127.12.84.2" port: 34659 } } peers { permanent_uuid: "81c3b781ec394ccc8c49ed6b68129a09" member_type: VOTER last_known_addr { host: "127.12.84.3" port: 39101 } }
I20260608 12:44:48.303910 17732 raft_consensus.cc:493] T 0f560dc0a89843eca2b27233744ef8d4 P 73d9decc23494adc92340de5ec921f49 [term 1 FOLLOWER]: Starting pre-election (detected failure of leader da2c020537e84b8d8b65593ab09095c9)
I20260608 12:44:48.305447 17456 raft_consensus.cc:493] T 0f560dc0a89843eca2b27233744ef8d4 P 81c3b781ec394ccc8c49ed6b68129a09 [term 1 FOLLOWER]: Starting pre-election (detected failure of leader da2c020537e84b8d8b65593ab09095c9)
I20260608 12:44:48.338109 17729 leader_election.cc:290] T 81de3bd2a718458abc1ce2f179cc18fd P 73d9decc23494adc92340de5ec921f49 [CANDIDATE]: Term 2 pre-election: Requested pre-vote from peers da2c020537e84b8d8b65593ab09095c9 (127.12.84.2:34659), 81c3b781ec394ccc8c49ed6b68129a09 (127.12.84.3:39101)
I20260608 12:44:48.306340 17733 raft_consensus.cc:493] T 367ed16d788842c587700c9e32f48fb7 P 81c3b781ec394ccc8c49ed6b68129a09 [term 1 FOLLOWER]: Starting pre-election (detected failure of leader 73d9decc23494adc92340de5ec921f49)
I20260608 12:44:48.338224 17456 raft_consensus.cc:515] T 0f560dc0a89843eca2b27233744ef8d4 P 81c3b781ec394ccc8c49ed6b68129a09 [term 1 FOLLOWER]: Starting pre-election with config: opid_index: -1 OBSOLETE_local: false peers { permanent_uuid: "da2c020537e84b8d8b65593ab09095c9" member_type: VOTER last_known_addr { host: "127.12.84.2" port: 34659 } } peers { permanent_uuid: "81c3b781ec394ccc8c49ed6b68129a09" member_type: VOTER last_known_addr { host: "127.12.84.3" port: 39101 } } peers { permanent_uuid: "73d9decc23494adc92340de5ec921f49" member_type: VOTER last_known_addr { host: "127.12.84.1" port: 45147 } }
I20260608 12:44:48.308779 17722 leader_election.cc:290] T 8e05a4a805d042cc8eca5ab90b240f75 P 73d9decc23494adc92340de5ec921f49 [CANDIDATE]: Term 2 pre-election: Requested pre-vote from peers da2c020537e84b8d8b65593ab09095c9 (127.12.84.2:34659), 81c3b781ec394ccc8c49ed6b68129a09 (127.12.84.3:39101)
I20260608 12:44:48.313678 17115 tablet_service.cc:1917] Received RequestConsensusVote() RPC: tablet_id: "49ee1ed07c9a4727aa9d3d887a978c69" candidate_uuid: "da2c020537e84b8d8b65593ab09095c9" candidate_term: 2 candidate_status { last_received { term: 1 index: 27 } } ignore_live_leader: false dest_uuid: "73d9decc23494adc92340de5ec921f49" is_pre_election: true
I20260608 12:44:48.315639 17192 tablet_service.cc:1917] Received RequestConsensusVote() RPC: tablet_id: "e133ccdc1c394b11af0f0e7b83927f50" candidate_uuid: "73d9decc23494adc92340de5ec921f49" candidate_term: 2 candidate_status { last_received { term: 1 index: 28 } } ignore_live_leader: false dest_uuid: "da2c020537e84b8d8b65593ab09095c9" is_pre_election: true
I20260608 12:44:48.319689 17194 tablet_service.cc:1917] Received RequestConsensusVote() RPC: tablet_id: "49ee1ed07c9a4727aa9d3d887a978c69" candidate_uuid: "73d9decc23494adc92340de5ec921f49" candidate_term: 2 candidate_status { last_received { term: 1 index: 27 } } ignore_live_leader: false dest_uuid: "da2c020537e84b8d8b65593ab09095c9" is_pre_election: true
I20260608 12:44:48.326225 17191 tablet_service.cc:1917] Received RequestConsensusVote() RPC: tablet_id: "061a1a8eddcc42b287dd166c2b8e9dd8" candidate_uuid: "73d9decc23494adc92340de5ec921f49" candidate_term: 2 candidate_status { last_received { term: 1 index: 28 } } ignore_live_leader: false dest_uuid: "da2c020537e84b8d8b65593ab09095c9" is_pre_election: true
I20260608 12:44:48.328199 17193 tablet_service.cc:1917] Received RequestConsensusVote() RPC: tablet_id: "8e05a4a805d042cc8eca5ab90b240f75" candidate_uuid: "73d9decc23494adc92340de5ec921f49" candidate_term: 2 candidate_status { last_received { term: 1 index: 28 } } ignore_live_leader: false dest_uuid: "da2c020537e84b8d8b65593ab09095c9" is_pre_election: true
I20260608 12:44:48.305467 17727 leader_election.cc:290] T 061a1a8eddcc42b287dd166c2b8e9dd8 P 73d9decc23494adc92340de5ec921f49 [CANDIDATE]: Term 2 pre-election: Requested pre-vote from peers da2c020537e84b8d8b65593ab09095c9 (127.12.84.2:34659), 81c3b781ec394ccc8c49ed6b68129a09 (127.12.84.3:39101)
I20260608 12:44:48.333658 17728 raft_consensus.cc:493] T e9fd94ebc10b4e33b5509806e580666a P 73d9decc23494adc92340de5ec921f49 [term 1 FOLLOWER]: Starting pre-election (detected failure of leader 81c3b781ec394ccc8c49ed6b68129a09)
I20260608 12:44:48.299422 17724 leader_election.cc:290] T 49ee1ed07c9a4727aa9d3d887a978c69 P 73d9decc23494adc92340de5ec921f49 [CANDIDATE]: Term 2 pre-election: Requested pre-vote from peers da2c020537e84b8d8b65593ab09095c9 (127.12.84.2:34659), 81c3b781ec394ccc8c49ed6b68129a09 (127.12.84.3:39101)
I20260608 12:44:48.340004 17733 raft_consensus.cc:515] T 367ed16d788842c587700c9e32f48fb7 P 81c3b781ec394ccc8c49ed6b68129a09 [term 1 FOLLOWER]: Starting pre-election with config: opid_index: -1 OBSOLETE_local: false peers { permanent_uuid: "73d9decc23494adc92340de5ec921f49" member_type: VOTER last_known_addr { host: "127.12.84.1" port: 45147 } } peers { permanent_uuid: "da2c020537e84b8d8b65593ab09095c9" member_type: VOTER last_known_addr { host: "127.12.84.2" port: 34659 } } peers { permanent_uuid: "81c3b781ec394ccc8c49ed6b68129a09" member_type: VOTER last_known_addr { host: "127.12.84.3" port: 39101 } }
I20260608 12:44:48.353129 17456 leader_election.cc:290] T 0f560dc0a89843eca2b27233744ef8d4 P 81c3b781ec394ccc8c49ed6b68129a09 [CANDIDATE]: Term 2 pre-election: Requested pre-vote from peers da2c020537e84b8d8b65593ab09095c9 (127.12.84.2:34659), 73d9decc23494adc92340de5ec921f49 (127.12.84.1:45147)
I20260608 12:44:48.353626 17456 raft_consensus.cc:493] T 7eac6764d4cf4aa6a243dc66987e2c7e P 81c3b781ec394ccc8c49ed6b68129a09 [term 1 FOLLOWER]: Starting pre-election (detected failure of leader da2c020537e84b8d8b65593ab09095c9)
I20260608 12:44:48.354053 17456 raft_consensus.cc:515] T 7eac6764d4cf4aa6a243dc66987e2c7e P 81c3b781ec394ccc8c49ed6b68129a09 [term 1 FOLLOWER]: Starting pre-election with config: opid_index: -1 OBSOLETE_local: false peers { permanent_uuid: "73d9decc23494adc92340de5ec921f49" member_type: VOTER last_known_addr { host: "127.12.84.1" port: 45147 } } peers { permanent_uuid: "da2c020537e84b8d8b65593ab09095c9" member_type: VOTER last_known_addr { host: "127.12.84.2" port: 34659 } } peers { permanent_uuid: "81c3b781ec394ccc8c49ed6b68129a09" member_type: VOTER last_known_addr { host: "127.12.84.3" port: 39101 } }
I20260608 12:44:48.354660 17733 leader_election.cc:290] T 367ed16d788842c587700c9e32f48fb7 P 81c3b781ec394ccc8c49ed6b68129a09 [CANDIDATE]: Term 2 pre-election: Requested pre-vote from peers 73d9decc23494adc92340de5ec921f49 (127.12.84.1:45147), da2c020537e84b8d8b65593ab09095c9 (127.12.84.2:34659)
I20260608 12:44:48.355935 17456 leader_election.cc:290] T 7eac6764d4cf4aa6a243dc66987e2c7e P 81c3b781ec394ccc8c49ed6b68129a09 [CANDIDATE]: Term 2 pre-election: Requested pre-vote from peers 73d9decc23494adc92340de5ec921f49 (127.12.84.1:45147), da2c020537e84b8d8b65593ab09095c9 (127.12.84.2:34659)
I20260608 12:44:48.343036 17195 tablet_service.cc:1917] Received RequestConsensusVote() RPC: tablet_id: "81de3bd2a718458abc1ce2f179cc18fd" candidate_uuid: "73d9decc23494adc92340de5ec921f49" candidate_term: 2 candidate_status { last_received { term: 1 index: 28 } } ignore_live_leader: false dest_uuid: "da2c020537e84b8d8b65593ab09095c9" is_pre_election: true
I20260608 12:44:48.357499 17728 raft_consensus.cc:515] T e9fd94ebc10b4e33b5509806e580666a P 73d9decc23494adc92340de5ec921f49 [term 1 FOLLOWER]: Starting pre-election with config: opid_index: -1 OBSOLETE_local: false peers { permanent_uuid: "73d9decc23494adc92340de5ec921f49" member_type: VOTER last_known_addr { host: "127.12.84.1" port: 45147 } } peers { permanent_uuid: "da2c020537e84b8d8b65593ab09095c9" member_type: VOTER last_known_addr { host: "127.12.84.2" port: 34659 } } peers { permanent_uuid: "81c3b781ec394ccc8c49ed6b68129a09" member_type: VOTER last_known_addr { host: "127.12.84.3" port: 39101 } }
I20260608 12:44:48.360860 17270 tablet_service.cc:1917] Received RequestConsensusVote() RPC: tablet_id: "e133ccdc1c394b11af0f0e7b83927f50" candidate_uuid: "73d9decc23494adc92340de5ec921f49" candidate_term: 2 candidate_status { last_received { term: 1 index: 28 } } ignore_live_leader: false dest_uuid: "81c3b781ec394ccc8c49ed6b68129a09" is_pre_election: true
I20260608 12:44:48.362511 17263 tablet_service.cc:1917] Received RequestConsensusVote() RPC: tablet_id: "8e05a4a805d042cc8eca5ab90b240f75" candidate_uuid: "73d9decc23494adc92340de5ec921f49" candidate_term: 2 candidate_status { last_received { term: 1 index: 28 } } ignore_live_leader: false dest_uuid: "81c3b781ec394ccc8c49ed6b68129a09" is_pre_election: true
I20260608 12:44:48.364236 17263 tablet_service.cc:1917] Received RequestConsensusVote() RPC: tablet_id: "81de3bd2a718458abc1ce2f179cc18fd" candidate_uuid: "73d9decc23494adc92340de5ec921f49" candidate_term: 2 candidate_status { last_received { term: 1 index: 28 } } ignore_live_leader: false dest_uuid: "81c3b781ec394ccc8c49ed6b68129a09" is_pre_election: true
I20260608 12:44:48.361204 17266 tablet_service.cc:1917] Received RequestConsensusVote() RPC: tablet_id: "061a1a8eddcc42b287dd166c2b8e9dd8" candidate_uuid: "73d9decc23494adc92340de5ec921f49" candidate_term: 2 candidate_status { last_received { term: 1 index: 28 } } ignore_live_leader: false dest_uuid: "81c3b781ec394ccc8c49ed6b68129a09" is_pre_election: true
I20260608 12:44:48.365485 17728 leader_election.cc:290] T e9fd94ebc10b4e33b5509806e580666a P 73d9decc23494adc92340de5ec921f49 [CANDIDATE]: Term 2 pre-election: Requested pre-vote from peers da2c020537e84b8d8b65593ab09095c9 (127.12.84.2:34659), 81c3b781ec394ccc8c49ed6b68129a09 (127.12.84.3:39101)
I20260608 12:44:48.367837 17087 leader_election.cc:304] T e133ccdc1c394b11af0f0e7b83927f50 P 73d9decc23494adc92340de5ec921f49 [CANDIDATE]: Term 2 pre-election: Election decided. Result: candidate lost. Election summary: received 3 responses out of 3 voters: 1 yes votes; 2 no votes. yes voters: 73d9decc23494adc92340de5ec921f49; no voters: 81c3b781ec394ccc8c49ed6b68129a09, da2c020537e84b8d8b65593ab09095c9
I20260608 12:44:48.370517 17194 tablet_service.cc:1917] Received RequestConsensusVote() RPC: tablet_id: "0f560dc0a89843eca2b27233744ef8d4" candidate_uuid: "81c3b781ec394ccc8c49ed6b68129a09" candidate_term: 2 candidate_status { last_received { term: 1 index: 28 } } ignore_live_leader: false dest_uuid: "da2c020537e84b8d8b65593ab09095c9" is_pre_election: true
I20260608 12:44:48.340082 17732 raft_consensus.cc:515] T 0f560dc0a89843eca2b27233744ef8d4 P 73d9decc23494adc92340de5ec921f49 [term 1 FOLLOWER]: Starting pre-election with config: opid_index: -1 OBSOLETE_local: false peers { permanent_uuid: "da2c020537e84b8d8b65593ab09095c9" member_type: VOTER last_known_addr { host: "127.12.84.2" port: 34659 } } peers { permanent_uuid: "81c3b781ec394ccc8c49ed6b68129a09" member_type: VOTER last_known_addr { host: "127.12.84.3" port: 39101 } } peers { permanent_uuid: "73d9decc23494adc92340de5ec921f49" member_type: VOTER last_known_addr { host: "127.12.84.1" port: 45147 } }
I20260608 12:44:48.377635 17191 tablet_service.cc:1917] Received RequestConsensusVote() RPC: tablet_id: "e9fd94ebc10b4e33b5509806e580666a" candidate_uuid: "73d9decc23494adc92340de5ec921f49" candidate_term: 2 candidate_status { last_received { term: 1 index: 28 } } ignore_live_leader: false dest_uuid: "da2c020537e84b8d8b65593ab09095c9" is_pre_election: true
I20260608 12:44:48.373898 17195 tablet_service.cc:1917] Received RequestConsensusVote() RPC: tablet_id: "7eac6764d4cf4aa6a243dc66987e2c7e" candidate_uuid: "81c3b781ec394ccc8c49ed6b68129a09" candidate_term: 2 candidate_status { last_received { term: 1 index: 28 } } ignore_live_leader: false dest_uuid: "da2c020537e84b8d8b65593ab09095c9" is_pre_election: true
I20260608 12:44:48.347476 17731 raft_consensus.cc:515] T f9d6da8192fb4813ba1a8d50ae513840 P 81c3b781ec394ccc8c49ed6b68129a09 [term 1 FOLLOWER]: Starting pre-election with config: opid_index: -1 OBSOLETE_local: false peers { permanent_uuid: "73d9decc23494adc92340de5ec921f49" member_type: VOTER last_known_addr { host: "127.12.84.1" port: 45147 } } peers { permanent_uuid: "da2c020537e84b8d8b65593ab09095c9" member_type: VOTER last_known_addr { host: "127.12.84.2" port: 34659 } } peers { permanent_uuid: "81c3b781ec394ccc8c49ed6b68129a09" member_type: VOTER last_known_addr { host: "127.12.84.3" port: 39101 } }
I20260608 12:44:48.381054 17269 tablet_service.cc:1917] Received RequestConsensusVote() RPC: tablet_id: "49ee1ed07c9a4727aa9d3d887a978c69" candidate_uuid: "73d9decc23494adc92340de5ec921f49" candidate_term: 2 candidate_status { last_received { term: 1 index: 27 } } ignore_live_leader: false dest_uuid: "81c3b781ec394ccc8c49ed6b68129a09" is_pre_election: true
I20260608 12:44:48.410629 17085 leader_election.cc:304] T 061a1a8eddcc42b287dd166c2b8e9dd8 P 73d9decc23494adc92340de5ec921f49 [CANDIDATE]: Term 2 pre-election: Election decided. Result: candidate lost. Election summary: received 3 responses out of 3 voters: 1 yes votes; 2 no votes. yes voters: 73d9decc23494adc92340de5ec921f49; no voters: 81c3b781ec394ccc8c49ed6b68129a09, da2c020537e84b8d8b65593ab09095c9
I20260608 12:44:48.411048 17731 leader_election.cc:290] T f9d6da8192fb4813ba1a8d50ae513840 P 81c3b781ec394ccc8c49ed6b68129a09 [CANDIDATE]: Term 2 pre-election: Requested pre-vote from peers 73d9decc23494adc92340de5ec921f49 (127.12.84.1:45147), da2c020537e84b8d8b65593ab09095c9 (127.12.84.2:34659)
I20260608 12:44:48.406515 17193 tablet_service.cc:1917] Received RequestConsensusVote() RPC: tablet_id: "367ed16d788842c587700c9e32f48fb7" candidate_uuid: "81c3b781ec394ccc8c49ed6b68129a09" candidate_term: 2 candidate_status { last_received { term: 1 index: 28 } } ignore_live_leader: false dest_uuid: "da2c020537e84b8d8b65593ab09095c9" is_pre_election: true
I20260608 12:44:48.411728 17085 leader_election.cc:304] T 81de3bd2a718458abc1ce2f179cc18fd P 73d9decc23494adc92340de5ec921f49 [CANDIDATE]: Term 2 pre-election: Election decided. Result: candidate lost. Election summary: received 3 responses out of 3 voters: 1 yes votes; 2 no votes. yes voters: 73d9decc23494adc92340de5ec921f49; no voters: 81c3b781ec394ccc8c49ed6b68129a09, da2c020537e84b8d8b65593ab09095c9
I20260608 12:44:48.412326 17731 raft_consensus.cc:493] T 898c7bccbb7849c98197cf764a0e582b P 81c3b781ec394ccc8c49ed6b68129a09 [term 1 FOLLOWER]: Starting pre-election (detected failure of leader 73d9decc23494adc92340de5ec921f49)
I20260608 12:44:48.378063 17728 raft_consensus.cc:2749] T e133ccdc1c394b11af0f0e7b83927f50 P 73d9decc23494adc92340de5ec921f49 [term 1 FOLLOWER]: Leader pre-election lost for term 2. Reason: could not achieve majority
I20260608 12:44:48.412745 17729 raft_consensus.cc:2749] T 061a1a8eddcc42b287dd166c2b8e9dd8 P 73d9decc23494adc92340de5ec921f49 [term 1 FOLLOWER]: Leader pre-election lost for term 2. Reason: could not achieve majority
I20260608 12:44:48.412818 17085 leader_election.cc:304] T 8e05a4a805d042cc8eca5ab90b240f75 P 73d9decc23494adc92340de5ec921f49 [CANDIDATE]: Term 2 pre-election: Election decided. Result: candidate lost. Election summary: received 3 responses out of 3 voters: 1 yes votes; 2 no votes. yes voters: 73d9decc23494adc92340de5ec921f49; no voters: 81c3b781ec394ccc8c49ed6b68129a09, da2c020537e84b8d8b65593ab09095c9
I20260608 12:44:48.413324 17269 tablet_service.cc:1917] Received RequestConsensusVote() RPC: tablet_id: "e9fd94ebc10b4e33b5509806e580666a" candidate_uuid: "73d9decc23494adc92340de5ec921f49" candidate_term: 2 candidate_status { last_received { term: 1 index: 28 } } ignore_live_leader: false dest_uuid: "81c3b781ec394ccc8c49ed6b68129a09" is_pre_election: true
I20260608 12:44:48.413468 17738 raft_consensus.cc:493] T f29dd2d088fa4772bf51dd1bc7dcc096 P 81c3b781ec394ccc8c49ed6b68129a09 [term 2 FOLLOWER]: Starting pre-election (detected failure of leader da2c020537e84b8d8b65593ab09095c9)
I20260608 12:44:48.413341 17724 raft_consensus.cc:2749] T 81de3bd2a718458abc1ce2f179cc18fd P 73d9decc23494adc92340de5ec921f49 [term 1 FOLLOWER]: Leader pre-election lost for term 2. Reason: could not achieve majority
I20260608 12:44:48.415592 17267 tablet_service.cc:1917] Received RequestConsensusVote() RPC: tablet_id: "49ee1ed07c9a4727aa9d3d887a978c69" candidate_uuid: "da2c020537e84b8d8b65593ab09095c9" candidate_term: 2 candidate_status { last_received { term: 1 index: 27 } } ignore_live_leader: false dest_uuid: "81c3b781ec394ccc8c49ed6b68129a09" is_pre_election: true
I20260608 12:44:48.416128 17723 raft_consensus.cc:493] T f9d6da8192fb4813ba1a8d50ae513840 P da2c020537e84b8d8b65593ab09095c9 [term 1 FOLLOWER]: Starting pre-election (detected failure of leader 73d9decc23494adc92340de5ec921f49)
I20260608 12:44:48.428856 17738 raft_consensus.cc:515] T f29dd2d088fa4772bf51dd1bc7dcc096 P 81c3b781ec394ccc8c49ed6b68129a09 [term 2 FOLLOWER]: Starting pre-election with config: opid_index: -1 OBSOLETE_local: false peers { permanent_uuid: "73d9decc23494adc92340de5ec921f49" member_type: VOTER last_known_addr { host: "127.12.84.1" port: 45147 } } peers { permanent_uuid: "da2c020537e84b8d8b65593ab09095c9" member_type: VOTER last_known_addr { host: "127.12.84.2" port: 34659 } } peers { permanent_uuid: "81c3b781ec394ccc8c49ed6b68129a09" member_type: VOTER last_known_addr { host: "127.12.84.3" port: 39101 } }
I20260608 12:44:48.428467 17723 raft_consensus.cc:515] T f9d6da8192fb4813ba1a8d50ae513840 P da2c020537e84b8d8b65593ab09095c9 [term 1 FOLLOWER]: Starting pre-election with config: opid_index: -1 OBSOLETE_local: false peers { permanent_uuid: "73d9decc23494adc92340de5ec921f49" member_type: VOTER last_known_addr { host: "127.12.84.1" port: 45147 } } peers { permanent_uuid: "da2c020537e84b8d8b65593ab09095c9" member_type: VOTER last_known_addr { host: "127.12.84.2" port: 34659 } } peers { permanent_uuid: "81c3b781ec394ccc8c49ed6b68129a09" member_type: VOTER last_known_addr { host: "127.12.84.3" port: 39101 } }
I20260608 12:44:48.430976 17738 leader_election.cc:290] T f29dd2d088fa4772bf51dd1bc7dcc096 P 81c3b781ec394ccc8c49ed6b68129a09 [CANDIDATE]: Term 3 pre-election: Requested pre-vote from peers 73d9decc23494adc92340de5ec921f49 (127.12.84.1:45147), da2c020537e84b8d8b65593ab09095c9 (127.12.84.2:34659)
I20260608 12:44:48.431753 17723 leader_election.cc:290] T f9d6da8192fb4813ba1a8d50ae513840 P da2c020537e84b8d8b65593ab09095c9 [CANDIDATE]: Term 2 pre-election: Requested pre-vote from peers 73d9decc23494adc92340de5ec921f49 (127.12.84.1:45147), 81c3b781ec394ccc8c49ed6b68129a09 (127.12.84.3:39101)
I20260608 12:44:48.416265 17731 raft_consensus.cc:515] T 898c7bccbb7849c98197cf764a0e582b P 81c3b781ec394ccc8c49ed6b68129a09 [term 1 FOLLOWER]: Starting pre-election with config: opid_index: -1 OBSOLETE_local: false peers { permanent_uuid: "73d9decc23494adc92340de5ec921f49" member_type: VOTER last_known_addr { host: "127.12.84.1" port: 45147 } } peers { permanent_uuid: "da2c020537e84b8d8b65593ab09095c9" member_type: VOTER last_known_addr { host: "127.12.84.2" port: 34659 } } peers { permanent_uuid: "81c3b781ec394ccc8c49ed6b68129a09" member_type: VOTER last_known_addr { host: "127.12.84.3" port: 39101 } }
I20260608 12:44:48.443416 17731 leader_election.cc:290] T 898c7bccbb7849c98197cf764a0e582b P 81c3b781ec394ccc8c49ed6b68129a09 [CANDIDATE]: Term 2 pre-election: Requested pre-vote from peers 73d9decc23494adc92340de5ec921f49 (127.12.84.1:45147), da2c020537e84b8d8b65593ab09095c9 (127.12.84.2:34659)
I20260608 12:44:48.434571 17115 tablet_service.cc:1917] Received RequestConsensusVote() RPC: tablet_id: "f9d6da8192fb4813ba1a8d50ae513840" candidate_uuid: "da2c020537e84b8d8b65593ab09095c9" candidate_term: 2 candidate_status { last_received { term: 1 index: 28 } } ignore_live_leader: false dest_uuid: "73d9decc23494adc92340de5ec921f49" is_pre_election: true
I20260608 12:44:48.463474 17729 raft_consensus.cc:2749] T 8e05a4a805d042cc8eca5ab90b240f75 P 73d9decc23494adc92340de5ec921f49 [term 1 FOLLOWER]: Leader pre-election lost for term 2. Reason: could not achieve majority
W20260608 12:44:48.463581 17085 outbound_call.cc:321] RPC callback for RPC call kudu.consensus.ConsensusService.RequestConsensusVote -> {remote=127.12.84.2:34659, user_credentials={real_user=slave}} blocked reactor thread for 50824.6us
I20260608 12:44:48.464507 17085 leader_election.cc:304] T 49ee1ed07c9a4727aa9d3d887a978c69 P 73d9decc23494adc92340de5ec921f49 [CANDIDATE]: Term 2 pre-election: Election decided. Result: candidate lost. Election summary: received 3 responses out of 3 voters: 1 yes votes; 2 no votes. yes voters: 73d9decc23494adc92340de5ec921f49; no voters: 81c3b781ec394ccc8c49ed6b68129a09, da2c020537e84b8d8b65593ab09095c9
I20260608 12:44:48.465337 17724 raft_consensus.cc:2749] T 49ee1ed07c9a4727aa9d3d887a978c69 P 73d9decc23494adc92340de5ec921f49 [term 1 FOLLOWER]: Leader pre-election lost for term 2. Reason: could not achieve majority
I20260608 12:44:48.465793 17085 leader_election.cc:304] T e9fd94ebc10b4e33b5509806e580666a P 73d9decc23494adc92340de5ec921f49 [CANDIDATE]: Term 2 pre-election: Election decided. Result: candidate lost. Election summary: received 3 responses out of 3 voters: 1 yes votes; 2 no votes. yes voters: 73d9decc23494adc92340de5ec921f49; no voters: 81c3b781ec394ccc8c49ed6b68129a09, da2c020537e84b8d8b65593ab09095c9
I20260608 12:44:48.466609 17724 raft_consensus.cc:2749] T e9fd94ebc10b4e33b5509806e580666a P 73d9decc23494adc92340de5ec921f49 [term 1 FOLLOWER]: Leader pre-election lost for term 2. Reason: could not achieve majority
I20260608 12:44:48.467659 17193 tablet_service.cc:1917] Received RequestConsensusVote() RPC: tablet_id: "0f560dc0a89843eca2b27233744ef8d4" candidate_uuid: "73d9decc23494adc92340de5ec921f49" candidate_term: 2 candidate_status { last_received { term: 1 index: 28 } } ignore_live_leader: false dest_uuid: "da2c020537e84b8d8b65593ab09095c9" is_pre_election: true
I20260608 12:44:48.467926 17121 tablet_service.cc:1917] Received RequestConsensusVote() RPC: tablet_id: "367ed16d788842c587700c9e32f48fb7" candidate_uuid: "81c3b781ec394ccc8c49ed6b68129a09" candidate_term: 2 candidate_status { last_received { term: 1 index: 28 } } ignore_live_leader: false dest_uuid: "73d9decc23494adc92340de5ec921f49" is_pre_election: true
I20260608 12:44:48.503715 17118 tablet_service.cc:1917] Received RequestConsensusVote() RPC: tablet_id: "7eac6764d4cf4aa6a243dc66987e2c7e" candidate_uuid: "81c3b781ec394ccc8c49ed6b68129a09" candidate_term: 2 candidate_status { last_received { term: 1 index: 28 } } ignore_live_leader: false dest_uuid: "73d9decc23494adc92340de5ec921f49" is_pre_election: true
I20260608 12:44:48.469067 17115 tablet_service.cc:1917] Received RequestConsensusVote() RPC: tablet_id: "0f560dc0a89843eca2b27233744ef8d4" candidate_uuid: "81c3b781ec394ccc8c49ed6b68129a09" candidate_term: 2 candidate_status { last_received { term: 1 index: 28 } } ignore_live_leader: false dest_uuid: "73d9decc23494adc92340de5ec921f49" is_pre_election: true
I20260608 12:44:48.509938 17162 leader_election.cc:304] T 49ee1ed07c9a4727aa9d3d887a978c69 P da2c020537e84b8d8b65593ab09095c9 [CANDIDATE]: Term 2 pre-election: Election decided. Result: candidate lost. Election summary: received 3 responses out of 3 voters: 1 yes votes; 2 no votes. yes voters: da2c020537e84b8d8b65593ab09095c9; no voters: 73d9decc23494adc92340de5ec921f49, 81c3b781ec394ccc8c49ed6b68129a09
I20260608 12:44:48.512276 17730 raft_consensus.cc:2749] T 49ee1ed07c9a4727aa9d3d887a978c69 P da2c020537e84b8d8b65593ab09095c9 [term 1 FOLLOWER]: Leader pre-election lost for term 2. Reason: could not achieve majority
