I20260608 12:43:59.568369 15856 leader_election.cc:290] T 1bd645caa6f048a3a02d9249679cda32 P 24fe111b322e4e49924e9b67a54b5e88 [CANDIDATE]: Term 1 pre-election: Requested pre-vote from peers 04c43a18891b42e58487539fe7105872 (127.12.91.193:42437), e797b92cf5124c0d9f07deb149bcf122 (127.12.91.194:33095)
I20260608 12:43:59.574182 15743 leader_election.cc:304] T 1bd645caa6f048a3a02d9249679cda32 P 24fe111b322e4e49924e9b67a54b5e88 [CANDIDATE]: Term 1 pre-election: Election decided. Result: candidate won. Election summary: received 2 responses out of 3 voters: 2 yes votes; 0 no votes. yes voters: 24fe111b322e4e49924e9b67a54b5e88, e797b92cf5124c0d9f07deb149bcf122; no voters: 
I20260608 12:43:59.574896 15824 raft_consensus.cc:740] T b44a671ef49045a68b9fb54f412e6684 P e797b92cf5124c0d9f07deb149bcf122 [term 0 FOLLOWER]: Becoming Follower/Learner. State: Replica: e797b92cf5124c0d9f07deb149bcf122, State: Initialized, Role: FOLLOWER
I20260608 12:43:59.576190 15630 raft_consensus.cc:2468] T 057235034ac24f1f9d1265c3c7d187bb P 04c43a18891b42e58487539fe7105872 [term 0 FOLLOWER]: Leader pre-election vote request: Granting yes vote for candidate 24fe111b322e4e49924e9b67a54b5e88 in term 0.
I20260608 12:43:59.578572 15628 raft_consensus.cc:2393] T 0265a298dc664b0a9518eef421dfeeb1 P 04c43a18891b42e58487539fe7105872 [term 1 FOLLOWER]: Leader election vote request: Denying vote to candidate e797b92cf5124c0d9f07deb149bcf122 in current term 1: Already voted for candidate 04c43a18891b42e58487539fe7105872 in this term.
I20260608 12:43:59.579609 15833 leader_election.cc:290] T 0265a298dc664b0a9518eef421dfeeb1 P 04c43a18891b42e58487539fe7105872 [CANDIDATE]: Term 1 election: Requested vote from peers e797b92cf5124c0d9f07deb149bcf122 (127.12.91.194:33095), 24fe111b322e4e49924e9b67a54b5e88 (127.12.91.195:37713)
I20260608 12:43:59.580243 15833 raft_consensus.cc:2804] T 1bd645caa6f048a3a02d9249679cda32 P 04c43a18891b42e58487539fe7105872 [term 0 FOLLOWER]: Leader pre-election won for term 1
I20260608 12:43:59.580575 15833 raft_consensus.cc:493] T 1bd645caa6f048a3a02d9249679cda32 P 04c43a18891b42e58487539fe7105872 [term 0 FOLLOWER]: Starting leader election (no leader contacted us within the election timeout)
I20260608 12:43:59.580922 15833 raft_consensus.cc:3060] T 1bd645caa6f048a3a02d9249679cda32 P 04c43a18891b42e58487539fe7105872 [term 0 FOLLOWER]: Advancing to term 1
I20260608 12:43:59.581674 15668 leader_election.cc:304] T 0265a298dc664b0a9518eef421dfeeb1 P e797b92cf5124c0d9f07deb149bcf122 [CANDIDATE]: Term 1 election: Election decided. Result: candidate lost. Election summary: received 3 responses out of 3 voters: 1 yes votes; 2 no votes. yes voters: e797b92cf5124c0d9f07deb149bcf122; no voters: 04c43a18891b42e58487539fe7105872, 24fe111b322e4e49924e9b67a54b5e88
I20260608 12:43:59.583305 15854 raft_consensus.cc:2749] T 0265a298dc664b0a9518eef421dfeeb1 P e797b92cf5124c0d9f07deb149bcf122 [term 1 FOLLOWER]: Leader election lost for term 1. Reason: could not achieve majority
I20260608 12:43:59.583261 15779 tablet_service.cc:1917] Received RequestConsensusVote() RPC: tablet_id: "0265a298dc664b0a9518eef421dfeeb1" candidate_uuid: "04c43a18891b42e58487539fe7105872" candidate_term: 1 candidate_status { last_received { term: 0 index: 0 } } ignore_live_leader: false dest_uuid: "24fe111b322e4e49924e9b67a54b5e88" is_pre_election: true
I20260608 12:43:59.583678 15776 tablet_service.cc:1917] Received RequestConsensusVote() RPC: tablet_id: "1bd645caa6f048a3a02d9249679cda32" candidate_uuid: "04c43a18891b42e58487539fe7105872" candidate_term: 1 candidate_status { last_received { term: 0 index: 0 } } ignore_live_leader: false dest_uuid: "24fe111b322e4e49924e9b67a54b5e88" is_pre_election: true
I20260608 12:43:59.583971 15856 raft_consensus.cc:2804] T 1bd645caa6f048a3a02d9249679cda32 P 24fe111b322e4e49924e9b67a54b5e88 [term 0 FOLLOWER]: Leader pre-election won for term 1
I20260608 12:43:59.584632 15856 raft_consensus.cc:493] T 1bd645caa6f048a3a02d9249679cda32 P 24fe111b322e4e49924e9b67a54b5e88 [term 0 FOLLOWER]: Starting leader election (no leader contacted us within the election timeout)
I20260608 12:43:59.585052 15856 raft_consensus.cc:3060] T 1bd645caa6f048a3a02d9249679cda32 P 24fe111b322e4e49924e9b67a54b5e88 [term 0 FOLLOWER]: Advancing to term 1
I20260608 12:43:59.578686 15824 consensus_queue.cc:260] T b44a671ef49045a68b9fb54f412e6684 P e797b92cf5124c0d9f07deb149bcf122 [NON_LEADER]: Queue going to NON_LEADER mode. State: All replicated index: 0, Majority replicated index: 0, Committed index: 0, Last appended: 0.0, Last appended by leader: 0, Current term: 0, Majority size: -1, State: 0, Mode: NON_LEADER, active raft config: opid_index: -1 OBSOLETE_local: false peers { permanent_uuid: "04c43a18891b42e58487539fe7105872" member_type: VOTER last_known_addr { host: "127.12.91.193" port: 42437 } } peers { permanent_uuid: "e797b92cf5124c0d9f07deb149bcf122" member_type: VOTER last_known_addr { host: "127.12.91.194" port: 33095 } } peers { permanent_uuid: "24fe111b322e4e49924e9b67a54b5e88" member_type: VOTER last_known_addr { host: "127.12.91.195" port: 37713 } }
I20260608 12:43:59.586390 15777 tablet_service.cc:1917] Received RequestConsensusVote() RPC: tablet_id: "057235034ac24f1f9d1265c3c7d187bb" candidate_uuid: "04c43a18891b42e58487539fe7105872" candidate_term: 1 candidate_status { last_received { term: 0 index: 0 } } ignore_live_leader: false dest_uuid: "24fe111b322e4e49924e9b67a54b5e88" is_pre_election: true
I20260608 12:43:59.586843 15742 leader_election.cc:304] T b44a671ef49045a68b9fb54f412e6684 P 24fe111b322e4e49924e9b67a54b5e88 [CANDIDATE]: Term 1 election: Election decided. Result: candidate won. Election summary: received 3 responses out of 3 voters: 2 yes votes; 1 no votes. yes voters: 04c43a18891b42e58487539fe7105872, 24fe111b322e4e49924e9b67a54b5e88; no voters: e797b92cf5124c0d9f07deb149bcf122
I20260608 12:43:59.587054 15777 raft_consensus.cc:2468] T 057235034ac24f1f9d1265c3c7d187bb P 24fe111b322e4e49924e9b67a54b5e88 [term 0 FOLLOWER]: Leader pre-election vote request: Granting yes vote for candidate 04c43a18891b42e58487539fe7105872 in term 0.
I20260608 12:43:59.587718 15828 raft_consensus.cc:2804] T b44a671ef49045a68b9fb54f412e6684 P 24fe111b322e4e49924e9b67a54b5e88 [term 1 FOLLOWER]: Leader election won for term 1
I20260608 12:43:59.587769 15778 raft_consensus.cc:2468] T 6b4411e81f254589b09d86263409f504 P 24fe111b322e4e49924e9b67a54b5e88 [term 1 FOLLOWER]: Leader election vote request: Granting yes vote for candidate e797b92cf5124c0d9f07deb149bcf122 in term 1.
I20260608 12:43:59.588599 15742 leader_election.cc:304] T 057235034ac24f1f9d1265c3c7d187bb P 24fe111b322e4e49924e9b67a54b5e88 [CANDIDATE]: Term 1 pre-election: Election decided. Result: candidate won. Election summary: received 3 responses out of 3 voters: 2 yes votes; 1 no votes. yes voters: 04c43a18891b42e58487539fe7105872, 24fe111b322e4e49924e9b67a54b5e88; no voters: e797b92cf5124c0d9f07deb149bcf122
I20260608 12:43:59.591159 15824 ts_tablet_manager.cc:1434] T b44a671ef49045a68b9fb54f412e6684 P e797b92cf5124c0d9f07deb149bcf122: Time spent starting tablet: real 0.049s	user 0.008s	sys 0.004s
I20260608 12:43:59.597481 15825 tablet_bootstrap.cc:492] T 0265a298dc664b0a9518eef421dfeeb1 P 24fe111b322e4e49924e9b67a54b5e88: Bootstrap starting.
I20260608 12:43:59.598232 15824 tablet_bootstrap.cc:492] T a0ebc5b1c4b84764aa7f6ed0346fc8cc P e797b92cf5124c0d9f07deb149bcf122: Bootstrap starting.
I20260608 12:43:59.598083 15629 tablet_service.cc:1917] Received RequestConsensusVote() RPC: tablet_id: "1bd645caa6f048a3a02d9249679cda32" candidate_uuid: "24fe111b322e4e49924e9b67a54b5e88" candidate_term: 1 candidate_status { last_received { term: 0 index: 0 } } ignore_live_leader: false dest_uuid: "04c43a18891b42e58487539fe7105872" is_pre_election: true
I20260608 12:43:59.593021 15777 tablet_service.cc:1917] Received RequestConsensusVote() RPC: tablet_id: "0265a298dc664b0a9518eef421dfeeb1" candidate_uuid: "04c43a18891b42e58487539fe7105872" candidate_term: 1 candidate_status { last_received { term: 0 index: 0 } } ignore_live_leader: false dest_uuid: "24fe111b322e4e49924e9b67a54b5e88"
I20260608 12:43:59.596392 15705 tablet_service.cc:1917] Received RequestConsensusVote() RPC: tablet_id: "0265a298dc664b0a9518eef421dfeeb1" candidate_uuid: "04c43a18891b42e58487539fe7105872" candidate_term: 1 candidate_status { last_received { term: 0 index: 0 } } ignore_live_leader: false dest_uuid: "e797b92cf5124c0d9f07deb149bcf122"
I20260608 12:43:59.598001 15669 leader_election.cc:304] T 6b4411e81f254589b09d86263409f504 P e797b92cf5124c0d9f07deb149bcf122 [CANDIDATE]: Term 1 election: Election decided. Result: candidate won. Election summary: received 3 responses out of 3 voters: 2 yes votes; 1 no votes. yes voters: 24fe111b322e4e49924e9b67a54b5e88, e797b92cf5124c0d9f07deb149bcf122; no voters: 04c43a18891b42e58487539fe7105872
I20260608 12:43:59.604485 15705 raft_consensus.cc:2393] T 0265a298dc664b0a9518eef421dfeeb1 P e797b92cf5124c0d9f07deb149bcf122 [term 1 FOLLOWER]: Leader election vote request: Denying vote to candidate 04c43a18891b42e58487539fe7105872 in current term 1: Already voted for candidate e797b92cf5124c0d9f07deb149bcf122 in this term.
W20260608 12:43:59.592540 15594 leader_election.cc:343] T 0265a298dc664b0a9518eef421dfeeb1 P 04c43a18891b42e58487539fe7105872 [CANDIDATE]: Term 1 pre-election: Tablet error from VoteRequest() call to peer 24fe111b322e4e49924e9b67a54b5e88 (127.12.91.195:37713): Illegal state: must be running to vote when last-logged opid is not known
I20260608 12:43:59.604578 15854 raft_consensus.cc:2804] T 6b4411e81f254589b09d86263409f504 P e797b92cf5124c0d9f07deb149bcf122 [term 1 FOLLOWER]: Leader election won for term 1
I20260608 12:43:59.591289 15828 raft_consensus.cc:697] T b44a671ef49045a68b9fb54f412e6684 P 24fe111b322e4e49924e9b67a54b5e88 [term 1 LEADER]: Becoming Leader. State: Replica: 24fe111b322e4e49924e9b67a54b5e88, State: Running, Role: LEADER
I20260608 12:43:59.605404 15854 raft_consensus.cc:697] T 6b4411e81f254589b09d86263409f504 P e797b92cf5124c0d9f07deb149bcf122 [term 1 LEADER]: Becoming Leader. State: Replica: e797b92cf5124c0d9f07deb149bcf122, State: Running, Role: LEADER
I20260608 12:43:59.604686 15827 tablet_bootstrap.cc:492] T 9510582563d644d18a7a968e7bb3d56d P 04c43a18891b42e58487539fe7105872: No bootstrap required, opened a new log
I20260608 12:43:59.605610 15594 leader_election.cc:304] T 057235034ac24f1f9d1265c3c7d187bb P 04c43a18891b42e58487539fe7105872 [CANDIDATE]: Term 1 pre-election: Election decided. Result: candidate won. Election summary: received 3 responses out of 3 voters: 2 yes votes; 1 no votes. yes voters: 04c43a18891b42e58487539fe7105872, 24fe111b322e4e49924e9b67a54b5e88; no voters: e797b92cf5124c0d9f07deb149bcf122
I20260608 12:43:59.606171 15827 ts_tablet_manager.cc:1403] T 9510582563d644d18a7a968e7bb3d56d P 04c43a18891b42e58487539fe7105872: Time spent bootstrapping tablet: real 0.124s	user 0.013s	sys 0.009s
I20260608 12:43:59.606312 15856 raft_consensus.cc:515] T 1bd645caa6f048a3a02d9249679cda32 P 24fe111b322e4e49924e9b67a54b5e88 [term 1 FOLLOWER]: Starting leader election with config: opid_index: -1 OBSOLETE_local: false peers { permanent_uuid: "04c43a18891b42e58487539fe7105872" member_type: VOTER last_known_addr { host: "127.12.91.193" port: 42437 } } peers { permanent_uuid: "e797b92cf5124c0d9f07deb149bcf122" member_type: VOTER last_known_addr { host: "127.12.91.194" port: 33095 } } peers { permanent_uuid: "24fe111b322e4e49924e9b67a54b5e88" member_type: VOTER last_known_addr { host: "127.12.91.195" port: 37713 } }
W20260608 12:43:59.606940 15594 leader_election.cc:343] T 0265a298dc664b0a9518eef421dfeeb1 P 04c43a18891b42e58487539fe7105872 [CANDIDATE]: Term 1 election: Tablet error from VoteRequest() call to peer 24fe111b322e4e49924e9b67a54b5e88 (127.12.91.195:37713): Illegal state: must be running to vote when last-logged opid is not known
I20260608 12:43:59.602025 15833 raft_consensus.cc:515] T 1bd645caa6f048a3a02d9249679cda32 P 04c43a18891b42e58487539fe7105872 [term 1 FOLLOWER]: Starting leader election with config: opid_index: -1 OBSOLETE_local: false peers { permanent_uuid: "04c43a18891b42e58487539fe7105872" member_type: VOTER last_known_addr { host: "127.12.91.193" port: 42437 } } peers { permanent_uuid: "e797b92cf5124c0d9f07deb149bcf122" member_type: VOTER last_known_addr { host: "127.12.91.194" port: 33095 } } peers { permanent_uuid: "24fe111b322e4e49924e9b67a54b5e88" member_type: VOTER last_known_addr { host: "127.12.91.195" port: 37713 } }
I20260608 12:43:59.606316 15854 consensus_queue.cc:237] T 6b4411e81f254589b09d86263409f504 P e797b92cf5124c0d9f07deb149bcf122 [LEADER]: Queue going to LEADER mode. State: All replicated index: 0, Majority replicated index: 0, Committed index: 0, Last appended: 0.0, Last appended by leader: 0, Current term: 1, Majority size: 2, State: 0, Mode: LEADER, active raft config: opid_index: -1 OBSOLETE_local: false peers { permanent_uuid: "e797b92cf5124c0d9f07deb149bcf122" member_type: VOTER last_known_addr { host: "127.12.91.194" port: 33095 } } peers { permanent_uuid: "04c43a18891b42e58487539fe7105872" member_type: VOTER last_known_addr { host: "127.12.91.193" port: 42437 } } peers { permanent_uuid: "24fe111b322e4e49924e9b67a54b5e88" member_type: VOTER last_known_addr { host: "127.12.91.195" port: 37713 } }
I20260608 12:43:59.609791 15776 raft_consensus.cc:2393] T 1bd645caa6f048a3a02d9249679cda32 P 24fe111b322e4e49924e9b67a54b5e88 [term 1 FOLLOWER]: Leader pre-election vote request: Denying vote to candidate 04c43a18891b42e58487539fe7105872 in current term 1: Already voted for candidate 24fe111b322e4e49924e9b67a54b5e88 in this term.
I20260608 12:43:59.609603 15827 raft_consensus.cc:359] T 9510582563d644d18a7a968e7bb3d56d P 04c43a18891b42e58487539fe7105872 [term 0 FOLLOWER]: Replica starting. Triggering 0 pending ops. Active config: opid_index: -1 OBSOLETE_local: false peers { permanent_uuid: "e797b92cf5124c0d9f07deb149bcf122" member_type: VOTER last_known_addr { host: "127.12.91.194" port: 33095 } } peers { permanent_uuid: "24fe111b322e4e49924e9b67a54b5e88" member_type: VOTER last_known_addr { host: "127.12.91.195" port: 37713 } } peers { permanent_uuid: "04c43a18891b42e58487539fe7105872" member_type: VOTER last_known_addr { host: "127.12.91.193" port: 42437 } }
I20260608 12:43:59.610415 15827 raft_consensus.cc:385] T 9510582563d644d18a7a968e7bb3d56d P 04c43a18891b42e58487539fe7105872 [term 0 FOLLOWER]: Consensus starting up: Expiring failure detector timer to make a prompt election more likely
I20260608 12:43:59.605679 15828 consensus_queue.cc:237] T b44a671ef49045a68b9fb54f412e6684 P 24fe111b322e4e49924e9b67a54b5e88 [LEADER]: Queue going to LEADER mode. State: All replicated index: 0, Majority replicated index: 0, Committed index: 0, Last appended: 0.0, Last appended by leader: 0, Current term: 1, Majority size: 2, State: 0, Mode: LEADER, active raft config: opid_index: -1 OBSOLETE_local: false peers { permanent_uuid: "04c43a18891b42e58487539fe7105872" member_type: VOTER last_known_addr { host: "127.12.91.193" port: 42437 } } peers { permanent_uuid: "e797b92cf5124c0d9f07deb149bcf122" member_type: VOTER last_known_addr { host: "127.12.91.194" port: 33095 } } peers { permanent_uuid: "24fe111b322e4e49924e9b67a54b5e88" member_type: VOTER last_known_addr { host: "127.12.91.195" port: 37713 } }
I20260608 12:43:59.616144 15526 catalog_manager.cc:5696] T 9510582563d644d18a7a968e7bb3d56d P e797b92cf5124c0d9f07deb149bcf122 reported cstate change: term changed from 0 to 1, leader changed from <none> to e797b92cf5124c0d9f07deb149bcf122 (127.12.91.194). New cstate: current_term: 1 leader_uuid: "e797b92cf5124c0d9f07deb149bcf122" committed_config { opid_index: -1 OBSOLETE_local: false peers { permanent_uuid: "e797b92cf5124c0d9f07deb149bcf122" member_type: VOTER last_known_addr { host: "127.12.91.194" port: 33095 } health_report { overall_health: HEALTHY } } peers { permanent_uuid: "24fe111b322e4e49924e9b67a54b5e88" member_type: VOTER last_known_addr { host: "127.12.91.195" port: 37713 } health_report { overall_health: UNKNOWN } } peers { permanent_uuid: "04c43a18891b42e58487539fe7105872" member_type: VOTER last_known_addr { host: "127.12.91.193" port: 42437 } health_report { overall_health: UNKNOWN } } }
I20260608 12:43:59.617647 15827 raft_consensus.cc:740] T 9510582563d644d18a7a968e7bb3d56d P 04c43a18891b42e58487539fe7105872 [term 0 FOLLOWER]: Becoming Follower/Learner. State: Replica: 04c43a18891b42e58487539fe7105872, State: Initialized, Role: FOLLOWER
I20260608 12:43:59.618593 15827 consensus_queue.cc:260] T 9510582563d644d18a7a968e7bb3d56d P 04c43a18891b42e58487539fe7105872 [NON_LEADER]: Queue going to NON_LEADER mode. State: All replicated index: 0, Majority replicated index: 0, Committed index: 0, Last appended: 0.0, Last appended by leader: 0, Current term: 0, Majority size: -1, State: 0, Mode: NON_LEADER, active raft config: opid_index: -1 OBSOLETE_local: false peers { permanent_uuid: "e797b92cf5124c0d9f07deb149bcf122" member_type: VOTER last_known_addr { host: "127.12.91.194" port: 33095 } } peers { permanent_uuid: "24fe111b322e4e49924e9b67a54b5e88" member_type: VOTER last_known_addr { host: "127.12.91.195" port: 37713 } } peers { permanent_uuid: "04c43a18891b42e58487539fe7105872" member_type: VOTER last_known_addr { host: "127.12.91.193" port: 42437 } }
I20260608 12:43:59.611406 15833 leader_election.cc:290] T 1bd645caa6f048a3a02d9249679cda32 P 04c43a18891b42e58487539fe7105872 [CANDIDATE]: Term 1 election: Requested vote from peers e797b92cf5124c0d9f07deb149bcf122 (127.12.91.194:33095), 24fe111b322e4e49924e9b67a54b5e88 (127.12.91.195:37713)
I20260608 12:43:59.607529 15859 raft_consensus.cc:2804] T 057235034ac24f1f9d1265c3c7d187bb P 04c43a18891b42e58487539fe7105872 [term 0 FOLLOWER]: Leader pre-election won for term 1
I20260608 12:43:59.620332 15859 raft_consensus.cc:493] T 057235034ac24f1f9d1265c3c7d187bb P 04c43a18891b42e58487539fe7105872 [term 0 FOLLOWER]: Starting leader election (no leader contacted us within the election timeout)
I20260608 12:43:59.620818 15859 raft_consensus.cc:3060] T 057235034ac24f1f9d1265c3c7d187bb P 04c43a18891b42e58487539fe7105872 [term 0 FOLLOWER]: Advancing to term 1
I20260608 12:43:59.621825 15856 leader_election.cc:290] T 1bd645caa6f048a3a02d9249679cda32 P 24fe111b322e4e49924e9b67a54b5e88 [CANDIDATE]: Term 1 election: Requested vote from peers 04c43a18891b42e58487539fe7105872 (127.12.91.193:42437), e797b92cf5124c0d9f07deb149bcf122 (127.12.91.194:33095)
I20260608 12:43:59.622447 15828 raft_consensus.cc:2804] T 057235034ac24f1f9d1265c3c7d187bb P 24fe111b322e4e49924e9b67a54b5e88 [term 0 FOLLOWER]: Leader pre-election won for term 1
I20260608 12:43:59.622879 15828 raft_consensus.cc:493] T 057235034ac24f1f9d1265c3c7d187bb P 24fe111b322e4e49924e9b67a54b5e88 [term 0 FOLLOWER]: Starting leader election (no leader contacted us within the election timeout)
I20260608 12:43:59.623229 15828 raft_consensus.cc:3060] T 057235034ac24f1f9d1265c3c7d187bb P 24fe111b322e4e49924e9b67a54b5e88 [term 0 FOLLOWER]: Advancing to term 1
I20260608 12:43:59.623270 15705 tablet_service.cc:1917] Received RequestConsensusVote() RPC: tablet_id: "1bd645caa6f048a3a02d9249679cda32" candidate_uuid: "24fe111b322e4e49924e9b67a54b5e88" candidate_term: 1 candidate_status { last_received { term: 0 index: 0 } } ignore_live_leader: false dest_uuid: "e797b92cf5124c0d9f07deb149bcf122"
I20260608 12:43:59.623962 15705 raft_consensus.cc:3060] T 1bd645caa6f048a3a02d9249679cda32 P e797b92cf5124c0d9f07deb149bcf122 [term 0 FOLLOWER]: Advancing to term 1
I20260608 12:43:59.611891 15629 raft_consensus.cc:2393] T 1bd645caa6f048a3a02d9249679cda32 P 04c43a18891b42e58487539fe7105872 [term 1 FOLLOWER]: Leader pre-election vote request: Denying vote to candidate 24fe111b322e4e49924e9b67a54b5e88 in current term 1: Already voted for candidate 04c43a18891b42e58487539fe7105872 in this term.
I20260608 12:43:59.626830 15628 tablet_service.cc:1917] Received RequestConsensusVote() RPC: tablet_id: "1bd645caa6f048a3a02d9249679cda32" candidate_uuid: "24fe111b322e4e49924e9b67a54b5e88" candidate_term: 1 candidate_status { last_received { term: 0 index: 0 } } ignore_live_leader: false dest_uuid: "04c43a18891b42e58487539fe7105872"
I20260608 12:43:59.609714 15594 leader_election.cc:304] T 0265a298dc664b0a9518eef421dfeeb1 P 04c43a18891b42e58487539fe7105872 [CANDIDATE]: Term 1 election: Election decided. Result: candidate lost. Election summary: received 3 responses out of 3 voters: 1 yes votes; 2 no votes. yes voters: 04c43a18891b42e58487539fe7105872; no voters: 24fe111b322e4e49924e9b67a54b5e88, e797b92cf5124c0d9f07deb149bcf122
I20260608 12:43:59.628353 15833 raft_consensus.cc:2749] T 0265a298dc664b0a9518eef421dfeeb1 P 04c43a18891b42e58487539fe7105872 [term 1 FOLLOWER]: Leader election lost for term 1. Reason: could not achieve majority
I20260608 12:43:59.626456 15859 raft_consensus.cc:515] T 057235034ac24f1f9d1265c3c7d187bb P 04c43a18891b42e58487539fe7105872 [term 1 FOLLOWER]: Starting leader election with config: opid_index: -1 OBSOLETE_local: false peers { permanent_uuid: "04c43a18891b42e58487539fe7105872" member_type: VOTER last_known_addr { host: "127.12.91.193" port: 42437 } } peers { permanent_uuid: "e797b92cf5124c0d9f07deb149bcf122" member_type: VOTER last_known_addr { host: "127.12.91.194" port: 33095 } } peers { permanent_uuid: "24fe111b322e4e49924e9b67a54b5e88" member_type: VOTER last_known_addr { host: "127.12.91.195" port: 37713 } }
I20260608 12:43:59.631570 15776 tablet_service.cc:1917] Received RequestConsensusVote() RPC: tablet_id: "1bd645caa6f048a3a02d9249679cda32" candidate_uuid: "04c43a18891b42e58487539fe7105872" candidate_term: 1 candidate_status { last_received { term: 0 index: 0 } } ignore_live_leader: false dest_uuid: "24fe111b322e4e49924e9b67a54b5e88"
I20260608 12:43:59.631877 15859 leader_election.cc:290] T 057235034ac24f1f9d1265c3c7d187bb P 04c43a18891b42e58487539fe7105872 [CANDIDATE]: Term 1 election: Requested vote from peers e797b92cf5124c0d9f07deb149bcf122 (127.12.91.194:33095), 24fe111b322e4e49924e9b67a54b5e88 (127.12.91.195:37713)
I20260608 12:43:59.631984 15825 tablet_bootstrap.cc:654] T 0265a298dc664b0a9518eef421dfeeb1 P 24fe111b322e4e49924e9b67a54b5e88: Neither blocks nor log segments found. Creating new log.
I20260608 12:43:59.632429 15703 tablet_service.cc:1917] Received RequestConsensusVote() RPC: tablet_id: "057235034ac24f1f9d1265c3c7d187bb" candidate_uuid: "04c43a18891b42e58487539fe7105872" candidate_term: 1 candidate_status { last_received { term: 0 index: 0 } } ignore_live_leader: false dest_uuid: "e797b92cf5124c0d9f07deb149bcf122"
I20260608 12:43:59.614374 15824 tablet_bootstrap.cc:654] T a0ebc5b1c4b84764aa7f6ed0346fc8cc P e797b92cf5124c0d9f07deb149bcf122: Neither blocks nor log segments found. Creating new log.
W20260608 12:43:59.633754 15594 leader_election.cc:343] T 057235034ac24f1f9d1265c3c7d187bb P 04c43a18891b42e58487539fe7105872 [CANDIDATE]: Term 1 election: Tablet error from VoteRequest() call to peer e797b92cf5124c0d9f07deb149bcf122 (127.12.91.194:33095): Illegal state: must be running to vote when last-logged opid is not known
I20260608 12:43:59.634269 15777 tablet_service.cc:1917] Received RequestConsensusVote() RPC: tablet_id: "057235034ac24f1f9d1265c3c7d187bb" candidate_uuid: "04c43a18891b42e58487539fe7105872" candidate_term: 1 candidate_status { last_received { term: 0 index: 0 } } ignore_live_leader: false dest_uuid: "24fe111b322e4e49924e9b67a54b5e88"
I20260608 12:43:59.633543 15704 tablet_service.cc:1917] Received RequestConsensusVote() RPC: tablet_id: "1bd645caa6f048a3a02d9249679cda32" candidate_uuid: "04c43a18891b42e58487539fe7105872" candidate_term: 1 candidate_status { last_received { term: 0 index: 0 } } ignore_live_leader: false dest_uuid: "e797b92cf5124c0d9f07deb149bcf122"
I20260608 12:43:59.632450 15776 raft_consensus.cc:2393] T 1bd645caa6f048a3a02d9249679cda32 P 24fe111b322e4e49924e9b67a54b5e88 [term 1 FOLLOWER]: Leader election vote request: Denying vote to candidate 04c43a18891b42e58487539fe7105872 in current term 1: Already voted for candidate 24fe111b322e4e49924e9b67a54b5e88 in this term.
I20260608 12:43:59.638321 15827 ts_tablet_manager.cc:1434] T 9510582563d644d18a7a968e7bb3d56d P 04c43a18891b42e58487539fe7105872: Time spent starting tablet: real 0.032s	user 0.006s	sys 0.002s
I20260608 12:43:59.638367 15594 leader_election.cc:304] T 1bd645caa6f048a3a02d9249679cda32 P 04c43a18891b42e58487539fe7105872 [CANDIDATE]: Term 1 election: Election decided. Result: candidate lost. Election summary: received 3 responses out of 3 voters: 1 yes votes; 2 no votes. yes voters: 04c43a18891b42e58487539fe7105872; no voters: 24fe111b322e4e49924e9b67a54b5e88, e797b92cf5124c0d9f07deb149bcf122
I20260608 12:43:59.640008 15865 raft_consensus.cc:2749] T 1bd645caa6f048a3a02d9249679cda32 P 04c43a18891b42e58487539fe7105872 [term 1 FOLLOWER]: Leader election lost for term 1. Reason: could not achieve majority
I20260608 12:43:59.631588 15828 raft_consensus.cc:515] T 057235034ac24f1f9d1265c3c7d187bb P 24fe111b322e4e49924e9b67a54b5e88 [term 1 FOLLOWER]: Starting leader election with config: opid_index: -1 OBSOLETE_local: false peers { permanent_uuid: "04c43a18891b42e58487539fe7105872" member_type: VOTER last_known_addr { host: "127.12.91.193" port: 42437 } } peers { permanent_uuid: "e797b92cf5124c0d9f07deb149bcf122" member_type: VOTER last_known_addr { host: "127.12.91.194" port: 33095 } } peers { permanent_uuid: "24fe111b322e4e49924e9b67a54b5e88" member_type: VOTER last_known_addr { host: "127.12.91.195" port: 37713 } }
I20260608 12:43:59.641000 15705 raft_consensus.cc:2468] T 1bd645caa6f048a3a02d9249679cda32 P e797b92cf5124c0d9f07deb149bcf122 [term 1 FOLLOWER]: Leader election vote request: Granting yes vote for candidate 24fe111b322e4e49924e9b67a54b5e88 in term 1.
I20260608 12:43:59.641430 15777 raft_consensus.cc:2393] T 057235034ac24f1f9d1265c3c7d187bb P 24fe111b322e4e49924e9b67a54b5e88 [term 1 FOLLOWER]: Leader election vote request: Denying vote to candidate 04c43a18891b42e58487539fe7105872 in current term 1: Already voted for candidate 24fe111b322e4e49924e9b67a54b5e88 in this term.
I20260608 12:43:59.642251 15743 leader_election.cc:304] T 1bd645caa6f048a3a02d9249679cda32 P 24fe111b322e4e49924e9b67a54b5e88 [CANDIDATE]: Term 1 election: Election decided. Result: candidate won. Election summary: received 2 responses out of 3 voters: 2 yes votes; 0 no votes. yes voters: 24fe111b322e4e49924e9b67a54b5e88, e797b92cf5124c0d9f07deb149bcf122; no voters: 
I20260608 12:43:59.640004 15827 tablet_bootstrap.cc:492] T a0ebc5b1c4b84764aa7f6ed0346fc8cc P 04c43a18891b42e58487539fe7105872: Bootstrap starting.
I20260608 12:43:59.644450 15594 leader_election.cc:304] T 057235034ac24f1f9d1265c3c7d187bb P 04c43a18891b42e58487539fe7105872 [CANDIDATE]: Term 1 election: Election decided. Result: candidate lost. Election summary: received 3 responses out of 3 voters: 1 yes votes; 2 no votes. yes voters: 04c43a18891b42e58487539fe7105872; no voters: 24fe111b322e4e49924e9b67a54b5e88, e797b92cf5124c0d9f07deb149bcf122
I20260608 12:43:59.646159 15865 raft_consensus.cc:2749] T 057235034ac24f1f9d1265c3c7d187bb P 04c43a18891b42e58487539fe7105872 [term 1 FOLLOWER]: Leader election lost for term 1. Reason: could not achieve majority
I20260608 12:43:59.643167 15856 raft_consensus.cc:2804] T 1bd645caa6f048a3a02d9249679cda32 P 24fe111b322e4e49924e9b67a54b5e88 [term 1 FOLLOWER]: Leader election won for term 1
I20260608 12:43:59.647641 15856 raft_consensus.cc:697] T 1bd645caa6f048a3a02d9249679cda32 P 24fe111b322e4e49924e9b67a54b5e88 [term 1 LEADER]: Becoming Leader. State: Replica: 24fe111b322e4e49924e9b67a54b5e88, State: Running, Role: LEADER
I20260608 12:43:59.647157 15705 tablet_service.cc:1917] Received RequestConsensusVote() RPC: tablet_id: "057235034ac24f1f9d1265c3c7d187bb" candidate_uuid: "24fe111b322e4e49924e9b67a54b5e88" candidate_term: 1 candidate_status { last_received { term: 0 index: 0 } } ignore_live_leader: false dest_uuid: "e797b92cf5124c0d9f07deb149bcf122"
I20260608 12:43:59.648917 15528 catalog_manager.cc:5696] T b44a671ef49045a68b9fb54f412e6684 P 24fe111b322e4e49924e9b67a54b5e88 reported cstate change: term changed from 0 to 1, leader changed from <none> to 24fe111b322e4e49924e9b67a54b5e88 (127.12.91.195). New cstate: current_term: 1 leader_uuid: "24fe111b322e4e49924e9b67a54b5e88" committed_config { opid_index: -1 OBSOLETE_local: false peers { permanent_uuid: "04c43a18891b42e58487539fe7105872" member_type: VOTER last_known_addr { host: "127.12.91.193" port: 42437 } health_report { overall_health: UNKNOWN } } peers { permanent_uuid: "e797b92cf5124c0d9f07deb149bcf122" member_type: VOTER last_known_addr { host: "127.12.91.194" port: 33095 } health_report { overall_health: UNKNOWN } } peers { permanent_uuid: "24fe111b322e4e49924e9b67a54b5e88" member_type: VOTER last_known_addr { host: "127.12.91.195" port: 37713 } health_report { overall_health: HEALTHY } } }
I20260608 12:43:59.649434 15856 consensus_queue.cc:237] T 1bd645caa6f048a3a02d9249679cda32 P 24fe111b322e4e49924e9b67a54b5e88 [LEADER]: Queue going to LEADER mode. State: All replicated index: 0, Majority replicated index: 0, Committed index: 0, Last appended: 0.0, Last appended by leader: 0, Current term: 1, Majority size: 2, State: 0, Mode: LEADER, active raft config: opid_index: -1 OBSOLETE_local: false peers { permanent_uuid: "04c43a18891b42e58487539fe7105872" member_type: VOTER last_known_addr { host: "127.12.91.193" port: 42437 } } peers { permanent_uuid: "e797b92cf5124c0d9f07deb149bcf122" member_type: VOTER last_known_addr { host: "127.12.91.194" port: 33095 } } peers { permanent_uuid: "24fe111b322e4e49924e9b67a54b5e88" member_type: VOTER last_known_addr { host: "127.12.91.195" port: 37713 } }
I20260608 12:43:59.648216 15629 tablet_service.cc:1917] Received RequestConsensusVote() RPC: tablet_id: "057235034ac24f1f9d1265c3c7d187bb" candidate_uuid: "24fe111b322e4e49924e9b67a54b5e88" candidate_term: 1 candidate_status { last_received { term: 0 index: 0 } } ignore_live_leader: false dest_uuid: "04c43a18891b42e58487539fe7105872"
I20260608 12:43:59.652191 15629 raft_consensus.cc:2393] T 057235034ac24f1f9d1265c3c7d187bb P 04c43a18891b42e58487539fe7105872 [term 1 FOLLOWER]: Leader election vote request: Denying vote to candidate 24fe111b322e4e49924e9b67a54b5e88 in current term 1: Already voted for candidate 04c43a18891b42e58487539fe7105872 in this term.
W20260608 12:43:59.650177 15743 leader_election.cc:343] T 057235034ac24f1f9d1265c3c7d187bb P 24fe111b322e4e49924e9b67a54b5e88 [CANDIDATE]: Term 1 election: Tablet error from VoteRequest() call to peer e797b92cf5124c0d9f07deb149bcf122 (127.12.91.194:33095): Illegal state: must be running to vote when last-logged opid is not known
I20260608 12:43:59.650583 15859 raft_consensus.cc:493] T 9510582563d644d18a7a968e7bb3d56d P 04c43a18891b42e58487539fe7105872 [term 0 FOLLOWER]: Starting pre-election (no leader contacted us within the election timeout)
I20260608 12:43:59.653523 15859 raft_consensus.cc:515] T 9510582563d644d18a7a968e7bb3d56d P 04c43a18891b42e58487539fe7105872 [term 0 FOLLOWER]: Starting pre-election with config: opid_index: -1 OBSOLETE_local: false peers { permanent_uuid: "e797b92cf5124c0d9f07deb149bcf122" member_type: VOTER last_known_addr { host: "127.12.91.194" port: 33095 } } peers { permanent_uuid: "24fe111b322e4e49924e9b67a54b5e88" member_type: VOTER last_known_addr { host: "127.12.91.195" port: 37713 } } peers { permanent_uuid: "04c43a18891b42e58487539fe7105872" member_type: VOTER last_known_addr { host: "127.12.91.193" port: 42437 } }
I20260608 12:43:59.653806 15742 leader_election.cc:304] T 057235034ac24f1f9d1265c3c7d187bb P 24fe111b322e4e49924e9b67a54b5e88 [CANDIDATE]: Term 1 election: Election decided. Result: candidate lost. Election summary: received 3 responses out of 3 voters: 1 yes votes; 2 no votes. yes voters: 24fe111b322e4e49924e9b67a54b5e88; no voters: 04c43a18891b42e58487539fe7105872, e797b92cf5124c0d9f07deb149bcf122
I20260608 12:43:59.656121 15859 leader_election.cc:290] T 9510582563d644d18a7a968e7bb3d56d P 04c43a18891b42e58487539fe7105872 [CANDIDATE]: Term 1 pre-election: Requested pre-vote from peers e797b92cf5124c0d9f07deb149bcf122 (127.12.91.194:33095), 24fe111b322e4e49924e9b67a54b5e88 (127.12.91.195:37713)
I20260608 12:43:59.650858 15858 raft_consensus.cc:493] T a0ebc5b1c4b84764aa7f6ed0346fc8cc P 24fe111b322e4e49924e9b67a54b5e88 [term 0 FOLLOWER]: Starting pre-election (no leader contacted us within the election timeout)
I20260608 12:43:59.656865 15858 raft_consensus.cc:515] T a0ebc5b1c4b84764aa7f6ed0346fc8cc P 24fe111b322e4e49924e9b67a54b5e88 [term 0 FOLLOWER]: Starting pre-election with config: opid_index: -1 OBSOLETE_local: false peers { permanent_uuid: "04c43a18891b42e58487539fe7105872" member_type: VOTER last_known_addr { host: "127.12.91.193" port: 42437 } } peers { permanent_uuid: "e797b92cf5124c0d9f07deb149bcf122" member_type: VOTER last_known_addr { host: "127.12.91.194" port: 33095 } } peers { permanent_uuid: "24fe111b322e4e49924e9b67a54b5e88" member_type: VOTER last_known_addr { host: "127.12.91.195" port: 37713 } }
I20260608 12:43:59.642886 15828 leader_election.cc:290] T 057235034ac24f1f9d1265c3c7d187bb P 24fe111b322e4e49924e9b67a54b5e88 [CANDIDATE]: Term 1 election: Requested vote from peers 04c43a18891b42e58487539fe7105872 (127.12.91.193:42437), e797b92cf5124c0d9f07deb149bcf122 (127.12.91.194:33095)
I20260608 12:43:59.659083 15828 raft_consensus.cc:2749] T 057235034ac24f1f9d1265c3c7d187bb P 24fe111b322e4e49924e9b67a54b5e88 [term 1 FOLLOWER]: Leader election lost for term 1. Reason: could not achieve majority
I20260608 12:43:59.662114 15858 leader_election.cc:290] T a0ebc5b1c4b84764aa7f6ed0346fc8cc P 24fe111b322e4e49924e9b67a54b5e88 [CANDIDATE]: Term 1 pre-election: Requested pre-vote from peers 04c43a18891b42e58487539fe7105872 (127.12.91.193:42437), e797b92cf5124c0d9f07deb149bcf122 (127.12.91.194:33095)
I20260608 12:43:59.667512 15827 tablet_bootstrap.cc:654] T a0ebc5b1c4b84764aa7f6ed0346fc8cc P 04c43a18891b42e58487539fe7105872: Neither blocks nor log segments found. Creating new log.
I20260608 12:43:59.664222 15704 tablet_service.cc:1917] Received RequestConsensusVote() RPC: tablet_id: "a0ebc5b1c4b84764aa7f6ed0346fc8cc" candidate_uuid: "24fe111b322e4e49924e9b67a54b5e88" candidate_term: 1 candidate_status { last_received { term: 0 index: 0 } } ignore_live_leader: false dest_uuid: "e797b92cf5124c0d9f07deb149bcf122" is_pre_election: true
I20260608 12:43:59.663421 15777 tablet_service.cc:1917] Received RequestConsensusVote() RPC: tablet_id: "9510582563d644d18a7a968e7bb3d56d" candidate_uuid: "04c43a18891b42e58487539fe7105872" candidate_term: 1 candidate_status { last_received { term: 0 index: 0 } } ignore_live_leader: false dest_uuid: "24fe111b322e4e49924e9b67a54b5e88" is_pre_election: true
I20260608 12:43:59.670076 15777 raft_consensus.cc:2393] T 9510582563d644d18a7a968e7bb3d56d P 24fe111b322e4e49924e9b67a54b5e88 [term 1 FOLLOWER]: Leader pre-election vote request: Denying vote to candidate 04c43a18891b42e58487539fe7105872 in current term 1: Already voted for candidate e797b92cf5124c0d9f07deb149bcf122 in this term.
W20260608 12:43:59.671736 15743 leader_election.cc:343] T a0ebc5b1c4b84764aa7f6ed0346fc8cc P 24fe111b322e4e49924e9b67a54b5e88 [CANDIDATE]: Term 1 pre-election: Tablet error from VoteRequest() call to peer e797b92cf5124c0d9f07deb149bcf122 (127.12.91.194:33095): Illegal state: must be running to vote when last-logged opid is not known
I20260608 12:43:59.661912 15705 tablet_service.cc:1917] Received RequestConsensusVote() RPC: tablet_id: "9510582563d644d18a7a968e7bb3d56d" candidate_uuid: "04c43a18891b42e58487539fe7105872" candidate_term: 1 candidate_status { last_received { term: 0 index: 0 } } ignore_live_leader: false dest_uuid: "e797b92cf5124c0d9f07deb149bcf122" is_pre_election: true
I20260608 12:43:59.675021 15594 leader_election.cc:304] T 9510582563d644d18a7a968e7bb3d56d P 04c43a18891b42e58487539fe7105872 [CANDIDATE]: Term 1 pre-election: Election decided. Result: candidate lost. Election summary: received 3 responses out of 3 voters: 1 yes votes; 2 no votes. yes voters: 04c43a18891b42e58487539fe7105872; no voters: 24fe111b322e4e49924e9b67a54b5e88, e797b92cf5124c0d9f07deb149bcf122
I20260608 12:43:59.676137 15859 raft_consensus.cc:3060] T 9510582563d644d18a7a968e7bb3d56d P 04c43a18891b42e58487539fe7105872 [term 0 FOLLOWER]: Advancing to term 1
I20260608 12:43:59.676380 15629 tablet_service.cc:1917] Received RequestConsensusVote() RPC: tablet_id: "a0ebc5b1c4b84764aa7f6ed0346fc8cc" candidate_uuid: "24fe111b322e4e49924e9b67a54b5e88" candidate_term: 1 candidate_status { last_received { term: 0 index: 0 } } ignore_live_leader: false dest_uuid: "04c43a18891b42e58487539fe7105872" is_pre_election: true
W20260608 12:43:59.677991 15742 leader_election.cc:343] T a0ebc5b1c4b84764aa7f6ed0346fc8cc P 24fe111b322e4e49924e9b67a54b5e88 [CANDIDATE]: Term 1 pre-election: Tablet error from VoteRequest() call to peer 04c43a18891b42e58487539fe7105872 (127.12.91.193:42437): Illegal state: must be running to vote when last-logged opid is not known
I20260608 12:43:59.678638 15742 leader_election.cc:304] T a0ebc5b1c4b84764aa7f6ed0346fc8cc P 24fe111b322e4e49924e9b67a54b5e88 [CANDIDATE]: Term 1 pre-election: Election decided. Result: candidate lost. Election summary: received 3 responses out of 3 voters: 1 yes votes; 2 no votes. yes voters: 24fe111b322e4e49924e9b67a54b5e88; no voters: 04c43a18891b42e58487539fe7105872, e797b92cf5124c0d9f07deb149bcf122
I20260608 12:43:59.680176 15869 raft_consensus.cc:2749] T a0ebc5b1c4b84764aa7f6ed0346fc8cc P 24fe111b322e4e49924e9b67a54b5e88 [term 0 FOLLOWER]: Leader pre-election lost for term 1. Reason: could not achieve majority
I20260608 12:43:59.683537 15859 raft_consensus.cc:2749] T 9510582563d644d18a7a968e7bb3d56d P 04c43a18891b42e58487539fe7105872 [term 1 FOLLOWER]: Leader pre-election lost for term 1. Reason: could not achieve majority
I20260608 12:43:59.698602 15824 tablet_bootstrap.cc:492] T a0ebc5b1c4b84764aa7f6ed0346fc8cc P e797b92cf5124c0d9f07deb149bcf122: No bootstrap required, opened a new log
I20260608 12:43:59.700019 15825 tablet_bootstrap.cc:492] T 0265a298dc664b0a9518eef421dfeeb1 P 24fe111b322e4e49924e9b67a54b5e88: No bootstrap required, opened a new log
I20260608 12:43:59.700383 15825 ts_tablet_manager.cc:1403] T 0265a298dc664b0a9518eef421dfeeb1 P 24fe111b322e4e49924e9b67a54b5e88: Time spent bootstrapping tablet: real 0.109s	user 0.012s	sys 0.008s
I20260608 12:43:59.700433 15824 ts_tablet_manager.cc:1403] T a0ebc5b1c4b84764aa7f6ed0346fc8cc P e797b92cf5124c0d9f07deb149bcf122: Time spent bootstrapping tablet: real 0.101s	user 0.018s	sys 0.035s
I20260608 12:43:59.702401 15825 raft_consensus.cc:359] T 0265a298dc664b0a9518eef421dfeeb1 P 24fe111b322e4e49924e9b67a54b5e88 [term 0 FOLLOWER]: Replica starting. Triggering 0 pending ops. Active config: opid_index: -1 OBSOLETE_local: false peers { permanent_uuid: "04c43a18891b42e58487539fe7105872" member_type: VOTER last_known_addr { host: "127.12.91.193" port: 42437 } } peers { permanent_uuid: "e797b92cf5124c0d9f07deb149bcf122" member_type: VOTER last_known_addr { host: "127.12.91.194" port: 33095 } } peers { permanent_uuid: "24fe111b322e4e49924e9b67a54b5e88" member_type: VOTER last_known_addr { host: "127.12.91.195" port: 37713 } }
I20260608 12:43:59.703150 15825 raft_consensus.cc:385] T 0265a298dc664b0a9518eef421dfeeb1 P 24fe111b322e4e49924e9b67a54b5e88 [term 0 FOLLOWER]: Consensus starting up: Expiring failure detector timer to make a prompt election more likely
I20260608 12:43:59.703469 15825 raft_consensus.cc:740] T 0265a298dc664b0a9518eef421dfeeb1 P 24fe111b322e4e49924e9b67a54b5e88 [term 0 FOLLOWER]: Becoming Follower/Learner. State: Replica: 24fe111b322e4e49924e9b67a54b5e88, State: Initialized, Role: FOLLOWER
I20260608 12:43:59.704346 15825 consensus_queue.cc:260] T 0265a298dc664b0a9518eef421dfeeb1 P 24fe111b322e4e49924e9b67a54b5e88 [NON_LEADER]: Queue going to NON_LEADER mode. State: All replicated index: 0, Majority replicated index: 0, Committed index: 0, Last appended: 0.0, Last appended by leader: 0, Current term: 0, Majority size: -1, State: 0, Mode: NON_LEADER, active raft config: opid_index: -1 OBSOLETE_local: false peers { permanent_uuid: "04c43a18891b42e58487539fe7105872" member_type: VOTER last_known_addr { host: "127.12.91.193" port: 42437 } } peers { permanent_uuid: "e797b92cf5124c0d9f07deb149bcf122" member_type: VOTER last_known_addr { host: "127.12.91.194" port: 33095 } } peers { permanent_uuid: "24fe111b322e4e49924e9b67a54b5e88" member_type: VOTER last_known_addr { host: "127.12.91.195" port: 37713 } }
I20260608 12:43:59.704525 15824 raft_consensus.cc:359] T a0ebc5b1c4b84764aa7f6ed0346fc8cc P e797b92cf5124c0d9f07deb149bcf122 [term 0 FOLLOWER]: Replica starting. Triggering 0 pending ops. Active config: opid_index: -1 OBSOLETE_local: false peers { permanent_uuid: "04c43a18891b42e58487539fe7105872" member_type: VOTER last_known_addr { host: "127.12.91.193" port: 42437 } } peers { permanent_uuid: "e797b92cf5124c0d9f07deb149bcf122" member_type: VOTER last_known_addr { host: "127.12.91.194" port: 33095 } } peers { permanent_uuid: "24fe111b322e4e49924e9b67a54b5e88" member_type: VOTER last_known_addr { host: "127.12.91.195" port: 37713 } }
I20260608 12:43:59.706239 15824 raft_consensus.cc:385] T a0ebc5b1c4b84764aa7f6ed0346fc8cc P e797b92cf5124c0d9f07deb149bcf122 [term 0 FOLLOWER]: Consensus starting up: Expiring failure detector timer to make a prompt election more likely
I20260608 12:43:59.706559 15824 raft_consensus.cc:740] T a0ebc5b1c4b84764aa7f6ed0346fc8cc P e797b92cf5124c0d9f07deb149bcf122 [term 0 FOLLOWER]: Becoming Follower/Learner. State: Replica: e797b92cf5124c0d9f07deb149bcf122, State: Initialized, Role: FOLLOWER
I20260608 12:43:59.707171 15825 ts_tablet_manager.cc:1434] T 0265a298dc664b0a9518eef421dfeeb1 P 24fe111b322e4e49924e9b67a54b5e88: Time spent starting tablet: real 0.007s	user 0.005s	sys 0.000s
I20260608 12:43:59.707409 15824 consensus_queue.cc:260] T a0ebc5b1c4b84764aa7f6ed0346fc8cc P e797b92cf5124c0d9f07deb149bcf122 [NON_LEADER]: Queue going to NON_LEADER mode. State: All replicated index: 0, Majority replicated index: 0, Committed index: 0, Last appended: 0.0, Last appended by leader: 0, Current term: 0, Majority size: -1, State: 0, Mode: NON_LEADER, active raft config: opid_index: -1 OBSOLETE_local: false peers { permanent_uuid: "04c43a18891b42e58487539fe7105872" member_type: VOTER last_known_addr { host: "127.12.91.193" port: 42437 } } peers { permanent_uuid: "e797b92cf5124c0d9f07deb149bcf122" member_type: VOTER last_known_addr { host: "127.12.91.194" port: 33095 } } peers { permanent_uuid: "24fe111b322e4e49924e9b67a54b5e88" member_type: VOTER last_known_addr { host: "127.12.91.195" port: 37713 } }
I20260608 12:43:59.705690 15827 tablet_bootstrap.cc:492] T a0ebc5b1c4b84764aa7f6ed0346fc8cc P 04c43a18891b42e58487539fe7105872: No bootstrap required, opened a new log
I20260608 12:43:59.708616 15827 ts_tablet_manager.cc:1403] T a0ebc5b1c4b84764aa7f6ed0346fc8cc P 04c43a18891b42e58487539fe7105872: Time spent bootstrapping tablet: real 0.069s	user 0.020s	sys 0.014s
I20260608 12:43:59.709697 15824 ts_tablet_manager.cc:1434] T a0ebc5b1c4b84764aa7f6ed0346fc8cc P e797b92cf5124c0d9f07deb149bcf122: Time spent starting tablet: real 0.009s	user 0.003s	sys 0.003s
I20260608 12:43:59.710578 15824 tablet_bootstrap.cc:492] T 8724491b000c42a0a3b0d2fff57d3155 P e797b92cf5124c0d9f07deb149bcf122: Bootstrap starting.
I20260608 12:43:59.709965 15528 catalog_manager.cc:5696] T 6b4411e81f254589b09d86263409f504 P e797b92cf5124c0d9f07deb149bcf122 reported cstate change: term changed from 0 to 1, leader changed from <none> to e797b92cf5124c0d9f07deb149bcf122 (127.12.91.194). New cstate: current_term: 1 leader_uuid: "e797b92cf5124c0d9f07deb149bcf122" committed_config { opid_index: -1 OBSOLETE_local: false peers { permanent_uuid: "e797b92cf5124c0d9f07deb149bcf122" member_type: VOTER last_known_addr { host: "127.12.91.194" port: 33095 } health_report { overall_health: HEALTHY } } peers { permanent_uuid: "04c43a18891b42e58487539fe7105872" member_type: VOTER last_known_addr { host: "127.12.91.193" port: 42437 } health_report { overall_health: UNKNOWN } } peers { permanent_uuid: "24fe111b322e4e49924e9b67a54b5e88" member_type: VOTER last_known_addr { host: "127.12.91.195" port: 37713 } health_report { overall_health: UNKNOWN } } }
I20260608 12:43:59.711740 15827 raft_consensus.cc:359] T a0ebc5b1c4b84764aa7f6ed0346fc8cc P 04c43a18891b42e58487539fe7105872 [term 0 FOLLOWER]: Replica starting. Triggering 0 pending ops. Active config: opid_index: -1 OBSOLETE_local: false peers { permanent_uuid: "04c43a18891b42e58487539fe7105872" member_type: VOTER last_known_addr { host: "127.12.91.193" port: 42437 } } peers { permanent_uuid: "e797b92cf5124c0d9f07deb149bcf122" member_type: VOTER last_known_addr { host: "127.12.91.194" port: 33095 } } peers { permanent_uuid: "24fe111b322e4e49924e9b67a54b5e88" member_type: VOTER last_known_addr { host: "127.12.91.195" port: 37713 } }
I20260608 12:43:59.712430 15827 raft_consensus.cc:385] T a0ebc5b1c4b84764aa7f6ed0346fc8cc P 04c43a18891b42e58487539fe7105872 [term 0 FOLLOWER]: Consensus starting up: Expiring failure detector timer to make a prompt election more likely
I20260608 12:43:59.712720 15827 raft_consensus.cc:740] T a0ebc5b1c4b84764aa7f6ed0346fc8cc P 04c43a18891b42e58487539fe7105872 [term 0 FOLLOWER]: Becoming Follower/Learner. State: Replica: 04c43a18891b42e58487539fe7105872, State: Initialized, Role: FOLLOWER
I20260608 12:43:59.713503 15827 consensus_queue.cc:260] T a0ebc5b1c4b84764aa7f6ed0346fc8cc P 04c43a18891b42e58487539fe7105872 [NON_LEADER]: Queue going to NON_LEADER mode. State: All replicated index: 0, Majority replicated index: 0, Committed index: 0, Last appended: 0.0, Last appended by leader: 0, Current term: 0, Majority size: -1, State: 0, Mode: NON_LEADER, active raft config: opid_index: -1 OBSOLETE_local: false peers { permanent_uuid: "04c43a18891b42e58487539fe7105872" member_type: VOTER last_known_addr { host: "127.12.91.193" port: 42437 } } peers { permanent_uuid: "e797b92cf5124c0d9f07deb149bcf122" member_type: VOTER last_known_addr { host: "127.12.91.194" port: 33095 } } peers { permanent_uuid: "24fe111b322e4e49924e9b67a54b5e88" member_type: VOTER last_known_addr { host: "127.12.91.195" port: 37713 } }
I20260608 12:43:59.714985 15525 catalog_manager.cc:5696] T 1bd645caa6f048a3a02d9249679cda32 P 24fe111b322e4e49924e9b67a54b5e88 reported cstate change: term changed from 0 to 1, leader changed from <none> to 24fe111b322e4e49924e9b67a54b5e88 (127.12.91.195). New cstate: current_term: 1 leader_uuid: "24fe111b322e4e49924e9b67a54b5e88" committed_config { opid_index: -1 OBSOLETE_local: false peers { permanent_uuid: "04c43a18891b42e58487539fe7105872" member_type: VOTER last_known_addr { host: "127.12.91.193" port: 42437 } health_report { overall_health: UNKNOWN } } peers { permanent_uuid: "e797b92cf5124c0d9f07deb149bcf122" member_type: VOTER last_known_addr { host: "127.12.91.194" port: 33095 } health_report { overall_health: UNKNOWN } } peers { permanent_uuid: "24fe111b322e4e49924e9b67a54b5e88" member_type: VOTER last_known_addr { host: "127.12.91.195" port: 37713 } health_report { overall_health: HEALTHY } } }
I20260608 12:43:59.717983 15824 tablet_bootstrap.cc:654] T 8724491b000c42a0a3b0d2fff57d3155 P e797b92cf5124c0d9f07deb149bcf122: Neither blocks nor log segments found. Creating new log.
I20260608 12:43:59.723817 15827 ts_tablet_manager.cc:1434] T a0ebc5b1c4b84764aa7f6ed0346fc8cc P 04c43a18891b42e58487539fe7105872: Time spent starting tablet: real 0.015s	user 0.006s	sys 0.001s
I20260608 12:43:59.724984 15827 tablet_bootstrap.cc:492] T 6b4411e81f254589b09d86263409f504 P 04c43a18891b42e58487539fe7105872: Bootstrap starting.
I20260608 12:43:59.725167 15824 tablet_bootstrap.cc:492] T 8724491b000c42a0a3b0d2fff57d3155 P e797b92cf5124c0d9f07deb149bcf122: No bootstrap required, opened a new log
I20260608 12:43:59.725742 15824 ts_tablet_manager.cc:1403] T 8724491b000c42a0a3b0d2fff57d3155 P e797b92cf5124c0d9f07deb149bcf122: Time spent bootstrapping tablet: real 0.015s	user 0.010s	sys 0.002s
I20260608 12:43:59.728281 15824 raft_consensus.cc:359] T 8724491b000c42a0a3b0d2fff57d3155 P e797b92cf5124c0d9f07deb149bcf122 [term 0 FOLLOWER]: Replica starting. Triggering 0 pending ops. Active config: opid_index: -1 OBSOLETE_local: false peers { permanent_uuid: "04c43a18891b42e58487539fe7105872" member_type: VOTER last_known_addr { host: "127.12.91.193" port: 42437 } } peers { permanent_uuid: "e797b92cf5124c0d9f07deb149bcf122" member_type: VOTER last_known_addr { host: "127.12.91.194" port: 33095 } } peers { permanent_uuid: "24fe111b322e4e49924e9b67a54b5e88" member_type: VOTER last_known_addr { host: "127.12.91.195" port: 37713 } }
I20260608 12:43:59.728842 15824 raft_consensus.cc:385] T 8724491b000c42a0a3b0d2fff57d3155 P e797b92cf5124c0d9f07deb149bcf122 [term 0 FOLLOWER]: Consensus starting up: Expiring failure detector timer to make a prompt election more likely
I20260608 12:43:59.729133 15824 raft_consensus.cc:740] T 8724491b000c42a0a3b0d2fff57d3155 P e797b92cf5124c0d9f07deb149bcf122 [term 0 FOLLOWER]: Becoming Follower/Learner. State: Replica: e797b92cf5124c0d9f07deb149bcf122, State: Initialized, Role: FOLLOWER
