I20260608 12:42:36.848663 13679 consensus_queue.cc:237] T 5986643dbc634e0fb2544bdf463409a4 P 604515f7ed234f189b0a4103eff125a7 [LEADER]: Queue going to LEADER mode. State: All replicated index: 0, Majority replicated index: 0, Committed index: 0, Last appended: 0.0, Last appended by leader: 0, Current term: 1, Majority size: 2, State: 0, Mode: LEADER, active raft config: opid_index: -1 OBSOLETE_local: false peers { permanent_uuid: "12da7dcc587e47f9bdbeeabc2facb832" member_type: VOTER last_known_addr { host: "127.12.123.1" port: 36245 } } peers { permanent_uuid: "57ace554b336431aaeb030ad523de81d" member_type: VOTER last_known_addr { host: "127.12.123.2" port: 44477 } } peers { permanent_uuid: "604515f7ed234f189b0a4103eff125a7" member_type: VOTER last_known_addr { host: "127.12.123.3" port: 41899 } }
I20260608 12:42:36.868218 13594 raft_consensus.cc:2393] T fa57bf96cfd44c87ad6f36f1c7f7927e P 604515f7ed234f189b0a4103eff125a7 [term 1 FOLLOWER]: Leader pre-election vote request: Denying vote to candidate 12da7dcc587e47f9bdbeeabc2facb832 in current term 1: Already voted for candidate 604515f7ed234f189b0a4103eff125a7 in this term.
I20260608 12:42:36.868402 13642 raft_consensus.cc:359] T e19151afa54545408e3b0dd644b26fc5 P 57ace554b336431aaeb030ad523de81d [term 0 FOLLOWER]: Replica starting. Triggering 0 pending ops. Active config: opid_index: -1 OBSOLETE_local: false peers { permanent_uuid: "12da7dcc587e47f9bdbeeabc2facb832" member_type: VOTER last_known_addr { host: "127.12.123.1" port: 36245 } } peers { permanent_uuid: "57ace554b336431aaeb030ad523de81d" member_type: VOTER last_known_addr { host: "127.12.123.2" port: 44477 } } peers { permanent_uuid: "604515f7ed234f189b0a4103eff125a7" member_type: VOTER last_known_addr { host: "127.12.123.3" port: 41899 } }
I20260608 12:42:36.869141 13642 raft_consensus.cc:385] T e19151afa54545408e3b0dd644b26fc5 P 57ace554b336431aaeb030ad523de81d [term 0 FOLLOWER]: Consensus starting up: Expiring failure detector timer to make a prompt election more likely
I20260608 12:42:36.869436 13642 raft_consensus.cc:740] T e19151afa54545408e3b0dd644b26fc5 P 57ace554b336431aaeb030ad523de81d [term 0 FOLLOWER]: Becoming Follower/Learner. State: Replica: 57ace554b336431aaeb030ad523de81d, State: Initialized, Role: FOLLOWER
I20260608 12:42:36.872017 13520 tablet_service.cc:1917] Received RequestConsensusVote() RPC: tablet_id: "6fc67b5a5f9d4237a1c9c160756a8fcd" candidate_uuid: "12da7dcc587e47f9bdbeeabc2facb832" candidate_term: 1 candidate_status { last_received { term: 0 index: 0 } } ignore_live_leader: false dest_uuid: "57ace554b336431aaeb030ad523de81d" is_pre_election: true
I20260608 12:42:36.872704 13520 raft_consensus.cc:2468] T 6fc67b5a5f9d4237a1c9c160756a8fcd P 57ace554b336431aaeb030ad523de81d [term 0 FOLLOWER]: Leader pre-election vote request: Granting yes vote for candidate 12da7dcc587e47f9bdbeeabc2facb832 in term 0.
I20260608 12:42:36.873885 13445 tablet_service.cc:1917] Received RequestConsensusVote() RPC: tablet_id: "fa57bf96cfd44c87ad6f36f1c7f7927e" candidate_uuid: "604515f7ed234f189b0a4103eff125a7" candidate_term: 1 candidate_status { last_received { term: 0 index: 0 } } ignore_live_leader: false dest_uuid: "12da7dcc587e47f9bdbeeabc2facb832"
I20260608 12:42:36.874105 13409 leader_election.cc:304] T 6fc67b5a5f9d4237a1c9c160756a8fcd P 12da7dcc587e47f9bdbeeabc2facb832 [CANDIDATE]: Term 1 pre-election: Election decided. Result: candidate won. Election summary: received 2 responses out of 3 voters: 2 yes votes; 0 no votes. yes voters: 12da7dcc587e47f9bdbeeabc2facb832, 57ace554b336431aaeb030ad523de81d; no voters: 
I20260608 12:42:36.870328 13642 consensus_queue.cc:260] T e19151afa54545408e3b0dd644b26fc5 P 57ace554b336431aaeb030ad523de81d [NON_LEADER]: Queue going to NON_LEADER mode. State: All replicated index: 0, Majority replicated index: 0, Committed index: 0, Last appended: 0.0, Last appended by leader: 0, Current term: 0, Majority size: -1, State: 0, Mode: NON_LEADER, active raft config: opid_index: -1 OBSOLETE_local: false peers { permanent_uuid: "12da7dcc587e47f9bdbeeabc2facb832" member_type: VOTER last_known_addr { host: "127.12.123.1" port: 36245 } } peers { permanent_uuid: "57ace554b336431aaeb030ad523de81d" member_type: VOTER last_known_addr { host: "127.12.123.2" port: 44477 } } peers { permanent_uuid: "604515f7ed234f189b0a4103eff125a7" member_type: VOTER last_known_addr { host: "127.12.123.3" port: 41899 } }
I20260608 12:42:36.884306 13642 ts_tablet_manager.cc:1434] T e19151afa54545408e3b0dd644b26fc5 P 57ace554b336431aaeb030ad523de81d: Time spent starting tablet: real 0.045s	user 0.006s	sys 0.001s
I20260608 12:42:36.884964 13648 leader_election.cc:290] T 6fc67b5a5f9d4237a1c9c160756a8fcd P 12da7dcc587e47f9bdbeeabc2facb832 [CANDIDATE]: Term 1 pre-election: Requested pre-vote from peers 57ace554b336431aaeb030ad523de81d (127.12.123.2:44477), 604515f7ed234f189b0a4103eff125a7 (127.12.123.3:41899)
I20260608 12:42:36.885771 13648 raft_consensus.cc:2804] T 6fc67b5a5f9d4237a1c9c160756a8fcd P 12da7dcc587e47f9bdbeeabc2facb832 [term 0 FOLLOWER]: Leader pre-election won for term 1
I20260608 12:42:36.886122 13648 raft_consensus.cc:493] T 6fc67b5a5f9d4237a1c9c160756a8fcd P 12da7dcc587e47f9bdbeeabc2facb832 [term 0 FOLLOWER]: Starting leader election (no leader contacted us within the election timeout)
I20260608 12:42:36.886463 13648 raft_consensus.cc:3060] T 6fc67b5a5f9d4237a1c9c160756a8fcd P 12da7dcc587e47f9bdbeeabc2facb832 [term 0 FOLLOWER]: Advancing to term 1
I20260608 12:42:36.888861 13641 leader_election.cc:290] T fa57bf96cfd44c87ad6f36f1c7f7927e P 604515f7ed234f189b0a4103eff125a7 [CANDIDATE]: Term 1 election: Requested vote from peers 12da7dcc587e47f9bdbeeabc2facb832 (127.12.123.1:36245), 57ace554b336431aaeb030ad523de81d (127.12.123.2:44477)
I20260608 12:42:36.882938 13676 raft_consensus.cc:515] T fa57bf96cfd44c87ad6f36f1c7f7927e P 12da7dcc587e47f9bdbeeabc2facb832 [term 1 FOLLOWER]: Starting leader election with config: opid_index: -1 OBSOLETE_local: false peers { permanent_uuid: "12da7dcc587e47f9bdbeeabc2facb832" member_type: VOTER last_known_addr { host: "127.12.123.1" port: 36245 } } peers { permanent_uuid: "57ace554b336431aaeb030ad523de81d" member_type: VOTER last_known_addr { host: "127.12.123.2" port: 44477 } } peers { permanent_uuid: "604515f7ed234f189b0a4103eff125a7" member_type: VOTER last_known_addr { host: "127.12.123.3" port: 41899 } }
I20260608 12:42:36.893357 13520 tablet_service.cc:1917] Received RequestConsensusVote() RPC: tablet_id: "fa57bf96cfd44c87ad6f36f1c7f7927e" candidate_uuid: "604515f7ed234f189b0a4103eff125a7" candidate_term: 1 candidate_status { last_received { term: 0 index: 0 } } ignore_live_leader: false dest_uuid: "57ace554b336431aaeb030ad523de81d"
I20260608 12:42:36.895467 13594 tablet_service.cc:1917] Received RequestConsensusVote() RPC: tablet_id: "6fc67b5a5f9d4237a1c9c160756a8fcd" candidate_uuid: "12da7dcc587e47f9bdbeeabc2facb832" candidate_term: 1 candidate_status { last_received { term: 0 index: 0 } } ignore_live_leader: false dest_uuid: "604515f7ed234f189b0a4103eff125a7" is_pre_election: true
I20260608 12:42:36.896124 13594 raft_consensus.cc:2468] T 6fc67b5a5f9d4237a1c9c160756a8fcd P 604515f7ed234f189b0a4103eff125a7 [term 0 FOLLOWER]: Leader pre-election vote request: Granting yes vote for candidate 12da7dcc587e47f9bdbeeabc2facb832 in term 0.
I20260608 12:42:36.902032 13520 raft_consensus.cc:3060] T fa57bf96cfd44c87ad6f36f1c7f7927e P 57ace554b336431aaeb030ad523de81d [term 0 FOLLOWER]: Advancing to term 1
I20260608 12:42:36.906972 13445 raft_consensus.cc:2393] T fa57bf96cfd44c87ad6f36f1c7f7927e P 12da7dcc587e47f9bdbeeabc2facb832 [term 1 FOLLOWER]: Leader election vote request: Denying vote to candidate 604515f7ed234f189b0a4103eff125a7 in current term 1: Already voted for candidate 12da7dcc587e47f9bdbeeabc2facb832 in this term.
I20260608 12:42:36.908720 13519 tablet_service.cc:1917] Received RequestConsensusVote() RPC: tablet_id: "fa57bf96cfd44c87ad6f36f1c7f7927e" candidate_uuid: "12da7dcc587e47f9bdbeeabc2facb832" candidate_term: 1 candidate_status { last_received { term: 0 index: 0 } } ignore_live_leader: false dest_uuid: "57ace554b336431aaeb030ad523de81d"
I20260608 12:42:36.910902 13594 tablet_service.cc:1917] Received RequestConsensusVote() RPC: tablet_id: "fa57bf96cfd44c87ad6f36f1c7f7927e" candidate_uuid: "12da7dcc587e47f9bdbeeabc2facb832" candidate_term: 1 candidate_status { last_received { term: 0 index: 0 } } ignore_live_leader: false dest_uuid: "604515f7ed234f189b0a4103eff125a7"
I20260608 12:42:36.912631 13594 raft_consensus.cc:2393] T fa57bf96cfd44c87ad6f36f1c7f7927e P 604515f7ed234f189b0a4103eff125a7 [term 1 FOLLOWER]: Leader election vote request: Denying vote to candidate 12da7dcc587e47f9bdbeeabc2facb832 in current term 1: Already voted for candidate 604515f7ed234f189b0a4103eff125a7 in this term.
I20260608 12:42:36.914458 13408 leader_election.cc:304] T fa57bf96cfd44c87ad6f36f1c7f7927e P 12da7dcc587e47f9bdbeeabc2facb832 [CANDIDATE]: Term 1 election: Election decided. Result: candidate lost. Election summary: received 3 responses out of 3 voters: 1 yes votes; 2 no votes. yes voters: 12da7dcc587e47f9bdbeeabc2facb832; no voters: 57ace554b336431aaeb030ad523de81d, 604515f7ed234f189b0a4103eff125a7
I20260608 12:42:36.915556 13677 raft_consensus.cc:515] T b04186f7953a4da09a84f15de5c1e738 P 12da7dcc587e47f9bdbeeabc2facb832 [term 1 FOLLOWER]: Starting leader election with config: opid_index: -1 OBSOLETE_local: false peers { permanent_uuid: "12da7dcc587e47f9bdbeeabc2facb832" member_type: VOTER last_known_addr { host: "127.12.123.1" port: 36245 } } peers { permanent_uuid: "57ace554b336431aaeb030ad523de81d" member_type: VOTER last_known_addr { host: "127.12.123.2" port: 44477 } } peers { permanent_uuid: "604515f7ed234f189b0a4103eff125a7" member_type: VOTER last_known_addr { host: "127.12.123.3" port: 41899 } }
I20260608 12:42:36.918514 13687 raft_consensus.cc:2749] T fa57bf96cfd44c87ad6f36f1c7f7927e P 12da7dcc587e47f9bdbeeabc2facb832 [term 1 FOLLOWER]: Leader election lost for term 1. Reason: could not achieve majority
I20260608 12:42:36.911522 13676 leader_election.cc:290] T fa57bf96cfd44c87ad6f36f1c7f7927e P 12da7dcc587e47f9bdbeeabc2facb832 [CANDIDATE]: Term 1 election: Requested vote from peers 57ace554b336431aaeb030ad523de81d (127.12.123.2:44477), 604515f7ed234f189b0a4103eff125a7 (127.12.123.3:41899)
I20260608 12:42:36.921543 13594 tablet_service.cc:1917] Received RequestConsensusVote() RPC: tablet_id: "b04186f7953a4da09a84f15de5c1e738" candidate_uuid: "12da7dcc587e47f9bdbeeabc2facb832" candidate_term: 1 candidate_status { last_received { term: 0 index: 0 } } ignore_live_leader: false dest_uuid: "604515f7ed234f189b0a4103eff125a7"
I20260608 12:42:36.919114 13678 raft_consensus.cc:515] T e19151afa54545408e3b0dd644b26fc5 P 12da7dcc587e47f9bdbeeabc2facb832 [term 1 FOLLOWER]: Starting leader election with config: opid_index: -1 OBSOLETE_local: false peers { permanent_uuid: "12da7dcc587e47f9bdbeeabc2facb832" member_type: VOTER last_known_addr { host: "127.12.123.1" port: 36245 } } peers { permanent_uuid: "57ace554b336431aaeb030ad523de81d" member_type: VOTER last_known_addr { host: "127.12.123.2" port: 44477 } } peers { permanent_uuid: "604515f7ed234f189b0a4103eff125a7" member_type: VOTER last_known_addr { host: "127.12.123.3" port: 41899 } }
I20260608 12:42:36.922250 13594 raft_consensus.cc:3060] T b04186f7953a4da09a84f15de5c1e738 P 604515f7ed234f189b0a4103eff125a7 [term 0 FOLLOWER]: Advancing to term 1
I20260608 12:42:36.925720 13518 tablet_service.cc:1917] Received RequestConsensusVote() RPC: tablet_id: "e19151afa54545408e3b0dd644b26fc5" candidate_uuid: "12da7dcc587e47f9bdbeeabc2facb832" candidate_term: 1 candidate_status { last_received { term: 0 index: 0 } } ignore_live_leader: false dest_uuid: "57ace554b336431aaeb030ad523de81d"
I20260608 12:42:36.926573 13518 raft_consensus.cc:3060] T e19151afa54545408e3b0dd644b26fc5 P 57ace554b336431aaeb030ad523de81d [term 0 FOLLOWER]: Advancing to term 1
I20260608 12:42:36.920188 13677 leader_election.cc:290] T b04186f7953a4da09a84f15de5c1e738 P 12da7dcc587e47f9bdbeeabc2facb832 [CANDIDATE]: Term 1 election: Requested vote from peers 57ace554b336431aaeb030ad523de81d (127.12.123.2:44477), 604515f7ed234f189b0a4103eff125a7 (127.12.123.3:41899)
I20260608 12:42:36.920961 13519 tablet_service.cc:1917] Received RequestConsensusVote() RPC: tablet_id: "b04186f7953a4da09a84f15de5c1e738" candidate_uuid: "12da7dcc587e47f9bdbeeabc2facb832" candidate_term: 1 candidate_status { last_received { term: 0 index: 0 } } ignore_live_leader: false dest_uuid: "57ace554b336431aaeb030ad523de81d"
I20260608 12:42:36.928354 13519 raft_consensus.cc:3060] T b04186f7953a4da09a84f15de5c1e738 P 57ace554b336431aaeb030ad523de81d [term 0 FOLLOWER]: Advancing to term 1
I20260608 12:42:36.935349 13520 raft_consensus.cc:2468] T fa57bf96cfd44c87ad6f36f1c7f7927e P 57ace554b336431aaeb030ad523de81d [term 1 FOLLOWER]: Leader election vote request: Granting yes vote for candidate 604515f7ed234f189b0a4103eff125a7 in term 1.
I20260608 12:42:36.938705 13558 leader_election.cc:304] T fa57bf96cfd44c87ad6f36f1c7f7927e P 604515f7ed234f189b0a4103eff125a7 [CANDIDATE]: Term 1 election: Election decided. Result: candidate won. Election summary: received 3 responses out of 3 voters: 2 yes votes; 1 no votes. yes voters: 57ace554b336431aaeb030ad523de81d, 604515f7ed234f189b0a4103eff125a7; no voters: 12da7dcc587e47f9bdbeeabc2facb832
I20260608 12:42:36.940688 13592 tablet_service.cc:1917] Received RequestConsensusVote() RPC: tablet_id: "e19151afa54545408e3b0dd644b26fc5" candidate_uuid: "12da7dcc587e47f9bdbeeabc2facb832" candidate_term: 1 candidate_status { last_received { term: 0 index: 0 } } ignore_live_leader: false dest_uuid: "604515f7ed234f189b0a4103eff125a7"
I20260608 12:42:36.941376 13592 raft_consensus.cc:3060] T e19151afa54545408e3b0dd644b26fc5 P 604515f7ed234f189b0a4103eff125a7 [term 0 FOLLOWER]: Advancing to term 1
I20260608 12:42:36.942308 13678 leader_election.cc:290] T e19151afa54545408e3b0dd644b26fc5 P 12da7dcc587e47f9bdbeeabc2facb832 [CANDIDATE]: Term 1 election: Requested vote from peers 57ace554b336431aaeb030ad523de81d (127.12.123.2:44477), 604515f7ed234f189b0a4103eff125a7 (127.12.123.3:41899)
I20260608 12:42:36.944140 13648 raft_consensus.cc:515] T 6fc67b5a5f9d4237a1c9c160756a8fcd P 12da7dcc587e47f9bdbeeabc2facb832 [term 1 FOLLOWER]: Starting leader election with config: opid_index: -1 OBSOLETE_local: false peers { permanent_uuid: "12da7dcc587e47f9bdbeeabc2facb832" member_type: VOTER last_known_addr { host: "127.12.123.1" port: 36245 } } peers { permanent_uuid: "57ace554b336431aaeb030ad523de81d" member_type: VOTER last_known_addr { host: "127.12.123.2" port: 44477 } } peers { permanent_uuid: "604515f7ed234f189b0a4103eff125a7" member_type: VOTER last_known_addr { host: "127.12.123.3" port: 41899 } }
I20260608 12:42:36.945367 13679 raft_consensus.cc:2804] T fa57bf96cfd44c87ad6f36f1c7f7927e P 604515f7ed234f189b0a4103eff125a7 [term 1 FOLLOWER]: Leader election won for term 1
I20260608 12:42:36.945953 13679 raft_consensus.cc:697] T fa57bf96cfd44c87ad6f36f1c7f7927e P 604515f7ed234f189b0a4103eff125a7 [term 1 LEADER]: Becoming Leader. State: Replica: 604515f7ed234f189b0a4103eff125a7, State: Running, Role: LEADER
I20260608 12:42:36.946066 13519 raft_consensus.cc:2468] T b04186f7953a4da09a84f15de5c1e738 P 57ace554b336431aaeb030ad523de81d [term 1 FOLLOWER]: Leader election vote request: Granting yes vote for candidate 12da7dcc587e47f9bdbeeabc2facb832 in term 1.
I20260608 12:42:36.946854 13679 consensus_queue.cc:237] T fa57bf96cfd44c87ad6f36f1c7f7927e P 604515f7ed234f189b0a4103eff125a7 [LEADER]: Queue going to LEADER mode. State: All replicated index: 0, Majority replicated index: 0, Committed index: 0, Last appended: 0.0, Last appended by leader: 0, Current term: 1, Majority size: 2, State: 0, Mode: LEADER, active raft config: opid_index: -1 OBSOLETE_local: false peers { permanent_uuid: "12da7dcc587e47f9bdbeeabc2facb832" member_type: VOTER last_known_addr { host: "127.12.123.1" port: 36245 } } peers { permanent_uuid: "57ace554b336431aaeb030ad523de81d" member_type: VOTER last_known_addr { host: "127.12.123.2" port: 44477 } } peers { permanent_uuid: "604515f7ed234f189b0a4103eff125a7" member_type: VOTER last_known_addr { host: "127.12.123.3" port: 41899 } }
I20260608 12:42:36.947252 13409 leader_election.cc:304] T b04186f7953a4da09a84f15de5c1e738 P 12da7dcc587e47f9bdbeeabc2facb832 [CANDIDATE]: Term 1 election: Election decided. Result: candidate won. Election summary: received 2 responses out of 3 voters: 2 yes votes; 0 no votes. yes voters: 12da7dcc587e47f9bdbeeabc2facb832, 57ace554b336431aaeb030ad523de81d; no voters: 
I20260608 12:42:36.948263 13678 raft_consensus.cc:2804] T b04186f7953a4da09a84f15de5c1e738 P 12da7dcc587e47f9bdbeeabc2facb832 [term 1 FOLLOWER]: Leader election won for term 1
I20260608 12:42:36.948755 13678 raft_consensus.cc:697] T b04186f7953a4da09a84f15de5c1e738 P 12da7dcc587e47f9bdbeeabc2facb832 [term 1 LEADER]: Becoming Leader. State: Replica: 12da7dcc587e47f9bdbeeabc2facb832, State: Running, Role: LEADER
I20260608 12:42:36.949595 13678 consensus_queue.cc:237] T b04186f7953a4da09a84f15de5c1e738 P 12da7dcc587e47f9bdbeeabc2facb832 [LEADER]: Queue going to LEADER mode. State: All replicated index: 0, Majority replicated index: 0, Committed index: 0, Last appended: 0.0, Last appended by leader: 0, Current term: 1, Majority size: 2, State: 0, Mode: LEADER, active raft config: opid_index: -1 OBSOLETE_local: false peers { permanent_uuid: "12da7dcc587e47f9bdbeeabc2facb832" member_type: VOTER last_known_addr { host: "127.12.123.1" port: 36245 } } peers { permanent_uuid: "57ace554b336431aaeb030ad523de81d" member_type: VOTER last_known_addr { host: "127.12.123.2" port: 44477 } } peers { permanent_uuid: "604515f7ed234f189b0a4103eff125a7" member_type: VOTER last_known_addr { host: "127.12.123.3" port: 41899 } }
I20260608 12:42:36.951124 13648 leader_election.cc:290] T 6fc67b5a5f9d4237a1c9c160756a8fcd P 12da7dcc587e47f9bdbeeabc2facb832 [CANDIDATE]: Term 1 election: Requested vote from peers 57ace554b336431aaeb030ad523de81d (127.12.123.2:44477), 604515f7ed234f189b0a4103eff125a7 (127.12.123.3:41899)
I20260608 12:42:36.952090 13519 tablet_service.cc:1917] Received RequestConsensusVote() RPC: tablet_id: "6fc67b5a5f9d4237a1c9c160756a8fcd" candidate_uuid: "12da7dcc587e47f9bdbeeabc2facb832" candidate_term: 1 candidate_status { last_received { term: 0 index: 0 } } ignore_live_leader: false dest_uuid: "57ace554b336431aaeb030ad523de81d"
I20260608 12:42:36.952729 13519 raft_consensus.cc:3060] T 6fc67b5a5f9d4237a1c9c160756a8fcd P 57ace554b336431aaeb030ad523de81d [term 0 FOLLOWER]: Advancing to term 1
I20260608 12:42:36.952939 13592 raft_consensus.cc:2468] T e19151afa54545408e3b0dd644b26fc5 P 604515f7ed234f189b0a4103eff125a7 [term 1 FOLLOWER]: Leader election vote request: Granting yes vote for candidate 12da7dcc587e47f9bdbeeabc2facb832 in term 1.
I20260608 12:42:36.955849 13518 raft_consensus.cc:2468] T e19151afa54545408e3b0dd644b26fc5 P 57ace554b336431aaeb030ad523de81d [term 1 FOLLOWER]: Leader election vote request: Granting yes vote for candidate 12da7dcc587e47f9bdbeeabc2facb832 in term 1.
I20260608 12:42:36.957305 13409 leader_election.cc:304] T e19151afa54545408e3b0dd644b26fc5 P 12da7dcc587e47f9bdbeeabc2facb832 [CANDIDATE]: Term 1 election: Election decided. Result: candidate won. Election summary: received 2 responses out of 3 voters: 2 yes votes; 0 no votes. yes voters: 12da7dcc587e47f9bdbeeabc2facb832, 57ace554b336431aaeb030ad523de81d; no voters: 
I20260608 12:42:36.958391 13648 raft_consensus.cc:2804] T e19151afa54545408e3b0dd644b26fc5 P 12da7dcc587e47f9bdbeeabc2facb832 [term 1 FOLLOWER]: Leader election won for term 1
I20260608 12:42:36.959245 13648 raft_consensus.cc:697] T e19151afa54545408e3b0dd644b26fc5 P 12da7dcc587e47f9bdbeeabc2facb832 [term 1 LEADER]: Becoming Leader. State: Replica: 12da7dcc587e47f9bdbeeabc2facb832, State: Running, Role: LEADER
I20260608 12:42:36.959408 13594 raft_consensus.cc:2468] T b04186f7953a4da09a84f15de5c1e738 P 604515f7ed234f189b0a4103eff125a7 [term 1 FOLLOWER]: Leader election vote request: Granting yes vote for candidate 12da7dcc587e47f9bdbeeabc2facb832 in term 1.
I20260608 12:42:36.960126 13648 consensus_queue.cc:237] T e19151afa54545408e3b0dd644b26fc5 P 12da7dcc587e47f9bdbeeabc2facb832 [LEADER]: Queue going to LEADER mode. State: All replicated index: 0, Majority replicated index: 0, Committed index: 0, Last appended: 0.0, Last appended by leader: 0, Current term: 1, Majority size: 2, State: 0, Mode: LEADER, active raft config: opid_index: -1 OBSOLETE_local: false peers { permanent_uuid: "12da7dcc587e47f9bdbeeabc2facb832" member_type: VOTER last_known_addr { host: "127.12.123.1" port: 36245 } } peers { permanent_uuid: "57ace554b336431aaeb030ad523de81d" member_type: VOTER last_known_addr { host: "127.12.123.2" port: 44477 } } peers { permanent_uuid: "604515f7ed234f189b0a4103eff125a7" member_type: VOTER last_known_addr { host: "127.12.123.3" port: 41899 } }
I20260608 12:42:36.965888 13519 raft_consensus.cc:2468] T 6fc67b5a5f9d4237a1c9c160756a8fcd P 57ace554b336431aaeb030ad523de81d [term 1 FOLLOWER]: Leader election vote request: Granting yes vote for candidate 12da7dcc587e47f9bdbeeabc2facb832 in term 1.
I20260608 12:42:36.971459 13592 tablet_service.cc:1917] Received RequestConsensusVote() RPC: tablet_id: "6fc67b5a5f9d4237a1c9c160756a8fcd" candidate_uuid: "12da7dcc587e47f9bdbeeabc2facb832" candidate_term: 1 candidate_status { last_received { term: 0 index: 0 } } ignore_live_leader: false dest_uuid: "604515f7ed234f189b0a4103eff125a7"
I20260608 12:42:36.972450 13592 raft_consensus.cc:3060] T 6fc67b5a5f9d4237a1c9c160756a8fcd P 604515f7ed234f189b0a4103eff125a7 [term 0 FOLLOWER]: Advancing to term 1
I20260608 12:42:36.976856 13409 leader_election.cc:304] T 6fc67b5a5f9d4237a1c9c160756a8fcd P 12da7dcc587e47f9bdbeeabc2facb832 [CANDIDATE]: Term 1 election: Election decided. Result: candidate won. Election summary: received 2 responses out of 3 voters: 2 yes votes; 0 no votes. yes voters: 12da7dcc587e47f9bdbeeabc2facb832, 57ace554b336431aaeb030ad523de81d; no voters: 
I20260608 12:42:36.978993 13644 tablet_bootstrap.cc:492] T 232403c765234595ac555c2565a92650 P 12da7dcc587e47f9bdbeeabc2facb832: No bootstrap required, opened a new log
I20260608 12:42:36.979314 13648 raft_consensus.cc:2804] T 6fc67b5a5f9d4237a1c9c160756a8fcd P 12da7dcc587e47f9bdbeeabc2facb832 [term 1 FOLLOWER]: Leader election won for term 1
I20260608 12:42:36.980727 13644 ts_tablet_manager.cc:1403] T 232403c765234595ac555c2565a92650 P 12da7dcc587e47f9bdbeeabc2facb832: Time spent bootstrapping tablet: real 0.176s	user 0.030s	sys 0.031s
I20260608 12:42:36.980684 13648 raft_consensus.cc:697] T 6fc67b5a5f9d4237a1c9c160756a8fcd P 12da7dcc587e47f9bdbeeabc2facb832 [term 1 LEADER]: Becoming Leader. State: Replica: 12da7dcc587e47f9bdbeeabc2facb832, State: Running, Role: LEADER
I20260608 12:42:36.979916 13341 catalog_manager.cc:5696] T 5986643dbc634e0fb2544bdf463409a4 P 604515f7ed234f189b0a4103eff125a7 reported cstate change: term changed from 0 to 1, leader changed from <none> to 604515f7ed234f189b0a4103eff125a7 (127.12.123.3). New cstate: current_term: 1 leader_uuid: "604515f7ed234f189b0a4103eff125a7" committed_config { opid_index: -1 OBSOLETE_local: false peers { permanent_uuid: "12da7dcc587e47f9bdbeeabc2facb832" member_type: VOTER last_known_addr { host: "127.12.123.1" port: 36245 } health_report { overall_health: UNKNOWN } } peers { permanent_uuid: "57ace554b336431aaeb030ad523de81d" member_type: VOTER last_known_addr { host: "127.12.123.2" port: 44477 } health_report { overall_health: UNKNOWN } } peers { permanent_uuid: "604515f7ed234f189b0a4103eff125a7" member_type: VOTER last_known_addr { host: "127.12.123.3" port: 41899 } health_report { overall_health: HEALTHY } } }
I20260608 12:42:36.982287 13648 consensus_queue.cc:237] T 6fc67b5a5f9d4237a1c9c160756a8fcd P 12da7dcc587e47f9bdbeeabc2facb832 [LEADER]: Queue going to LEADER mode. State: All replicated index: 0, Majority replicated index: 0, Committed index: 0, Last appended: 0.0, Last appended by leader: 0, Current term: 1, Majority size: 2, State: 0, Mode: LEADER, active raft config: opid_index: -1 OBSOLETE_local: false peers { permanent_uuid: "12da7dcc587e47f9bdbeeabc2facb832" member_type: VOTER last_known_addr { host: "127.12.123.1" port: 36245 } } peers { permanent_uuid: "57ace554b336431aaeb030ad523de81d" member_type: VOTER last_known_addr { host: "127.12.123.2" port: 44477 } } peers { permanent_uuid: "604515f7ed234f189b0a4103eff125a7" member_type: VOTER last_known_addr { host: "127.12.123.3" port: 41899 } }
I20260608 12:42:36.989375 13592 raft_consensus.cc:2468] T 6fc67b5a5f9d4237a1c9c160756a8fcd P 604515f7ed234f189b0a4103eff125a7 [term 1 FOLLOWER]: Leader election vote request: Granting yes vote for candidate 12da7dcc587e47f9bdbeeabc2facb832 in term 1.
I20260608 12:42:36.995947 13644 raft_consensus.cc:359] T 232403c765234595ac555c2565a92650 P 12da7dcc587e47f9bdbeeabc2facb832 [term 0 FOLLOWER]: Replica starting. Triggering 0 pending ops. Active config: opid_index: -1 OBSOLETE_local: false peers { permanent_uuid: "12da7dcc587e47f9bdbeeabc2facb832" member_type: VOTER last_known_addr { host: "127.12.123.1" port: 36245 } } peers { permanent_uuid: "57ace554b336431aaeb030ad523de81d" member_type: VOTER last_known_addr { host: "127.12.123.2" port: 44477 } } peers { permanent_uuid: "604515f7ed234f189b0a4103eff125a7" member_type: VOTER last_known_addr { host: "127.12.123.3" port: 41899 } }
I20260608 12:42:36.996603 13644 raft_consensus.cc:385] T 232403c765234595ac555c2565a92650 P 12da7dcc587e47f9bdbeeabc2facb832 [term 0 FOLLOWER]: Consensus starting up: Expiring failure detector timer to make a prompt election more likely
I20260608 12:42:36.996896 13644 raft_consensus.cc:740] T 232403c765234595ac555c2565a92650 P 12da7dcc587e47f9bdbeeabc2facb832 [term 0 FOLLOWER]: Becoming Follower/Learner. State: Replica: 12da7dcc587e47f9bdbeeabc2facb832, State: Initialized, Role: FOLLOWER
I20260608 12:42:36.998741 13644 consensus_queue.cc:260] T 232403c765234595ac555c2565a92650 P 12da7dcc587e47f9bdbeeabc2facb832 [NON_LEADER]: Queue going to NON_LEADER mode. State: All replicated index: 0, Majority replicated index: 0, Committed index: 0, Last appended: 0.0, Last appended by leader: 0, Current term: 0, Majority size: -1, State: 0, Mode: NON_LEADER, active raft config: opid_index: -1 OBSOLETE_local: false peers { permanent_uuid: "12da7dcc587e47f9bdbeeabc2facb832" member_type: VOTER last_known_addr { host: "127.12.123.1" port: 36245 } } peers { permanent_uuid: "57ace554b336431aaeb030ad523de81d" member_type: VOTER last_known_addr { host: "127.12.123.2" port: 44477 } } peers { permanent_uuid: "604515f7ed234f189b0a4103eff125a7" member_type: VOTER last_known_addr { host: "127.12.123.3" port: 41899 } }
I20260608 12:42:37.000854 13644 ts_tablet_manager.cc:1434] T 232403c765234595ac555c2565a92650 P 12da7dcc587e47f9bdbeeabc2facb832: Time spent starting tablet: real 0.019s	user 0.005s	sys 0.000s
I20260608 12:42:37.001822 13644 tablet_bootstrap.cc:492] T 5986643dbc634e0fb2544bdf463409a4 P 12da7dcc587e47f9bdbeeabc2facb832: Bootstrap starting.
I20260608 12:42:37.001788 13341 catalog_manager.cc:5696] T fa57bf96cfd44c87ad6f36f1c7f7927e P 604515f7ed234f189b0a4103eff125a7 reported cstate change: term changed from 0 to 1, leader changed from <none> to 604515f7ed234f189b0a4103eff125a7 (127.12.123.3). New cstate: current_term: 1 leader_uuid: "604515f7ed234f189b0a4103eff125a7" committed_config { opid_index: -1 OBSOLETE_local: false peers { permanent_uuid: "12da7dcc587e47f9bdbeeabc2facb832" member_type: VOTER last_known_addr { host: "127.12.123.1" port: 36245 } health_report { overall_health: UNKNOWN } } peers { permanent_uuid: "57ace554b336431aaeb030ad523de81d" member_type: VOTER last_known_addr { host: "127.12.123.2" port: 44477 } health_report { overall_health: UNKNOWN } } peers { permanent_uuid: "604515f7ed234f189b0a4103eff125a7" member_type: VOTER last_known_addr { host: "127.12.123.3" port: 41899 } health_report { overall_health: HEALTHY } } }
I20260608 12:42:37.002863 13343 catalog_manager.cc:5696] T eba7348227804f31b8f57b9feeab1d13 P 57ace554b336431aaeb030ad523de81d reported cstate change: term changed from 0 to 1, leader changed from <none> to 57ace554b336431aaeb030ad523de81d (127.12.123.2). New cstate: current_term: 1 leader_uuid: "57ace554b336431aaeb030ad523de81d" committed_config { opid_index: -1 OBSOLETE_local: false peers { permanent_uuid: "604515f7ed234f189b0a4103eff125a7" member_type: VOTER last_known_addr { host: "127.12.123.3" port: 41899 } health_report { overall_health: UNKNOWN } } peers { permanent_uuid: "57ace554b336431aaeb030ad523de81d" member_type: VOTER last_known_addr { host: "127.12.123.2" port: 44477 } health_report { overall_health: HEALTHY } } peers { permanent_uuid: "12da7dcc587e47f9bdbeeabc2facb832" member_type: VOTER last_known_addr { host: "127.12.123.1" port: 36245 } health_report { overall_health: UNKNOWN } } }
I20260608 12:42:37.009006 13644 tablet_bootstrap.cc:654] T 5986643dbc634e0fb2544bdf463409a4 P 12da7dcc587e47f9bdbeeabc2facb832: Neither blocks nor log segments found. Creating new log.
I20260608 12:42:37.013535 13644 tablet_bootstrap.cc:492] T 5986643dbc634e0fb2544bdf463409a4 P 12da7dcc587e47f9bdbeeabc2facb832: No bootstrap required, opened a new log
I20260608 12:42:37.013979 13644 ts_tablet_manager.cc:1403] T 5986643dbc634e0fb2544bdf463409a4 P 12da7dcc587e47f9bdbeeabc2facb832: Time spent bootstrapping tablet: real 0.012s	user 0.007s	sys 0.003s
I20260608 12:42:37.016857 13644 raft_consensus.cc:359] T 5986643dbc634e0fb2544bdf463409a4 P 12da7dcc587e47f9bdbeeabc2facb832 [term 0 FOLLOWER]: Replica starting. Triggering 0 pending ops. Active config: opid_index: -1 OBSOLETE_local: false peers { permanent_uuid: "12da7dcc587e47f9bdbeeabc2facb832" member_type: VOTER last_known_addr { host: "127.12.123.1" port: 36245 } } peers { permanent_uuid: "57ace554b336431aaeb030ad523de81d" member_type: VOTER last_known_addr { host: "127.12.123.2" port: 44477 } } peers { permanent_uuid: "604515f7ed234f189b0a4103eff125a7" member_type: VOTER last_known_addr { host: "127.12.123.3" port: 41899 } }
I20260608 12:42:37.017695 13644 raft_consensus.cc:385] T 5986643dbc634e0fb2544bdf463409a4 P 12da7dcc587e47f9bdbeeabc2facb832 [term 0 FOLLOWER]: Consensus starting up: Expiring failure detector timer to make a prompt election more likely
I20260608 12:42:37.016933 13342 catalog_manager.cc:5696] T b04186f7953a4da09a84f15de5c1e738 P 12da7dcc587e47f9bdbeeabc2facb832 reported cstate change: term changed from 0 to 1, leader changed from <none> to 12da7dcc587e47f9bdbeeabc2facb832 (127.12.123.1). New cstate: current_term: 1 leader_uuid: "12da7dcc587e47f9bdbeeabc2facb832" committed_config { opid_index: -1 OBSOLETE_local: false peers { permanent_uuid: "12da7dcc587e47f9bdbeeabc2facb832" member_type: VOTER last_known_addr { host: "127.12.123.1" port: 36245 } health_report { overall_health: HEALTHY } } peers { permanent_uuid: "57ace554b336431aaeb030ad523de81d" member_type: VOTER last_known_addr { host: "127.12.123.2" port: 44477 } health_report { overall_health: UNKNOWN } } peers { permanent_uuid: "604515f7ed234f189b0a4103eff125a7" member_type: VOTER last_known_addr { host: "127.12.123.3" port: 41899 } health_report { overall_health: UNKNOWN } } }
I20260608 12:42:37.018003 13644 raft_consensus.cc:740] T 5986643dbc634e0fb2544bdf463409a4 P 12da7dcc587e47f9bdbeeabc2facb832 [term 0 FOLLOWER]: Becoming Follower/Learner. State: Replica: 12da7dcc587e47f9bdbeeabc2facb832, State: Initialized, Role: FOLLOWER
I20260608 12:42:37.018826 13644 consensus_queue.cc:260] T 5986643dbc634e0fb2544bdf463409a4 P 12da7dcc587e47f9bdbeeabc2facb832 [NON_LEADER]: Queue going to NON_LEADER mode. State: All replicated index: 0, Majority replicated index: 0, Committed index: 0, Last appended: 0.0, Last appended by leader: 0, Current term: 0, Majority size: -1, State: 0, Mode: NON_LEADER, active raft config: opid_index: -1 OBSOLETE_local: false peers { permanent_uuid: "12da7dcc587e47f9bdbeeabc2facb832" member_type: VOTER last_known_addr { host: "127.12.123.1" port: 36245 } } peers { permanent_uuid: "57ace554b336431aaeb030ad523de81d" member_type: VOTER last_known_addr { host: "127.12.123.2" port: 44477 } } peers { permanent_uuid: "604515f7ed234f189b0a4103eff125a7" member_type: VOTER last_known_addr { host: "127.12.123.3" port: 41899 } }
I20260608 12:42:37.018828 13342 catalog_manager.cc:5696] T e19151afa54545408e3b0dd644b26fc5 P 12da7dcc587e47f9bdbeeabc2facb832 reported cstate change: term changed from 0 to 1, leader changed from <none> to 12da7dcc587e47f9bdbeeabc2facb832 (127.12.123.1). New cstate: current_term: 1 leader_uuid: "12da7dcc587e47f9bdbeeabc2facb832" committed_config { opid_index: -1 OBSOLETE_local: false peers { permanent_uuid: "12da7dcc587e47f9bdbeeabc2facb832" member_type: VOTER last_known_addr { host: "127.12.123.1" port: 36245 } health_report { overall_health: HEALTHY } } peers { permanent_uuid: "57ace554b336431aaeb030ad523de81d" member_type: VOTER last_known_addr { host: "127.12.123.2" port: 44477 } health_report { overall_health: UNKNOWN } } peers { permanent_uuid: "604515f7ed234f189b0a4103eff125a7" member_type: VOTER last_known_addr { host: "127.12.123.3" port: 41899 } health_report { overall_health: UNKNOWN } } }
I20260608 12:42:37.020761 13644 ts_tablet_manager.cc:1434] T 5986643dbc634e0fb2544bdf463409a4 P 12da7dcc587e47f9bdbeeabc2facb832: Time spent starting tablet: real 0.006s	user 0.006s	sys 0.000s
I20260608 12:42:37.020784 13342 catalog_manager.cc:5696] T 6fc67b5a5f9d4237a1c9c160756a8fcd P 12da7dcc587e47f9bdbeeabc2facb832 reported cstate change: term changed from 0 to 1, leader changed from <none> to 12da7dcc587e47f9bdbeeabc2facb832 (127.12.123.1). New cstate: current_term: 1 leader_uuid: "12da7dcc587e47f9bdbeeabc2facb832" committed_config { opid_index: -1 OBSOLETE_local: false peers { permanent_uuid: "12da7dcc587e47f9bdbeeabc2facb832" member_type: VOTER last_known_addr { host: "127.12.123.1" port: 36245 } health_report { overall_health: HEALTHY } } peers { permanent_uuid: "57ace554b336431aaeb030ad523de81d" member_type: VOTER last_known_addr { host: "127.12.123.2" port: 44477 } health_report { overall_health: UNKNOWN } } peers { permanent_uuid: "604515f7ed234f189b0a4103eff125a7" member_type: VOTER last_known_addr { host: "127.12.123.3" port: 41899 } health_report { overall_health: UNKNOWN } } }
I20260608 12:42:37.063971 13648 raft_consensus.cc:493] T 5986643dbc634e0fb2544bdf463409a4 P 12da7dcc587e47f9bdbeeabc2facb832 [term 0 FOLLOWER]: Starting pre-election (no leader contacted us within the election timeout)
I20260608 12:42:37.064539 13648 raft_consensus.cc:515] T 5986643dbc634e0fb2544bdf463409a4 P 12da7dcc587e47f9bdbeeabc2facb832 [term 0 FOLLOWER]: Starting pre-election with config: opid_index: -1 OBSOLETE_local: false peers { permanent_uuid: "12da7dcc587e47f9bdbeeabc2facb832" member_type: VOTER last_known_addr { host: "127.12.123.1" port: 36245 } } peers { permanent_uuid: "57ace554b336431aaeb030ad523de81d" member_type: VOTER last_known_addr { host: "127.12.123.2" port: 44477 } } peers { permanent_uuid: "604515f7ed234f189b0a4103eff125a7" member_type: VOTER last_known_addr { host: "127.12.123.3" port: 41899 } }
I20260608 12:42:37.066385 13648 leader_election.cc:290] T 5986643dbc634e0fb2544bdf463409a4 P 12da7dcc587e47f9bdbeeabc2facb832 [CANDIDATE]: Term 1 pre-election: Requested pre-vote from peers 57ace554b336431aaeb030ad523de81d (127.12.123.2:44477), 604515f7ed234f189b0a4103eff125a7 (127.12.123.3:41899)
I20260608 12:42:37.067463 13592 tablet_service.cc:1917] Received RequestConsensusVote() RPC: tablet_id: "5986643dbc634e0fb2544bdf463409a4" candidate_uuid: "12da7dcc587e47f9bdbeeabc2facb832" candidate_term: 1 candidate_status { last_received { term: 0 index: 0 } } ignore_live_leader: false dest_uuid: "604515f7ed234f189b0a4103eff125a7" is_pre_election: true
I20260608 12:42:37.067459 13519 tablet_service.cc:1917] Received RequestConsensusVote() RPC: tablet_id: "5986643dbc634e0fb2544bdf463409a4" candidate_uuid: "12da7dcc587e47f9bdbeeabc2facb832" candidate_term: 1 candidate_status { last_received { term: 0 index: 0 } } ignore_live_leader: false dest_uuid: "57ace554b336431aaeb030ad523de81d" is_pre_election: true
I20260608 12:42:37.068427 13519 raft_consensus.cc:2393] T 5986643dbc634e0fb2544bdf463409a4 P 57ace554b336431aaeb030ad523de81d [term 1 FOLLOWER]: Leader pre-election vote request: Denying vote to candidate 12da7dcc587e47f9bdbeeabc2facb832 in current term 1: Already voted for candidate 604515f7ed234f189b0a4103eff125a7 in this term.
I20260608 12:42:37.069566 13409 leader_election.cc:304] T 5986643dbc634e0fb2544bdf463409a4 P 12da7dcc587e47f9bdbeeabc2facb832 [CANDIDATE]: Term 1 pre-election: Election decided. Result: candidate lost. Election summary: received 3 responses out of 3 voters: 1 yes votes; 2 no votes. yes voters: 12da7dcc587e47f9bdbeeabc2facb832; no voters: 57ace554b336431aaeb030ad523de81d, 604515f7ed234f189b0a4103eff125a7
I20260608 12:42:37.070854 13648 raft_consensus.cc:3060] T 5986643dbc634e0fb2544bdf463409a4 P 12da7dcc587e47f9bdbeeabc2facb832 [term 0 FOLLOWER]: Advancing to term 1
I20260608 12:42:37.075857 13648 raft_consensus.cc:2749] T 5986643dbc634e0fb2544bdf463409a4 P 12da7dcc587e47f9bdbeeabc2facb832 [term 1 FOLLOWER]: Leader pre-election lost for term 1. Reason: could not achieve majority
I20260608 12:42:37.078791 12780 file_cache.cc:492] Constructed file cache file cache with capacity 419430
I20260608 12:42:37.080878 13648 raft_consensus.cc:493] T 232403c765234595ac555c2565a92650 P 12da7dcc587e47f9bdbeeabc2facb832 [term 0 FOLLOWER]: Starting pre-election (no leader contacted us within the election timeout)
I20260608 12:42:37.081480 13648 raft_consensus.cc:515] T 232403c765234595ac555c2565a92650 P 12da7dcc587e47f9bdbeeabc2facb832 [term 0 FOLLOWER]: Starting pre-election with config: opid_index: -1 OBSOLETE_local: false peers { permanent_uuid: "12da7dcc587e47f9bdbeeabc2facb832" member_type: VOTER last_known_addr { host: "127.12.123.1" port: 36245 } } peers { permanent_uuid: "57ace554b336431aaeb030ad523de81d" member_type: VOTER last_known_addr { host: "127.12.123.2" port: 44477 } } peers { permanent_uuid: "604515f7ed234f189b0a4103eff125a7" member_type: VOTER last_known_addr { host: "127.12.123.3" port: 41899 } }
I20260608 12:42:37.084403 13648 leader_election.cc:290] T 232403c765234595ac555c2565a92650 P 12da7dcc587e47f9bdbeeabc2facb832 [CANDIDATE]: Term 1 pre-election: Requested pre-vote from peers 57ace554b336431aaeb030ad523de81d (127.12.123.2:44477), 604515f7ed234f189b0a4103eff125a7 (127.12.123.3:41899)
I20260608 12:42:37.084786 13519 tablet_service.cc:1917] Received RequestConsensusVote() RPC: tablet_id: "232403c765234595ac555c2565a92650" candidate_uuid: "12da7dcc587e47f9bdbeeabc2facb832" candidate_term: 1 candidate_status { last_received { term: 0 index: 0 } } ignore_live_leader: false dest_uuid: "57ace554b336431aaeb030ad523de81d" is_pre_election: true
I20260608 12:42:37.086473 13592 tablet_service.cc:1917] Received RequestConsensusVote() RPC: tablet_id: "232403c765234595ac555c2565a92650" candidate_uuid: "12da7dcc587e47f9bdbeeabc2facb832" candidate_term: 1 candidate_status { last_received { term: 0 index: 0 } } ignore_live_leader: false dest_uuid: "604515f7ed234f189b0a4103eff125a7" is_pre_election: true
I20260608 12:42:37.087641 13592 raft_consensus.cc:2393] T 232403c765234595ac555c2565a92650 P 604515f7ed234f189b0a4103eff125a7 [term 1 FOLLOWER]: Leader pre-election vote request: Denying vote to candidate 12da7dcc587e47f9bdbeeabc2facb832 in current term 1: Already voted for candidate 57ace554b336431aaeb030ad523de81d in this term.
W20260608 12:42:37.089355 13698 instance_detector.cc:116] could not retrieve AWS instance metadata: Network error: curl error: HTTP response code said error: The requested URL returned error: 404
I20260608 12:42:37.089737 13408 leader_election.cc:304] T 232403c765234595ac555c2565a92650 P 12da7dcc587e47f9bdbeeabc2facb832 [CANDIDATE]: Term 1 pre-election: Election decided. Result: candidate lost. Election summary: received 3 responses out of 3 voters: 1 yes votes; 2 no votes. yes voters: 12da7dcc587e47f9bdbeeabc2facb832; no voters: 57ace554b336431aaeb030ad523de81d, 604515f7ed234f189b0a4103eff125a7
I20260608 12:42:37.091383 13648 raft_consensus.cc:3060] T 232403c765234595ac555c2565a92650 P 12da7dcc587e47f9bdbeeabc2facb832 [term 0 FOLLOWER]: Advancing to term 1
W20260608 12:42:37.091532 13699 instance_detector.cc:116] could not retrieve Azure instance metadata: Network error: curl error: HTTP response code said error: The requested URL returned error: 404
W20260608 12:42:37.093009 13701 instance_detector.cc:116] could not retrieve OpenStack instance metadata: Network error: curl error: HTTP response code said error: The requested URL returned error: 404
I20260608 12:42:37.094221 12780 server_base.cc:1061] running on GCE node
I20260608 12:42:37.095423 12780 hybrid_clock.cc:584] initializing the hybrid clock with 'system_unsync' time source
W20260608 12:42:37.095753 12780 system_unsync_time.cc:38] NTP support is disabled. Clock error bounds will not be accurate. This configuration is not suitable for distributed clusters.
I20260608 12:42:37.095980 12780 hybrid_clock.cc:648] HybridClock initialized: now 1780922557095964 us; error 0 us; skew 500 ppm
I20260608 12:42:37.096886 12780 server_base.cc:861] Flag tcmalloc_max_total_thread_cache_bytes is not working since tcmalloc is not enabled.
I20260608 12:42:37.098423 13648 raft_consensus.cc:2749] T 232403c765234595ac555c2565a92650 P 12da7dcc587e47f9bdbeeabc2facb832 [term 1 FOLLOWER]: Leader pre-election lost for term 1. Reason: could not achieve majority
I20260608 12:42:37.099982 12780 webserver.cc:533] Webserver started at http://127.12.123.4:39179/ using document root <none> and password file <none>
I20260608 12:42:37.100507 12780 fs_manager.cc:362] Metadata directory not provided
I20260608 12:42:37.100679 12780 fs_manager.cc:368] Using write-ahead log directory (fs_wal_dir) as metadata directory
I20260608 12:42:37.100905 12780 server_base.cc:909] This appears to be a new deployment of Kudu; creating new FS layout
I20260608 12:42:37.102029 12780 fs_manager.cc:1068] Generated new instance metadata in path /tmp/dist-test-taskiZuLUo/test-tmp/auto_rebalancer-test.0.AutoRebalancerTest.AutoRebalancingTurnOffAndOn.1780922549175720-12780-0/minicluster-data/ts-3-root/instance:
uuid: "5d88bdccc4fb48db866d3c14c362f535"
format_stamp: "Formatted at 2026-06-08 12:42:37 on dist-test-slave-szqs"
I20260608 12:42:37.107115 12780 fs_manager.cc:696] Time spent creating directory manager: real 0.005s	user 0.005s	sys 0.000s
I20260608 12:42:37.110783 13706 log_block_manager.cc:4031] Time spent loading block containers with low live blocks: real 0.000s	user 0.000s	sys 0.000s
I20260608 12:42:37.111652 12780 fs_manager.cc:730] Time spent opening block manager: real 0.002s	user 0.001s	sys 0.000s
I20260608 12:42:37.111994 12780 fs_manager.cc:647] Opened local filesystem: /tmp/dist-test-taskiZuLUo/test-tmp/auto_rebalancer-test.0.AutoRebalancerTest.AutoRebalancingTurnOffAndOn.1780922549175720-12780-0/minicluster-data/ts-3-root
uuid: "5d88bdccc4fb48db866d3c14c362f535"
format_stamp: "Formatted at 2026-06-08 12:42:37 on dist-test-slave-szqs"
I20260608 12:42:37.112303 12780 fs_report.cc:389] FS layout report
--------------------
wal directory: /tmp/dist-test-taskiZuLUo/test-tmp/auto_rebalancer-test.0.AutoRebalancerTest.AutoRebalancingTurnOffAndOn.1780922549175720-12780-0/minicluster-data/ts-3-root
metadata directory: /tmp/dist-test-taskiZuLUo/test-tmp/auto_rebalancer-test.0.AutoRebalancerTest.AutoRebalancingTurnOffAndOn.1780922549175720-12780-0/minicluster-data/ts-3-root
1 data directories: /tmp/dist-test-taskiZuLUo/test-tmp/auto_rebalancer-test.0.AutoRebalancerTest.AutoRebalancingTurnOffAndOn.1780922549175720-12780-0/minicluster-data/ts-3-root/data
Total live blocks: 0
Total live bytes: 0
Total live bytes (after alignment): 0
Total number of LBM containers: 0 (0 full)
Did not check for missing blocks
Did not check for orphaned blocks
Total full LBM containers with extra space: 0 (0 repaired)
Total full LBM container extra space in bytes: 0 (0 repaired)
Total incomplete LBM containers: 0 (0 repaired)
Total LBM partial records: 0 (0 repaired)
Total corrupted LBM metadata records in RocksDB: 0 (0 repaired)
I20260608 12:42:37.132139 12780 rpc_server.cc:225] running with OpenSSL 1.1.1  11 Sep 2018
I20260608 12:42:37.133531 12780 kserver.cc:163] Server-wide thread pool size limit: 3276
I20260608 12:42:37.135138 12780 txn_system_client.cc:432] TxnSystemClient initialization is disabled...
I20260608 12:42:37.137727 12780 ts_tablet_manager.cc:585] Loaded tablet metadata (0 total tablets, 0 live tablets)
I20260608 12:42:37.137976 12780 ts_tablet_manager.cc:531] Time spent load tablet metadata: real 0.000s	user 0.000s	sys 0.000s
I20260608 12:42:37.138257 12780 ts_tablet_manager.cc:616] Registered 0 tablets
I20260608 12:42:37.138463 12780 ts_tablet_manager.cc:595] Time spent register tablets: real 0.000s	user 0.000s	sys 0.000s
I20260608 12:42:37.184890 12780 rpc_server.cc:307] RPC server started. Bound to: 127.12.123.4:34319
I20260608 12:42:37.184986 13768 acceptor_pool.cc:272] collecting diagnostics on the listening RPC socket 127.12.123.4:34319 every 8 connection(s)
I20260608 12:42:37.200253 13769 heartbeater.cc:344] Connected to a master server at 127.12.123.62:35521
I20260608 12:42:37.200620 13769 heartbeater.cc:461] Registering TS with master...
I20260608 12:42:37.201383 13769 heartbeater.cc:507] Master 127.12.123.62:35521 requested a full tablet report, sending...
I20260608 12:42:37.203573 13342 ts_manager.cc:194] Registered new tserver with Master: 5d88bdccc4fb48db866d3c14c362f535 (127.12.123.4:34319)
I20260608 12:42:37.204967 13342 master_service.cc:502] Signed X509 certificate for tserver {username='slave'} at 127.0.0.1:50422
I20260608 12:42:37.331311 13679 consensus_queue.cc:1048] T 5986643dbc634e0fb2544bdf463409a4 P 604515f7ed234f189b0a4103eff125a7 [LEADER]: Connected to new peer: Peer: permanent_uuid: "12da7dcc587e47f9bdbeeabc2facb832" member_type: VOTER last_known_addr { host: "127.12.123.1" port: 36245 }, Status: LMP_MISMATCH, Last received: 0.0, Next index: 1, Last known committed idx: 0, Time since last communication: 0.001s
I20260608 12:42:37.333854 13647 consensus_queue.cc:1048] T 232403c765234595ac555c2565a92650 P 57ace554b336431aaeb030ad523de81d [LEADER]: Connected to new peer: Peer: permanent_uuid: "604515f7ed234f189b0a4103eff125a7" member_type: VOTER last_known_addr { host: "127.12.123.3" port: 41899 }, Status: LMP_MISMATCH, Last received: 0.0, Next index: 1, Last known committed idx: 0, Time since last communication: 0.000s
I20260608 12:42:37.353224 13678 consensus_queue.cc:1048] T 78d53fa4979e46ffa1def3454765b9a0 P 12da7dcc587e47f9bdbeeabc2facb832 [LEADER]: Connected to new peer: Peer: permanent_uuid: "57ace554b336431aaeb030ad523de81d" member_type: VOTER last_known_addr { host: "127.12.123.2" port: 44477 }, Status: LMP_MISMATCH, Last received: 0.0, Next index: 1, Last known committed idx: 0, Time since last communication: 0.000s
I20260608 12:42:37.361395 13594 raft_consensus.cc:3060] T 78d53fa4979e46ffa1def3454765b9a0 P 604515f7ed234f189b0a4103eff125a7 [term 0 FOLLOWER]: Advancing to term 1
I20260608 12:42:37.363669 13641 consensus_queue.cc:1048] T 5986643dbc634e0fb2544bdf463409a4 P 604515f7ed234f189b0a4103eff125a7 [LEADER]: Connected to new peer: Peer: permanent_uuid: "57ace554b336431aaeb030ad523de81d" member_type: VOTER last_known_addr { host: "127.12.123.2" port: 44477 }, Status: LMP_MISMATCH, Last received: 0.0, Next index: 1, Last known committed idx: 0, Time since last communication: 0.000s
I20260608 12:42:37.358640 13647 consensus_queue.cc:1048] T 232403c765234595ac555c2565a92650 P 57ace554b336431aaeb030ad523de81d [LEADER]: Connected to new peer: Peer: permanent_uuid: "12da7dcc587e47f9bdbeeabc2facb832" member_type: VOTER last_known_addr { host: "127.12.123.1" port: 36245 }, Status: LMP_MISMATCH, Last received: 0.0, Next index: 1, Last known committed idx: 0, Time since last communication: 0.010s
I20260608 12:42:37.372010 13648 consensus_queue.cc:1048] T 6fc67b5a5f9d4237a1c9c160756a8fcd P 12da7dcc587e47f9bdbeeabc2facb832 [LEADER]: Connected to new peer: Peer: permanent_uuid: "57ace554b336431aaeb030ad523de81d" member_type: VOTER last_known_addr { host: "127.12.123.2" port: 44477 }, Status: LMP_MISMATCH, Last received: 0.0, Next index: 1, Last known committed idx: 0, Time since last communication: 0.001s
I20260608 12:42:37.383028 13648 consensus_queue.cc:1048] T 78d53fa4979e46ffa1def3454765b9a0 P 12da7dcc587e47f9bdbeeabc2facb832 [LEADER]: Connected to new peer: Peer: permanent_uuid: "604515f7ed234f189b0a4103eff125a7" member_type: VOTER last_known_addr { host: "127.12.123.3" port: 41899 }, Status: LMP_MISMATCH, Last received: 0.0, Next index: 1, Last known committed idx: 0, Time since last communication: 0.001s
I20260608 12:42:37.395637 13780 consensus_queue.cc:1048] T eba7348227804f31b8f57b9feeab1d13 P 57ace554b336431aaeb030ad523de81d [LEADER]: Connected to new peer: Peer: permanent_uuid: "12da7dcc587e47f9bdbeeabc2facb832" member_type: VOTER last_known_addr { host: "127.12.123.1" port: 36245 }, Status: LMP_MISMATCH, Last received: 0.0, Next index: 1, Last known committed idx: 0, Time since last communication: 0.000s
I20260608 12:42:37.404959 13676 consensus_queue.cc:1048] T 6fc67b5a5f9d4237a1c9c160756a8fcd P 12da7dcc587e47f9bdbeeabc2facb832 [LEADER]: Connected to new peer: Peer: permanent_uuid: "604515f7ed234f189b0a4103eff125a7" member_type: VOTER last_known_addr { host: "127.12.123.3" port: 41899 }, Status: LMP_MISMATCH, Last received: 0.0, Next index: 1, Last known committed idx: 0, Time since last communication: 0.001s
