I20260608 12:42:41.619621 13524 consensus_queue.cc:1048] T c22ba636a6384bdb81593d38990cb209 P 98927b851e704f47a320e098fb5869ea [LEADER]: Connected to new peer: Peer: permanent_uuid: "5cee15c59e94426f8f7888a93daf3831" member_type: VOTER last_known_addr { host: "127.12.44.131" port: 42935 }, Status: LMP_MISMATCH, Last received: 0.0, Next index: 2, Last known committed idx: 1, Time since last communication: 0.001s
I20260608 12:42:41.620604 13363 consensus_queue.cc:1048] T c22ba636a6384bdb81593d38990cb209 P 98927b851e704f47a320e098fb5869ea [LEADER]: Connected to new peer: Peer: permanent_uuid: "987ff7ac052b4cf893a35a9c49b74a16" member_type: VOTER last_known_addr { host: "127.12.44.129" port: 33447 } attrs { replace: true }, Status: LMP_MISMATCH, Last received: 0.0, Next index: 2, Last known committed idx: 1, Time since last communication: 0.000s
I20260608 12:42:41.628921 13363 raft_consensus.cc:2955] T c22ba636a6384bdb81593d38990cb209 P 98927b851e704f47a320e098fb5869ea [term 1 LEADER]: Committing config change with OpId 1.2: config changed from index -1 to 2, NON_VOTER 9a5e752db9ec40d9a9c9070fe24e73c3 (127.12.44.132) added. New config: { opid_index: 2 OBSOLETE_local: false peers { permanent_uuid: "987ff7ac052b4cf893a35a9c49b74a16" member_type: VOTER last_known_addr { host: "127.12.44.129" port: 33447 } attrs { replace: true } } peers { permanent_uuid: "98927b851e704f47a320e098fb5869ea" member_type: VOTER last_known_addr { host: "127.12.44.130" port: 34339 } } peers { permanent_uuid: "5cee15c59e94426f8f7888a93daf3831" member_type: VOTER last_known_addr { host: "127.12.44.131" port: 42935 } } peers { permanent_uuid: "9a5e752db9ec40d9a9c9070fe24e73c3" member_type: NON_VOTER last_known_addr { host: "127.12.44.132" port: 42579 } attrs { promote: true } } }
I20260608 12:42:41.630558 13133 raft_consensus.cc:2955] T c22ba636a6384bdb81593d38990cb209 P 987ff7ac052b4cf893a35a9c49b74a16 [term 1 FOLLOWER]: Committing config change with OpId 1.2: config changed from index -1 to 2, NON_VOTER 9a5e752db9ec40d9a9c9070fe24e73c3 (127.12.44.132) added. New config: { opid_index: 2 OBSOLETE_local: false peers { permanent_uuid: "987ff7ac052b4cf893a35a9c49b74a16" member_type: VOTER last_known_addr { host: "127.12.44.129" port: 33447 } attrs { replace: true } } peers { permanent_uuid: "98927b851e704f47a320e098fb5869ea" member_type: VOTER last_known_addr { host: "127.12.44.130" port: 34339 } } peers { permanent_uuid: "5cee15c59e94426f8f7888a93daf3831" member_type: VOTER last_known_addr { host: "127.12.44.131" port: 42935 } } peers { permanent_uuid: "9a5e752db9ec40d9a9c9070fe24e73c3" member_type: NON_VOTER last_known_addr { host: "127.12.44.132" port: 42579 } attrs { promote: true } } }
W20260608 12:42:41.631747 13174 consensus_peers.cc:597] T c22ba636a6384bdb81593d38990cb209 P 98927b851e704f47a320e098fb5869ea -> Peer 9a5e752db9ec40d9a9c9070fe24e73c3 (127.12.44.132:42579): Couldn't send request to peer 9a5e752db9ec40d9a9c9070fe24e73c3. Error code: TABLET_NOT_FOUND (6). Status: Not found: Tablet not found: c22ba636a6384bdb81593d38990cb209. This is attempt 1: this message will repeat every 5th retry.
I20260608 12:42:41.632284 13280 raft_consensus.cc:2955] T c22ba636a6384bdb81593d38990cb209 P 5cee15c59e94426f8f7888a93daf3831 [term 1 FOLLOWER]: Committing config change with OpId 1.2: config changed from index -1 to 2, NON_VOTER 9a5e752db9ec40d9a9c9070fe24e73c3 (127.12.44.132) added. New config: { opid_index: 2 OBSOLETE_local: false peers { permanent_uuid: "987ff7ac052b4cf893a35a9c49b74a16" member_type: VOTER last_known_addr { host: "127.12.44.129" port: 33447 } attrs { replace: true } } peers { permanent_uuid: "98927b851e704f47a320e098fb5869ea" member_type: VOTER last_known_addr { host: "127.12.44.130" port: 34339 } } peers { permanent_uuid: "5cee15c59e94426f8f7888a93daf3831" member_type: VOTER last_known_addr { host: "127.12.44.131" port: 42935 } } peers { permanent_uuid: "9a5e752db9ec40d9a9c9070fe24e73c3" member_type: NON_VOTER last_known_addr { host: "127.12.44.132" port: 42579 } attrs { promote: true } } }
I20260608 12:42:41.641073 13030 catalog_manager.cc:5696] T c22ba636a6384bdb81593d38990cb209 P 98927b851e704f47a320e098fb5869ea reported cstate change: config changed from index -1 to 2, NON_VOTER 9a5e752db9ec40d9a9c9070fe24e73c3 (127.12.44.132) added. New cstate: current_term: 1 leader_uuid: "98927b851e704f47a320e098fb5869ea" committed_config { opid_index: 2 OBSOLETE_local: false peers { permanent_uuid: "987ff7ac052b4cf893a35a9c49b74a16" member_type: VOTER last_known_addr { host: "127.12.44.129" port: 33447 } attrs { replace: true } health_report { overall_health: HEALTHY } } peers { permanent_uuid: "98927b851e704f47a320e098fb5869ea" member_type: VOTER last_known_addr { host: "127.12.44.130" port: 34339 } health_report { overall_health: HEALTHY } } peers { permanent_uuid: "5cee15c59e94426f8f7888a93daf3831" member_type: VOTER last_known_addr { host: "127.12.44.131" port: 42935 } health_report { overall_health: HEALTHY } } peers { permanent_uuid: "9a5e752db9ec40d9a9c9070fe24e73c3" member_type: NON_VOTER last_known_addr { host: "127.12.44.132" port: 42579 } attrs { promote: true } health_report { overall_health: UNKNOWN } } }
I20260608 12:42:41.641710 13281 consensus_queue.cc:237] T 2026fb32b7ad4e87b8936e9056f42400 P 5cee15c59e94426f8f7888a93daf3831 [LEADER]: Queue going to LEADER mode. State: All replicated index: 0, Majority replicated index: 1, Committed index: 1, Last appended: 1.1, Last appended by leader: 0, Current term: 1, Majority size: 2, State: 0, Mode: LEADER, active raft config: opid_index: 2 OBSOLETE_local: false peers { permanent_uuid: "987ff7ac052b4cf893a35a9c49b74a16" member_type: VOTER last_known_addr { host: "127.12.44.129" port: 33447 } } peers { permanent_uuid: "98927b851e704f47a320e098fb5869ea" member_type: VOTER last_known_addr { host: "127.12.44.130" port: 34339 } attrs { replace: true } } peers { permanent_uuid: "5cee15c59e94426f8f7888a93daf3831" member_type: VOTER last_known_addr { host: "127.12.44.131" port: 42935 } } peers { permanent_uuid: "9a5e752db9ec40d9a9c9070fe24e73c3" member_type: NON_VOTER last_known_addr { host: "127.12.44.132" port: 42579 } attrs { promote: true } }
I20260608 12:42:41.651882 13207 raft_consensus.cc:1275] T 2026fb32b7ad4e87b8936e9056f42400 P 98927b851e704f47a320e098fb5869ea [term 1 FOLLOWER]: Refusing update from remote peer 5cee15c59e94426f8f7888a93daf3831: Log matching property violated. Preceding OpId in replica: term: 1 index: 1. Preceding OpId from leader: term: 1 index: 2. (index mismatch)
W20260608 12:42:41.652459 13248 consensus_peers.cc:597] T 2026fb32b7ad4e87b8936e9056f42400 P 5cee15c59e94426f8f7888a93daf3831 -> Peer 9a5e752db9ec40d9a9c9070fe24e73c3 (127.12.44.132:42579): Couldn't send request to peer 9a5e752db9ec40d9a9c9070fe24e73c3. Error code: TABLET_NOT_FOUND (6). Status: Not found: Tablet not found: 2026fb32b7ad4e87b8936e9056f42400. This is attempt 1: this message will repeat every 5th retry.
I20260608 12:42:41.652823 13133 raft_consensus.cc:1275] T 2026fb32b7ad4e87b8936e9056f42400 P 987ff7ac052b4cf893a35a9c49b74a16 [term 1 FOLLOWER]: Refusing update from remote peer 5cee15c59e94426f8f7888a93daf3831: Log matching property violated. Preceding OpId in replica: term: 1 index: 1. Preceding OpId from leader: term: 1 index: 2. (index mismatch)
I20260608 12:42:41.653614 13521 consensus_queue.cc:1048] T 2026fb32b7ad4e87b8936e9056f42400 P 5cee15c59e94426f8f7888a93daf3831 [LEADER]: Connected to new peer: Peer: permanent_uuid: "98927b851e704f47a320e098fb5869ea" member_type: VOTER last_known_addr { host: "127.12.44.130" port: 34339 } attrs { replace: true }, Status: LMP_MISMATCH, Last received: 0.0, Next index: 2, Last known committed idx: 1, Time since last communication: 0.001s
I20260608 12:42:41.654743 13500 consensus_queue.cc:1048] T 2026fb32b7ad4e87b8936e9056f42400 P 5cee15c59e94426f8f7888a93daf3831 [LEADER]: Connected to new peer: Peer: permanent_uuid: "987ff7ac052b4cf893a35a9c49b74a16" member_type: VOTER last_known_addr { host: "127.12.44.129" port: 33447 }, Status: LMP_MISMATCH, Last received: 0.0, Next index: 2, Last known committed idx: 1, Time since last communication: 0.000s
I20260608 12:42:41.664744 13500 raft_consensus.cc:2955] T 2026fb32b7ad4e87b8936e9056f42400 P 5cee15c59e94426f8f7888a93daf3831 [term 1 LEADER]: Committing config change with OpId 1.2: config changed from index -1 to 2, NON_VOTER 9a5e752db9ec40d9a9c9070fe24e73c3 (127.12.44.132) added. New config: { opid_index: 2 OBSOLETE_local: false peers { permanent_uuid: "987ff7ac052b4cf893a35a9c49b74a16" member_type: VOTER last_known_addr { host: "127.12.44.129" port: 33447 } } peers { permanent_uuid: "98927b851e704f47a320e098fb5869ea" member_type: VOTER last_known_addr { host: "127.12.44.130" port: 34339 } attrs { replace: true } } peers { permanent_uuid: "5cee15c59e94426f8f7888a93daf3831" member_type: VOTER last_known_addr { host: "127.12.44.131" port: 42935 } } peers { permanent_uuid: "9a5e752db9ec40d9a9c9070fe24e73c3" member_type: NON_VOTER last_known_addr { host: "127.12.44.132" port: 42579 } attrs { promote: true } } }
I20260608 12:42:41.666704 13133 raft_consensus.cc:2955] T 2026fb32b7ad4e87b8936e9056f42400 P 987ff7ac052b4cf893a35a9c49b74a16 [term 1 FOLLOWER]: Committing config change with OpId 1.2: config changed from index -1 to 2, NON_VOTER 9a5e752db9ec40d9a9c9070fe24e73c3 (127.12.44.132) added. New config: { opid_index: 2 OBSOLETE_local: false peers { permanent_uuid: "987ff7ac052b4cf893a35a9c49b74a16" member_type: VOTER last_known_addr { host: "127.12.44.129" port: 33447 } } peers { permanent_uuid: "98927b851e704f47a320e098fb5869ea" member_type: VOTER last_known_addr { host: "127.12.44.130" port: 34339 } attrs { replace: true } } peers { permanent_uuid: "5cee15c59e94426f8f7888a93daf3831" member_type: VOTER last_known_addr { host: "127.12.44.131" port: 42935 } } peers { permanent_uuid: "9a5e752db9ec40d9a9c9070fe24e73c3" member_type: NON_VOTER last_known_addr { host: "127.12.44.132" port: 42579 } attrs { promote: true } } }
I20260608 12:42:41.666685 13207 raft_consensus.cc:2955] T 2026fb32b7ad4e87b8936e9056f42400 P 98927b851e704f47a320e098fb5869ea [term 1 FOLLOWER]: Committing config change with OpId 1.2: config changed from index -1 to 2, NON_VOTER 9a5e752db9ec40d9a9c9070fe24e73c3 (127.12.44.132) added. New config: { opid_index: 2 OBSOLETE_local: false peers { permanent_uuid: "987ff7ac052b4cf893a35a9c49b74a16" member_type: VOTER last_known_addr { host: "127.12.44.129" port: 33447 } } peers { permanent_uuid: "98927b851e704f47a320e098fb5869ea" member_type: VOTER last_known_addr { host: "127.12.44.130" port: 34339 } attrs { replace: true } } peers { permanent_uuid: "5cee15c59e94426f8f7888a93daf3831" member_type: VOTER last_known_addr { host: "127.12.44.131" port: 42935 } } peers { permanent_uuid: "9a5e752db9ec40d9a9c9070fe24e73c3" member_type: NON_VOTER last_known_addr { host: "127.12.44.132" port: 42579 } attrs { promote: true } } }
I20260608 12:42:41.677161 13029 catalog_manager.cc:5696] T 2026fb32b7ad4e87b8936e9056f42400 P 987ff7ac052b4cf893a35a9c49b74a16 reported cstate change: config changed from index -1 to 2, NON_VOTER 9a5e752db9ec40d9a9c9070fe24e73c3 (127.12.44.132) added. New cstate: current_term: 1 leader_uuid: "5cee15c59e94426f8f7888a93daf3831" committed_config { opid_index: 2 OBSOLETE_local: false peers { permanent_uuid: "987ff7ac052b4cf893a35a9c49b74a16" member_type: VOTER last_known_addr { host: "127.12.44.129" port: 33447 } } peers { permanent_uuid: "98927b851e704f47a320e098fb5869ea" member_type: VOTER last_known_addr { host: "127.12.44.130" port: 34339 } attrs { replace: true } } peers { permanent_uuid: "5cee15c59e94426f8f7888a93daf3831" member_type: VOTER last_known_addr { host: "127.12.44.131" port: 42935 } } peers { permanent_uuid: "9a5e752db9ec40d9a9c9070fe24e73c3" member_type: NON_VOTER last_known_addr { host: "127.12.44.132" port: 42579 } attrs { promote: true } } }
I20260608 12:42:41.690068 12466 tablet_server.cc:179] TabletServer@127.12.44.129:0 shutting down...
I20260608 12:42:41.721099 12466 ts_tablet_manager.cc:1507] Shutting down tablet manager...
I20260608 12:42:41.721982 12466 tablet_replica.cc:333] T c22ba636a6384bdb81593d38990cb209 P 987ff7ac052b4cf893a35a9c49b74a16: stopping tablet replica
I20260608 12:42:41.722666 12466 raft_consensus.cc:2243] T c22ba636a6384bdb81593d38990cb209 P 987ff7ac052b4cf893a35a9c49b74a16 [term 1 FOLLOWER]: Raft consensus shutting down.
I20260608 12:42:41.723196 12466 raft_consensus.cc:2272] T c22ba636a6384bdb81593d38990cb209 P 987ff7ac052b4cf893a35a9c49b74a16 [term 1 FOLLOWER]: Raft consensus is shut down!
I20260608 12:42:41.725697 12466 tablet_replica.cc:333] T 5ae98f7e1f114296a0ffcee87d8d28af P 987ff7ac052b4cf893a35a9c49b74a16: stopping tablet replica
I20260608 12:42:41.726267 12466 raft_consensus.cc:2243] T 5ae98f7e1f114296a0ffcee87d8d28af P 987ff7ac052b4cf893a35a9c49b74a16 [term 1 FOLLOWER]: Raft consensus shutting down.
I20260608 12:42:41.726665 12466 raft_consensus.cc:2272] T 5ae98f7e1f114296a0ffcee87d8d28af P 987ff7ac052b4cf893a35a9c49b74a16 [term 1 FOLLOWER]: Raft consensus is shut down!
I20260608 12:42:41.728593 12466 tablet_replica.cc:333] T 8ec548b2683341f3b0c3fc700a91cc17 P 987ff7ac052b4cf893a35a9c49b74a16: stopping tablet replica
I20260608 12:42:41.729270 12466 raft_consensus.cc:2243] T 8ec548b2683341f3b0c3fc700a91cc17 P 987ff7ac052b4cf893a35a9c49b74a16 [term 2 LEADER]: Raft consensus shutting down.
I20260608 12:42:41.730451 12466 raft_consensus.cc:2272] T 8ec548b2683341f3b0c3fc700a91cc17 P 987ff7ac052b4cf893a35a9c49b74a16 [term 2 FOLLOWER]: Raft consensus is shut down!
I20260608 12:42:41.733048 12466 tablet_replica.cc:333] T 04bc536e398e46608f13317428d49793 P 987ff7ac052b4cf893a35a9c49b74a16: stopping tablet replica
I20260608 12:42:41.733632 12466 raft_consensus.cc:2243] T 04bc536e398e46608f13317428d49793 P 987ff7ac052b4cf893a35a9c49b74a16 [term 1 FOLLOWER]: Raft consensus shutting down.
I20260608 12:42:41.734099 12466 raft_consensus.cc:2272] T 04bc536e398e46608f13317428d49793 P 987ff7ac052b4cf893a35a9c49b74a16 [term 1 FOLLOWER]: Raft consensus is shut down!
I20260608 12:42:41.736366 12466 tablet_replica.cc:333] T b2ac416d53fa445492e9fde4e4b75794 P 987ff7ac052b4cf893a35a9c49b74a16: stopping tablet replica
I20260608 12:42:41.736902 12466 raft_consensus.cc:2243] T b2ac416d53fa445492e9fde4e4b75794 P 987ff7ac052b4cf893a35a9c49b74a16 [term 2 LEADER]: Raft consensus shutting down.
I20260608 12:42:41.737563 12466 raft_consensus.cc:2272] T b2ac416d53fa445492e9fde4e4b75794 P 987ff7ac052b4cf893a35a9c49b74a16 [term 2 FOLLOWER]: Raft consensus is shut down!
I20260608 12:42:41.739491 12466 tablet_replica.cc:333] T 2b8ce615735d46f3b02014585d7fbf10 P 987ff7ac052b4cf893a35a9c49b74a16: stopping tablet replica
I20260608 12:42:41.739971 12466 raft_consensus.cc:2243] T 2b8ce615735d46f3b02014585d7fbf10 P 987ff7ac052b4cf893a35a9c49b74a16 [term 1 FOLLOWER]: Raft consensus shutting down.
I20260608 12:42:41.740339 12466 raft_consensus.cc:2272] T 2b8ce615735d46f3b02014585d7fbf10 P 987ff7ac052b4cf893a35a9c49b74a16 [term 1 FOLLOWER]: Raft consensus is shut down!
I20260608 12:42:41.742224 12466 tablet_replica.cc:333] T bd33249bee95426c9a7f4ec97b0fd583 P 987ff7ac052b4cf893a35a9c49b74a16: stopping tablet replica
I20260608 12:42:41.742749 12466 raft_consensus.cc:2243] T bd33249bee95426c9a7f4ec97b0fd583 P 987ff7ac052b4cf893a35a9c49b74a16 [term 1 LEADER]: Raft consensus shutting down.
I20260608 12:42:41.743476 12466 raft_consensus.cc:2272] T bd33249bee95426c9a7f4ec97b0fd583 P 987ff7ac052b4cf893a35a9c49b74a16 [term 1 FOLLOWER]: Raft consensus is shut down!
I20260608 12:42:41.745442 12466 tablet_replica.cc:333] T 2026fb32b7ad4e87b8936e9056f42400 P 987ff7ac052b4cf893a35a9c49b74a16: stopping tablet replica
I20260608 12:42:41.745900 12466 raft_consensus.cc:2243] T 2026fb32b7ad4e87b8936e9056f42400 P 987ff7ac052b4cf893a35a9c49b74a16 [term 1 FOLLOWER]: Raft consensus shutting down.
I20260608 12:42:41.746336 12466 raft_consensus.cc:2272] T 2026fb32b7ad4e87b8936e9056f42400 P 987ff7ac052b4cf893a35a9c49b74a16 [term 1 FOLLOWER]: Raft consensus is shut down!
I20260608 12:42:41.776873 12466 tablet_server.cc:196] TabletServer@127.12.44.129:0 shutdown complete.
I20260608 12:42:41.796051 12466 tablet_server.cc:179] TabletServer@127.12.44.130:0 shutting down...
I20260608 12:42:41.828486 12466 ts_tablet_manager.cc:1507] Shutting down tablet manager...
I20260608 12:42:41.829345 12466 tablet_replica.cc:333] T 2026fb32b7ad4e87b8936e9056f42400 P 98927b851e704f47a320e098fb5869ea: stopping tablet replica
I20260608 12:42:41.829932 12466 raft_consensus.cc:2243] T 2026fb32b7ad4e87b8936e9056f42400 P 98927b851e704f47a320e098fb5869ea [term 1 FOLLOWER]: Raft consensus shutting down.
I20260608 12:42:41.830399 12466 raft_consensus.cc:2272] T 2026fb32b7ad4e87b8936e9056f42400 P 98927b851e704f47a320e098fb5869ea [term 1 FOLLOWER]: Raft consensus is shut down!
I20260608 12:42:41.832679 12466 tablet_replica.cc:333] T 5ae98f7e1f114296a0ffcee87d8d28af P 98927b851e704f47a320e098fb5869ea: stopping tablet replica
I20260608 12:42:41.833251 12466 raft_consensus.cc:2243] T 5ae98f7e1f114296a0ffcee87d8d28af P 98927b851e704f47a320e098fb5869ea [term 1 LEADER]: Raft consensus shutting down.
I20260608 12:42:41.834007 12466 raft_consensus.cc:2272] T 5ae98f7e1f114296a0ffcee87d8d28af P 98927b851e704f47a320e098fb5869ea [term 1 FOLLOWER]: Raft consensus is shut down!
I20260608 12:42:41.835819 12466 tablet_replica.cc:333] T 8ec548b2683341f3b0c3fc700a91cc17 P 98927b851e704f47a320e098fb5869ea: stopping tablet replica
I20260608 12:42:41.836370 12466 raft_consensus.cc:2243] T 8ec548b2683341f3b0c3fc700a91cc17 P 98927b851e704f47a320e098fb5869ea [term 2 FOLLOWER]: Raft consensus shutting down.
I20260608 12:42:41.836813 12466 raft_consensus.cc:2272] T 8ec548b2683341f3b0c3fc700a91cc17 P 98927b851e704f47a320e098fb5869ea [term 2 FOLLOWER]: Raft consensus is shut down!
I20260608 12:42:41.839015 12466 tablet_replica.cc:333] T b2ac416d53fa445492e9fde4e4b75794 P 98927b851e704f47a320e098fb5869ea: stopping tablet replica
I20260608 12:42:41.839555 12466 raft_consensus.cc:2243] T b2ac416d53fa445492e9fde4e4b75794 P 98927b851e704f47a320e098fb5869ea [term 2 FOLLOWER]: Raft consensus shutting down.
I20260608 12:42:41.839949 12466 raft_consensus.cc:2272] T b2ac416d53fa445492e9fde4e4b75794 P 98927b851e704f47a320e098fb5869ea [term 2 FOLLOWER]: Raft consensus is shut down!
I20260608 12:42:41.841629 12466 tablet_replica.cc:333] T 2b8ce615735d46f3b02014585d7fbf10 P 98927b851e704f47a320e098fb5869ea: stopping tablet replica
I20260608 12:42:41.842082 12466 raft_consensus.cc:2243] T 2b8ce615735d46f3b02014585d7fbf10 P 98927b851e704f47a320e098fb5869ea [term 1 LEADER]: Raft consensus shutting down.
I20260608 12:42:41.842779 12466 raft_consensus.cc:2272] T 2b8ce615735d46f3b02014585d7fbf10 P 98927b851e704f47a320e098fb5869ea [term 1 FOLLOWER]: Raft consensus is shut down!
I20260608 12:42:41.844513 12466 tablet_replica.cc:333] T bd33249bee95426c9a7f4ec97b0fd583 P 98927b851e704f47a320e098fb5869ea: stopping tablet replica
I20260608 12:42:41.844965 12466 raft_consensus.cc:2243] T bd33249bee95426c9a7f4ec97b0fd583 P 98927b851e704f47a320e098fb5869ea [term 1 FOLLOWER]: Raft consensus shutting down.
I20260608 12:42:41.845350 12466 raft_consensus.cc:2272] T bd33249bee95426c9a7f4ec97b0fd583 P 98927b851e704f47a320e098fb5869ea [term 1 FOLLOWER]: Raft consensus is shut down!
I20260608 12:42:41.847158 12466 tablet_replica.cc:333] T c22ba636a6384bdb81593d38990cb209 P 98927b851e704f47a320e098fb5869ea: stopping tablet replica
I20260608 12:42:41.847631 12466 raft_consensus.cc:2243] T c22ba636a6384bdb81593d38990cb209 P 98927b851e704f47a320e098fb5869ea [term 1 LEADER]: Raft consensus shutting down.
I20260608 12:42:41.848460 12466 raft_consensus.cc:2272] T c22ba636a6384bdb81593d38990cb209 P 98927b851e704f47a320e098fb5869ea [term 1 FOLLOWER]: Raft consensus is shut down!
I20260608 12:42:41.850443 12466 tablet_replica.cc:333] T 04bc536e398e46608f13317428d49793 P 98927b851e704f47a320e098fb5869ea: stopping tablet replica
I20260608 12:42:41.850883 12466 raft_consensus.cc:2243] T 04bc536e398e46608f13317428d49793 P 98927b851e704f47a320e098fb5869ea [term 1 FOLLOWER]: Raft consensus shutting down.
I20260608 12:42:41.851305 12466 raft_consensus.cc:2272] T 04bc536e398e46608f13317428d49793 P 98927b851e704f47a320e098fb5869ea [term 1 FOLLOWER]: Raft consensus is shut down!
I20260608 12:42:41.879889 12466 tablet_server.cc:196] TabletServer@127.12.44.130:0 shutdown complete.
I20260608 12:42:41.899514 12466 tablet_server.cc:179] TabletServer@127.12.44.131:0 shutting down...
I20260608 12:42:41.926004 12466 ts_tablet_manager.cc:1507] Shutting down tablet manager...
I20260608 12:42:41.926766 12466 tablet_replica.cc:333] T c22ba636a6384bdb81593d38990cb209 P 5cee15c59e94426f8f7888a93daf3831: stopping tablet replica
I20260608 12:42:41.927613 12466 raft_consensus.cc:2243] T c22ba636a6384bdb81593d38990cb209 P 5cee15c59e94426f8f7888a93daf3831 [term 1 FOLLOWER]: Raft consensus shutting down.
I20260608 12:42:41.928237 12466 raft_consensus.cc:2272] T c22ba636a6384bdb81593d38990cb209 P 5cee15c59e94426f8f7888a93daf3831 [term 1 FOLLOWER]: Raft consensus is shut down!
I20260608 12:42:41.930539 12466 tablet_replica.cc:333] T 2026fb32b7ad4e87b8936e9056f42400 P 5cee15c59e94426f8f7888a93daf3831: stopping tablet replica
I20260608 12:42:41.931044 12466 raft_consensus.cc:2243] T 2026fb32b7ad4e87b8936e9056f42400 P 5cee15c59e94426f8f7888a93daf3831 [term 1 LEADER]: Raft consensus shutting down.
I20260608 12:42:41.931921 12466 raft_consensus.cc:2272] T 2026fb32b7ad4e87b8936e9056f42400 P 5cee15c59e94426f8f7888a93daf3831 [term 1 FOLLOWER]: Raft consensus is shut down!
I20260608 12:42:41.934077 12466 tablet_replica.cc:333] T bd33249bee95426c9a7f4ec97b0fd583 P 5cee15c59e94426f8f7888a93daf3831: stopping tablet replica
I20260608 12:42:41.934597 12466 raft_consensus.cc:2243] T bd33249bee95426c9a7f4ec97b0fd583 P 5cee15c59e94426f8f7888a93daf3831 [term 1 FOLLOWER]: Raft consensus shutting down.
I20260608 12:42:41.934973 12466 raft_consensus.cc:2272] T bd33249bee95426c9a7f4ec97b0fd583 P 5cee15c59e94426f8f7888a93daf3831 [term 1 FOLLOWER]: Raft consensus is shut down!
I20260608 12:42:41.936777 12466 tablet_replica.cc:333] T 04bc536e398e46608f13317428d49793 P 5cee15c59e94426f8f7888a93daf3831: stopping tablet replica
I20260608 12:42:41.937239 12466 raft_consensus.cc:2243] T 04bc536e398e46608f13317428d49793 P 5cee15c59e94426f8f7888a93daf3831 [term 1 LEADER]: Raft consensus shutting down.
I20260608 12:42:41.938055 12466 raft_consensus.cc:2272] T 04bc536e398e46608f13317428d49793 P 5cee15c59e94426f8f7888a93daf3831 [term 1 FOLLOWER]: Raft consensus is shut down!
I20260608 12:42:41.940194 12466 tablet_replica.cc:333] T 2b8ce615735d46f3b02014585d7fbf10 P 5cee15c59e94426f8f7888a93daf3831: stopping tablet replica
I20260608 12:42:41.940659 12466 raft_consensus.cc:2243] T 2b8ce615735d46f3b02014585d7fbf10 P 5cee15c59e94426f8f7888a93daf3831 [term 1 FOLLOWER]: Raft consensus shutting down.
I20260608 12:42:41.941030 12466 raft_consensus.cc:2272] T 2b8ce615735d46f3b02014585d7fbf10 P 5cee15c59e94426f8f7888a93daf3831 [term 1 FOLLOWER]: Raft consensus is shut down!
I20260608 12:42:41.942687 12466 tablet_replica.cc:333] T b2ac416d53fa445492e9fde4e4b75794 P 5cee15c59e94426f8f7888a93daf3831: stopping tablet replica
I20260608 12:42:41.943142 12466 raft_consensus.cc:2243] T b2ac416d53fa445492e9fde4e4b75794 P 5cee15c59e94426f8f7888a93daf3831 [term 2 FOLLOWER]: Raft consensus shutting down.
I20260608 12:42:41.943563 12466 raft_consensus.cc:2272] T b2ac416d53fa445492e9fde4e4b75794 P 5cee15c59e94426f8f7888a93daf3831 [term 2 FOLLOWER]: Raft consensus is shut down!
I20260608 12:42:41.945124 12466 tablet_replica.cc:333] T 5ae98f7e1f114296a0ffcee87d8d28af P 5cee15c59e94426f8f7888a93daf3831: stopping tablet replica
I20260608 12:42:41.945574 12466 raft_consensus.cc:2243] T 5ae98f7e1f114296a0ffcee87d8d28af P 5cee15c59e94426f8f7888a93daf3831 [term 1 FOLLOWER]: Raft consensus shutting down.
I20260608 12:42:41.945937 12466 raft_consensus.cc:2272] T 5ae98f7e1f114296a0ffcee87d8d28af P 5cee15c59e94426f8f7888a93daf3831 [term 1 FOLLOWER]: Raft consensus is shut down!
I20260608 12:42:41.947715 12466 tablet_replica.cc:333] T 8ec548b2683341f3b0c3fc700a91cc17 P 5cee15c59e94426f8f7888a93daf3831: stopping tablet replica
I20260608 12:42:41.948130 12466 raft_consensus.cc:2243] T 8ec548b2683341f3b0c3fc700a91cc17 P 5cee15c59e94426f8f7888a93daf3831 [term 2 FOLLOWER]: Raft consensus shutting down.
I20260608 12:42:41.948544 12466 raft_consensus.cc:2272] T 8ec548b2683341f3b0c3fc700a91cc17 P 5cee15c59e94426f8f7888a93daf3831 [term 2 FOLLOWER]: Raft consensus is shut down!
I20260608 12:42:41.975725 12466 tablet_server.cc:196] TabletServer@127.12.44.131:0 shutdown complete.
I20260608 12:42:41.993762 12466 tablet_server.cc:179] TabletServer@127.12.44.132:0 shutting down...
I20260608 12:42:42.025393 12466 ts_tablet_manager.cc:1507] Shutting down tablet manager...
I20260608 12:42:42.042457 12466 tablet_server.cc:196] TabletServer@127.12.44.132:0 shutdown complete.
I20260608 12:42:42.051918 12466 master.cc:562] Master@127.12.44.190:36623 shutting down...
W20260608 12:42:42.077842 13079 auto_rebalancer.cc:835] Removing replace marker failed: Catalog manager is not initialized. State: Closing
W20260608 12:42:42.078071 13079 auto_rebalancer.cc:863] Could not move replica: Service unavailable: Catalog manager is not initialized. State: Closing
W20260608 12:42:42.078289 13079 auto_rebalancer.cc:301] scheduled replica move failed to complete: Service unavailable: Catalog manager is not initialized. State: Closing
I20260608 12:42:42.079464 12466 raft_consensus.cc:2243] T 00000000000000000000000000000000 P b7368a18e8bb4f06825279c66b827994 [term 1 LEADER]: Raft consensus shutting down.
I20260608 12:42:42.079902 12466 raft_consensus.cc:2272] T 00000000000000000000000000000000 P b7368a18e8bb4f06825279c66b827994 [term 1 FOLLOWER]: Raft consensus is shut down!
I20260608 12:42:42.080186 12466 tablet_replica.cc:333] T 00000000000000000000000000000000 P b7368a18e8bb4f06825279c66b827994: stopping tablet replica
I20260608 12:42:42.098289 12466 master.cc:584] Master@127.12.44.190:36623 shutdown complete.
[       OK ] AutoRebalancerTest.AutoRebalancingTurnOffAndOn (8795 ms)
[ RUN      ] AutoRebalancerTest.NextLeaderResumesAutoRebalancing
I20260608 12:42:42.133175 12466 internal_mini_cluster.cc:156] Creating distributed mini masters. Addrs: 127.12.44.190:43207,127.12.44.189:35045,127.12.44.188:32779
I20260608 12:42:42.134558 12466 file_cache.cc:492] Constructed file cache file cache with capacity 419430
W20260608 12:42:42.140117 13531 instance_detector.cc:116] could not retrieve AWS instance metadata: Network error: curl error: HTTP response code said error: The requested URL returned error: 404
W20260608 12:42:42.140214 13532 instance_detector.cc:116] could not retrieve Azure instance metadata: Network error: curl error: HTTP response code said error: The requested URL returned error: 404
W20260608 12:42:42.140728 13534 instance_detector.cc:116] could not retrieve OpenStack instance metadata: Network error: curl error: HTTP response code said error: The requested URL returned error: 404
I20260608 12:42:42.142565 12466 server_base.cc:1061] running on GCE node
I20260608 12:42:42.143465 12466 hybrid_clock.cc:584] initializing the hybrid clock with 'system_unsync' time source
W20260608 12:42:42.143648 12466 system_unsync_time.cc:38] NTP support is disabled. Clock error bounds will not be accurate. This configuration is not suitable for distributed clusters.
I20260608 12:42:42.143788 12466 hybrid_clock.cc:648] HybridClock initialized: now 1780922562143770 us; error 0 us; skew 500 ppm
I20260608 12:42:42.144323 12466 server_base.cc:861] Flag tcmalloc_max_total_thread_cache_bytes is not working since tcmalloc is not enabled.
I20260608 12:42:42.146593 12466 webserver.cc:533] Webserver started at http://127.12.44.190:37241/ using document root <none> and password file <none>
I20260608 12:42:42.147089 12466 fs_manager.cc:362] Metadata directory not provided
I20260608 12:42:42.147262 12466 fs_manager.cc:368] Using write-ahead log directory (fs_wal_dir) as metadata directory
I20260608 12:42:42.147558 12466 server_base.cc:909] This appears to be a new deployment of Kudu; creating new FS layout
I20260608 12:42:42.148633 12466 fs_manager.cc:1068] Generated new instance metadata in path /tmp/dist-test-taskc4xzjz/test-tmp/auto_rebalancer-test.0.AutoRebalancerTest.NextLeaderResumesAutoRebalancing.1780922548222333-12466-0/minicluster-data/master-0-root/instance:
uuid: "e3b1059496be4587957891eaac226318"
format_stamp: "Formatted at 2026-06-08 12:42:42 on dist-test-slave-jl41"
I20260608 12:42:42.153009 12466 fs_manager.cc:696] Time spent creating directory manager: real 0.004s	user 0.005s	sys 0.000s
I20260608 12:42:42.156425 13539 log_block_manager.cc:4031] Time spent loading block containers with low live blocks: real 0.000s	user 0.000s	sys 0.000s
I20260608 12:42:42.157147 12466 fs_manager.cc:730] Time spent opening block manager: real 0.002s	user 0.003s	sys 0.000s
I20260608 12:42:42.157419 12466 fs_manager.cc:647] Opened local filesystem: /tmp/dist-test-taskc4xzjz/test-tmp/auto_rebalancer-test.0.AutoRebalancerTest.NextLeaderResumesAutoRebalancing.1780922548222333-12466-0/minicluster-data/master-0-root
uuid: "e3b1059496be4587957891eaac226318"
format_stamp: "Formatted at 2026-06-08 12:42:42 on dist-test-slave-jl41"
I20260608 12:42:42.157680 12466 fs_report.cc:389] FS layout report
--------------------
wal directory: /tmp/dist-test-taskc4xzjz/test-tmp/auto_rebalancer-test.0.AutoRebalancerTest.NextLeaderResumesAutoRebalancing.1780922548222333-12466-0/minicluster-data/master-0-root
metadata directory: /tmp/dist-test-taskc4xzjz/test-tmp/auto_rebalancer-test.0.AutoRebalancerTest.NextLeaderResumesAutoRebalancing.1780922548222333-12466-0/minicluster-data/master-0-root
1 data directories: /tmp/dist-test-taskc4xzjz/test-tmp/auto_rebalancer-test.0.AutoRebalancerTest.NextLeaderResumesAutoRebalancing.1780922548222333-12466-0/minicluster-data/master-0-root/data
Total live blocks: 0
Total live bytes: 0
Total live bytes (after alignment): 0
Total number of LBM containers: 0 (0 full)
Did not check for missing blocks
Did not check for orphaned blocks
Total full LBM containers with extra space: 0 (0 repaired)
Total full LBM container extra space in bytes: 0 (0 repaired)
Total incomplete LBM containers: 0 (0 repaired)
Total LBM partial records: 0 (0 repaired)
Total corrupted LBM metadata records in RocksDB: 0 (0 repaired)
I20260608 12:42:42.181931 12466 rpc_server.cc:225] running with OpenSSL 1.1.1  11 Sep 2018
I20260608 12:42:42.183135 12466 kserver.cc:163] Server-wide thread pool size limit: 3276
I20260608 12:42:42.219292 12466 rpc_server.cc:307] RPC server started. Bound to: 127.12.44.190:43207
I20260608 12:42:42.219445 13590 acceptor_pool.cc:272] collecting diagnostics on the listening RPC socket 127.12.44.190:43207 every 8 connection(s)
I20260608 12:42:42.223352 13591 data_dirs.cc:400] Could only allocate 1 dirs of requested 3 for tablet 00000000000000000000000000000000. 1 dirs total, 0 dirs full, 0 dirs failed
I20260608 12:42:42.223419 12466 file_cache.cc:492] Constructed file cache file cache with capacity 419430
W20260608 12:42:42.228509 13593 instance_detector.cc:116] could not retrieve AWS instance metadata: Network error: curl error: HTTP response code said error: The requested URL returned error: 404
W20260608 12:42:42.229426 13594 instance_detector.cc:116] could not retrieve Azure instance metadata: Network error: curl error: HTTP response code said error: The requested URL returned error: 404
I20260608 12:42:42.230379 13591 sys_catalog.cc:422] member_type: VOTER last_known_addr { host: "127.12.44.190" port: 43207 } has no permanent_uuid. Determining permanent_uuid...
W20260608 12:42:42.232016 13596 instance_detector.cc:116] could not retrieve OpenStack instance metadata: Network error: curl error: HTTP response code said error: The requested URL returned error: 404
I20260608 12:42:42.233484 12466 server_base.cc:1061] running on GCE node
I20260608 12:42:42.234434 12466 hybrid_clock.cc:584] initializing the hybrid clock with 'system_unsync' time source
W20260608 12:42:42.234622 12466 system_unsync_time.cc:38] NTP support is disabled. Clock error bounds will not be accurate. This configuration is not suitable for distributed clusters.
I20260608 12:42:42.234788 12466 hybrid_clock.cc:648] HybridClock initialized: now 1780922562234771 us; error 0 us; skew 500 ppm
I20260608 12:42:42.235392 12466 server_base.cc:861] Flag tcmalloc_max_total_thread_cache_bytes is not working since tcmalloc is not enabled.
I20260608 12:42:42.237948 12466 webserver.cc:533] Webserver started at http://127.12.44.189:44029/ using document root <none> and password file <none>
I20260608 12:42:42.238447 12466 fs_manager.cc:362] Metadata directory not provided
I20260608 12:42:42.238664 12466 fs_manager.cc:368] Using write-ahead log directory (fs_wal_dir) as metadata directory
I20260608 12:42:42.238968 12466 server_base.cc:909] This appears to be a new deployment of Kudu; creating new FS layout
I20260608 12:42:42.240332 12466 fs_manager.cc:1068] Generated new instance metadata in path /tmp/dist-test-taskc4xzjz/test-tmp/auto_rebalancer-test.0.AutoRebalancerTest.NextLeaderResumesAutoRebalancing.1780922548222333-12466-0/minicluster-data/master-1-root/instance:
uuid: "b9adedaa062c4f46a8dd1607d141e2bb"
format_stamp: "Formatted at 2026-06-08 12:42:42 on dist-test-slave-jl41"
I20260608 12:42:42.244138 13591 sys_catalog.cc:422] member_type: VOTER last_known_addr { host: "127.12.44.189" port: 35045 } has no permanent_uuid. Determining permanent_uuid...
I20260608 12:42:42.245596 12466 fs_manager.cc:696] Time spent creating directory manager: real 0.005s	user 0.005s	sys 0.001s
W20260608 12:42:42.246845 13541 proxy.cc:239] Call had error, refreshing address and retrying: Network error: Client connection negotiation failed: client connection to 127.12.44.189:35045: connect: Connection refused (error 111) [suppressed 6 similar messages]
I20260608 12:42:42.249660 13604 log_block_manager.cc:4031] Time spent loading block containers with low live blocks: real 0.000s	user 0.000s	sys 0.000s
W20260608 12:42:42.250098 13591 consensus_peers.cc:760] Error getting permanent uuid from config peer 127.12.44.189:35045: Network error: Client connection negotiation failed: client connection to 127.12.44.189:35045: connect: Connection refused (error 111)
I20260608 12:42:42.250430 12466 fs_manager.cc:730] Time spent opening block manager: real 0.002s	user 0.002s	sys 0.000s
I20260608 12:42:42.250707 12466 fs_manager.cc:647] Opened local filesystem: /tmp/dist-test-taskc4xzjz/test-tmp/auto_rebalancer-test.0.AutoRebalancerTest.NextLeaderResumesAutoRebalancing.1780922548222333-12466-0/minicluster-data/master-1-root
uuid: "b9adedaa062c4f46a8dd1607d141e2bb"
format_stamp: "Formatted at 2026-06-08 12:42:42 on dist-test-slave-jl41"
I20260608 12:42:42.250954 12466 fs_report.cc:389] FS layout report
--------------------
wal directory: /tmp/dist-test-taskc4xzjz/test-tmp/auto_rebalancer-test.0.AutoRebalancerTest.NextLeaderResumesAutoRebalancing.1780922548222333-12466-0/minicluster-data/master-1-root
metadata directory: /tmp/dist-test-taskc4xzjz/test-tmp/auto_rebalancer-test.0.AutoRebalancerTest.NextLeaderResumesAutoRebalancing.1780922548222333-12466-0/minicluster-data/master-1-root
1 data directories: /tmp/dist-test-taskc4xzjz/test-tmp/auto_rebalancer-test.0.AutoRebalancerTest.NextLeaderResumesAutoRebalancing.1780922548222333-12466-0/minicluster-data/master-1-root/data
Total live blocks: 0
Total live bytes: 0
Total live bytes (after alignment): 0
Total number of LBM containers: 0 (0 full)
Did not check for missing blocks
Did not check for orphaned blocks
Total full LBM containers with extra space: 0 (0 repaired)
Total full LBM container extra space in bytes: 0 (0 repaired)
Total incomplete LBM containers: 0 (0 repaired)
Total LBM partial records: 0 (0 repaired)
Total corrupted LBM metadata records in RocksDB: 0 (0 repaired)
I20260608 12:42:42.273628 12466 rpc_server.cc:225] running with OpenSSL 1.1.1  11 Sep 2018
I20260608 12:42:42.274793 12466 kserver.cc:163] Server-wide thread pool size limit: 3276
I20260608 12:42:42.285625 13591 consensus_peers.cc:770] Retrying to get permanent uuid for remote peer: member_type: VOTER last_known_addr { host: "127.12.44.189" port: 35045 } attempt: 1
W20260608 12:42:42.291221 13591 consensus_peers.cc:760] Error getting permanent uuid from config peer 127.12.44.189:35045: Network error: Client connection negotiation failed: client connection to 127.12.44.189:35045: connect: Connection refused (error 111)
I20260608 12:42:42.314352 12466 rpc_server.cc:307] RPC server started. Bound to: 127.12.44.189:35045
I20260608 12:42:42.314460 13655 acceptor_pool.cc:272] collecting diagnostics on the listening RPC socket 127.12.44.189:35045 every 8 connection(s)
I20260608 12:42:42.318177 12466 file_cache.cc:492] Constructed file cache file cache with capacity 419430
I20260608 12:42:42.318392 13656 data_dirs.cc:400] Could only allocate 1 dirs of requested 3 for tablet 00000000000000000000000000000000. 1 dirs total, 0 dirs full, 0 dirs failed
W20260608 12:42:42.323412 13658 instance_detector.cc:116] could not retrieve AWS instance metadata: Network error: curl error: HTTP response code said error: The requested URL returned error: 404
W20260608 12:42:42.324877 13659 instance_detector.cc:116] could not retrieve Azure instance metadata: Network error: curl error: HTTP response code said error: The requested URL returned error: 404
I20260608 12:42:42.325655 13656 sys_catalog.cc:422] member_type: VOTER last_known_addr { host: "127.12.44.190" port: 43207 } has no permanent_uuid. Determining permanent_uuid...
W20260608 12:42:42.326171 13661 instance_detector.cc:116] could not retrieve OpenStack instance metadata: Network error: curl error: HTTP response code said error: The requested URL returned error: 404
I20260608 12:42:42.327759 13591 consensus_peers.cc:770] Retrying to get permanent uuid for remote peer: member_type: VOTER last_known_addr { host: "127.12.44.189" port: 35045 } attempt: 2
I20260608 12:42:42.331667 12466 server_base.cc:1061] running on GCE node
I20260608 12:42:42.332448 12466 hybrid_clock.cc:584] initializing the hybrid clock with 'system_unsync' time source
W20260608 12:42:42.332736 12466 system_unsync_time.cc:38] NTP support is disabled. Clock error bounds will not be accurate. This configuration is not suitable for distributed clusters.
I20260608 12:42:42.332962 12466 hybrid_clock.cc:648] HybridClock initialized: now 1780922562332941 us; error 0 us; skew 500 ppm
I20260608 12:42:42.333717 12466 server_base.cc:861] Flag tcmalloc_max_total_thread_cache_bytes is not working since tcmalloc is not enabled.
I20260608 12:42:42.336737 12466 webserver.cc:533] Webserver started at http://127.12.44.188:46875/ using document root <none> and password file <none>
I20260608 12:42:42.337484 12466 fs_manager.cc:362] Metadata directory not provided
I20260608 12:42:42.337721 12466 fs_manager.cc:368] Using write-ahead log directory (fs_wal_dir) as metadata directory
I20260608 12:42:42.338161 12466 server_base.cc:909] This appears to be a new deployment of Kudu; creating new FS layout
I20260608 12:42:42.339670 12466 fs_manager.cc:1068] Generated new instance metadata in path /tmp/dist-test-taskc4xzjz/test-tmp/auto_rebalancer-test.0.AutoRebalancerTest.NextLeaderResumesAutoRebalancing.1780922548222333-12466-0/minicluster-data/master-2-root/instance:
uuid: "f56b52b580b54a60998a701a137b93c0"
format_stamp: "Formatted at 2026-06-08 12:42:42 on dist-test-slave-jl41"
I20260608 12:42:42.341894 13656 sys_catalog.cc:422] member_type: VOTER last_known_addr { host: "127.12.44.189" port: 35045 } has no permanent_uuid. Determining permanent_uuid...
I20260608 12:42:42.342739 13591 sys_catalog.cc:422] member_type: VOTER last_known_addr { host: "127.12.44.188" port: 32779 } has no permanent_uuid. Determining permanent_uuid...
I20260608 12:42:42.346849 12466 fs_manager.cc:696] Time spent creating directory manager: real 0.006s	user 0.005s	sys 0.000s
W20260608 12:42:42.348049 13591 consensus_peers.cc:760] Error getting permanent uuid from config peer 127.12.44.188:32779: Network error: Client connection negotiation failed: client connection to 127.12.44.188:32779: connect: Connection refused (error 111)
I20260608 12:42:42.351424 13668 log_block_manager.cc:4031] Time spent loading block containers with low live blocks: real 0.000s	user 0.000s	sys 0.000s
I20260608 12:42:42.352324 12466 fs_manager.cc:730] Time spent opening block manager: real 0.003s	user 0.003s	sys 0.000s
I20260608 12:42:42.352687 12466 fs_manager.cc:647] Opened local filesystem: /tmp/dist-test-taskc4xzjz/test-tmp/auto_rebalancer-test.0.AutoRebalancerTest.NextLeaderResumesAutoRebalancing.1780922548222333-12466-0/minicluster-data/master-2-root
uuid: "f56b52b580b54a60998a701a137b93c0"
format_stamp: "Formatted at 2026-06-08 12:42:42 on dist-test-slave-jl41"
I20260608 12:42:42.352958 12466 fs_report.cc:389] FS layout report
--------------------
wal directory: /tmp/dist-test-taskc4xzjz/test-tmp/auto_rebalancer-test.0.AutoRebalancerTest.NextLeaderResumesAutoRebalancing.1780922548222333-12466-0/minicluster-data/master-2-root
metadata directory: /tmp/dist-test-taskc4xzjz/test-tmp/auto_rebalancer-test.0.AutoRebalancerTest.NextLeaderResumesAutoRebalancing.1780922548222333-12466-0/minicluster-data/master-2-root
1 data directories: /tmp/dist-test-taskc4xzjz/test-tmp/auto_rebalancer-test.0.AutoRebalancerTest.NextLeaderResumesAutoRebalancing.1780922548222333-12466-0/minicluster-data/master-2-root/data
Total live blocks: 0
Total live bytes: 0
Total live bytes (after alignment): 0
Total number of LBM containers: 0 (0 full)
Did not check for missing blocks
Did not check for orphaned blocks
Total full LBM containers with extra space: 0 (0 repaired)
Total full LBM container extra space in bytes: 0 (0 repaired)
Total incomplete LBM containers: 0 (0 repaired)
Total LBM partial records: 0 (0 repaired)
Total corrupted LBM metadata records in RocksDB: 0 (0 repaired)
I20260608 12:42:42.353184 13656 sys_catalog.cc:422] member_type: VOTER last_known_addr { host: "127.12.44.188" port: 32779 } has no permanent_uuid. Determining permanent_uuid...
W20260608 12:42:42.365804 13656 consensus_peers.cc:760] Error getting permanent uuid from config peer 127.12.44.188:32779: Network error: Client connection negotiation failed: client connection to 127.12.44.188:32779: connect: Connection refused (error 111)
I20260608 12:42:42.382261 12466 rpc_server.cc:225] running with OpenSSL 1.1.1  11 Sep 2018
I20260608 12:42:42.383499 12466 kserver.cc:163] Server-wide thread pool size limit: 3276
I20260608 12:42:42.383528 13591 consensus_peers.cc:770] Retrying to get permanent uuid for remote peer: member_type: VOTER last_known_addr { host: "127.12.44.188" port: 32779 } attempt: 1
W20260608 12:42:42.388411 13591 consensus_peers.cc:760] Error getting permanent uuid from config peer 127.12.44.188:32779: Network error: Client connection negotiation failed: client connection to 127.12.44.188:32779: connect: Connection refused (error 111)
I20260608 12:42:42.421509 12466 rpc_server.cc:307] RPC server started. Bound to: 127.12.44.188:32779
I20260608 12:42:42.421618 13720 acceptor_pool.cc:272] collecting diagnostics on the listening RPC socket 127.12.44.188:32779 every 8 connection(s)
I20260608 12:42:42.424487 12466 internal_mini_cluster.cc:184] Waiting to initialize catalog manager on master 0
I20260608 12:42:42.425302 13656 consensus_peers.cc:770] Retrying to get permanent uuid for remote peer: member_type: VOTER last_known_addr { host: "127.12.44.188" port: 32779 } attempt: 1
I20260608 12:42:42.425753 13721 data_dirs.cc:400] Could only allocate 1 dirs of requested 3 for tablet 00000000000000000000000000000000. 1 dirs total, 0 dirs full, 0 dirs failed
I20260608 12:42:42.432511 13721 sys_catalog.cc:422] member_type: VOTER last_known_addr { host: "127.12.44.190" port: 43207 } has no permanent_uuid. Determining permanent_uuid...
I20260608 12:42:42.433848 13591 consensus_peers.cc:770] Retrying to get permanent uuid for remote peer: member_type: VOTER last_known_addr { host: "127.12.44.188" port: 32779 } attempt: 2
I20260608 12:42:42.445631 13656 tablet_bootstrap.cc:492] T 00000000000000000000000000000000 P b9adedaa062c4f46a8dd1607d141e2bb: Bootstrap starting.
I20260608 12:42:42.449117 13721 sys_catalog.cc:422] member_type: VOTER last_known_addr { host: "127.12.44.189" port: 35045 } has no permanent_uuid. Determining permanent_uuid...
I20260608 12:42:42.452900 13656 tablet_bootstrap.cc:654] T 00000000000000000000000000000000 P b9adedaa062c4f46a8dd1607d141e2bb: Neither blocks nor log segments found. Creating new log.
I20260608 12:42:42.456373 13591 tablet_bootstrap.cc:492] T 00000000000000000000000000000000 P e3b1059496be4587957891eaac226318: Bootstrap starting.
I20260608 12:42:42.458634 13656 tablet_bootstrap.cc:492] T 00000000000000000000000000000000 P b9adedaa062c4f46a8dd1607d141e2bb: No bootstrap required, opened a new log
I20260608 12:42:42.459731 13721 sys_catalog.cc:422] member_type: VOTER last_known_addr { host: "127.12.44.188" port: 32779 } has no permanent_uuid. Determining permanent_uuid...
I20260608 12:42:42.461941 13656 raft_consensus.cc:359] T 00000000000000000000000000000000 P b9adedaa062c4f46a8dd1607d141e2bb [term 0 FOLLOWER]: Replica starting. Triggering 0 pending ops. Active config: opid_index: -1 OBSOLETE_local: false peers { permanent_uuid: "e3b1059496be4587957891eaac226318" member_type: VOTER last_known_addr { host: "127.12.44.190" port: 43207 } } peers { permanent_uuid: "b9adedaa062c4f46a8dd1607d141e2bb" member_type: VOTER last_known_addr { host: "127.12.44.189" port: 35045 } } peers { permanent_uuid: "f56b52b580b54a60998a701a137b93c0" member_type: VOTER last_known_addr { host: "127.12.44.188" port: 32779 } }
I20260608 12:42:42.462680 13656 raft_consensus.cc:385] T 00000000000000000000000000000000 P b9adedaa062c4f46a8dd1607d141e2bb [term 0 FOLLOWER]: Consensus starting up: Expiring failure detector timer to make a prompt election more likely
I20260608 12:42:42.462981 13656 raft_consensus.cc:740] T 00000000000000000000000000000000 P b9adedaa062c4f46a8dd1607d141e2bb [term 0 FOLLOWER]: Becoming Follower/Learner. State: Replica: b9adedaa062c4f46a8dd1607d141e2bb, State: Initialized, Role: FOLLOWER
I20260608 12:42:42.463281 13591 tablet_bootstrap.cc:654] T 00000000000000000000000000000000 P e3b1059496be4587957891eaac226318: Neither blocks nor log segments found. Creating new log.
I20260608 12:42:42.463920 13656 consensus_queue.cc:260] T 00000000000000000000000000000000 P b9adedaa062c4f46a8dd1607d141e2bb [NON_LEADER]: Queue going to NON_LEADER mode. State: All replicated index: 0, Majority replicated index: 0, Committed index: 0, Last appended: 0.0, Last appended by leader: 0, Current term: 0, Majority size: -1, State: 0, Mode: NON_LEADER, active raft config: opid_index: -1 OBSOLETE_local: false peers { permanent_uuid: "e3b1059496be4587957891eaac226318" member_type: VOTER last_known_addr { host: "127.12.44.190" port: 43207 } } peers { permanent_uuid: "b9adedaa062c4f46a8dd1607d141e2bb" member_type: VOTER last_known_addr { host: "127.12.44.189" port: 35045 } } peers { permanent_uuid: "f56b52b580b54a60998a701a137b93c0" member_type: VOTER last_known_addr { host: "127.12.44.188" port: 32779 } }
I20260608 12:42:42.466313 13727 sys_catalog.cc:455] T 00000000000000000000000000000000 P b9adedaa062c4f46a8dd1607d141e2bb [sys.catalog]: SysCatalogTable state changed. Reason: RaftConsensus started. Latest consensus state: current_term: 0 committed_config { opid_index: -1 OBSOLETE_local: false peers { permanent_uuid: "e3b1059496be4587957891eaac226318" member_type: VOTER last_known_addr { host: "127.12.44.190" port: 43207 } } peers { permanent_uuid: "b9adedaa062c4f46a8dd1607d141e2bb" member_type: VOTER last_known_addr { host: "127.12.44.189" port: 35045 } } peers { permanent_uuid: "f56b52b580b54a60998a701a137b93c0" member_type: VOTER last_known_addr { host: "127.12.44.188" port: 32779 } } }
I20260608 12:42:42.467092 13727 sys_catalog.cc:458] T 00000000000000000000000000000000 P b9adedaa062c4f46a8dd1607d141e2bb [sys.catalog]: This master's current role is: FOLLOWER
I20260608 12:42:42.467949 13656 sys_catalog.cc:565] T 00000000000000000000000000000000 P b9adedaa062c4f46a8dd1607d141e2bb [sys.catalog]: configured and running, proceeding with master startup.
I20260608 12:42:42.470959 13591 tablet_bootstrap.cc:492] T 00000000000000000000000000000000 P e3b1059496be4587957891eaac226318: No bootstrap required, opened a new log
I20260608 12:42:42.474242 13591 raft_consensus.cc:359] T 00000000000000000000000000000000 P e3b1059496be4587957891eaac226318 [term 0 FOLLOWER]: Replica starting. Triggering 0 pending ops. Active config: opid_index: -1 OBSOLETE_local: false peers { permanent_uuid: "e3b1059496be4587957891eaac226318" member_type: VOTER last_known_addr { host: "127.12.44.190" port: 43207 } } peers { permanent_uuid: "b9adedaa062c4f46a8dd1607d141e2bb" member_type: VOTER last_known_addr { host: "127.12.44.189" port: 35045 } } peers { permanent_uuid: "f56b52b580b54a60998a701a137b93c0" member_type: VOTER last_known_addr { host: "127.12.44.188" port: 32779 } }
I20260608 12:42:42.474987 13591 raft_consensus.cc:385] T 00000000000000000000000000000000 P e3b1059496be4587957891eaac226318 [term 0 FOLLOWER]: Consensus starting up: Expiring failure detector timer to make a prompt election more likely
I20260608 12:42:42.475466 13591 raft_consensus.cc:740] T 00000000000000000000000000000000 P e3b1059496be4587957891eaac226318 [term 0 FOLLOWER]: Becoming Follower/Learner. State: Replica: e3b1059496be4587957891eaac226318, State: Initialized, Role: FOLLOWER
