I20260608 12:42:43.880064 13808 catalog_manager.cc:5696] T eea352d71f65498799c825689fc90419 P fea8431ffcbd4928bedb7ab1b501c60b reported cstate change: term changed from 0 to 1, leader changed from <none> to fea8431ffcbd4928bedb7ab1b501c60b (127.12.108.65). New cstate: current_term: 1 leader_uuid: "fea8431ffcbd4928bedb7ab1b501c60b" committed_config { opid_index: -1 OBSOLETE_local: true peers { permanent_uuid: "fea8431ffcbd4928bedb7ab1b501c60b" member_type: VOTER last_known_addr { host: "127.12.108.65" port: 35459 } health_report { overall_health: HEALTHY } } }
I20260608 12:42:43.882841 13806 catalog_manager.cc:5696] T 3673915738f042eeaae51a32e1fabe2f P 867e2ad226f841beadda0f5770e6afa1 reported cstate change: term changed from 0 to 1, leader changed from <none> to 867e2ad226f841beadda0f5770e6afa1 (127.12.108.66). New cstate: current_term: 1 leader_uuid: "867e2ad226f841beadda0f5770e6afa1" committed_config { opid_index: -1 OBSOLETE_local: true peers { permanent_uuid: "867e2ad226f841beadda0f5770e6afa1" member_type: VOTER last_known_addr { host: "127.12.108.66" port: 36551 } health_report { overall_health: HEALTHY } } }
I20260608 12:42:43.963618 12721 master.cc:562] Master@127.12.108.126:36591 shutting down...
I20260608 12:42:43.983079 12721 raft_consensus.cc:2243] T 00000000000000000000000000000000 P 40b3e95f553742458bf9801d780d7642 [term 1 LEADER]: Raft consensus shutting down.
I20260608 12:42:43.983968 12721 raft_consensus.cc:2272] T 00000000000000000000000000000000 P 40b3e95f553742458bf9801d780d7642 [term 1 FOLLOWER]: Raft consensus is shut down!
I20260608 12:42:43.984350 12721 tablet_replica.cc:333] T 00000000000000000000000000000000 P 40b3e95f553742458bf9801d780d7642: stopping tablet replica
I20260608 12:42:44.008524 12721 master.cc:584] Master@127.12.108.126:36591 shutdown complete.
W20260608 12:42:44.931595 14260 heartbeater.cc:646] Failed to heartbeat to 127.12.108.126:36591 (0 consecutive failures): Network error: Failed to send heartbeat to master: Client connection negotiation failed: client connection to 127.12.108.126:36591: connect: Connection refused (error 111)
I20260608 12:42:45.454744 14321 raft_consensus.cc:493] T 00000000000000000000000000000000 P 87ea44746e584703938cc48039c68f62 [term 1 FOLLOWER]: Starting pre-election (detected failure of leader 40b3e95f553742458bf9801d780d7642)
I20260608 12:42:45.454815 14322 raft_consensus.cc:493] T 00000000000000000000000000000000 P 4dff6bd61f0a439081e5383f65c74169 [term 1 FOLLOWER]: Starting pre-election (detected failure of leader 40b3e95f553742458bf9801d780d7642)
I20260608 12:42:45.455404 14321 raft_consensus.cc:515] T 00000000000000000000000000000000 P 87ea44746e584703938cc48039c68f62 [term 1 FOLLOWER]: Starting pre-election with config: opid_index: -1 OBSOLETE_local: false peers { permanent_uuid: "40b3e95f553742458bf9801d780d7642" member_type: VOTER last_known_addr { host: "127.12.108.126" port: 36591 } } peers { permanent_uuid: "87ea44746e584703938cc48039c68f62" member_type: VOTER last_known_addr { host: "127.12.108.125" port: 45967 } } peers { permanent_uuid: "4dff6bd61f0a439081e5383f65c74169" member_type: VOTER last_known_addr { host: "127.12.108.124" port: 42473 } }
I20260608 12:42:45.455655 14322 raft_consensus.cc:515] T 00000000000000000000000000000000 P 4dff6bd61f0a439081e5383f65c74169 [term 1 FOLLOWER]: Starting pre-election with config: opid_index: -1 OBSOLETE_local: false peers { permanent_uuid: "40b3e95f553742458bf9801d780d7642" member_type: VOTER last_known_addr { host: "127.12.108.126" port: 36591 } } peers { permanent_uuid: "87ea44746e584703938cc48039c68f62" member_type: VOTER last_known_addr { host: "127.12.108.125" port: 45967 } } peers { permanent_uuid: "4dff6bd61f0a439081e5383f65c74169" member_type: VOTER last_known_addr { host: "127.12.108.124" port: 42473 } }
I20260608 12:42:45.457674 14322 leader_election.cc:290] T 00000000000000000000000000000000 P 4dff6bd61f0a439081e5383f65c74169 [CANDIDATE]: Term 2 pre-election: Requested pre-vote from peers 40b3e95f553742458bf9801d780d7642 (127.12.108.126:36591), 87ea44746e584703938cc48039c68f62 (127.12.108.125:45967)
I20260608 12:42:45.458259 14321 leader_election.cc:290] T 00000000000000000000000000000000 P 87ea44746e584703938cc48039c68f62 [CANDIDATE]: Term 2 pre-election: Requested pre-vote from peers 40b3e95f553742458bf9801d780d7642 (127.12.108.126:36591), 4dff6bd61f0a439081e5383f65c74169 (127.12.108.124:42473)
I20260608 12:42:45.459141 13949 tablet_service.cc:1917] Received RequestConsensusVote() RPC: tablet_id: "00000000000000000000000000000000" candidate_uuid: "87ea44746e584703938cc48039c68f62" candidate_term: 2 candidate_status { last_received { term: 1 index: 10 } } ignore_live_leader: false dest_uuid: "4dff6bd61f0a439081e5383f65c74169" is_pre_election: true
I20260608 12:42:45.459839 13949 raft_consensus.cc:2468] T 00000000000000000000000000000000 P 4dff6bd61f0a439081e5383f65c74169 [term 1 FOLLOWER]: Leader pre-election vote request: Granting yes vote for candidate 87ea44746e584703938cc48039c68f62 in term 1.
I20260608 12:42:45.461215 13860 leader_election.cc:304] T 00000000000000000000000000000000 P 87ea44746e584703938cc48039c68f62 [CANDIDATE]: Term 2 pre-election: Election decided. Result: candidate won. Election summary: received 2 responses out of 3 voters: 2 yes votes; 0 no votes. yes voters: 4dff6bd61f0a439081e5383f65c74169, 87ea44746e584703938cc48039c68f62; no voters: 
I20260608 12:42:45.462246 14321 raft_consensus.cc:2804] T 00000000000000000000000000000000 P 87ea44746e584703938cc48039c68f62 [term 1 FOLLOWER]: Leader pre-election won for term 2
I20260608 12:42:45.462612 14321 raft_consensus.cc:493] T 00000000000000000000000000000000 P 87ea44746e584703938cc48039c68f62 [term 1 FOLLOWER]: Starting leader election (detected failure of leader 40b3e95f553742458bf9801d780d7642)
I20260608 12:42:45.462925 14321 raft_consensus.cc:3060] T 00000000000000000000000000000000 P 87ea44746e584703938cc48039c68f62 [term 1 FOLLOWER]: Advancing to term 2
I20260608 12:42:45.464439 13882 tablet_service.cc:1917] Received RequestConsensusVote() RPC: tablet_id: "00000000000000000000000000000000" candidate_uuid: "4dff6bd61f0a439081e5383f65c74169" candidate_term: 2 candidate_status { last_received { term: 1 index: 10 } } ignore_live_leader: false dest_uuid: "87ea44746e584703938cc48039c68f62" is_pre_election: true
W20260608 12:42:45.465098 13923 leader_election.cc:336] T 00000000000000000000000000000000 P 4dff6bd61f0a439081e5383f65c74169 [CANDIDATE]: Term 2 pre-election: RPC error from VoteRequest() call to peer 40b3e95f553742458bf9801d780d7642 (127.12.108.126:36591): Network error: Client connection negotiation failed: client connection to 127.12.108.126:36591: connect: Connection refused (error 111)
W20260608 12:42:45.466512 13858 leader_election.cc:336] T 00000000000000000000000000000000 P 87ea44746e584703938cc48039c68f62 [CANDIDATE]: Term 2 pre-election: RPC error from VoteRequest() call to peer 40b3e95f553742458bf9801d780d7642 (127.12.108.126:36591): Network error: Client connection negotiation failed: client connection to 127.12.108.126:36591: connect: Connection refused (error 111)
I20260608 12:42:45.469009 14321 raft_consensus.cc:515] T 00000000000000000000000000000000 P 87ea44746e584703938cc48039c68f62 [term 2 FOLLOWER]: Starting leader election with config: opid_index: -1 OBSOLETE_local: false peers { permanent_uuid: "40b3e95f553742458bf9801d780d7642" member_type: VOTER last_known_addr { host: "127.12.108.126" port: 36591 } } peers { permanent_uuid: "87ea44746e584703938cc48039c68f62" member_type: VOTER last_known_addr { host: "127.12.108.125" port: 45967 } } peers { permanent_uuid: "4dff6bd61f0a439081e5383f65c74169" member_type: VOTER last_known_addr { host: "127.12.108.124" port: 42473 } }
I20260608 12:42:45.469998 13882 raft_consensus.cc:2393] T 00000000000000000000000000000000 P 87ea44746e584703938cc48039c68f62 [term 2 FOLLOWER]: Leader pre-election vote request: Denying vote to candidate 4dff6bd61f0a439081e5383f65c74169 in current term 2: Already voted for candidate 87ea44746e584703938cc48039c68f62 in this term.
I20260608 12:42:45.470806 14321 leader_election.cc:290] T 00000000000000000000000000000000 P 87ea44746e584703938cc48039c68f62 [CANDIDATE]: Term 2 election: Requested vote from peers 40b3e95f553742458bf9801d780d7642 (127.12.108.126:36591), 4dff6bd61f0a439081e5383f65c74169 (127.12.108.124:42473)
I20260608 12:42:45.472096 13949 tablet_service.cc:1917] Received RequestConsensusVote() RPC: tablet_id: "00000000000000000000000000000000" candidate_uuid: "87ea44746e584703938cc48039c68f62" candidate_term: 2 candidate_status { last_received { term: 1 index: 10 } } ignore_live_leader: false dest_uuid: "4dff6bd61f0a439081e5383f65c74169"
I20260608 12:42:45.472723 13949 raft_consensus.cc:3060] T 00000000000000000000000000000000 P 4dff6bd61f0a439081e5383f65c74169 [term 1 FOLLOWER]: Advancing to term 2
I20260608 12:42:45.473582 13923 leader_election.cc:304] T 00000000000000000000000000000000 P 4dff6bd61f0a439081e5383f65c74169 [CANDIDATE]: Term 2 pre-election: Election decided. Result: candidate lost. Election summary: received 3 responses out of 3 voters: 1 yes votes; 2 no votes. yes voters: 4dff6bd61f0a439081e5383f65c74169; no voters: 40b3e95f553742458bf9801d780d7642, 87ea44746e584703938cc48039c68f62
W20260608 12:42:45.474949 13858 leader_election.cc:336] T 00000000000000000000000000000000 P 87ea44746e584703938cc48039c68f62 [CANDIDATE]: Term 2 election: RPC error from VoteRequest() call to peer 40b3e95f553742458bf9801d780d7642 (127.12.108.126:36591): Network error: Client connection negotiation failed: client connection to 127.12.108.126:36591: connect: Connection refused (error 111)
I20260608 12:42:45.477829 13949 raft_consensus.cc:2468] T 00000000000000000000000000000000 P 4dff6bd61f0a439081e5383f65c74169 [term 2 FOLLOWER]: Leader election vote request: Granting yes vote for candidate 87ea44746e584703938cc48039c68f62 in term 2.
I20260608 12:42:45.478520 14322 raft_consensus.cc:2749] T 00000000000000000000000000000000 P 4dff6bd61f0a439081e5383f65c74169 [term 2 FOLLOWER]: Leader pre-election lost for term 2. Reason: could not achieve majority
I20260608 12:42:45.479277 13860 leader_election.cc:304] T 00000000000000000000000000000000 P 87ea44746e584703938cc48039c68f62 [CANDIDATE]: Term 2 election: Election decided. Result: candidate won. Election summary: received 3 responses out of 3 voters: 2 yes votes; 1 no votes. yes voters: 4dff6bd61f0a439081e5383f65c74169, 87ea44746e584703938cc48039c68f62; no voters: 40b3e95f553742458bf9801d780d7642
I20260608 12:42:45.480083 14321 raft_consensus.cc:2804] T 00000000000000000000000000000000 P 87ea44746e584703938cc48039c68f62 [term 2 FOLLOWER]: Leader election won for term 2
I20260608 12:42:45.481539 14321 raft_consensus.cc:697] T 00000000000000000000000000000000 P 87ea44746e584703938cc48039c68f62 [term 2 LEADER]: Becoming Leader. State: Replica: 87ea44746e584703938cc48039c68f62, State: Running, Role: LEADER
I20260608 12:42:45.482371 14321 consensus_queue.cc:237] T 00000000000000000000000000000000 P 87ea44746e584703938cc48039c68f62 [LEADER]: Queue going to LEADER mode. State: All replicated index: 0, Majority replicated index: 10, Committed index: 10, Last appended: 1.10, Last appended by leader: 10, Current term: 2, Majority size: 2, State: 0, Mode: LEADER, active raft config: opid_index: -1 OBSOLETE_local: false peers { permanent_uuid: "40b3e95f553742458bf9801d780d7642" member_type: VOTER last_known_addr { host: "127.12.108.126" port: 36591 } } peers { permanent_uuid: "87ea44746e584703938cc48039c68f62" member_type: VOTER last_known_addr { host: "127.12.108.125" port: 45967 } } peers { permanent_uuid: "4dff6bd61f0a439081e5383f65c74169" member_type: VOTER last_known_addr { host: "127.12.108.124" port: 42473 } }
I20260608 12:42:45.486872 14327 sys_catalog.cc:455] T 00000000000000000000000000000000 P 87ea44746e584703938cc48039c68f62 [sys.catalog]: SysCatalogTable state changed. Reason: New leader 87ea44746e584703938cc48039c68f62. Latest consensus state: current_term: 2 leader_uuid: "87ea44746e584703938cc48039c68f62" committed_config { opid_index: -1 OBSOLETE_local: false peers { permanent_uuid: "40b3e95f553742458bf9801d780d7642" member_type: VOTER last_known_addr { host: "127.12.108.126" port: 36591 } } peers { permanent_uuid: "87ea44746e584703938cc48039c68f62" member_type: VOTER last_known_addr { host: "127.12.108.125" port: 45967 } } peers { permanent_uuid: "4dff6bd61f0a439081e5383f65c74169" member_type: VOTER last_known_addr { host: "127.12.108.124" port: 42473 } } }
I20260608 12:42:45.487427 14327 sys_catalog.cc:458] T 00000000000000000000000000000000 P 87ea44746e584703938cc48039c68f62 [sys.catalog]: This master's current role is: LEADER
I20260608 12:42:45.488903 14329 catalog_manager.cc:1510] Loading table and tablet metadata into memory...
I20260608 12:42:45.493975 14329 catalog_manager.cc:679] Loaded metadata for table test-workload [id=ce4c0811068c4544af0c9d53bdf8a91a]
I20260608 12:42:45.500653 14329 tablet_loader.cc:96] loaded metadata for tablet 3673915738f042eeaae51a32e1fabe2f (table test-workload [id=ce4c0811068c4544af0c9d53bdf8a91a])
I20260608 12:42:45.501859 14329 tablet_loader.cc:96] loaded metadata for tablet ac56a699d7c84e35a593887506c419c7 (table test-workload [id=ce4c0811068c4544af0c9d53bdf8a91a])
I20260608 12:42:45.502875 14329 tablet_loader.cc:96] loaded metadata for tablet eea352d71f65498799c825689fc90419 (table test-workload [id=ce4c0811068c4544af0c9d53bdf8a91a])
I20260608 12:42:45.503870 14329 catalog_manager.cc:1519] Initializing Kudu cluster ID...
I20260608 12:42:45.507037 14329 catalog_manager.cc:1294] Loaded cluster ID: 8b985010cf6d4241ad3312a60b3fd6cf
I20260608 12:42:45.507279 14329 catalog_manager.cc:1530] Initializing Kudu internal certificate authority...
I20260608 12:42:45.511039 14329 catalog_manager.cc:1539] Loading token signing keys...
I20260608 12:42:45.514393 14329 catalog_manager.cc:6080] T 00000000000000000000000000000000 P 87ea44746e584703938cc48039c68f62: Loaded TSK: 0
I20260608 12:42:45.515390 14329 catalog_manager.cc:1549] Initializing in-progress tserver states...
I20260608 12:42:45.533978 14003 auto_leader_rebalancer.cc:140] leader rebalance for table test-workload
I20260608 12:42:45.534519 14003 auto_leader_rebalancer.cc:451] All tables' leader rebalancing finished this round
I20260608 12:42:45.540131 12721 tablet_server.cc:179] TabletServer@127.12.108.65:0 shutting down...
I20260608 12:42:45.561793 12721 ts_tablet_manager.cc:1507] Shutting down tablet manager...
I20260608 12:42:45.562536 12721 tablet_replica.cc:333] T eea352d71f65498799c825689fc90419 P fea8431ffcbd4928bedb7ab1b501c60b: stopping tablet replica
I20260608 12:42:45.563066 12721 raft_consensus.cc:2243] T eea352d71f65498799c825689fc90419 P fea8431ffcbd4928bedb7ab1b501c60b [term 1 LEADER]: Raft consensus shutting down.
I20260608 12:42:45.563540 12721 raft_consensus.cc:2272] T eea352d71f65498799c825689fc90419 P fea8431ffcbd4928bedb7ab1b501c60b [term 1 FOLLOWER]: Raft consensus is shut down!
I20260608 12:42:45.583377 12721 tablet_server.cc:196] TabletServer@127.12.108.65:0 shutdown complete.
I20260608 12:42:45.593566 12721 tablet_server.cc:179] TabletServer@127.12.108.66:0 shutting down...
I20260608 12:42:45.612692 12721 ts_tablet_manager.cc:1507] Shutting down tablet manager...
I20260608 12:42:45.613397 12721 tablet_replica.cc:333] T 3673915738f042eeaae51a32e1fabe2f P 867e2ad226f841beadda0f5770e6afa1: stopping tablet replica
I20260608 12:42:45.613943 12721 raft_consensus.cc:2243] T 3673915738f042eeaae51a32e1fabe2f P 867e2ad226f841beadda0f5770e6afa1 [term 1 LEADER]: Raft consensus shutting down.
I20260608 12:42:45.614468 12721 raft_consensus.cc:2272] T 3673915738f042eeaae51a32e1fabe2f P 867e2ad226f841beadda0f5770e6afa1 [term 1 FOLLOWER]: Raft consensus is shut down!
I20260608 12:42:45.633992 12721 tablet_server.cc:196] TabletServer@127.12.108.66:0 shutdown complete.
I20260608 12:42:45.643370 12721 tablet_server.cc:179] TabletServer@127.12.108.67:0 shutting down...
I20260608 12:42:45.662321 12721 ts_tablet_manager.cc:1507] Shutting down tablet manager...
I20260608 12:42:45.662987 12721 tablet_replica.cc:333] T ac56a699d7c84e35a593887506c419c7 P 3cd917e42eea4316a7f9cc7ff1401d09: stopping tablet replica
I20260608 12:42:45.663503 12721 raft_consensus.cc:2243] T ac56a699d7c84e35a593887506c419c7 P 3cd917e42eea4316a7f9cc7ff1401d09 [term 1 LEADER]: Raft consensus shutting down.
I20260608 12:42:45.664238 12721 raft_consensus.cc:2272] T ac56a699d7c84e35a593887506c419c7 P 3cd917e42eea4316a7f9cc7ff1401d09 [term 1 FOLLOWER]: Raft consensus is shut down!
I20260608 12:42:45.683521 12721 tablet_server.cc:196] TabletServer@127.12.108.67:0 shutdown complete.
I20260608 12:42:45.692507 12721 master.cc:562] Master@127.12.108.125:45967 shutting down...
I20260608 12:42:45.712783 12721 raft_consensus.cc:2243] T 00000000000000000000000000000000 P 87ea44746e584703938cc48039c68f62 [term 2 LEADER]: Raft consensus shutting down.
I20260608 12:42:45.713613 12721 pending_rounds.cc:70] T 00000000000000000000000000000000 P 87ea44746e584703938cc48039c68f62: Trying to abort 1 pending ops.
I20260608 12:42:45.713896 12721 pending_rounds.cc:77] T 00000000000000000000000000000000 P 87ea44746e584703938cc48039c68f62: Aborting op as it isn't in flight: id { term: 2 index: 11 } timestamp: 7294658828222849024 op_type: NO_OP noop_request { }
I20260608 12:42:45.714272 12721 raft_consensus.cc:2889] T 00000000000000000000000000000000 P 87ea44746e584703938cc48039c68f62 [term 2 LEADER]: NO_OP replication failed: Aborted: Op aborted
I20260608 12:42:45.714705 12721 raft_consensus.cc:2272] T 00000000000000000000000000000000 P 87ea44746e584703938cc48039c68f62 [term 2 FOLLOWER]: Raft consensus is shut down!
I20260608 12:42:45.715283 12721 tablet_replica.cc:333] T 00000000000000000000000000000000 P 87ea44746e584703938cc48039c68f62: stopping tablet replica
I20260608 12:42:45.736943 12721 master.cc:584] Master@127.12.108.125:45967 shutdown complete.
I20260608 12:42:45.750916 12721 master.cc:562] Master@127.12.108.124:42473 shutting down...
I20260608 12:42:45.765411 12721 raft_consensus.cc:2243] T 00000000000000000000000000000000 P 4dff6bd61f0a439081e5383f65c74169 [term 2 FOLLOWER]: Raft consensus shutting down.
I20260608 12:42:45.765980 12721 raft_consensus.cc:2272] T 00000000000000000000000000000000 P 4dff6bd61f0a439081e5383f65c74169 [term 2 FOLLOWER]: Raft consensus is shut down!
I20260608 12:42:45.766355 12721 tablet_replica.cc:333] T 00000000000000000000000000000000 P 4dff6bd61f0a439081e5383f65c74169: stopping tablet replica
I20260608 12:42:45.786629 12721 master.cc:584] Master@127.12.108.124:42473 shutdown complete.
[       OK ] AutoRebalancerTest.NextLeaderResumesAutoRebalancing (4709 ms)
[ RUN      ] AutoRebalancerTest.MovesScheduledIfAddTserver
I20260608 12:42:45.814042 12721 internal_mini_cluster.cc:156] Creating distributed mini masters. Addrs: 127.12.108.126:35815
I20260608 12:42:45.815294 12721 file_cache.cc:492] Constructed file cache file cache with capacity 419430
W20260608 12:42:45.820953 14330 instance_detector.cc:116] could not retrieve AWS instance metadata: Network error: curl error: HTTP response code said error: The requested URL returned error: 404
W20260608 12:42:45.822055 14331 instance_detector.cc:116] could not retrieve Azure instance metadata: Network error: curl error: HTTP response code said error: The requested URL returned error: 404
W20260608 12:42:45.822916 14333 instance_detector.cc:116] could not retrieve OpenStack instance metadata: Network error: curl error: HTTP response code said error: The requested URL returned error: 404
I20260608 12:42:45.823832 12721 server_base.cc:1061] running on GCE node
I20260608 12:42:45.824681 12721 hybrid_clock.cc:584] initializing the hybrid clock with 'system_unsync' time source
W20260608 12:42:45.824865 12721 system_unsync_time.cc:38] NTP support is disabled. Clock error bounds will not be accurate. This configuration is not suitable for distributed clusters.
I20260608 12:42:45.825050 12721 hybrid_clock.cc:648] HybridClock initialized: now 1780922565825022 us; error 0 us; skew 500 ppm
I20260608 12:42:45.825671 12721 server_base.cc:861] Flag tcmalloc_max_total_thread_cache_bytes is not working since tcmalloc is not enabled.
I20260608 12:42:45.828325 12721 webserver.cc:533] Webserver started at http://127.12.108.126:34735/ using document root <none> and password file <none>
I20260608 12:42:45.828892 12721 fs_manager.cc:362] Metadata directory not provided
I20260608 12:42:45.829068 12721 fs_manager.cc:368] Using write-ahead log directory (fs_wal_dir) as metadata directory
I20260608 12:42:45.829397 12721 server_base.cc:909] This appears to be a new deployment of Kudu; creating new FS layout
I20260608 12:42:45.830616 12721 fs_manager.cc:1068] Generated new instance metadata in path /tmp/dist-test-task49f36G/test-tmp/auto_rebalancer-test.0.AutoRebalancerTest.MovesScheduledIfAddTserver.1780922546196251-12721-0/minicluster-data/master-0-root/instance:
uuid: "bd48d21b76264bb78d993cb352c92702"
format_stamp: "Formatted at 2026-06-08 12:42:45 on dist-test-slave-sxbk"
I20260608 12:42:45.835764 12721 fs_manager.cc:696] Time spent creating directory manager: real 0.005s	user 0.004s	sys 0.000s
I20260608 12:42:45.839983 14338 log_block_manager.cc:4031] Time spent loading block containers with low live blocks: real 0.000s	user 0.000s	sys 0.000s
I20260608 12:42:45.841143 12721 fs_manager.cc:730] Time spent opening block manager: real 0.003s	user 0.003s	sys 0.001s
I20260608 12:42:45.841490 12721 fs_manager.cc:647] Opened local filesystem: /tmp/dist-test-task49f36G/test-tmp/auto_rebalancer-test.0.AutoRebalancerTest.MovesScheduledIfAddTserver.1780922546196251-12721-0/minicluster-data/master-0-root
uuid: "bd48d21b76264bb78d993cb352c92702"
format_stamp: "Formatted at 2026-06-08 12:42:45 on dist-test-slave-sxbk"
I20260608 12:42:45.841807 12721 fs_report.cc:389] FS layout report
--------------------
wal directory: /tmp/dist-test-task49f36G/test-tmp/auto_rebalancer-test.0.AutoRebalancerTest.MovesScheduledIfAddTserver.1780922546196251-12721-0/minicluster-data/master-0-root
metadata directory: /tmp/dist-test-task49f36G/test-tmp/auto_rebalancer-test.0.AutoRebalancerTest.MovesScheduledIfAddTserver.1780922546196251-12721-0/minicluster-data/master-0-root
1 data directories: /tmp/dist-test-task49f36G/test-tmp/auto_rebalancer-test.0.AutoRebalancerTest.MovesScheduledIfAddTserver.1780922546196251-12721-0/minicluster-data/master-0-root/data
Total live blocks: 0
Total live bytes: 0
Total live bytes (after alignment): 0
Total number of LBM containers: 0 (0 full)
Did not check for missing blocks
Did not check for orphaned blocks
Total full LBM containers with extra space: 0 (0 repaired)
Total full LBM container extra space in bytes: 0 (0 repaired)
Total incomplete LBM containers: 0 (0 repaired)
Total LBM partial records: 0 (0 repaired)
Total corrupted LBM metadata records in RocksDB: 0 (0 repaired)
I20260608 12:42:45.860090 12721 rpc_server.cc:225] running with OpenSSL 1.1.1  11 Sep 2018
I20260608 12:42:45.861210 12721 kserver.cc:163] Server-wide thread pool size limit: 3276
I20260608 12:42:45.903714 12721 rpc_server.cc:307] RPC server started. Bound to: 127.12.108.126:35815
I20260608 12:42:45.903774 14389 acceptor_pool.cc:272] collecting diagnostics on the listening RPC socket 127.12.108.126:35815 every 8 connection(s)
I20260608 12:42:45.908496 14390 data_dirs.cc:400] Could only allocate 1 dirs of requested 3 for tablet 00000000000000000000000000000000. 1 dirs total, 0 dirs full, 0 dirs failed
I20260608 12:42:45.918828 14390 tablet_bootstrap.cc:492] T 00000000000000000000000000000000 P bd48d21b76264bb78d993cb352c92702: Bootstrap starting.
I20260608 12:42:45.924003 14390 tablet_bootstrap.cc:654] T 00000000000000000000000000000000 P bd48d21b76264bb78d993cb352c92702: Neither blocks nor log segments found. Creating new log.
I20260608 12:42:45.929253 14390 tablet_bootstrap.cc:492] T 00000000000000000000000000000000 P bd48d21b76264bb78d993cb352c92702: No bootstrap required, opened a new log
I20260608 12:42:45.931852 14390 raft_consensus.cc:359] T 00000000000000000000000000000000 P bd48d21b76264bb78d993cb352c92702 [term 0 FOLLOWER]: Replica starting. Triggering 0 pending ops. Active config: opid_index: -1 OBSOLETE_local: true peers { permanent_uuid: "bd48d21b76264bb78d993cb352c92702" member_type: VOTER }
I20260608 12:42:45.932495 14390 raft_consensus.cc:385] T 00000000000000000000000000000000 P bd48d21b76264bb78d993cb352c92702 [term 0 FOLLOWER]: Consensus starting up: Expiring failure detector timer to make a prompt election more likely
I20260608 12:42:45.932735 14390 raft_consensus.cc:740] T 00000000000000000000000000000000 P bd48d21b76264bb78d993cb352c92702 [term 0 FOLLOWER]: Becoming Follower/Learner. State: Replica: bd48d21b76264bb78d993cb352c92702, State: Initialized, Role: FOLLOWER
I20260608 12:42:45.933300 14390 consensus_queue.cc:260] T 00000000000000000000000000000000 P bd48d21b76264bb78d993cb352c92702 [NON_LEADER]: Queue going to NON_LEADER mode. State: All replicated index: 0, Majority replicated index: 0, Committed index: 0, Last appended: 0.0, Last appended by leader: 0, Current term: 0, Majority size: -1, State: 0, Mode: NON_LEADER, active raft config: opid_index: -1 OBSOLETE_local: true peers { permanent_uuid: "bd48d21b76264bb78d993cb352c92702" member_type: VOTER }
I20260608 12:42:45.933723 14390 raft_consensus.cc:399] T 00000000000000000000000000000000 P bd48d21b76264bb78d993cb352c92702 [term 0 FOLLOWER]: Only one voter in the Raft config. Triggering election immediately
I20260608 12:42:45.933936 14390 raft_consensus.cc:493] T 00000000000000000000000000000000 P bd48d21b76264bb78d993cb352c92702 [term 0 FOLLOWER]: Starting leader election (initial election of a single-replica configuration)
I20260608 12:42:45.934157 14390 raft_consensus.cc:3060] T 00000000000000000000000000000000 P bd48d21b76264bb78d993cb352c92702 [term 0 FOLLOWER]: Advancing to term 1
I20260608 12:42:45.938640 14390 raft_consensus.cc:515] T 00000000000000000000000000000000 P bd48d21b76264bb78d993cb352c92702 [term 1 FOLLOWER]: Starting leader election with config: opid_index: -1 OBSOLETE_local: true peers { permanent_uuid: "bd48d21b76264bb78d993cb352c92702" member_type: VOTER }
I20260608 12:42:45.939182 14390 leader_election.cc:304] T 00000000000000000000000000000000 P bd48d21b76264bb78d993cb352c92702 [CANDIDATE]: Term 1 election: Election decided. Result: candidate won. Election summary: received 1 responses out of 1 voters: 1 yes votes; 0 no votes. yes voters: bd48d21b76264bb78d993cb352c92702; no voters: 
I20260608 12:42:45.940502 14390 leader_election.cc:290] T 00000000000000000000000000000000 P bd48d21b76264bb78d993cb352c92702 [CANDIDATE]: Term 1 election: Requested vote from peers 
I20260608 12:42:45.940984 14393 raft_consensus.cc:2804] T 00000000000000000000000000000000 P bd48d21b76264bb78d993cb352c92702 [term 1 FOLLOWER]: Leader election won for term 1
I20260608 12:42:45.942428 14393 raft_consensus.cc:697] T 00000000000000000000000000000000 P bd48d21b76264bb78d993cb352c92702 [term 1 LEADER]: Becoming Leader. State: Replica: bd48d21b76264bb78d993cb352c92702, State: Running, Role: LEADER
I20260608 12:42:45.943140 14393 consensus_queue.cc:237] T 00000000000000000000000000000000 P bd48d21b76264bb78d993cb352c92702 [LEADER]: Queue going to LEADER mode. State: All replicated index: 0, Majority replicated index: 0, Committed index: 0, Last appended: 0.0, Last appended by leader: 0, Current term: 1, Majority size: 1, State: 0, Mode: LEADER, active raft config: opid_index: -1 OBSOLETE_local: true peers { permanent_uuid: "bd48d21b76264bb78d993cb352c92702" member_type: VOTER }
I20260608 12:42:45.943878 14390 sys_catalog.cc:565] T 00000000000000000000000000000000 P bd48d21b76264bb78d993cb352c92702 [sys.catalog]: configured and running, proceeding with master startup.
I20260608 12:42:45.947152 14394 sys_catalog.cc:455] T 00000000000000000000000000000000 P bd48d21b76264bb78d993cb352c92702 [sys.catalog]: SysCatalogTable state changed. Reason: RaftConsensus started. Latest consensus state: current_term: 1 leader_uuid: "bd48d21b76264bb78d993cb352c92702" committed_config { opid_index: -1 OBSOLETE_local: true peers { permanent_uuid: "bd48d21b76264bb78d993cb352c92702" member_type: VOTER } }
I20260608 12:42:45.947829 14394 sys_catalog.cc:458] T 00000000000000000000000000000000 P bd48d21b76264bb78d993cb352c92702 [sys.catalog]: This master's current role is: LEADER
I20260608 12:42:45.947155 14395 sys_catalog.cc:455] T 00000000000000000000000000000000 P bd48d21b76264bb78d993cb352c92702 [sys.catalog]: SysCatalogTable state changed. Reason: New leader bd48d21b76264bb78d993cb352c92702. Latest consensus state: current_term: 1 leader_uuid: "bd48d21b76264bb78d993cb352c92702" committed_config { opid_index: -1 OBSOLETE_local: true peers { permanent_uuid: "bd48d21b76264bb78d993cb352c92702" member_type: VOTER } }
I20260608 12:42:45.950158 14395 sys_catalog.cc:458] T 00000000000000000000000000000000 P bd48d21b76264bb78d993cb352c92702 [sys.catalog]: This master's current role is: LEADER
I20260608 12:42:45.954825 14398 catalog_manager.cc:1510] Loading table and tablet metadata into memory...
I20260608 12:42:45.959846 14398 catalog_manager.cc:1519] Initializing Kudu cluster ID...
I20260608 12:42:45.962332 12721 internal_mini_cluster.cc:184] Waiting to initialize catalog manager on master 0
I20260608 12:42:45.970155 14398 catalog_manager.cc:1382] Generated new cluster ID: 0137709d30524939b1649cb5afd9bc0f
I20260608 12:42:45.970512 14398 catalog_manager.cc:1530] Initializing Kudu internal certificate authority...
I20260608 12:42:45.996802 14398 catalog_manager.cc:1405] Generated new certificate authority record
I20260608 12:42:45.998347 14398 catalog_manager.cc:1539] Loading token signing keys...
I20260608 12:42:46.014942 14398 catalog_manager.cc:6069] T 00000000000000000000000000000000 P bd48d21b76264bb78d993cb352c92702: Generated new TSK 0
I20260608 12:42:46.015604 14398 catalog_manager.cc:1549] Initializing in-progress tserver states...
I20260608 12:42:46.029404 12721 file_cache.cc:492] Constructed file cache file cache with capacity 419430
W20260608 12:42:46.036629 14411 instance_detector.cc:116] could not retrieve AWS instance metadata: Network error: curl error: HTTP response code said error: The requested URL returned error: 404
W20260608 12:42:46.036810 14412 instance_detector.cc:116] could not retrieve Azure instance metadata: Network error: curl error: HTTP response code said error: The requested URL returned error: 404
W20260608 12:42:46.039429 14414 instance_detector.cc:116] could not retrieve OpenStack instance metadata: Network error: curl error: HTTP response code said error: The requested URL returned error: 404
I20260608 12:42:46.040022 12721 server_base.cc:1061] running on GCE node
I20260608 12:42:46.040828 12721 hybrid_clock.cc:584] initializing the hybrid clock with 'system_unsync' time source
W20260608 12:42:46.041185 12721 system_unsync_time.cc:38] NTP support is disabled. Clock error bounds will not be accurate. This configuration is not suitable for distributed clusters.
I20260608 12:42:46.041368 12721 hybrid_clock.cc:648] HybridClock initialized: now 1780922566041353 us; error 0 us; skew 500 ppm
I20260608 12:42:46.042029 12721 server_base.cc:861] Flag tcmalloc_max_total_thread_cache_bytes is not working since tcmalloc is not enabled.
I20260608 12:42:46.044747 12721 webserver.cc:533] Webserver started at http://127.12.108.65:42511/ using document root <none> and password file <none>
I20260608 12:42:46.045449 12721 fs_manager.cc:362] Metadata directory not provided
I20260608 12:42:46.045641 12721 fs_manager.cc:368] Using write-ahead log directory (fs_wal_dir) as metadata directory
I20260608 12:42:46.045964 12721 server_base.cc:909] This appears to be a new deployment of Kudu; creating new FS layout
I20260608 12:42:46.047101 12721 fs_manager.cc:1068] Generated new instance metadata in path /tmp/dist-test-task49f36G/test-tmp/auto_rebalancer-test.0.AutoRebalancerTest.MovesScheduledIfAddTserver.1780922546196251-12721-0/minicluster-data/ts-0-root/instance:
uuid: "1b9fae75e4e3448286066df2659935a5"
format_stamp: "Formatted at 2026-06-08 12:42:46 on dist-test-slave-sxbk"
I20260608 12:42:46.052127 12721 fs_manager.cc:696] Time spent creating directory manager: real 0.004s	user 0.005s	sys 0.000s
I20260608 12:42:46.056456 14419 log_block_manager.cc:4031] Time spent loading block containers with low live blocks: real 0.000s	user 0.000s	sys 0.000s
I20260608 12:42:46.057252 12721 fs_manager.cc:730] Time spent opening block manager: real 0.003s	user 0.000s	sys 0.002s
I20260608 12:42:46.057752 12721 fs_manager.cc:647] Opened local filesystem: /tmp/dist-test-task49f36G/test-tmp/auto_rebalancer-test.0.AutoRebalancerTest.MovesScheduledIfAddTserver.1780922546196251-12721-0/minicluster-data/ts-0-root
uuid: "1b9fae75e4e3448286066df2659935a5"
format_stamp: "Formatted at 2026-06-08 12:42:46 on dist-test-slave-sxbk"
I20260608 12:42:46.058337 12721 fs_report.cc:389] FS layout report
--------------------
wal directory: /tmp/dist-test-task49f36G/test-tmp/auto_rebalancer-test.0.AutoRebalancerTest.MovesScheduledIfAddTserver.1780922546196251-12721-0/minicluster-data/ts-0-root
metadata directory: /tmp/dist-test-task49f36G/test-tmp/auto_rebalancer-test.0.AutoRebalancerTest.MovesScheduledIfAddTserver.1780922546196251-12721-0/minicluster-data/ts-0-root
1 data directories: /tmp/dist-test-task49f36G/test-tmp/auto_rebalancer-test.0.AutoRebalancerTest.MovesScheduledIfAddTserver.1780922546196251-12721-0/minicluster-data/ts-0-root/data
Total live blocks: 0
Total live bytes: 0
Total live bytes (after alignment): 0
Total number of LBM containers: 0 (0 full)
Did not check for missing blocks
Did not check for orphaned blocks
Total full LBM containers with extra space: 0 (0 repaired)
Total full LBM container extra space in bytes: 0 (0 repaired)
Total incomplete LBM containers: 0 (0 repaired)
Total LBM partial records: 0 (0 repaired)
Total corrupted LBM metadata records in RocksDB: 0 (0 repaired)
I20260608 12:42:46.073138 12721 rpc_server.cc:225] running with OpenSSL 1.1.1  11 Sep 2018
I20260608 12:42:46.074705 12721 kserver.cc:163] Server-wide thread pool size limit: 3276
I20260608 12:42:46.076321 12721 txn_system_client.cc:432] TxnSystemClient initialization is disabled...
I20260608 12:42:46.078951 12721 ts_tablet_manager.cc:585] Loaded tablet metadata (0 total tablets, 0 live tablets)
I20260608 12:42:46.079186 12721 ts_tablet_manager.cc:531] Time spent load tablet metadata: real 0.000s	user 0.000s	sys 0.000s
I20260608 12:42:46.079445 12721 ts_tablet_manager.cc:616] Registered 0 tablets
I20260608 12:42:46.079645 12721 ts_tablet_manager.cc:595] Time spent register tablets: real 0.000s	user 0.000s	sys 0.000s
I20260608 12:42:46.124137 12721 rpc_server.cc:307] RPC server started. Bound to: 127.12.108.65:34671
I20260608 12:42:46.124251 14481 acceptor_pool.cc:272] collecting diagnostics on the listening RPC socket 127.12.108.65:34671 every 8 connection(s)
I20260608 12:42:46.129871 12721 file_cache.cc:492] Constructed file cache file cache with capacity 419430
W20260608 12:42:46.137563 14486 instance_detector.cc:116] could not retrieve AWS instance metadata: Network error: curl error: HTTP response code said error: The requested URL returned error: 404
W20260608 12:42:46.140323 14487 instance_detector.cc:116] could not retrieve Azure instance metadata: Network error: curl error: HTTP response code said error: The requested URL returned error: 404
I20260608 12:42:46.141966 12721 server_base.cc:1061] running on GCE node
W20260608 12:42:46.142928 14489 instance_detector.cc:116] could not retrieve OpenStack instance metadata: Network error: curl error: HTTP response code said error: The requested URL returned error: 404
I20260608 12:42:46.144013 12721 hybrid_clock.cc:584] initializing the hybrid clock with 'system_unsync' time source
W20260608 12:42:46.144237 12721 system_unsync_time.cc:38] NTP support is disabled. Clock error bounds will not be accurate. This configuration is not suitable for distributed clusters.
I20260608 12:42:46.144446 12721 hybrid_clock.cc:648] HybridClock initialized: now 1780922566144408 us; error 0 us; skew 500 ppm
I20260608 12:42:46.145056 12721 server_base.cc:861] Flag tcmalloc_max_total_thread_cache_bytes is not working since tcmalloc is not enabled.
I20260608 12:42:46.147886 14482 heartbeater.cc:344] Connected to a master server at 127.12.108.126:35815
I20260608 12:42:46.148299 14482 heartbeater.cc:461] Registering TS with master...
I20260608 12:42:46.148381 12721 webserver.cc:533] Webserver started at http://127.12.108.66:45305/ using document root <none> and password file <none>
I20260608 12:42:46.149156 12721 fs_manager.cc:362] Metadata directory not provided
I20260608 12:42:46.149125 14482 heartbeater.cc:507] Master 127.12.108.126:35815 requested a full tablet report, sending...
I20260608 12:42:46.149691 12721 fs_manager.cc:368] Using write-ahead log directory (fs_wal_dir) as metadata directory
I20260608 12:42:46.150329 12721 server_base.cc:909] This appears to be a new deployment of Kudu; creating new FS layout
I20260608 12:42:46.151515 12721 fs_manager.cc:1068] Generated new instance metadata in path /tmp/dist-test-task49f36G/test-tmp/auto_rebalancer-test.0.AutoRebalancerTest.MovesScheduledIfAddTserver.1780922546196251-12721-0/minicluster-data/ts-1-root/instance:
uuid: "1d0f52252a00491db62fcb0b7398a7b4"
format_stamp: "Formatted at 2026-06-08 12:42:46 on dist-test-slave-sxbk"
I20260608 12:42:46.151741 14355 ts_manager.cc:194] Registered new tserver with Master: 1b9fae75e4e3448286066df2659935a5 (127.12.108.65:34671)
I20260608 12:42:46.154032 14355 master_service.cc:502] Signed X509 certificate for tserver {username='slave'} at 127.0.0.1:48122
I20260608 12:42:46.156817 12721 fs_manager.cc:696] Time spent creating directory manager: real 0.005s	user 0.005s	sys 0.001s
I20260608 12:42:46.160949 14494 log_block_manager.cc:4031] Time spent loading block containers with low live blocks: real 0.000s	user 0.000s	sys 0.000s
I20260608 12:42:46.162051 12721 fs_manager.cc:730] Time spent opening block manager: real 0.003s	user 0.002s	sys 0.000s
I20260608 12:42:46.162489 12721 fs_manager.cc:647] Opened local filesystem: /tmp/dist-test-task49f36G/test-tmp/auto_rebalancer-test.0.AutoRebalancerTest.MovesScheduledIfAddTserver.1780922546196251-12721-0/minicluster-data/ts-1-root
uuid: "1d0f52252a00491db62fcb0b7398a7b4"
format_stamp: "Formatted at 2026-06-08 12:42:46 on dist-test-slave-sxbk"
I20260608 12:42:46.162817 12721 fs_report.cc:389] FS layout report
--------------------
wal directory: /tmp/dist-test-task49f36G/test-tmp/auto_rebalancer-test.0.AutoRebalancerTest.MovesScheduledIfAddTserver.1780922546196251-12721-0/minicluster-data/ts-1-root
metadata directory: /tmp/dist-test-task49f36G/test-tmp/auto_rebalancer-test.0.AutoRebalancerTest.MovesScheduledIfAddTserver.1780922546196251-12721-0/minicluster-data/ts-1-root
1 data directories: /tmp/dist-test-task49f36G/test-tmp/auto_rebalancer-test.0.AutoRebalancerTest.MovesScheduledIfAddTserver.1780922546196251-12721-0/minicluster-data/ts-1-root/data
Total live blocks: 0
Total live bytes: 0
Total live bytes (after alignment): 0
Total number of LBM containers: 0 (0 full)
Did not check for missing blocks
Did not check for orphaned blocks
Total full LBM containers with extra space: 0 (0 repaired)
Total full LBM container extra space in bytes: 0 (0 repaired)
Total incomplete LBM containers: 0 (0 repaired)
Total LBM partial records: 0 (0 repaired)
Total corrupted LBM metadata records in RocksDB: 0 (0 repaired)
I20260608 12:42:46.190058 12721 rpc_server.cc:225] running with OpenSSL 1.1.1  11 Sep 2018
I20260608 12:42:46.191257 12721 kserver.cc:163] Server-wide thread pool size limit: 3276
I20260608 12:42:46.192699 12721 txn_system_client.cc:432] TxnSystemClient initialization is disabled...
I20260608 12:42:46.195154 12721 ts_tablet_manager.cc:585] Loaded tablet metadata (0 total tablets, 0 live tablets)
I20260608 12:42:46.195393 12721 ts_tablet_manager.cc:531] Time spent load tablet metadata: real 0.000s	user 0.000s	sys 0.000s
I20260608 12:42:46.195652 12721 ts_tablet_manager.cc:616] Registered 0 tablets
I20260608 12:42:46.195838 12721 ts_tablet_manager.cc:595] Time spent register tablets: real 0.000s	user 0.000s	sys 0.000s
I20260608 12:42:46.239128 12721 rpc_server.cc:307] RPC server started. Bound to: 127.12.108.66:45609
I20260608 12:42:46.239243 14556 acceptor_pool.cc:272] collecting diagnostics on the listening RPC socket 127.12.108.66:45609 every 8 connection(s)
I20260608 12:42:46.244845 12721 file_cache.cc:492] Constructed file cache file cache with capacity 419430
W20260608 12:42:46.253264 14560 instance_detector.cc:116] could not retrieve AWS instance metadata: Network error: curl error: HTTP response code said error: The requested URL returned error: 404
W20260608 12:42:46.255334 14561 instance_detector.cc:116] could not retrieve Azure instance metadata: Network error: curl error: HTTP response code said error: The requested URL returned error: 404
W20260608 12:42:46.256012 14563 instance_detector.cc:116] could not retrieve OpenStack instance metadata: Network error: curl error: HTTP response code said error: The requested URL returned error: 404
I20260608 12:42:46.257916 12721 server_base.cc:1061] running on GCE node
I20260608 12:42:46.259112 12721 hybrid_clock.cc:584] initializing the hybrid clock with 'system_unsync' time source
W20260608 12:42:46.259382 12721 system_unsync_time.cc:38] NTP support is disabled. Clock error bounds will not be accurate. This configuration is not suitable for distributed clusters.
I20260608 12:42:46.259577 12721 hybrid_clock.cc:648] HybridClock initialized: now 1780922566259562 us; error 0 us; skew 500 ppm
I20260608 12:42:46.260368 12721 server_base.cc:861] Flag tcmalloc_max_total_thread_cache_bytes is not working since tcmalloc is not enabled.
I20260608 12:42:46.261224 14557 heartbeater.cc:344] Connected to a master server at 127.12.108.126:35815
I20260608 12:42:46.261610 14557 heartbeater.cc:461] Registering TS with master...
I20260608 12:42:46.262598 14557 heartbeater.cc:507] Master 127.12.108.126:35815 requested a full tablet report, sending...
I20260608 12:42:46.263962 12721 webserver.cc:533] Webserver started at http://127.12.108.67:43925/ using document root <none> and password file <none>
I20260608 12:42:46.264655 12721 fs_manager.cc:362] Metadata directory not provided
I20260608 12:42:46.264933 12721 fs_manager.cc:368] Using write-ahead log directory (fs_wal_dir) as metadata directory
I20260608 12:42:46.265115 14355 ts_manager.cc:194] Registered new tserver with Master: 1d0f52252a00491db62fcb0b7398a7b4 (127.12.108.66:45609)
I20260608 12:42:46.265218 12721 server_base.cc:909] This appears to be a new deployment of Kudu; creating new FS layout
I20260608 12:42:46.266664 14355 master_service.cc:502] Signed X509 certificate for tserver {username='slave'} at 127.0.0.1:48134
I20260608 12:42:46.267002 12721 fs_manager.cc:1068] Generated new instance metadata in path /tmp/dist-test-task49f36G/test-tmp/auto_rebalancer-test.0.AutoRebalancerTest.MovesScheduledIfAddTserver.1780922546196251-12721-0/minicluster-data/ts-2-root/instance:
uuid: "735fc2f124e74086b1853d76a4717f8a"
format_stamp: "Formatted at 2026-06-08 12:42:46 on dist-test-slave-sxbk"
I20260608 12:42:46.272316 12721 fs_manager.cc:696] Time spent creating directory manager: real 0.005s	user 0.005s	sys 0.000s
I20260608 12:42:46.276379 14568 log_block_manager.cc:4031] Time spent loading block containers with low live blocks: real 0.000s	user 0.000s	sys 0.000s
I20260608 12:42:46.278126 12721 fs_manager.cc:730] Time spent opening block manager: real 0.004s	user 0.002s	sys 0.000s
I20260608 12:42:46.278648 12721 fs_manager.cc:647] Opened local filesystem: /tmp/dist-test-task49f36G/test-tmp/auto_rebalancer-test.0.AutoRebalancerTest.MovesScheduledIfAddTserver.1780922546196251-12721-0/minicluster-data/ts-2-root
uuid: "735fc2f124e74086b1853d76a4717f8a"
format_stamp: "Formatted at 2026-06-08 12:42:46 on dist-test-slave-sxbk"
I20260608 12:42:46.279263 12721 fs_report.cc:389] FS layout report
--------------------
wal directory: /tmp/dist-test-task49f36G/test-tmp/auto_rebalancer-test.0.AutoRebalancerTest.MovesScheduledIfAddTserver.1780922546196251-12721-0/minicluster-data/ts-2-root
metadata directory: /tmp/dist-test-task49f36G/test-tmp/auto_rebalancer-test.0.AutoRebalancerTest.MovesScheduledIfAddTserver.1780922546196251-12721-0/minicluster-data/ts-2-root
1 data directories: /tmp/dist-test-task49f36G/test-tmp/auto_rebalancer-test.0.AutoRebalancerTest.MovesScheduledIfAddTserver.1780922546196251-12721-0/minicluster-data/ts-2-root/data
Total live blocks: 0
Total live bytes: 0
Total live bytes (after alignment): 0
Total number of LBM containers: 0 (0 full)
Did not check for missing blocks
Did not check for orphaned blocks
Total full LBM containers with extra space: 0 (0 repaired)
Total full LBM container extra space in bytes: 0 (0 repaired)
Total incomplete LBM containers: 0 (0 repaired)
Total LBM partial records: 0 (0 repaired)
Total corrupted LBM metadata records in RocksDB: 0 (0 repaired)
I20260608 12:42:46.300206 12721 rpc_server.cc:225] running with OpenSSL 1.1.1  11 Sep 2018
I20260608 12:42:46.301440 12721 kserver.cc:163] Server-wide thread pool size limit: 3276
I20260608 12:42:46.302970 12721 txn_system_client.cc:432] TxnSystemClient initialization is disabled...
I20260608 12:42:46.305286 12721 ts_tablet_manager.cc:585] Loaded tablet metadata (0 total tablets, 0 live tablets)
I20260608 12:42:46.305527 12721 ts_tablet_manager.cc:531] Time spent load tablet metadata: real 0.000s	user 0.000s	sys 0.000s
I20260608 12:42:46.306135 12721 ts_tablet_manager.cc:616] Registered 0 tablets
I20260608 12:42:46.306380 12721 ts_tablet_manager.cc:595] Time spent register tablets: real 0.000s	user 0.001s	sys 0.000s
I20260608 12:42:46.352217 12721 rpc_server.cc:307] RPC server started. Bound to: 127.12.108.67:42009
I20260608 12:42:46.352324 14630 acceptor_pool.cc:272] collecting diagnostics on the listening RPC socket 127.12.108.67:42009 every 8 connection(s)
I20260608 12:42:46.369588 14631 heartbeater.cc:344] Connected to a master server at 127.12.108.126:35815
I20260608 12:42:46.370368 14631 heartbeater.cc:461] Registering TS with master...
I20260608 12:42:46.371291 14631 heartbeater.cc:507] Master 127.12.108.126:35815 requested a full tablet report, sending...
I20260608 12:42:46.373378 14355 ts_manager.cc:194] Registered new tserver with Master: 735fc2f124e74086b1853d76a4717f8a (127.12.108.67:42009)
I20260608 12:42:46.373513 12721 internal_mini_cluster.cc:371] 3 TS(s) registered with all masters after 0.017652691s
I20260608 12:42:46.375202 14355 master_service.cc:502] Signed X509 certificate for tserver {username='slave'} at 127.0.0.1:48140
I20260608 12:42:47.156971 14482 heartbeater.cc:499] Master 127.12.108.126:35815 was elected leader, sending a full tablet report...
I20260608 12:42:47.269563 14557 heartbeater.cc:499] Master 127.12.108.126:35815 was elected leader, sending a full tablet report...
I20260608 12:42:47.378228 14631 heartbeater.cc:499] Master 127.12.108.126:35815 was elected leader, sending a full tablet report...
I20260608 12:42:47.474632 14355 catalog_manager.cc:2282] Servicing CreateTable request from {username='slave'} at 127.0.0.1:48156:
name: "test-workload"
schema {
  columns {
    name: "key"
    type: INT32
    is_key: true
    is_nullable: false
    encoding: AUTO_ENCODING
    compression: DEFAULT_COMPRESSION
    cfile_block_size: 0
    immutable: false
  }
  columns {
    name: "int_val"
    type: INT32
    is_key: false
    is_nullable: false
    encoding: AUTO_ENCODING
    compression: DEFAULT_COMPRESSION
    cfile_block_size: 0
    immutable: false
  }
  columns {
    name: "string_val"
    type: STRING
    is_key: false
    is_nullable: true
    encoding: AUTO_ENCODING
    compression: DEFAULT_COMPRESSION
    cfile_block_size: 0
    immutable: false
  }
}
num_replicas: 3
split_rows_range_bounds {
  rows: "\004\001\000\377\377\377?""\004\001\000\377\377\377?"
  indirect_data: """"
}
partition_schema {
  range_schema {
    columns {
      name: "key"
    }
  }
}
W20260608 12:42:47.477317 14355 catalog_manager.cc:7076] The number of live tablet servers is not enough to re-replicate a tablet replica of the newly created table test-workload in case of a server failure: 4 tablet servers would be needed, 3 are available. Consider bringing up more tablet servers.
I20260608 12:42:47.537372 14446 tablet_service.cc:1511] Processing CreateTablet for tablet a56a9da097f6492ca156b06efdb204bf (DEFAULT_TABLE table=test-workload [id=12913a776f7d4d69b06ee06ac766793b]), partition=RANGE (key) PARTITION 1073741823 <= VALUES
I20260608 12:42:47.539533 14446 data_dirs.cc:400] Could only allocate 1 dirs of requested 3 for tablet a56a9da097f6492ca156b06efdb204bf. 1 dirs total, 0 dirs full, 0 dirs failed
I20260608 12:42:47.537171 14447 tablet_service.cc:1511] Processing CreateTablet for tablet 854293c3edec4d87bd409f41a982238a (DEFAULT_TABLE table=test-workload [id=12913a776f7d4d69b06ee06ac766793b]), partition=RANGE (key) PARTITION VALUES < 1073741823
I20260608 12:42:47.541220 14447 data_dirs.cc:400] Could only allocate 1 dirs of requested 3 for tablet 854293c3edec4d87bd409f41a982238a. 1 dirs total, 0 dirs full, 0 dirs failed
I20260608 12:42:47.543243 14521 tablet_service.cc:1511] Processing CreateTablet for tablet a56a9da097f6492ca156b06efdb204bf (DEFAULT_TABLE table=test-workload [id=12913a776f7d4d69b06ee06ac766793b]), partition=RANGE (key) PARTITION 1073741823 <= VALUES
I20260608 12:42:47.543190 14522 tablet_service.cc:1511] Processing CreateTablet for tablet 854293c3edec4d87bd409f41a982238a (DEFAULT_TABLE table=test-workload [id=12913a776f7d4d69b06ee06ac766793b]), partition=RANGE (key) PARTITION VALUES < 1073741823
