I20260608 12:44:36.929579 17799 consensus_queue.cc:260] T 98a0ce356eb94e7191dcd963ce01760e P 1f37e7ad3b2f43b480e823ae9815770f [NON_LEADER]: Queue going to NON_LEADER mode. State: All replicated index: 0, Majority replicated index: 0, Committed index: 0, Last appended: 0.0, Last appended by leader: 0, Current term: 0, Majority size: -1, State: 0, Mode: NON_LEADER, active raft config: opid_index: -1 OBSOLETE_local: false peers { permanent_uuid: "ae555aeb2a064833914b144c188180fe" member_type: VOTER last_known_addr { host: "127.12.191.65" port: 39817 } } peers { permanent_uuid: "1f37e7ad3b2f43b480e823ae9815770f" member_type: VOTER last_known_addr { host: "127.12.191.66" port: 42159 } } peers { permanent_uuid: "2448113a05e842c59aeee28a87e1336d" member_type: VOTER last_known_addr { host: "127.12.191.67" port: 33099 } }
I20260608 12:44:36.931345 17678 raft_consensus.cc:2468] T 98a0ce356eb94e7191dcd963ce01760e P 1f37e7ad3b2f43b480e823ae9815770f [term 0 FOLLOWER]: Leader pre-election vote request: Granting yes vote for candidate ae555aeb2a064833914b144c188180fe in term 0.
I20260608 12:44:36.933111 17799 ts_tablet_manager.cc:1434] T 98a0ce356eb94e7191dcd963ce01760e P 1f37e7ad3b2f43b480e823ae9815770f: Time spent starting tablet: real 0.020s	user 0.011s	sys 0.000s
I20260608 12:44:36.934514 17799 tablet_bootstrap.cc:492] T 1866242ddd6c4f2ca4e2bc08b9023755 P 1f37e7ad3b2f43b480e823ae9815770f: Bootstrap starting.
I20260608 12:44:36.935384 17800 tablet_bootstrap.cc:492] T 1866242ddd6c4f2ca4e2bc08b9023755 P 2448113a05e842c59aeee28a87e1336d: No bootstrap required, opened a new log
I20260608 12:44:36.936103 17800 ts_tablet_manager.cc:1403] T 1866242ddd6c4f2ca4e2bc08b9023755 P 2448113a05e842c59aeee28a87e1336d: Time spent bootstrapping tablet: real 0.071s	user 0.014s	sys 0.033s
I20260608 12:44:36.940528 17808 raft_consensus.cc:493] T 97d1370fa29a4977881d147659290e73 P ae555aeb2a064833914b144c188180fe [term 0 FOLLOWER]: Starting pre-election (no leader contacted us within the election timeout)
I20260608 12:44:36.936267 17841 raft_consensus.cc:515] T 98a0ce356eb94e7191dcd963ce01760e P ae555aeb2a064833914b144c188180fe [term 1 FOLLOWER]: Starting leader election with config: opid_index: -1 OBSOLETE_local: false peers { permanent_uuid: "ae555aeb2a064833914b144c188180fe" member_type: VOTER last_known_addr { host: "127.12.191.65" port: 39817 } } peers { permanent_uuid: "1f37e7ad3b2f43b480e823ae9815770f" member_type: VOTER last_known_addr { host: "127.12.191.66" port: 42159 } } peers { permanent_uuid: "2448113a05e842c59aeee28a87e1336d" member_type: VOTER last_known_addr { host: "127.12.191.67" port: 33099 } }
I20260608 12:44:36.940474 17800 raft_consensus.cc:359] T 1866242ddd6c4f2ca4e2bc08b9023755 P 2448113a05e842c59aeee28a87e1336d [term 0 FOLLOWER]: Replica starting. Triggering 0 pending ops. Active config: opid_index: -1 OBSOLETE_local: false peers { permanent_uuid: "ae555aeb2a064833914b144c188180fe" member_type: VOTER last_known_addr { host: "127.12.191.65" port: 39817 } } peers { permanent_uuid: "1f37e7ad3b2f43b480e823ae9815770f" member_type: VOTER last_known_addr { host: "127.12.191.66" port: 42159 } } peers { permanent_uuid: "2448113a05e842c59aeee28a87e1336d" member_type: VOTER last_known_addr { host: "127.12.191.67" port: 33099 } }
I20260608 12:44:36.942855 17808 raft_consensus.cc:515] T 97d1370fa29a4977881d147659290e73 P ae555aeb2a064833914b144c188180fe [term 0 FOLLOWER]: Starting pre-election with config: opid_index: -1 OBSOLETE_local: false peers { permanent_uuid: "2448113a05e842c59aeee28a87e1336d" member_type: VOTER last_known_addr { host: "127.12.191.67" port: 33099 } } peers { permanent_uuid: "ae555aeb2a064833914b144c188180fe" member_type: VOTER last_known_addr { host: "127.12.191.65" port: 39817 } } peers { permanent_uuid: "1f37e7ad3b2f43b480e823ae9815770f" member_type: VOTER last_known_addr { host: "127.12.191.66" port: 42159 } }
I20260608 12:44:36.943516 17604 raft_consensus.cc:2393] T 98a0ce356eb94e7191dcd963ce01760e P ae555aeb2a064833914b144c188180fe [term 1 FOLLOWER]: Leader pre-election vote request: Denying vote to candidate 2448113a05e842c59aeee28a87e1336d in current term 1: Already voted for candidate ae555aeb2a064833914b144c188180fe in this term.
I20260608 12:44:36.943630 17800 raft_consensus.cc:385] T 1866242ddd6c4f2ca4e2bc08b9023755 P 2448113a05e842c59aeee28a87e1336d [term 0 FOLLOWER]: Consensus starting up: Expiring failure detector timer to make a prompt election more likely
I20260608 12:44:36.944250 17800 raft_consensus.cc:740] T 1866242ddd6c4f2ca4e2bc08b9023755 P 2448113a05e842c59aeee28a87e1336d [term 0 FOLLOWER]: Becoming Follower/Learner. State: Replica: 2448113a05e842c59aeee28a87e1336d, State: Initialized, Role: FOLLOWER
I20260608 12:44:36.945381 17800 consensus_queue.cc:260] T 1866242ddd6c4f2ca4e2bc08b9023755 P 2448113a05e842c59aeee28a87e1336d [NON_LEADER]: Queue going to NON_LEADER mode. State: All replicated index: 0, Majority replicated index: 0, Committed index: 0, Last appended: 0.0, Last appended by leader: 0, Current term: 0, Majority size: -1, State: 0, Mode: NON_LEADER, active raft config: opid_index: -1 OBSOLETE_local: false peers { permanent_uuid: "ae555aeb2a064833914b144c188180fe" member_type: VOTER last_known_addr { host: "127.12.191.65" port: 39817 } } peers { permanent_uuid: "1f37e7ad3b2f43b480e823ae9815770f" member_type: VOTER last_known_addr { host: "127.12.191.66" port: 42159 } } peers { permanent_uuid: "2448113a05e842c59aeee28a87e1336d" member_type: VOTER last_known_addr { host: "127.12.191.67" port: 33099 } }
I20260608 12:44:36.946357 17718 leader_election.cc:304] T 98a0ce356eb94e7191dcd963ce01760e P 2448113a05e842c59aeee28a87e1336d [CANDIDATE]: Term 1 pre-election: Election decided. Result: candidate lost. Election summary: received 3 responses out of 3 voters: 1 yes votes; 2 no votes. yes voters: 2448113a05e842c59aeee28a87e1336d; no voters: 1f37e7ad3b2f43b480e823ae9815770f, ae555aeb2a064833914b144c188180fe
I20260608 12:44:36.947458 17752 tablet_service.cc:1917] Received RequestConsensusVote() RPC: tablet_id: "97d1370fa29a4977881d147659290e73" candidate_uuid: "ae555aeb2a064833914b144c188180fe" candidate_term: 1 candidate_status { last_received { term: 0 index: 0 } } ignore_live_leader: false dest_uuid: "2448113a05e842c59aeee28a87e1336d" is_pre_election: true
I20260608 12:44:36.947952 17679 tablet_service.cc:1917] Received RequestConsensusVote() RPC: tablet_id: "98a0ce356eb94e7191dcd963ce01760e" candidate_uuid: "ae555aeb2a064833914b144c188180fe" candidate_term: 1 candidate_status { last_received { term: 0 index: 0 } } ignore_live_leader: false dest_uuid: "1f37e7ad3b2f43b480e823ae9815770f"
I20260608 12:44:36.948329 17800 ts_tablet_manager.cc:1434] T 1866242ddd6c4f2ca4e2bc08b9023755 P 2448113a05e842c59aeee28a87e1336d: Time spent starting tablet: real 0.012s	user 0.005s	sys 0.005s
I20260608 12:44:36.948433 17841 leader_election.cc:290] T 98a0ce356eb94e7191dcd963ce01760e P ae555aeb2a064833914b144c188180fe [CANDIDATE]: Term 1 election: Requested vote from peers 1f37e7ad3b2f43b480e823ae9815770f (127.12.191.66:42159), 2448113a05e842c59aeee28a87e1336d (127.12.191.67:33099)
I20260608 12:44:36.941874 17801 tablet_bootstrap.cc:654] T 15c1af18356d4d57a7f4a90ace643d06 P ae555aeb2a064833914b144c188180fe: Neither blocks nor log segments found. Creating new log.
I20260608 12:44:36.949280 17804 raft_consensus.cc:3060] T 98a0ce356eb94e7191dcd963ce01760e P 2448113a05e842c59aeee28a87e1336d [term 0 FOLLOWER]: Advancing to term 1
I20260608 12:44:36.949887 17800 tablet_bootstrap.cc:492] T 2820851d1cac47fc9038672ac7ca68de P 2448113a05e842c59aeee28a87e1336d: Bootstrap starting.
I20260608 12:44:36.948770 17679 raft_consensus.cc:3060] T 98a0ce356eb94e7191dcd963ce01760e P 1f37e7ad3b2f43b480e823ae9815770f [term 0 FOLLOWER]: Advancing to term 1
I20260608 12:44:36.953363 17753 tablet_service.cc:1917] Received RequestConsensusVote() RPC: tablet_id: "98a0ce356eb94e7191dcd963ce01760e" candidate_uuid: "ae555aeb2a064833914b144c188180fe" candidate_term: 1 candidate_status { last_received { term: 0 index: 0 } } ignore_live_leader: false dest_uuid: "2448113a05e842c59aeee28a87e1336d"
I20260608 12:44:36.948338 17752 raft_consensus.cc:2468] T 97d1370fa29a4977881d147659290e73 P 2448113a05e842c59aeee28a87e1336d [term 0 FOLLOWER]: Leader pre-election vote request: Granting yes vote for candidate ae555aeb2a064833914b144c188180fe in term 0.
I20260608 12:44:36.956358 17567 leader_election.cc:304] T 97d1370fa29a4977881d147659290e73 P ae555aeb2a064833914b144c188180fe [CANDIDATE]: Term 1 pre-election: Election decided. Result: candidate won. Election summary: received 2 responses out of 3 voters: 2 yes votes; 0 no votes. yes voters: 2448113a05e842c59aeee28a87e1336d, ae555aeb2a064833914b144c188180fe; no voters: 
I20260608 12:44:36.958241 17800 tablet_bootstrap.cc:654] T 2820851d1cac47fc9038672ac7ca68de P 2448113a05e842c59aeee28a87e1336d: Neither blocks nor log segments found. Creating new log.
I20260608 12:44:36.958593 17841 raft_consensus.cc:2804] T 97d1370fa29a4977881d147659290e73 P ae555aeb2a064833914b144c188180fe [term 0 FOLLOWER]: Leader pre-election won for term 1
I20260608 12:44:36.959062 17841 raft_consensus.cc:493] T 97d1370fa29a4977881d147659290e73 P ae555aeb2a064833914b144c188180fe [term 0 FOLLOWER]: Starting leader election (no leader contacted us within the election timeout)
I20260608 12:44:36.959429 17841 raft_consensus.cc:3060] T 97d1370fa29a4977881d147659290e73 P ae555aeb2a064833914b144c188180fe [term 0 FOLLOWER]: Advancing to term 1
I20260608 12:44:36.942292 17799 tablet_bootstrap.cc:654] T 1866242ddd6c4f2ca4e2bc08b9023755 P 1f37e7ad3b2f43b480e823ae9815770f: Neither blocks nor log segments found. Creating new log.
I20260608 12:44:36.962131 17677 tablet_service.cc:1917] Received RequestConsensusVote() RPC: tablet_id: "97d1370fa29a4977881d147659290e73" candidate_uuid: "ae555aeb2a064833914b144c188180fe" candidate_term: 1 candidate_status { last_received { term: 0 index: 0 } } ignore_live_leader: false dest_uuid: "1f37e7ad3b2f43b480e823ae9815770f" is_pre_election: true
I20260608 12:44:36.962877 17677 raft_consensus.cc:2468] T 97d1370fa29a4977881d147659290e73 P 1f37e7ad3b2f43b480e823ae9815770f [term 0 FOLLOWER]: Leader pre-election vote request: Granting yes vote for candidate ae555aeb2a064833914b144c188180fe in term 0.
I20260608 12:44:36.965143 17808 leader_election.cc:290] T 97d1370fa29a4977881d147659290e73 P ae555aeb2a064833914b144c188180fe [CANDIDATE]: Term 1 pre-election: Requested pre-vote from peers 2448113a05e842c59aeee28a87e1336d (127.12.191.67:33099), 1f37e7ad3b2f43b480e823ae9815770f (127.12.191.66:42159)
I20260608 12:44:36.965679 17804 raft_consensus.cc:2749] T 98a0ce356eb94e7191dcd963ce01760e P 2448113a05e842c59aeee28a87e1336d [term 1 FOLLOWER]: Leader pre-election lost for term 1. Reason: could not achieve majority
I20260608 12:44:36.966890 17841 raft_consensus.cc:515] T 97d1370fa29a4977881d147659290e73 P ae555aeb2a064833914b144c188180fe [term 1 FOLLOWER]: Starting leader election with config: opid_index: -1 OBSOLETE_local: false peers { permanent_uuid: "2448113a05e842c59aeee28a87e1336d" member_type: VOTER last_known_addr { host: "127.12.191.67" port: 33099 } } peers { permanent_uuid: "ae555aeb2a064833914b144c188180fe" member_type: VOTER last_known_addr { host: "127.12.191.65" port: 39817 } } peers { permanent_uuid: "1f37e7ad3b2f43b480e823ae9815770f" member_type: VOTER last_known_addr { host: "127.12.191.66" port: 42159 } }
I20260608 12:44:36.970240 17752 tablet_service.cc:1917] Received RequestConsensusVote() RPC: tablet_id: "97d1370fa29a4977881d147659290e73" candidate_uuid: "ae555aeb2a064833914b144c188180fe" candidate_term: 1 candidate_status { last_received { term: 0 index: 0 } } ignore_live_leader: false dest_uuid: "2448113a05e842c59aeee28a87e1336d"
I20260608 12:44:36.970832 17752 raft_consensus.cc:3060] T 97d1370fa29a4977881d147659290e73 P 2448113a05e842c59aeee28a87e1336d [term 0 FOLLOWER]: Advancing to term 1
I20260608 12:44:36.985617 17841 leader_election.cc:290] T 97d1370fa29a4977881d147659290e73 P ae555aeb2a064833914b144c188180fe [CANDIDATE]: Term 1 election: Requested vote from peers 2448113a05e842c59aeee28a87e1336d (127.12.191.67:33099), 1f37e7ad3b2f43b480e823ae9815770f (127.12.191.66:42159)
I20260608 12:44:36.989238 17678 tablet_service.cc:1917] Received RequestConsensusVote() RPC: tablet_id: "97d1370fa29a4977881d147659290e73" candidate_uuid: "ae555aeb2a064833914b144c188180fe" candidate_term: 1 candidate_status { last_received { term: 0 index: 0 } } ignore_live_leader: false dest_uuid: "1f37e7ad3b2f43b480e823ae9815770f"
I20260608 12:44:36.989914 17678 raft_consensus.cc:3060] T 97d1370fa29a4977881d147659290e73 P 1f37e7ad3b2f43b480e823ae9815770f [term 0 FOLLOWER]: Advancing to term 1
I20260608 12:44:36.993713 17841 consensus_queue.cc:1048] T dde9d14df6c64cbda2785c8c186aa466 P ae555aeb2a064833914b144c188180fe [LEADER]: Connected to new peer: Peer: permanent_uuid: "2448113a05e842c59aeee28a87e1336d" member_type: VOTER last_known_addr { host: "127.12.191.67" port: 33099 }, Status: LMP_MISMATCH, Last received: 0.0, Next index: 1, Last known committed idx: 0, Time since last communication: 0.001s
I20260608 12:44:36.997452 17841 raft_consensus.cc:493] T 2820851d1cac47fc9038672ac7ca68de P ae555aeb2a064833914b144c188180fe [term 0 FOLLOWER]: Starting pre-election (no leader contacted us within the election timeout)
I20260608 12:44:36.998008 17841 raft_consensus.cc:515] T 2820851d1cac47fc9038672ac7ca68de P ae555aeb2a064833914b144c188180fe [term 0 FOLLOWER]: Starting pre-election with config: opid_index: -1 OBSOLETE_local: false peers { permanent_uuid: "ae555aeb2a064833914b144c188180fe" member_type: VOTER last_known_addr { host: "127.12.191.65" port: 39817 } } peers { permanent_uuid: "1f37e7ad3b2f43b480e823ae9815770f" member_type: VOTER last_known_addr { host: "127.12.191.66" port: 42159 } } peers { permanent_uuid: "2448113a05e842c59aeee28a87e1336d" member_type: VOTER last_known_addr { host: "127.12.191.67" port: 33099 } }
I20260608 12:44:36.993764 17752 raft_consensus.cc:2468] T 97d1370fa29a4977881d147659290e73 P 2448113a05e842c59aeee28a87e1336d [term 1 FOLLOWER]: Leader election vote request: Granting yes vote for candidate ae555aeb2a064833914b144c188180fe in term 1.
I20260608 12:44:37.001454 17567 leader_election.cc:304] T 97d1370fa29a4977881d147659290e73 P ae555aeb2a064833914b144c188180fe [CANDIDATE]: Term 1 election: Election decided. Result: candidate won. Election summary: received 2 responses out of 3 voters: 2 yes votes; 0 no votes. yes voters: 2448113a05e842c59aeee28a87e1336d, ae555aeb2a064833914b144c188180fe; no voters: 
I20260608 12:44:37.001873 17677 tablet_service.cc:1917] Received RequestConsensusVote() RPC: tablet_id: "2820851d1cac47fc9038672ac7ca68de" candidate_uuid: "ae555aeb2a064833914b144c188180fe" candidate_term: 1 candidate_status { last_received { term: 0 index: 0 } } ignore_live_leader: false dest_uuid: "1f37e7ad3b2f43b480e823ae9815770f" is_pre_election: true
I20260608 12:44:37.005147 17804 raft_consensus.cc:493] T 15c1af18356d4d57a7f4a90ace643d06 P 2448113a05e842c59aeee28a87e1336d [term 0 FOLLOWER]: Starting pre-election (no leader contacted us within the election timeout)
I20260608 12:44:37.008534 17804 raft_consensus.cc:515] T 15c1af18356d4d57a7f4a90ace643d06 P 2448113a05e842c59aeee28a87e1336d [term 0 FOLLOWER]: Starting pre-election with config: opid_index: -1 OBSOLETE_local: false peers { permanent_uuid: "ae555aeb2a064833914b144c188180fe" member_type: VOTER last_known_addr { host: "127.12.191.65" port: 39817 } } peers { permanent_uuid: "1f37e7ad3b2f43b480e823ae9815770f" member_type: VOTER last_known_addr { host: "127.12.191.66" port: 42159 } } peers { permanent_uuid: "2448113a05e842c59aeee28a87e1336d" member_type: VOTER last_known_addr { host: "127.12.191.67" port: 33099 } }
I20260608 12:44:37.001713 17807 raft_consensus.cc:515] T aca5f53b11944d99bb55ffafcdf8dff4 P ae555aeb2a064833914b144c188180fe [term 1 FOLLOWER]: Starting leader election with config: opid_index: -1 OBSOLETE_local: false peers { permanent_uuid: "ae555aeb2a064833914b144c188180fe" member_type: VOTER last_known_addr { host: "127.12.191.65" port: 39817 } } peers { permanent_uuid: "1f37e7ad3b2f43b480e823ae9815770f" member_type: VOTER last_known_addr { host: "127.12.191.66" port: 42159 } } peers { permanent_uuid: "2448113a05e842c59aeee28a87e1336d" member_type: VOTER last_known_addr { host: "127.12.191.67" port: 33099 } }
W20260608 12:44:37.017863 17568 leader_election.cc:343] T 2820851d1cac47fc9038672ac7ca68de P ae555aeb2a064833914b144c188180fe [CANDIDATE]: Term 1 pre-election: Tablet error from VoteRequest() call to peer 1f37e7ad3b2f43b480e823ae9815770f (127.12.191.66:42159): Illegal state: must be running to vote when last-logged opid is not known
I20260608 12:44:37.006637 17808 raft_consensus.cc:2804] T 97d1370fa29a4977881d147659290e73 P ae555aeb2a064833914b144c188180fe [term 1 FOLLOWER]: Leader election won for term 1
I20260608 12:44:37.019650 17808 raft_consensus.cc:697] T 97d1370fa29a4977881d147659290e73 P ae555aeb2a064833914b144c188180fe [term 1 LEADER]: Becoming Leader. State: Replica: ae555aeb2a064833914b144c188180fe, State: Running, Role: LEADER
I20260608 12:44:37.010111 17679 raft_consensus.cc:2468] T 98a0ce356eb94e7191dcd963ce01760e P 1f37e7ad3b2f43b480e823ae9815770f [term 1 FOLLOWER]: Leader election vote request: Granting yes vote for candidate ae555aeb2a064833914b144c188180fe in term 1.
I20260608 12:44:37.020723 17808 consensus_queue.cc:237] T 97d1370fa29a4977881d147659290e73 P ae555aeb2a064833914b144c188180fe [LEADER]: Queue going to LEADER mode. State: All replicated index: 0, Majority replicated index: 0, Committed index: 0, Last appended: 0.0, Last appended by leader: 0, Current term: 1, Majority size: 2, State: 0, Mode: LEADER, active raft config: opid_index: -1 OBSOLETE_local: false peers { permanent_uuid: "2448113a05e842c59aeee28a87e1336d" member_type: VOTER last_known_addr { host: "127.12.191.67" port: 33099 } } peers { permanent_uuid: "ae555aeb2a064833914b144c188180fe" member_type: VOTER last_known_addr { host: "127.12.191.65" port: 39817 } } peers { permanent_uuid: "1f37e7ad3b2f43b480e823ae9815770f" member_type: VOTER last_known_addr { host: "127.12.191.66" port: 42159 } }
I20260608 12:44:37.035187 17841 leader_election.cc:290] T 2820851d1cac47fc9038672ac7ca68de P ae555aeb2a064833914b144c188180fe [CANDIDATE]: Term 1 pre-election: Requested pre-vote from peers 1f37e7ad3b2f43b480e823ae9815770f (127.12.191.66:42159), 2448113a05e842c59aeee28a87e1336d (127.12.191.67:33099)
I20260608 12:44:37.037344 17807 leader_election.cc:290] T aca5f53b11944d99bb55ffafcdf8dff4 P ae555aeb2a064833914b144c188180fe [CANDIDATE]: Term 1 election: Requested vote from peers 1f37e7ad3b2f43b480e823ae9815770f (127.12.191.66:42159), 2448113a05e842c59aeee28a87e1336d (127.12.191.67:33099)
I20260608 12:44:37.038136 17677 tablet_service.cc:1917] Received RequestConsensusVote() RPC: tablet_id: "aca5f53b11944d99bb55ffafcdf8dff4" candidate_uuid: "ae555aeb2a064833914b144c188180fe" candidate_term: 1 candidate_status { last_received { term: 0 index: 0 } } ignore_live_leader: false dest_uuid: "1f37e7ad3b2f43b480e823ae9815770f"
I20260608 12:44:37.038757 17677 raft_consensus.cc:3060] T aca5f53b11944d99bb55ffafcdf8dff4 P 1f37e7ad3b2f43b480e823ae9815770f [term 0 FOLLOWER]: Advancing to term 1
I20260608 12:44:37.043128 17804 leader_election.cc:290] T 15c1af18356d4d57a7f4a90ace643d06 P 2448113a05e842c59aeee28a87e1336d [CANDIDATE]: Term 1 pre-election: Requested pre-vote from peers ae555aeb2a064833914b144c188180fe (127.12.191.65:39817), 1f37e7ad3b2f43b480e823ae9815770f (127.12.191.66:42159)
I20260608 12:44:37.036579 17752 tablet_service.cc:1917] Received RequestConsensusVote() RPC: tablet_id: "2820851d1cac47fc9038672ac7ca68de" candidate_uuid: "ae555aeb2a064833914b144c188180fe" candidate_term: 1 candidate_status { last_received { term: 0 index: 0 } } ignore_live_leader: false dest_uuid: "2448113a05e842c59aeee28a87e1336d" is_pre_election: true
I20260608 12:44:37.007179 17753 raft_consensus.cc:2468] T 98a0ce356eb94e7191dcd963ce01760e P 2448113a05e842c59aeee28a87e1336d [term 1 FOLLOWER]: Leader election vote request: Granting yes vote for candidate ae555aeb2a064833914b144c188180fe in term 1.
I20260608 12:44:37.054482 17568 leader_election.cc:304] T 98a0ce356eb94e7191dcd963ce01760e P ae555aeb2a064833914b144c188180fe [CANDIDATE]: Term 1 election: Election decided. Result: candidate won. Election summary: received 2 responses out of 3 voters: 2 yes votes; 0 no votes. yes voters: 1f37e7ad3b2f43b480e823ae9815770f, ae555aeb2a064833914b144c188180fe; no voters: 
I20260608 12:44:37.054404 17750 tablet_service.cc:1917] Received RequestConsensusVote() RPC: tablet_id: "aca5f53b11944d99bb55ffafcdf8dff4" candidate_uuid: "ae555aeb2a064833914b144c188180fe" candidate_term: 1 candidate_status { last_received { term: 0 index: 0 } } ignore_live_leader: false dest_uuid: "2448113a05e842c59aeee28a87e1336d"
I20260608 12:44:37.055084 17604 tablet_service.cc:1917] Received RequestConsensusVote() RPC: tablet_id: "15c1af18356d4d57a7f4a90ace643d06" candidate_uuid: "2448113a05e842c59aeee28a87e1336d" candidate_term: 1 candidate_status { last_received { term: 0 index: 0 } } ignore_live_leader: false dest_uuid: "ae555aeb2a064833914b144c188180fe" is_pre_election: true
I20260608 12:44:37.055744 17807 raft_consensus.cc:2804] T 98a0ce356eb94e7191dcd963ce01760e P ae555aeb2a064833914b144c188180fe [term 1 FOLLOWER]: Leader election won for term 1
I20260608 12:44:37.056406 17807 raft_consensus.cc:697] T 98a0ce356eb94e7191dcd963ce01760e P ae555aeb2a064833914b144c188180fe [term 1 LEADER]: Becoming Leader. State: Replica: ae555aeb2a064833914b144c188180fe, State: Running, Role: LEADER
W20260608 12:44:37.057821 17567 leader_election.cc:343] T 2820851d1cac47fc9038672ac7ca68de P ae555aeb2a064833914b144c188180fe [CANDIDATE]: Term 1 pre-election: Tablet error from VoteRequest() call to peer 2448113a05e842c59aeee28a87e1336d (127.12.191.67:33099): Illegal state: must be running to vote when last-logged opid is not known
I20260608 12:44:37.058646 17567 leader_election.cc:304] T 2820851d1cac47fc9038672ac7ca68de P ae555aeb2a064833914b144c188180fe [CANDIDATE]: Term 1 pre-election: Election decided. Result: candidate lost. Election summary: received 3 responses out of 3 voters: 1 yes votes; 2 no votes. yes voters: ae555aeb2a064833914b144c188180fe; no voters: 1f37e7ad3b2f43b480e823ae9815770f, 2448113a05e842c59aeee28a87e1336d
I20260608 12:44:37.060524 17807 consensus_queue.cc:237] T 98a0ce356eb94e7191dcd963ce01760e P ae555aeb2a064833914b144c188180fe [LEADER]: Queue going to LEADER mode. State: All replicated index: 0, Majority replicated index: 0, Committed index: 0, Last appended: 0.0, Last appended by leader: 0, Current term: 1, Majority size: 2, State: 0, Mode: LEADER, active raft config: opid_index: -1 OBSOLETE_local: false peers { permanent_uuid: "ae555aeb2a064833914b144c188180fe" member_type: VOTER last_known_addr { host: "127.12.191.65" port: 39817 } } peers { permanent_uuid: "1f37e7ad3b2f43b480e823ae9815770f" member_type: VOTER last_known_addr { host: "127.12.191.66" port: 42159 } } peers { permanent_uuid: "2448113a05e842c59aeee28a87e1336d" member_type: VOTER last_known_addr { host: "127.12.191.67" port: 33099 } }
I20260608 12:44:37.064970 17841 raft_consensus.cc:2749] T 2820851d1cac47fc9038672ac7ca68de P ae555aeb2a064833914b144c188180fe [term 0 FOLLOWER]: Leader pre-election lost for term 1. Reason: could not achieve majority
I20260608 12:44:37.065284 17679 tablet_service.cc:1917] Received RequestConsensusVote() RPC: tablet_id: "15c1af18356d4d57a7f4a90ace643d06" candidate_uuid: "2448113a05e842c59aeee28a87e1336d" candidate_term: 1 candidate_status { last_received { term: 0 index: 0 } } ignore_live_leader: false dest_uuid: "1f37e7ad3b2f43b480e823ae9815770f" is_pre_election: true
W20260608 12:44:37.066068 17718 leader_election.cc:343] T 15c1af18356d4d57a7f4a90ace643d06 P 2448113a05e842c59aeee28a87e1336d [CANDIDATE]: Term 1 pre-election: Tablet error from VoteRequest() call to peer ae555aeb2a064833914b144c188180fe (127.12.191.65:39817): Illegal state: must be running to vote when last-logged opid is not known
I20260608 12:44:37.066231 17679 raft_consensus.cc:2468] T 15c1af18356d4d57a7f4a90ace643d06 P 1f37e7ad3b2f43b480e823ae9815770f [term 0 FOLLOWER]: Leader pre-election vote request: Granting yes vote for candidate 2448113a05e842c59aeee28a87e1336d in term 0.
I20260608 12:44:37.070406 17717 leader_election.cc:304] T 15c1af18356d4d57a7f4a90ace643d06 P 2448113a05e842c59aeee28a87e1336d [CANDIDATE]: Term 1 pre-election: Election decided. Result: candidate won. Election summary: received 3 responses out of 3 voters: 2 yes votes; 1 no votes. yes voters: 1f37e7ad3b2f43b480e823ae9815770f, 2448113a05e842c59aeee28a87e1336d; no voters: ae555aeb2a064833914b144c188180fe
I20260608 12:44:37.072448 17846 raft_consensus.cc:2804] T 15c1af18356d4d57a7f4a90ace643d06 P 2448113a05e842c59aeee28a87e1336d [term 0 FOLLOWER]: Leader pre-election won for term 1
I20260608 12:44:37.072990 17846 raft_consensus.cc:493] T 15c1af18356d4d57a7f4a90ace643d06 P 2448113a05e842c59aeee28a87e1336d [term 0 FOLLOWER]: Starting leader election (no leader contacted us within the election timeout)
I20260608 12:44:37.073861 17800 tablet_bootstrap.cc:492] T 2820851d1cac47fc9038672ac7ca68de P 2448113a05e842c59aeee28a87e1336d: No bootstrap required, opened a new log
I20260608 12:44:37.074175 17678 raft_consensus.cc:2468] T 97d1370fa29a4977881d147659290e73 P 1f37e7ad3b2f43b480e823ae9815770f [term 1 FOLLOWER]: Leader election vote request: Granting yes vote for candidate ae555aeb2a064833914b144c188180fe in term 1.
I20260608 12:44:37.074515 17800 ts_tablet_manager.cc:1403] T 2820851d1cac47fc9038672ac7ca68de P 2448113a05e842c59aeee28a87e1336d: Time spent bootstrapping tablet: real 0.125s	user 0.037s	sys 0.044s
I20260608 12:44:37.075654 17846 raft_consensus.cc:3060] T 15c1af18356d4d57a7f4a90ace643d06 P 2448113a05e842c59aeee28a87e1336d [term 0 FOLLOWER]: Advancing to term 1
W20260608 12:44:37.079365 17567 leader_election.cc:343] T aca5f53b11944d99bb55ffafcdf8dff4 P ae555aeb2a064833914b144c188180fe [CANDIDATE]: Term 1 election: Tablet error from VoteRequest() call to peer 2448113a05e842c59aeee28a87e1336d (127.12.191.67:33099): Illegal state: must be running to vote when last-logged opid is not known
I20260608 12:44:37.080529 17800 raft_consensus.cc:359] T 2820851d1cac47fc9038672ac7ca68de P 2448113a05e842c59aeee28a87e1336d [term 0 FOLLOWER]: Replica starting. Triggering 0 pending ops. Active config: opid_index: -1 OBSOLETE_local: false peers { permanent_uuid: "ae555aeb2a064833914b144c188180fe" member_type: VOTER last_known_addr { host: "127.12.191.65" port: 39817 } } peers { permanent_uuid: "1f37e7ad3b2f43b480e823ae9815770f" member_type: VOTER last_known_addr { host: "127.12.191.66" port: 42159 } } peers { permanent_uuid: "2448113a05e842c59aeee28a87e1336d" member_type: VOTER last_known_addr { host: "127.12.191.67" port: 33099 } }
I20260608 12:44:37.081496 17800 raft_consensus.cc:385] T 2820851d1cac47fc9038672ac7ca68de P 2448113a05e842c59aeee28a87e1336d [term 0 FOLLOWER]: Consensus starting up: Expiring failure detector timer to make a prompt election more likely
I20260608 12:44:37.081801 17800 raft_consensus.cc:740] T 2820851d1cac47fc9038672ac7ca68de P 2448113a05e842c59aeee28a87e1336d [term 0 FOLLOWER]: Becoming Follower/Learner. State: Replica: 2448113a05e842c59aeee28a87e1336d, State: Initialized, Role: FOLLOWER
I20260608 12:44:37.082775 17800 consensus_queue.cc:260] T 2820851d1cac47fc9038672ac7ca68de P 2448113a05e842c59aeee28a87e1336d [NON_LEADER]: Queue going to NON_LEADER mode. State: All replicated index: 0, Majority replicated index: 0, Committed index: 0, Last appended: 0.0, Last appended by leader: 0, Current term: 0, Majority size: -1, State: 0, Mode: NON_LEADER, active raft config: opid_index: -1 OBSOLETE_local: false peers { permanent_uuid: "ae555aeb2a064833914b144c188180fe" member_type: VOTER last_known_addr { host: "127.12.191.65" port: 39817 } } peers { permanent_uuid: "1f37e7ad3b2f43b480e823ae9815770f" member_type: VOTER last_known_addr { host: "127.12.191.66" port: 42159 } } peers { permanent_uuid: "2448113a05e842c59aeee28a87e1336d" member_type: VOTER last_known_addr { host: "127.12.191.67" port: 33099 } }
I20260608 12:44:37.083635 17677 raft_consensus.cc:2468] T aca5f53b11944d99bb55ffafcdf8dff4 P 1f37e7ad3b2f43b480e823ae9815770f [term 1 FOLLOWER]: Leader election vote request: Granting yes vote for candidate ae555aeb2a064833914b144c188180fe in term 1.
I20260608 12:44:37.085135 17801 tablet_bootstrap.cc:492] T 15c1af18356d4d57a7f4a90ace643d06 P ae555aeb2a064833914b144c188180fe: No bootstrap required, opened a new log
I20260608 12:44:37.085805 17801 ts_tablet_manager.cc:1403] T 15c1af18356d4d57a7f4a90ace643d06 P ae555aeb2a064833914b144c188180fe: Time spent bootstrapping tablet: real 0.157s	user 0.029s	sys 0.016s
I20260608 12:44:37.085386 17568 leader_election.cc:304] T aca5f53b11944d99bb55ffafcdf8dff4 P ae555aeb2a064833914b144c188180fe [CANDIDATE]: Term 1 election: Election decided. Result: candidate won. Election summary: received 3 responses out of 3 voters: 2 yes votes; 1 no votes. yes voters: 1f37e7ad3b2f43b480e823ae9815770f, ae555aeb2a064833914b144c188180fe; no voters: 2448113a05e842c59aeee28a87e1336d
I20260608 12:44:37.085918 17800 ts_tablet_manager.cc:1434] T 2820851d1cac47fc9038672ac7ca68de P 2448113a05e842c59aeee28a87e1336d: Time spent starting tablet: real 0.011s	user 0.010s	sys 0.000s
I20260608 12:44:37.086738 17819 raft_consensus.cc:2804] T aca5f53b11944d99bb55ffafcdf8dff4 P ae555aeb2a064833914b144c188180fe [term 1 FOLLOWER]: Leader election won for term 1
I20260608 12:44:37.093775 17800 tablet_bootstrap.cc:492] T ae9e3509264a417caff04a9498039712 P 2448113a05e842c59aeee28a87e1336d: Bootstrap starting.
I20260608 12:44:37.097769 17799 tablet_bootstrap.cc:492] T 1866242ddd6c4f2ca4e2bc08b9023755 P 1f37e7ad3b2f43b480e823ae9815770f: No bootstrap required, opened a new log
I20260608 12:44:37.098501 17799 ts_tablet_manager.cc:1403] T 1866242ddd6c4f2ca4e2bc08b9023755 P 1f37e7ad3b2f43b480e823ae9815770f: Time spent bootstrapping tablet: real 0.164s	user 0.015s	sys 0.030s
I20260608 12:44:37.100629 17801 raft_consensus.cc:359] T 15c1af18356d4d57a7f4a90ace643d06 P ae555aeb2a064833914b144c188180fe [term 0 FOLLOWER]: Replica starting. Triggering 0 pending ops. Active config: opid_index: -1 OBSOLETE_local: false peers { permanent_uuid: "ae555aeb2a064833914b144c188180fe" member_type: VOTER last_known_addr { host: "127.12.191.65" port: 39817 } } peers { permanent_uuid: "1f37e7ad3b2f43b480e823ae9815770f" member_type: VOTER last_known_addr { host: "127.12.191.66" port: 42159 } } peers { permanent_uuid: "2448113a05e842c59aeee28a87e1336d" member_type: VOTER last_known_addr { host: "127.12.191.67" port: 33099 } }
I20260608 12:44:37.101615 17801 raft_consensus.cc:385] T 15c1af18356d4d57a7f4a90ace643d06 P ae555aeb2a064833914b144c188180fe [term 0 FOLLOWER]: Consensus starting up: Expiring failure detector timer to make a prompt election more likely
I20260608 12:44:37.101953 17801 raft_consensus.cc:740] T 15c1af18356d4d57a7f4a90ace643d06 P ae555aeb2a064833914b144c188180fe [term 0 FOLLOWER]: Becoming Follower/Learner. State: Replica: ae555aeb2a064833914b144c188180fe, State: Initialized, Role: FOLLOWER
I20260608 12:44:37.099503 17819 raft_consensus.cc:697] T aca5f53b11944d99bb55ffafcdf8dff4 P ae555aeb2a064833914b144c188180fe [term 1 LEADER]: Becoming Leader. State: Replica: ae555aeb2a064833914b144c188180fe, State: Running, Role: LEADER
I20260608 12:44:37.104729 17819 consensus_queue.cc:237] T aca5f53b11944d99bb55ffafcdf8dff4 P ae555aeb2a064833914b144c188180fe [LEADER]: Queue going to LEADER mode. State: All replicated index: 0, Majority replicated index: 0, Committed index: 0, Last appended: 0.0, Last appended by leader: 0, Current term: 1, Majority size: 2, State: 0, Mode: LEADER, active raft config: opid_index: -1 OBSOLETE_local: false peers { permanent_uuid: "ae555aeb2a064833914b144c188180fe" member_type: VOTER last_known_addr { host: "127.12.191.65" port: 39817 } } peers { permanent_uuid: "1f37e7ad3b2f43b480e823ae9815770f" member_type: VOTER last_known_addr { host: "127.12.191.66" port: 42159 } } peers { permanent_uuid: "2448113a05e842c59aeee28a87e1336d" member_type: VOTER last_known_addr { host: "127.12.191.67" port: 33099 } }
I20260608 12:44:37.108592 17804 raft_consensus.cc:493] T 2820851d1cac47fc9038672ac7ca68de P 2448113a05e842c59aeee28a87e1336d [term 0 FOLLOWER]: Starting pre-election (no leader contacted us within the election timeout)
I20260608 12:44:37.111568 17804 raft_consensus.cc:515] T 2820851d1cac47fc9038672ac7ca68de P 2448113a05e842c59aeee28a87e1336d [term 0 FOLLOWER]: Starting pre-election with config: opid_index: -1 OBSOLETE_local: false peers { permanent_uuid: "ae555aeb2a064833914b144c188180fe" member_type: VOTER last_known_addr { host: "127.12.191.65" port: 39817 } } peers { permanent_uuid: "1f37e7ad3b2f43b480e823ae9815770f" member_type: VOTER last_known_addr { host: "127.12.191.66" port: 42159 } } peers { permanent_uuid: "2448113a05e842c59aeee28a87e1336d" member_type: VOTER last_known_addr { host: "127.12.191.67" port: 33099 } }
I20260608 12:44:37.115621 17804 leader_election.cc:290] T 2820851d1cac47fc9038672ac7ca68de P 2448113a05e842c59aeee28a87e1336d [CANDIDATE]: Term 1 pre-election: Requested pre-vote from peers ae555aeb2a064833914b144c188180fe (127.12.191.65:39817), 1f37e7ad3b2f43b480e823ae9815770f (127.12.191.66:42159)
I20260608 12:44:37.082154 17502 catalog_manager.cc:5696] T 75b68bcb693a4c78a3344e2bab86aa2f P 1f37e7ad3b2f43b480e823ae9815770f reported cstate change: term changed from 0 to 1, leader changed from <none> to 1f37e7ad3b2f43b480e823ae9815770f (127.12.191.66). New cstate: current_term: 1 leader_uuid: "1f37e7ad3b2f43b480e823ae9815770f" committed_config { opid_index: -1 OBSOLETE_local: false peers { permanent_uuid: "ae555aeb2a064833914b144c188180fe" member_type: VOTER last_known_addr { host: "127.12.191.65" port: 39817 } health_report { overall_health: UNKNOWN } } peers { permanent_uuid: "1f37e7ad3b2f43b480e823ae9815770f" member_type: VOTER last_known_addr { host: "127.12.191.66" port: 42159 } health_report { overall_health: HEALTHY } } peers { permanent_uuid: "2448113a05e842c59aeee28a87e1336d" member_type: VOTER last_known_addr { host: "127.12.191.67" port: 33099 } health_report { overall_health: UNKNOWN } } }
I20260608 12:44:37.117230 17677 tablet_service.cc:1917] Received RequestConsensusVote() RPC: tablet_id: "2820851d1cac47fc9038672ac7ca68de" candidate_uuid: "2448113a05e842c59aeee28a87e1336d" candidate_term: 1 candidate_status { last_received { term: 0 index: 0 } } ignore_live_leader: false dest_uuid: "1f37e7ad3b2f43b480e823ae9815770f" is_pre_election: true
W20260608 12:44:37.118875 17717 leader_election.cc:343] T 2820851d1cac47fc9038672ac7ca68de P 2448113a05e842c59aeee28a87e1336d [CANDIDATE]: Term 1 pre-election: Tablet error from VoteRequest() call to peer 1f37e7ad3b2f43b480e823ae9815770f (127.12.191.66:42159): Illegal state: must be running to vote when last-logged opid is not known
I20260608 12:44:37.119715 17804 raft_consensus.cc:493] T 1866242ddd6c4f2ca4e2bc08b9023755 P 2448113a05e842c59aeee28a87e1336d [term 0 FOLLOWER]: Starting pre-election (no leader contacted us within the election timeout)
I20260608 12:44:37.122737 17804 raft_consensus.cc:515] T 1866242ddd6c4f2ca4e2bc08b9023755 P 2448113a05e842c59aeee28a87e1336d [term 0 FOLLOWER]: Starting pre-election with config: opid_index: -1 OBSOLETE_local: false peers { permanent_uuid: "ae555aeb2a064833914b144c188180fe" member_type: VOTER last_known_addr { host: "127.12.191.65" port: 39817 } } peers { permanent_uuid: "1f37e7ad3b2f43b480e823ae9815770f" member_type: VOTER last_known_addr { host: "127.12.191.66" port: 42159 } } peers { permanent_uuid: "2448113a05e842c59aeee28a87e1336d" member_type: VOTER last_known_addr { host: "127.12.191.67" port: 33099 } }
I20260608 12:44:37.126654 17804 leader_election.cc:290] T 1866242ddd6c4f2ca4e2bc08b9023755 P 2448113a05e842c59aeee28a87e1336d [CANDIDATE]: Term 1 pre-election: Requested pre-vote from peers ae555aeb2a064833914b144c188180fe (127.12.191.65:39817), 1f37e7ad3b2f43b480e823ae9815770f (127.12.191.66:42159)
I20260608 12:44:37.132032 17603 tablet_service.cc:1917] Received RequestConsensusVote() RPC: tablet_id: "1866242ddd6c4f2ca4e2bc08b9023755" candidate_uuid: "2448113a05e842c59aeee28a87e1336d" candidate_term: 1 candidate_status { last_received { term: 0 index: 0 } } ignore_live_leader: false dest_uuid: "ae555aeb2a064833914b144c188180fe" is_pre_election: true
I20260608 12:44:37.132946 17604 tablet_service.cc:1917] Received RequestConsensusVote() RPC: tablet_id: "2820851d1cac47fc9038672ac7ca68de" candidate_uuid: "2448113a05e842c59aeee28a87e1336d" candidate_term: 1 candidate_status { last_received { term: 0 index: 0 } } ignore_live_leader: false dest_uuid: "ae555aeb2a064833914b144c188180fe" is_pre_election: true
I20260608 12:44:37.133126 17603 raft_consensus.cc:2468] T 1866242ddd6c4f2ca4e2bc08b9023755 P ae555aeb2a064833914b144c188180fe [term 0 FOLLOWER]: Leader pre-election vote request: Granting yes vote for candidate 2448113a05e842c59aeee28a87e1336d in term 0.
I20260608 12:44:37.133435 17801 consensus_queue.cc:260] T 15c1af18356d4d57a7f4a90ace643d06 P ae555aeb2a064833914b144c188180fe [NON_LEADER]: Queue going to NON_LEADER mode. State: All replicated index: 0, Majority replicated index: 0, Committed index: 0, Last appended: 0.0, Last appended by leader: 0, Current term: 0, Majority size: -1, State: 0, Mode: NON_LEADER, active raft config: opid_index: -1 OBSOLETE_local: false peers { permanent_uuid: "ae555aeb2a064833914b144c188180fe" member_type: VOTER last_known_addr { host: "127.12.191.65" port: 39817 } } peers { permanent_uuid: "1f37e7ad3b2f43b480e823ae9815770f" member_type: VOTER last_known_addr { host: "127.12.191.66" port: 42159 } } peers { permanent_uuid: "2448113a05e842c59aeee28a87e1336d" member_type: VOTER last_known_addr { host: "127.12.191.67" port: 33099 } }
I20260608 12:44:37.133738 17604 raft_consensus.cc:2468] T 2820851d1cac47fc9038672ac7ca68de P ae555aeb2a064833914b144c188180fe [term 0 FOLLOWER]: Leader pre-election vote request: Granting yes vote for candidate 2448113a05e842c59aeee28a87e1336d in term 0.
I20260608 12:44:37.137274 17678 tablet_service.cc:1917] Received RequestConsensusVote() RPC: tablet_id: "1866242ddd6c4f2ca4e2bc08b9023755" candidate_uuid: "2448113a05e842c59aeee28a87e1336d" candidate_term: 1 candidate_status { last_received { term: 0 index: 0 } } ignore_live_leader: false dest_uuid: "1f37e7ad3b2f43b480e823ae9815770f" is_pre_election: true
I20260608 12:44:37.114952 17500 catalog_manager.cc:5696] T 97d1370fa29a4977881d147659290e73 P ae555aeb2a064833914b144c188180fe reported cstate change: term changed from 0 to 1, leader changed from <none> to ae555aeb2a064833914b144c188180fe (127.12.191.65). New cstate: current_term: 1 leader_uuid: "ae555aeb2a064833914b144c188180fe" committed_config { opid_index: -1 OBSOLETE_local: false peers { permanent_uuid: "2448113a05e842c59aeee28a87e1336d" member_type: VOTER last_known_addr { host: "127.12.191.67" port: 33099 } health_report { overall_health: UNKNOWN } } peers { permanent_uuid: "ae555aeb2a064833914b144c188180fe" member_type: VOTER last_known_addr { host: "127.12.191.65" port: 39817 } health_report { overall_health: HEALTHY } } peers { permanent_uuid: "1f37e7ad3b2f43b480e823ae9815770f" member_type: VOTER last_known_addr { host: "127.12.191.66" port: 42159 } health_report { overall_health: UNKNOWN } } }
I20260608 12:44:37.140353 17718 leader_election.cc:304] T 1866242ddd6c4f2ca4e2bc08b9023755 P 2448113a05e842c59aeee28a87e1336d [CANDIDATE]: Term 1 pre-election: Election decided. Result: candidate won. Election summary: received 2 responses out of 3 voters: 2 yes votes; 0 no votes. yes voters: 2448113a05e842c59aeee28a87e1336d, ae555aeb2a064833914b144c188180fe; no voters: 
I20260608 12:44:37.142045 17801 ts_tablet_manager.cc:1434] T 15c1af18356d4d57a7f4a90ace643d06 P ae555aeb2a064833914b144c188180fe: Time spent starting tablet: real 0.056s	user 0.007s	sys 0.003s
I20260608 12:44:37.142638 17718 leader_election.cc:304] T 2820851d1cac47fc9038672ac7ca68de P 2448113a05e842c59aeee28a87e1336d [CANDIDATE]: Term 1 pre-election: Election decided. Result: candidate won. Election summary: received 3 responses out of 3 voters: 2 yes votes; 1 no votes. yes voters: 2448113a05e842c59aeee28a87e1336d, ae555aeb2a064833914b144c188180fe; no voters: 1f37e7ad3b2f43b480e823ae9815770f
I20260608 12:44:37.134624 17808 consensus_queue.cc:1048] T dde9d14df6c64cbda2785c8c186aa466 P ae555aeb2a064833914b144c188180fe [LEADER]: Connected to new peer: Peer: permanent_uuid: "1f37e7ad3b2f43b480e823ae9815770f" member_type: VOTER last_known_addr { host: "127.12.191.66" port: 42159 }, Status: LMP_MISMATCH, Last received: 0.0, Next index: 1, Last known committed idx: 0, Time since last communication: 0.010s
I20260608 12:44:37.146580 17804 raft_consensus.cc:2804] T 1866242ddd6c4f2ca4e2bc08b9023755 P 2448113a05e842c59aeee28a87e1336d [term 0 FOLLOWER]: Leader pre-election won for term 1
I20260608 12:44:37.147589 17804 raft_consensus.cc:493] T 1866242ddd6c4f2ca4e2bc08b9023755 P 2448113a05e842c59aeee28a87e1336d [term 0 FOLLOWER]: Starting leader election (no leader contacted us within the election timeout)
I20260608 12:44:37.148486 17804 raft_consensus.cc:3060] T 1866242ddd6c4f2ca4e2bc08b9023755 P 2448113a05e842c59aeee28a87e1336d [term 0 FOLLOWER]: Advancing to term 1
I20260608 12:44:37.144506 17801 tablet_bootstrap.cc:492] T 462991cfca2040a39067a9f26148c56f P ae555aeb2a064833914b144c188180fe: Bootstrap starting.
I20260608 12:44:37.169896 17801 tablet_bootstrap.cc:654] T 462991cfca2040a39067a9f26148c56f P ae555aeb2a064833914b144c188180fe: Neither blocks nor log segments found. Creating new log.
I20260608 12:44:37.170413 17800 tablet_bootstrap.cc:654] T ae9e3509264a417caff04a9498039712 P 2448113a05e842c59aeee28a87e1336d: Neither blocks nor log segments found. Creating new log.
I20260608 12:44:37.176271 17854 raft_consensus.cc:2804] T 2820851d1cac47fc9038672ac7ca68de P 2448113a05e842c59aeee28a87e1336d [term 0 FOLLOWER]: Leader pre-election won for term 1
I20260608 12:44:37.176769 17854 raft_consensus.cc:493] T 2820851d1cac47fc9038672ac7ca68de P 2448113a05e842c59aeee28a87e1336d [term 0 FOLLOWER]: Starting leader election (no leader contacted us within the election timeout)
W20260608 12:44:37.176934 17717 leader_election.cc:343] T 1866242ddd6c4f2ca4e2bc08b9023755 P 2448113a05e842c59aeee28a87e1336d [CANDIDATE]: Term 1 pre-election: Tablet error from VoteRequest() call to peer 1f37e7ad3b2f43b480e823ae9815770f (127.12.191.66:42159): Illegal state: must be running to vote when last-logged opid is not known
I20260608 12:44:37.177269 17854 raft_consensus.cc:3060] T 2820851d1cac47fc9038672ac7ca68de P 2448113a05e842c59aeee28a87e1336d [term 0 FOLLOWER]: Advancing to term 1
I20260608 12:44:37.189131 17799 raft_consensus.cc:359] T 1866242ddd6c4f2ca4e2bc08b9023755 P 1f37e7ad3b2f43b480e823ae9815770f [term 0 FOLLOWER]: Replica starting. Triggering 0 pending ops. Active config: opid_index: -1 OBSOLETE_local: false peers { permanent_uuid: "ae555aeb2a064833914b144c188180fe" member_type: VOTER last_known_addr { host: "127.12.191.65" port: 39817 } } peers { permanent_uuid: "1f37e7ad3b2f43b480e823ae9815770f" member_type: VOTER last_known_addr { host: "127.12.191.66" port: 42159 } } peers { permanent_uuid: "2448113a05e842c59aeee28a87e1336d" member_type: VOTER last_known_addr { host: "127.12.191.67" port: 33099 } }
I20260608 12:44:37.189980 17799 raft_consensus.cc:385] T 1866242ddd6c4f2ca4e2bc08b9023755 P 1f37e7ad3b2f43b480e823ae9815770f [term 0 FOLLOWER]: Consensus starting up: Expiring failure detector timer to make a prompt election more likely
I20260608 12:44:37.190279 17799 raft_consensus.cc:740] T 1866242ddd6c4f2ca4e2bc08b9023755 P 1f37e7ad3b2f43b480e823ae9815770f [term 0 FOLLOWER]: Becoming Follower/Learner. State: Replica: 1f37e7ad3b2f43b480e823ae9815770f, State: Initialized, Role: FOLLOWER
I20260608 12:44:37.192574 17801 tablet_bootstrap.cc:492] T 462991cfca2040a39067a9f26148c56f P ae555aeb2a064833914b144c188180fe: No bootstrap required, opened a new log
I20260608 12:44:37.193154 17801 ts_tablet_manager.cc:1403] T 462991cfca2040a39067a9f26148c56f P ae555aeb2a064833914b144c188180fe: Time spent bootstrapping tablet: real 0.049s	user 0.012s	sys 0.006s
I20260608 12:44:37.196031 17801 raft_consensus.cc:359] T 462991cfca2040a39067a9f26148c56f P ae555aeb2a064833914b144c188180fe [term 0 FOLLOWER]: Replica starting. Triggering 0 pending ops. Active config: opid_index: -1 OBSOLETE_local: false peers { permanent_uuid: "ae555aeb2a064833914b144c188180fe" member_type: VOTER last_known_addr { host: "127.12.191.65" port: 39817 } } peers { permanent_uuid: "1f37e7ad3b2f43b480e823ae9815770f" member_type: VOTER last_known_addr { host: "127.12.191.66" port: 42159 } } peers { permanent_uuid: "2448113a05e842c59aeee28a87e1336d" member_type: VOTER last_known_addr { host: "127.12.191.67" port: 33099 } }
I20260608 12:44:37.196712 17801 raft_consensus.cc:385] T 462991cfca2040a39067a9f26148c56f P ae555aeb2a064833914b144c188180fe [term 0 FOLLOWER]: Consensus starting up: Expiring failure detector timer to make a prompt election more likely
I20260608 12:44:37.197039 17801 raft_consensus.cc:740] T 462991cfca2040a39067a9f26148c56f P ae555aeb2a064833914b144c188180fe [term 0 FOLLOWER]: Becoming Follower/Learner. State: Replica: ae555aeb2a064833914b144c188180fe, State: Initialized, Role: FOLLOWER
I20260608 12:44:37.197554 17804 raft_consensus.cc:515] T 1866242ddd6c4f2ca4e2bc08b9023755 P 2448113a05e842c59aeee28a87e1336d [term 1 FOLLOWER]: Starting leader election with config: opid_index: -1 OBSOLETE_local: false peers { permanent_uuid: "ae555aeb2a064833914b144c188180fe" member_type: VOTER last_known_addr { host: "127.12.191.65" port: 39817 } } peers { permanent_uuid: "1f37e7ad3b2f43b480e823ae9815770f" member_type: VOTER last_known_addr { host: "127.12.191.66" port: 42159 } } peers { permanent_uuid: "2448113a05e842c59aeee28a87e1336d" member_type: VOTER last_known_addr { host: "127.12.191.67" port: 33099 } }
I20260608 12:44:37.198786 17799 consensus_queue.cc:260] T 1866242ddd6c4f2ca4e2bc08b9023755 P 1f37e7ad3b2f43b480e823ae9815770f [NON_LEADER]: Queue going to NON_LEADER mode. State: All replicated index: 0, Majority replicated index: 0, Committed index: 0, Last appended: 0.0, Last appended by leader: 0, Current term: 0, Majority size: -1, State: 0, Mode: NON_LEADER, active raft config: opid_index: -1 OBSOLETE_local: false peers { permanent_uuid: "ae555aeb2a064833914b144c188180fe" member_type: VOTER last_known_addr { host: "127.12.191.65" port: 39817 } } peers { permanent_uuid: "1f37e7ad3b2f43b480e823ae9815770f" member_type: VOTER last_known_addr { host: "127.12.191.66" port: 42159 } } peers { permanent_uuid: "2448113a05e842c59aeee28a87e1336d" member_type: VOTER last_known_addr { host: "127.12.191.67" port: 33099 } }
I20260608 12:44:37.201359 17799 ts_tablet_manager.cc:1434] T 1866242ddd6c4f2ca4e2bc08b9023755 P 1f37e7ad3b2f43b480e823ae9815770f: Time spent starting tablet: real 0.102s	user 0.008s	sys 0.002s
I20260608 12:44:37.202391 17799 tablet_bootstrap.cc:492] T ae9e3509264a417caff04a9498039712 P 1f37e7ad3b2f43b480e823ae9815770f: Bootstrap starting.
I20260608 12:44:37.202822 17500 catalog_manager.cc:5696] T 98a0ce356eb94e7191dcd963ce01760e P ae555aeb2a064833914b144c188180fe reported cstate change: term changed from 0 to 1, leader changed from <none> to ae555aeb2a064833914b144c188180fe (127.12.191.65). New cstate: current_term: 1 leader_uuid: "ae555aeb2a064833914b144c188180fe" committed_config { opid_index: -1 OBSOLETE_local: false peers { permanent_uuid: "ae555aeb2a064833914b144c188180fe" member_type: VOTER last_known_addr { host: "127.12.191.65" port: 39817 } health_report { overall_health: HEALTHY } } peers { permanent_uuid: "1f37e7ad3b2f43b480e823ae9815770f" member_type: VOTER last_known_addr { host: "127.12.191.66" port: 42159 } health_report { overall_health: UNKNOWN } } peers { permanent_uuid: "2448113a05e842c59aeee28a87e1336d" member_type: VOTER last_known_addr { host: "127.12.191.67" port: 33099 } health_report { overall_health: UNKNOWN } } }
I20260608 12:44:37.205255 17500 catalog_manager.cc:5696] T aca5f53b11944d99bb55ffafcdf8dff4 P ae555aeb2a064833914b144c188180fe reported cstate change: term changed from 0 to 1, leader changed from <none> to ae555aeb2a064833914b144c188180fe (127.12.191.65). New cstate: current_term: 1 leader_uuid: "ae555aeb2a064833914b144c188180fe" committed_config { opid_index: -1 OBSOLETE_local: false peers { permanent_uuid: "ae555aeb2a064833914b144c188180fe" member_type: VOTER last_known_addr { host: "127.12.191.65" port: 39817 } health_report { overall_health: HEALTHY } } peers { permanent_uuid: "1f37e7ad3b2f43b480e823ae9815770f" member_type: VOTER last_known_addr { host: "127.12.191.66" port: 42159 } health_report { overall_health: UNKNOWN } } peers { permanent_uuid: "2448113a05e842c59aeee28a87e1336d" member_type: VOTER last_known_addr { host: "127.12.191.67" port: 33099 } health_report { overall_health: UNKNOWN } } }
I20260608 12:44:37.206736 17846 raft_consensus.cc:515] T 15c1af18356d4d57a7f4a90ace643d06 P 2448113a05e842c59aeee28a87e1336d [term 1 FOLLOWER]: Starting leader election with config: opid_index: -1 OBSOLETE_local: false peers { permanent_uuid: "ae555aeb2a064833914b144c188180fe" member_type: VOTER last_known_addr { host: "127.12.191.65" port: 39817 } } peers { permanent_uuid: "1f37e7ad3b2f43b480e823ae9815770f" member_type: VOTER last_known_addr { host: "127.12.191.66" port: 42159 } } peers { permanent_uuid: "2448113a05e842c59aeee28a87e1336d" member_type: VOTER last_known_addr { host: "127.12.191.67" port: 33099 } }
