I20260608 12:42:37.249816 13955 raft_consensus.cc:515] T df6c01b762bb44efb4b28e60a4a9b833 P 0483764c01874f588eded88a17ddc1e8 [term 0 FOLLOWER]: Starting pre-election with config: opid_index: -1 OBSOLETE_local: false peers { permanent_uuid: "189fbdba41a04ea8b8aa1cfecf8d6db3" member_type: VOTER last_known_addr { host: "127.12.191.65" port: 45383 } } peers { permanent_uuid: "0483764c01874f588eded88a17ddc1e8" member_type: VOTER last_known_addr { host: "127.12.191.66" port: 44565 } } peers { permanent_uuid: "271201ffbaac45ecb72f3a0d5551bf9a" member_type: VOTER last_known_addr { host: "127.12.191.67" port: 44921 } }
I20260608 12:42:37.251756 13629 catalog_manager.cc:5696] T 579acb12b87b4055933d33b78dfe9d73 P 189fbdba41a04ea8b8aa1cfecf8d6db3 reported cstate change: term changed from 0 to 1, leader changed from <none> to 189fbdba41a04ea8b8aa1cfecf8d6db3 (127.12.191.65). New cstate: current_term: 1 leader_uuid: "189fbdba41a04ea8b8aa1cfecf8d6db3" committed_config { opid_index: -1 OBSOLETE_local: false peers { permanent_uuid: "189fbdba41a04ea8b8aa1cfecf8d6db3" member_type: VOTER last_known_addr { host: "127.12.191.65" port: 45383 } health_report { overall_health: HEALTHY } } peers { permanent_uuid: "0483764c01874f588eded88a17ddc1e8" member_type: VOTER last_known_addr { host: "127.12.191.66" port: 44565 } health_report { overall_health: UNKNOWN } } peers { permanent_uuid: "271201ffbaac45ecb72f3a0d5551bf9a" member_type: VOTER last_known_addr { host: "127.12.191.67" port: 44921 } health_report { overall_health: UNKNOWN } } }
I20260608 12:42:37.255347 13733 tablet_service.cc:1917] Received RequestConsensusVote() RPC: tablet_id: "df6c01b762bb44efb4b28e60a4a9b833" candidate_uuid: "0483764c01874f588eded88a17ddc1e8" candidate_term: 1 candidate_status { last_received { term: 0 index: 0 } } ignore_live_leader: false dest_uuid: "189fbdba41a04ea8b8aa1cfecf8d6db3" is_pre_election: true
I20260608 12:42:37.256170 13733 raft_consensus.cc:2468] T df6c01b762bb44efb4b28e60a4a9b833 P 189fbdba41a04ea8b8aa1cfecf8d6db3 [term 0 FOLLOWER]: Leader pre-election vote request: Granting yes vote for candidate 0483764c01874f588eded88a17ddc1e8 in term 0.
I20260608 12:42:37.252166 13972 raft_consensus.cc:515] T 22ba7f55a9dd41c8a25e73e7ea163eef P 189fbdba41a04ea8b8aa1cfecf8d6db3 [term 1 FOLLOWER]: Starting leader election with config: opid_index: -1 OBSOLETE_local: false peers { permanent_uuid: "189fbdba41a04ea8b8aa1cfecf8d6db3" member_type: VOTER last_known_addr { host: "127.12.191.65" port: 45383 } } peers { permanent_uuid: "0483764c01874f588eded88a17ddc1e8" member_type: VOTER last_known_addr { host: "127.12.191.66" port: 44565 } } peers { permanent_uuid: "271201ffbaac45ecb72f3a0d5551bf9a" member_type: VOTER last_known_addr { host: "127.12.191.67" port: 44921 } }
I20260608 12:42:37.257836 13773 leader_election.cc:304] T df6c01b762bb44efb4b28e60a4a9b833 P 0483764c01874f588eded88a17ddc1e8 [CANDIDATE]: Term 1 pre-election: Election decided. Result: candidate won. Election summary: received 2 responses out of 3 voters: 2 yes votes; 0 no votes. yes voters: 0483764c01874f588eded88a17ddc1e8, 189fbdba41a04ea8b8aa1cfecf8d6db3; no voters: 
I20260608 12:42:37.259069 13967 raft_consensus.cc:2804] T df6c01b762bb44efb4b28e60a4a9b833 P 0483764c01874f588eded88a17ddc1e8 [term 0 FOLLOWER]: Leader pre-election won for term 1
I20260608 12:42:37.259510 13967 raft_consensus.cc:493] T df6c01b762bb44efb4b28e60a4a9b833 P 0483764c01874f588eded88a17ddc1e8 [term 0 FOLLOWER]: Starting leader election (no leader contacted us within the election timeout)
I20260608 12:42:37.259917 13967 raft_consensus.cc:3060] T df6c01b762bb44efb4b28e60a4a9b833 P 0483764c01874f588eded88a17ddc1e8 [term 0 FOLLOWER]: Advancing to term 1
I20260608 12:42:37.260493 13808 tablet_service.cc:1917] Received RequestConsensusVote() RPC: tablet_id: "22ba7f55a9dd41c8a25e73e7ea163eef" candidate_uuid: "189fbdba41a04ea8b8aa1cfecf8d6db3" candidate_term: 1 candidate_status { last_received { term: 0 index: 0 } } ignore_live_leader: false dest_uuid: "0483764c01874f588eded88a17ddc1e8"
I20260608 12:42:37.261644 13808 raft_consensus.cc:3060] T 22ba7f55a9dd41c8a25e73e7ea163eef P 0483764c01874f588eded88a17ddc1e8 [term 0 FOLLOWER]: Advancing to term 1
I20260608 12:42:37.264890 13972 leader_election.cc:290] T 22ba7f55a9dd41c8a25e73e7ea163eef P 189fbdba41a04ea8b8aa1cfecf8d6db3 [CANDIDATE]: Term 1 election: Requested vote from peers 0483764c01874f588eded88a17ddc1e8 (127.12.191.66:44565), 271201ffbaac45ecb72f3a0d5551bf9a (127.12.191.67:44921)
I20260608 12:42:37.266423 13881 tablet_service.cc:1917] Received RequestConsensusVote() RPC: tablet_id: "22ba7f55a9dd41c8a25e73e7ea163eef" candidate_uuid: "189fbdba41a04ea8b8aa1cfecf8d6db3" candidate_term: 1 candidate_status { last_received { term: 0 index: 0 } } ignore_live_leader: false dest_uuid: "271201ffbaac45ecb72f3a0d5551bf9a"
I20260608 12:42:37.267530 13881 raft_consensus.cc:3060] T 22ba7f55a9dd41c8a25e73e7ea163eef P 271201ffbaac45ecb72f3a0d5551bf9a [term 0 FOLLOWER]: Advancing to term 1
I20260608 12:42:37.293859 13882 tablet_service.cc:1917] Received RequestConsensusVote() RPC: tablet_id: "df6c01b762bb44efb4b28e60a4a9b833" candidate_uuid: "0483764c01874f588eded88a17ddc1e8" candidate_term: 1 candidate_status { last_received { term: 0 index: 0 } } ignore_live_leader: false dest_uuid: "271201ffbaac45ecb72f3a0d5551bf9a" is_pre_election: true
W20260608 12:42:37.297314 13772 leader_election.cc:343] T df6c01b762bb44efb4b28e60a4a9b833 P 0483764c01874f588eded88a17ddc1e8 [CANDIDATE]: Term 1 pre-election: Tablet error from VoteRequest() call to peer 271201ffbaac45ecb72f3a0d5551bf9a (127.12.191.67:44921): Illegal state: must be running to vote when last-logged opid is not known
I20260608 12:42:37.298158 13955 leader_election.cc:290] T df6c01b762bb44efb4b28e60a4a9b833 P 0483764c01874f588eded88a17ddc1e8 [CANDIDATE]: Term 1 pre-election: Requested pre-vote from peers 189fbdba41a04ea8b8aa1cfecf8d6db3 (127.12.191.65:45383), 271201ffbaac45ecb72f3a0d5551bf9a (127.12.191.67:44921)
W20260608 12:42:37.298746 13677 auto_rebalancer.cc:259] Could not retrieve cluster info: Service unavailable: Tablet not running
I20260608 12:42:37.286886 13880 raft_consensus.cc:2468] T 579acb12b87b4055933d33b78dfe9d73 P 271201ffbaac45ecb72f3a0d5551bf9a [term 1 FOLLOWER]: Leader election vote request: Granting yes vote for candidate 189fbdba41a04ea8b8aa1cfecf8d6db3 in term 1.
I20260608 12:42:37.302488 13683 auto_leader_rebalancer.cc:140] leader rebalance for table test-workload
W20260608 12:42:37.304057 13683 auto_leader_rebalancer.cc:460] the master instance isn't leader: Service unavailable: Tablet not running
I20260608 12:42:37.304235 13929 tablet_bootstrap.cc:492] T df6c01b762bb44efb4b28e60a4a9b833 P 271201ffbaac45ecb72f3a0d5551bf9a: No bootstrap required, opened a new log
I20260608 12:42:37.308540 13927 tablet_bootstrap.cc:492] T 91a72c7f06164b6f97e64e95ab182d25 P 189fbdba41a04ea8b8aa1cfecf8d6db3: No bootstrap required, opened a new log
I20260608 12:42:37.309185 13927 ts_tablet_manager.cc:1403] T 91a72c7f06164b6f97e64e95ab182d25 P 189fbdba41a04ea8b8aa1cfecf8d6db3: Time spent bootstrapping tablet: real 0.136s	user 0.027s	sys 0.026s
I20260608 12:42:37.309801 13929 ts_tablet_manager.cc:1403] T df6c01b762bb44efb4b28e60a4a9b833 P 271201ffbaac45ecb72f3a0d5551bf9a: Time spent bootstrapping tablet: real 0.104s	user 0.026s	sys 0.011s
I20260608 12:42:37.311760 13808 raft_consensus.cc:2468] T 22ba7f55a9dd41c8a25e73e7ea163eef P 0483764c01874f588eded88a17ddc1e8 [term 1 FOLLOWER]: Leader election vote request: Granting yes vote for candidate 189fbdba41a04ea8b8aa1cfecf8d6db3 in term 1.
I20260608 12:42:37.312333 13881 raft_consensus.cc:2468] T 22ba7f55a9dd41c8a25e73e7ea163eef P 271201ffbaac45ecb72f3a0d5551bf9a [term 1 FOLLOWER]: Leader election vote request: Granting yes vote for candidate 189fbdba41a04ea8b8aa1cfecf8d6db3 in term 1.
W20260608 12:42:37.314488 13973 log.cc:927] Time spent T 579acb12b87b4055933d33b78dfe9d73 P 189fbdba41a04ea8b8aa1cfecf8d6db3: Append to log took a long time: real 0.052s	user 0.001s	sys 0.000s
I20260608 12:42:37.315642 13698 leader_election.cc:304] T 22ba7f55a9dd41c8a25e73e7ea163eef P 189fbdba41a04ea8b8aa1cfecf8d6db3 [CANDIDATE]: Term 1 election: Election decided. Result: candidate won. Election summary: received 2 responses out of 3 voters: 2 yes votes; 0 no votes. yes voters: 0483764c01874f588eded88a17ddc1e8, 189fbdba41a04ea8b8aa1cfecf8d6db3; no voters: 
I20260608 12:42:37.315917 13927 raft_consensus.cc:359] T 91a72c7f06164b6f97e64e95ab182d25 P 189fbdba41a04ea8b8aa1cfecf8d6db3 [term 0 FOLLOWER]: Replica starting. Triggering 0 pending ops. Active config: opid_index: -1 OBSOLETE_local: false peers { permanent_uuid: "189fbdba41a04ea8b8aa1cfecf8d6db3" member_type: VOTER last_known_addr { host: "127.12.191.65" port: 45383 } } peers { permanent_uuid: "0483764c01874f588eded88a17ddc1e8" member_type: VOTER last_known_addr { host: "127.12.191.66" port: 44565 } } peers { permanent_uuid: "271201ffbaac45ecb72f3a0d5551bf9a" member_type: VOTER last_known_addr { host: "127.12.191.67" port: 44921 } }
I20260608 12:42:37.316699 13927 raft_consensus.cc:385] T 91a72c7f06164b6f97e64e95ab182d25 P 189fbdba41a04ea8b8aa1cfecf8d6db3 [term 0 FOLLOWER]: Consensus starting up: Expiring failure detector timer to make a prompt election more likely
I20260608 12:42:37.316867 13972 raft_consensus.cc:2804] T 22ba7f55a9dd41c8a25e73e7ea163eef P 189fbdba41a04ea8b8aa1cfecf8d6db3 [term 1 FOLLOWER]: Leader election won for term 1
I20260608 12:42:37.317049 13927 raft_consensus.cc:740] T 91a72c7f06164b6f97e64e95ab182d25 P 189fbdba41a04ea8b8aa1cfecf8d6db3 [term 0 FOLLOWER]: Becoming Follower/Learner. State: Replica: 189fbdba41a04ea8b8aa1cfecf8d6db3, State: Initialized, Role: FOLLOWER
I20260608 12:42:37.317510 13972 raft_consensus.cc:697] T 22ba7f55a9dd41c8a25e73e7ea163eef P 189fbdba41a04ea8b8aa1cfecf8d6db3 [term 1 LEADER]: Becoming Leader. State: Replica: 189fbdba41a04ea8b8aa1cfecf8d6db3, State: Running, Role: LEADER
I20260608 12:42:37.316228 13629 catalog_manager.cc:5696] T c748a51f13144e8f8c88f1aaeac75423 P 0483764c01874f588eded88a17ddc1e8 reported cstate change: term changed from 0 to 1, leader changed from <none> to 0483764c01874f588eded88a17ddc1e8 (127.12.191.66). New cstate: current_term: 1 leader_uuid: "0483764c01874f588eded88a17ddc1e8" committed_config { opid_index: -1 OBSOLETE_local: false peers { permanent_uuid: "189fbdba41a04ea8b8aa1cfecf8d6db3" member_type: VOTER last_known_addr { host: "127.12.191.65" port: 45383 } health_report { overall_health: UNKNOWN } } peers { permanent_uuid: "0483764c01874f588eded88a17ddc1e8" member_type: VOTER last_known_addr { host: "127.12.191.66" port: 44565 } health_report { overall_health: HEALTHY } } peers { permanent_uuid: "271201ffbaac45ecb72f3a0d5551bf9a" member_type: VOTER last_known_addr { host: "127.12.191.67" port: 44921 } health_report { overall_health: UNKNOWN } } }
I20260608 12:42:37.317939 13927 consensus_queue.cc:260] T 91a72c7f06164b6f97e64e95ab182d25 P 189fbdba41a04ea8b8aa1cfecf8d6db3 [NON_LEADER]: Queue going to NON_LEADER mode. State: All replicated index: 0, Majority replicated index: 0, Committed index: 0, Last appended: 0.0, Last appended by leader: 0, Current term: 0, Majority size: -1, State: 0, Mode: NON_LEADER, active raft config: opid_index: -1 OBSOLETE_local: false peers { permanent_uuid: "189fbdba41a04ea8b8aa1cfecf8d6db3" member_type: VOTER last_known_addr { host: "127.12.191.65" port: 45383 } } peers { permanent_uuid: "0483764c01874f588eded88a17ddc1e8" member_type: VOTER last_known_addr { host: "127.12.191.66" port: 44565 } } peers { permanent_uuid: "271201ffbaac45ecb72f3a0d5551bf9a" member_type: VOTER last_known_addr { host: "127.12.191.67" port: 44921 } }
I20260608 12:42:37.318477 13972 consensus_queue.cc:237] T 22ba7f55a9dd41c8a25e73e7ea163eef P 189fbdba41a04ea8b8aa1cfecf8d6db3 [LEADER]: Queue going to LEADER mode. State: All replicated index: 0, Majority replicated index: 0, Committed index: 0, Last appended: 0.0, Last appended by leader: 0, Current term: 1, Majority size: 2, State: 0, Mode: LEADER, active raft config: opid_index: -1 OBSOLETE_local: false peers { permanent_uuid: "189fbdba41a04ea8b8aa1cfecf8d6db3" member_type: VOTER last_known_addr { host: "127.12.191.65" port: 45383 } } peers { permanent_uuid: "0483764c01874f588eded88a17ddc1e8" member_type: VOTER last_known_addr { host: "127.12.191.66" port: 44565 } } peers { permanent_uuid: "271201ffbaac45ecb72f3a0d5551bf9a" member_type: VOTER last_known_addr { host: "127.12.191.67" port: 44921 } }
I20260608 12:42:37.320143 13927 ts_tablet_manager.cc:1434] T 91a72c7f06164b6f97e64e95ab182d25 P 189fbdba41a04ea8b8aa1cfecf8d6db3: Time spent starting tablet: real 0.011s	user 0.005s	sys 0.000s
I20260608 12:42:37.322407 13967 raft_consensus.cc:515] T df6c01b762bb44efb4b28e60a4a9b833 P 0483764c01874f588eded88a17ddc1e8 [term 1 FOLLOWER]: Starting leader election with config: opid_index: -1 OBSOLETE_local: false peers { permanent_uuid: "189fbdba41a04ea8b8aa1cfecf8d6db3" member_type: VOTER last_known_addr { host: "127.12.191.65" port: 45383 } } peers { permanent_uuid: "0483764c01874f588eded88a17ddc1e8" member_type: VOTER last_known_addr { host: "127.12.191.66" port: 44565 } } peers { permanent_uuid: "271201ffbaac45ecb72f3a0d5551bf9a" member_type: VOTER last_known_addr { host: "127.12.191.67" port: 44921 } }
I20260608 12:42:37.323755 13926 tablet_bootstrap.cc:492] T 2efd719b093b4582b501351dcd414c5b P 0483764c01874f588eded88a17ddc1e8: No bootstrap required, opened a new log
I20260608 12:42:37.324491 13926 ts_tablet_manager.cc:1403] T 2efd719b093b4582b501351dcd414c5b P 0483764c01874f588eded88a17ddc1e8: Time spent bootstrapping tablet: real 0.181s	user 0.048s	sys 0.054s
I20260608 12:42:37.327765 13967 leader_election.cc:290] T df6c01b762bb44efb4b28e60a4a9b833 P 0483764c01874f588eded88a17ddc1e8 [CANDIDATE]: Term 1 election: Requested vote from peers 189fbdba41a04ea8b8aa1cfecf8d6db3 (127.12.191.65:45383), 271201ffbaac45ecb72f3a0d5551bf9a (127.12.191.67:44921)
I20260608 12:42:37.329442 13733 tablet_service.cc:1917] Received RequestConsensusVote() RPC: tablet_id: "df6c01b762bb44efb4b28e60a4a9b833" candidate_uuid: "0483764c01874f588eded88a17ddc1e8" candidate_term: 1 candidate_status { last_received { term: 0 index: 0 } } ignore_live_leader: false dest_uuid: "189fbdba41a04ea8b8aa1cfecf8d6db3"
I20260608 12:42:37.329661 13881 tablet_service.cc:1917] Received RequestConsensusVote() RPC: tablet_id: "df6c01b762bb44efb4b28e60a4a9b833" candidate_uuid: "0483764c01874f588eded88a17ddc1e8" candidate_term: 1 candidate_status { last_received { term: 0 index: 0 } } ignore_live_leader: false dest_uuid: "271201ffbaac45ecb72f3a0d5551bf9a"
I20260608 12:42:37.330221 13733 raft_consensus.cc:3060] T df6c01b762bb44efb4b28e60a4a9b833 P 189fbdba41a04ea8b8aa1cfecf8d6db3 [term 0 FOLLOWER]: Advancing to term 1
I20260608 12:42:37.330601 13926 raft_consensus.cc:359] T 2efd719b093b4582b501351dcd414c5b P 0483764c01874f588eded88a17ddc1e8 [term 0 FOLLOWER]: Replica starting. Triggering 0 pending ops. Active config: opid_index: -1 OBSOLETE_local: false peers { permanent_uuid: "189fbdba41a04ea8b8aa1cfecf8d6db3" member_type: VOTER last_known_addr { host: "127.12.191.65" port: 45383 } } peers { permanent_uuid: "0483764c01874f588eded88a17ddc1e8" member_type: VOTER last_known_addr { host: "127.12.191.66" port: 44565 } } peers { permanent_uuid: "271201ffbaac45ecb72f3a0d5551bf9a" member_type: VOTER last_known_addr { host: "127.12.191.67" port: 44921 } }
I20260608 12:42:37.331482 13926 raft_consensus.cc:385] T 2efd719b093b4582b501351dcd414c5b P 0483764c01874f588eded88a17ddc1e8 [term 0 FOLLOWER]: Consensus starting up: Expiring failure detector timer to make a prompt election more likely
I20260608 12:42:37.331959 13926 raft_consensus.cc:740] T 2efd719b093b4582b501351dcd414c5b P 0483764c01874f588eded88a17ddc1e8 [term 0 FOLLOWER]: Becoming Follower/Learner. State: Replica: 0483764c01874f588eded88a17ddc1e8, State: Initialized, Role: FOLLOWER
W20260608 12:42:37.332103 13772 leader_election.cc:343] T df6c01b762bb44efb4b28e60a4a9b833 P 0483764c01874f588eded88a17ddc1e8 [CANDIDATE]: Term 1 election: Tablet error from VoteRequest() call to peer 271201ffbaac45ecb72f3a0d5551bf9a (127.12.191.67:44921): Illegal state: must be running to vote when last-logged opid is not known
I20260608 12:42:37.333294 13926 consensus_queue.cc:260] T 2efd719b093b4582b501351dcd414c5b P 0483764c01874f588eded88a17ddc1e8 [NON_LEADER]: Queue going to NON_LEADER mode. State: All replicated index: 0, Majority replicated index: 0, Committed index: 0, Last appended: 0.0, Last appended by leader: 0, Current term: 0, Majority size: -1, State: 0, Mode: NON_LEADER, active raft config: opid_index: -1 OBSOLETE_local: false peers { permanent_uuid: "189fbdba41a04ea8b8aa1cfecf8d6db3" member_type: VOTER last_known_addr { host: "127.12.191.65" port: 45383 } } peers { permanent_uuid: "0483764c01874f588eded88a17ddc1e8" member_type: VOTER last_known_addr { host: "127.12.191.66" port: 44565 } } peers { permanent_uuid: "271201ffbaac45ecb72f3a0d5551bf9a" member_type: VOTER last_known_addr { host: "127.12.191.67" port: 44921 } }
I20260608 12:42:37.337379 13926 ts_tablet_manager.cc:1434] T 2efd719b093b4582b501351dcd414c5b P 0483764c01874f588eded88a17ddc1e8: Time spent starting tablet: real 0.012s	user 0.010s	sys 0.000s
I20260608 12:42:37.332706 13929 raft_consensus.cc:359] T df6c01b762bb44efb4b28e60a4a9b833 P 271201ffbaac45ecb72f3a0d5551bf9a [term 0 FOLLOWER]: Replica starting. Triggering 0 pending ops. Active config: opid_index: -1 OBSOLETE_local: false peers { permanent_uuid: "189fbdba41a04ea8b8aa1cfecf8d6db3" member_type: VOTER last_known_addr { host: "127.12.191.65" port: 45383 } } peers { permanent_uuid: "0483764c01874f588eded88a17ddc1e8" member_type: VOTER last_known_addr { host: "127.12.191.66" port: 44565 } } peers { permanent_uuid: "271201ffbaac45ecb72f3a0d5551bf9a" member_type: VOTER last_known_addr { host: "127.12.191.67" port: 44921 } }
I20260608 12:42:37.336719 13630 catalog_manager.cc:5696] T 22ba7f55a9dd41c8a25e73e7ea163eef P 189fbdba41a04ea8b8aa1cfecf8d6db3 reported cstate change: term changed from 0 to 1, leader changed from <none> to 189fbdba41a04ea8b8aa1cfecf8d6db3 (127.12.191.65). New cstate: current_term: 1 leader_uuid: "189fbdba41a04ea8b8aa1cfecf8d6db3" committed_config { opid_index: -1 OBSOLETE_local: false peers { permanent_uuid: "189fbdba41a04ea8b8aa1cfecf8d6db3" member_type: VOTER last_known_addr { host: "127.12.191.65" port: 45383 } health_report { overall_health: HEALTHY } } peers { permanent_uuid: "0483764c01874f588eded88a17ddc1e8" member_type: VOTER last_known_addr { host: "127.12.191.66" port: 44565 } health_report { overall_health: UNKNOWN } } peers { permanent_uuid: "271201ffbaac45ecb72f3a0d5551bf9a" member_type: VOTER last_known_addr { host: "127.12.191.67" port: 44921 } health_report { overall_health: UNKNOWN } } }
I20260608 12:42:37.338132 13929 raft_consensus.cc:385] T df6c01b762bb44efb4b28e60a4a9b833 P 271201ffbaac45ecb72f3a0d5551bf9a [term 0 FOLLOWER]: Consensus starting up: Expiring failure detector timer to make a prompt election more likely
I20260608 12:42:37.338503 13929 raft_consensus.cc:740] T df6c01b762bb44efb4b28e60a4a9b833 P 271201ffbaac45ecb72f3a0d5551bf9a [term 0 FOLLOWER]: Becoming Follower/Learner. State: Replica: 271201ffbaac45ecb72f3a0d5551bf9a, State: Initialized, Role: FOLLOWER
I20260608 12:42:37.339000 13926 tablet_bootstrap.cc:492] T 91a72c7f06164b6f97e64e95ab182d25 P 0483764c01874f588eded88a17ddc1e8: Bootstrap starting.
I20260608 12:42:37.339480 13929 consensus_queue.cc:260] T df6c01b762bb44efb4b28e60a4a9b833 P 271201ffbaac45ecb72f3a0d5551bf9a [NON_LEADER]: Queue going to NON_LEADER mode. State: All replicated index: 0, Majority replicated index: 0, Committed index: 0, Last appended: 0.0, Last appended by leader: 0, Current term: 0, Majority size: -1, State: 0, Mode: NON_LEADER, active raft config: opid_index: -1 OBSOLETE_local: false peers { permanent_uuid: "189fbdba41a04ea8b8aa1cfecf8d6db3" member_type: VOTER last_known_addr { host: "127.12.191.65" port: 45383 } } peers { permanent_uuid: "0483764c01874f588eded88a17ddc1e8" member_type: VOTER last_known_addr { host: "127.12.191.66" port: 44565 } } peers { permanent_uuid: "271201ffbaac45ecb72f3a0d5551bf9a" member_type: VOTER last_known_addr { host: "127.12.191.67" port: 44921 } }
I20260608 12:42:37.342222 13929 ts_tablet_manager.cc:1434] T df6c01b762bb44efb4b28e60a4a9b833 P 271201ffbaac45ecb72f3a0d5551bf9a: Time spent starting tablet: real 0.029s	user 0.007s	sys 0.000s
I20260608 12:42:37.343689 13929 tablet_bootstrap.cc:492] T c748a51f13144e8f8c88f1aaeac75423 P 271201ffbaac45ecb72f3a0d5551bf9a: Bootstrap starting.
I20260608 12:42:37.351784 13926 tablet_bootstrap.cc:654] T 91a72c7f06164b6f97e64e95ab182d25 P 0483764c01874f588eded88a17ddc1e8: Neither blocks nor log segments found. Creating new log.
I20260608 12:42:37.353724 13929 tablet_bootstrap.cc:654] T c748a51f13144e8f8c88f1aaeac75423 P 271201ffbaac45ecb72f3a0d5551bf9a: Neither blocks nor log segments found. Creating new log.
I20260608 12:42:37.352216 13627 catalog_manager.cc:5696] T 57e86f6ddd0b4808b6f70b7bdcdb8cae P 0483764c01874f588eded88a17ddc1e8 reported cstate change: term changed from 0 to 1, leader changed from <none> to 0483764c01874f588eded88a17ddc1e8 (127.12.191.66). New cstate: current_term: 1 leader_uuid: "0483764c01874f588eded88a17ddc1e8" committed_config { opid_index: -1 OBSOLETE_local: false peers { permanent_uuid: "0483764c01874f588eded88a17ddc1e8" member_type: VOTER last_known_addr { host: "127.12.191.66" port: 44565 } health_report { overall_health: HEALTHY } } peers { permanent_uuid: "271201ffbaac45ecb72f3a0d5551bf9a" member_type: VOTER last_known_addr { host: "127.12.191.67" port: 44921 } health_report { overall_health: UNKNOWN } } peers { permanent_uuid: "189fbdba41a04ea8b8aa1cfecf8d6db3" member_type: VOTER last_known_addr { host: "127.12.191.65" port: 45383 } health_report { overall_health: UNKNOWN } } }
I20260608 12:42:37.360854 13947 consensus_queue.cc:1048] T 3f868ffcf2e74aafa6ce431ebb50b870 P 189fbdba41a04ea8b8aa1cfecf8d6db3 [LEADER]: Connected to new peer: Peer: permanent_uuid: "0483764c01874f588eded88a17ddc1e8" member_type: VOTER last_known_addr { host: "127.12.191.66" port: 44565 }, Status: LMP_MISMATCH, Last received: 0.0, Next index: 1, Last known committed idx: 0, Time since last communication: 0.001s
I20260608 12:42:37.363247 13733 raft_consensus.cc:2468] T df6c01b762bb44efb4b28e60a4a9b833 P 189fbdba41a04ea8b8aa1cfecf8d6db3 [term 1 FOLLOWER]: Leader election vote request: Granting yes vote for candidate 0483764c01874f588eded88a17ddc1e8 in term 1.
I20260608 12:42:37.367542 13773 leader_election.cc:304] T df6c01b762bb44efb4b28e60a4a9b833 P 0483764c01874f588eded88a17ddc1e8 [CANDIDATE]: Term 1 election: Election decided. Result: candidate won. Election summary: received 3 responses out of 3 voters: 2 yes votes; 1 no votes. yes voters: 0483764c01874f588eded88a17ddc1e8, 189fbdba41a04ea8b8aa1cfecf8d6db3; no voters: 271201ffbaac45ecb72f3a0d5551bf9a
I20260608 12:42:37.368945 13972 consensus_queue.cc:1048] T 3f868ffcf2e74aafa6ce431ebb50b870 P 189fbdba41a04ea8b8aa1cfecf8d6db3 [LEADER]: Connected to new peer: Peer: permanent_uuid: "271201ffbaac45ecb72f3a0d5551bf9a" member_type: VOTER last_known_addr { host: "127.12.191.67" port: 44921 }, Status: LMP_MISMATCH, Last received: 0.0, Next index: 1, Last known committed idx: 0, Time since last communication: 0.000s
I20260608 12:42:37.370808 13967 raft_consensus.cc:2804] T df6c01b762bb44efb4b28e60a4a9b833 P 0483764c01874f588eded88a17ddc1e8 [term 1 FOLLOWER]: Leader election won for term 1
I20260608 12:42:37.371642 13967 raft_consensus.cc:697] T df6c01b762bb44efb4b28e60a4a9b833 P 0483764c01874f588eded88a17ddc1e8 [term 1 LEADER]: Becoming Leader. State: Replica: 0483764c01874f588eded88a17ddc1e8, State: Running, Role: LEADER
I20260608 12:42:37.372668 13967 consensus_queue.cc:237] T df6c01b762bb44efb4b28e60a4a9b833 P 0483764c01874f588eded88a17ddc1e8 [LEADER]: Queue going to LEADER mode. State: All replicated index: 0, Majority replicated index: 0, Committed index: 0, Last appended: 0.0, Last appended by leader: 0, Current term: 1, Majority size: 2, State: 0, Mode: LEADER, active raft config: opid_index: -1 OBSOLETE_local: false peers { permanent_uuid: "189fbdba41a04ea8b8aa1cfecf8d6db3" member_type: VOTER last_known_addr { host: "127.12.191.65" port: 45383 } } peers { permanent_uuid: "0483764c01874f588eded88a17ddc1e8" member_type: VOTER last_known_addr { host: "127.12.191.66" port: 44565 } } peers { permanent_uuid: "271201ffbaac45ecb72f3a0d5551bf9a" member_type: VOTER last_known_addr { host: "127.12.191.67" port: 44921 } }
I20260608 12:42:37.382704 13926 tablet_bootstrap.cc:492] T 91a72c7f06164b6f97e64e95ab182d25 P 0483764c01874f588eded88a17ddc1e8: No bootstrap required, opened a new log
I20260608 12:42:37.382831 13929 tablet_bootstrap.cc:492] T c748a51f13144e8f8c88f1aaeac75423 P 271201ffbaac45ecb72f3a0d5551bf9a: No bootstrap required, opened a new log
I20260608 12:42:37.383613 13926 ts_tablet_manager.cc:1403] T 91a72c7f06164b6f97e64e95ab182d25 P 0483764c01874f588eded88a17ddc1e8: Time spent bootstrapping tablet: real 0.045s	user 0.019s	sys 0.006s
I20260608 12:42:37.383909 13929 ts_tablet_manager.cc:1403] T c748a51f13144e8f8c88f1aaeac75423 P 271201ffbaac45ecb72f3a0d5551bf9a: Time spent bootstrapping tablet: real 0.041s	user 0.015s	sys 0.004s
I20260608 12:42:37.388257 13926 raft_consensus.cc:359] T 91a72c7f06164b6f97e64e95ab182d25 P 0483764c01874f588eded88a17ddc1e8 [term 0 FOLLOWER]: Replica starting. Triggering 0 pending ops. Active config: opid_index: -1 OBSOLETE_local: false peers { permanent_uuid: "189fbdba41a04ea8b8aa1cfecf8d6db3" member_type: VOTER last_known_addr { host: "127.12.191.65" port: 45383 } } peers { permanent_uuid: "0483764c01874f588eded88a17ddc1e8" member_type: VOTER last_known_addr { host: "127.12.191.66" port: 44565 } } peers { permanent_uuid: "271201ffbaac45ecb72f3a0d5551bf9a" member_type: VOTER last_known_addr { host: "127.12.191.67" port: 44921 } }
I20260608 12:42:37.389295 13926 raft_consensus.cc:385] T 91a72c7f06164b6f97e64e95ab182d25 P 0483764c01874f588eded88a17ddc1e8 [term 0 FOLLOWER]: Consensus starting up: Expiring failure detector timer to make a prompt election more likely
I20260608 12:42:37.389680 13926 raft_consensus.cc:740] T 91a72c7f06164b6f97e64e95ab182d25 P 0483764c01874f588eded88a17ddc1e8 [term 0 FOLLOWER]: Becoming Follower/Learner. State: Replica: 0483764c01874f588eded88a17ddc1e8, State: Initialized, Role: FOLLOWER
I20260608 12:42:37.390630 13926 consensus_queue.cc:260] T 91a72c7f06164b6f97e64e95ab182d25 P 0483764c01874f588eded88a17ddc1e8 [NON_LEADER]: Queue going to NON_LEADER mode. State: All replicated index: 0, Majority replicated index: 0, Committed index: 0, Last appended: 0.0, Last appended by leader: 0, Current term: 0, Majority size: -1, State: 0, Mode: NON_LEADER, active raft config: opid_index: -1 OBSOLETE_local: false peers { permanent_uuid: "189fbdba41a04ea8b8aa1cfecf8d6db3" member_type: VOTER last_known_addr { host: "127.12.191.65" port: 45383 } } peers { permanent_uuid: "0483764c01874f588eded88a17ddc1e8" member_type: VOTER last_known_addr { host: "127.12.191.66" port: 44565 } } peers { permanent_uuid: "271201ffbaac45ecb72f3a0d5551bf9a" member_type: VOTER last_known_addr { host: "127.12.191.67" port: 44921 } }
I20260608 12:42:37.393107 13926 ts_tablet_manager.cc:1434] T 91a72c7f06164b6f97e64e95ab182d25 P 0483764c01874f588eded88a17ddc1e8: Time spent starting tablet: real 0.009s	user 0.012s	sys 0.000s
I20260608 12:42:37.396724 13929 raft_consensus.cc:359] T c748a51f13144e8f8c88f1aaeac75423 P 271201ffbaac45ecb72f3a0d5551bf9a [term 0 FOLLOWER]: Replica starting. Triggering 0 pending ops. Active config: opid_index: -1 OBSOLETE_local: false peers { permanent_uuid: "189fbdba41a04ea8b8aa1cfecf8d6db3" member_type: VOTER last_known_addr { host: "127.12.191.65" port: 45383 } } peers { permanent_uuid: "0483764c01874f588eded88a17ddc1e8" member_type: VOTER last_known_addr { host: "127.12.191.66" port: 44565 } } peers { permanent_uuid: "271201ffbaac45ecb72f3a0d5551bf9a" member_type: VOTER last_known_addr { host: "127.12.191.67" port: 44921 } }
I20260608 12:42:37.397769 13929 raft_consensus.cc:385] T c748a51f13144e8f8c88f1aaeac75423 P 271201ffbaac45ecb72f3a0d5551bf9a [term 0 FOLLOWER]: Consensus starting up: Expiring failure detector timer to make a prompt election more likely
I20260608 12:42:37.398139 13929 raft_consensus.cc:740] T c748a51f13144e8f8c88f1aaeac75423 P 271201ffbaac45ecb72f3a0d5551bf9a [term 0 FOLLOWER]: Becoming Follower/Learner. State: Replica: 271201ffbaac45ecb72f3a0d5551bf9a, State: Initialized, Role: FOLLOWER
I20260608 12:42:37.402940 13929 consensus_queue.cc:260] T c748a51f13144e8f8c88f1aaeac75423 P 271201ffbaac45ecb72f3a0d5551bf9a [NON_LEADER]: Queue going to NON_LEADER mode. State: All replicated index: 0, Majority replicated index: 0, Committed index: 0, Last appended: 0.0, Last appended by leader: 0, Current term: 0, Majority size: -1, State: 0, Mode: NON_LEADER, active raft config: opid_index: -1 OBSOLETE_local: false peers { permanent_uuid: "189fbdba41a04ea8b8aa1cfecf8d6db3" member_type: VOTER last_known_addr { host: "127.12.191.65" port: 45383 } } peers { permanent_uuid: "0483764c01874f588eded88a17ddc1e8" member_type: VOTER last_known_addr { host: "127.12.191.66" port: 44565 } } peers { permanent_uuid: "271201ffbaac45ecb72f3a0d5551bf9a" member_type: VOTER last_known_addr { host: "127.12.191.67" port: 44921 } }
I20260608 12:42:37.407100 13929 ts_tablet_manager.cc:1434] T c748a51f13144e8f8c88f1aaeac75423 P 271201ffbaac45ecb72f3a0d5551bf9a: Time spent starting tablet: real 0.022s	user 0.004s	sys 0.004s
I20260608 12:42:37.409456 13629 catalog_manager.cc:5696] T df6c01b762bb44efb4b28e60a4a9b833 P 0483764c01874f588eded88a17ddc1e8 reported cstate change: term changed from 0 to 1, leader changed from <none> to 0483764c01874f588eded88a17ddc1e8 (127.12.191.66). New cstate: current_term: 1 leader_uuid: "0483764c01874f588eded88a17ddc1e8" committed_config { opid_index: -1 OBSOLETE_local: false peers { permanent_uuid: "189fbdba41a04ea8b8aa1cfecf8d6db3" member_type: VOTER last_known_addr { host: "127.12.191.65" port: 45383 } health_report { overall_health: UNKNOWN } } peers { permanent_uuid: "0483764c01874f588eded88a17ddc1e8" member_type: VOTER last_known_addr { host: "127.12.191.66" port: 44565 } health_report { overall_health: HEALTHY } } peers { permanent_uuid: "271201ffbaac45ecb72f3a0d5551bf9a" member_type: VOTER last_known_addr { host: "127.12.191.67" port: 44921 } health_report { overall_health: UNKNOWN } } }
I20260608 12:42:37.470382 13959 raft_consensus.cc:493] T c748a51f13144e8f8c88f1aaeac75423 P 271201ffbaac45ecb72f3a0d5551bf9a [term 0 FOLLOWER]: Starting pre-election (no leader contacted us within the election timeout)
I20260608 12:42:37.470930 13959 raft_consensus.cc:515] T c748a51f13144e8f8c88f1aaeac75423 P 271201ffbaac45ecb72f3a0d5551bf9a [term 0 FOLLOWER]: Starting pre-election with config: opid_index: -1 OBSOLETE_local: false peers { permanent_uuid: "189fbdba41a04ea8b8aa1cfecf8d6db3" member_type: VOTER last_known_addr { host: "127.12.191.65" port: 45383 } } peers { permanent_uuid: "0483764c01874f588eded88a17ddc1e8" member_type: VOTER last_known_addr { host: "127.12.191.66" port: 44565 } } peers { permanent_uuid: "271201ffbaac45ecb72f3a0d5551bf9a" member_type: VOTER last_known_addr { host: "127.12.191.67" port: 44921 } }
I20260608 12:42:37.472925 13959 leader_election.cc:290] T c748a51f13144e8f8c88f1aaeac75423 P 271201ffbaac45ecb72f3a0d5551bf9a [CANDIDATE]: Term 1 pre-election: Requested pre-vote from peers 189fbdba41a04ea8b8aa1cfecf8d6db3 (127.12.191.65:45383), 0483764c01874f588eded88a17ddc1e8 (127.12.191.66:44565)
I20260608 12:42:37.474045 13733 tablet_service.cc:1917] Received RequestConsensusVote() RPC: tablet_id: "c748a51f13144e8f8c88f1aaeac75423" candidate_uuid: "271201ffbaac45ecb72f3a0d5551bf9a" candidate_term: 1 candidate_status { last_received { term: 0 index: 0 } } ignore_live_leader: false dest_uuid: "189fbdba41a04ea8b8aa1cfecf8d6db3" is_pre_election: true
I20260608 12:42:37.474315 13808 tablet_service.cc:1917] Received RequestConsensusVote() RPC: tablet_id: "c748a51f13144e8f8c88f1aaeac75423" candidate_uuid: "271201ffbaac45ecb72f3a0d5551bf9a" candidate_term: 1 candidate_status { last_received { term: 0 index: 0 } } ignore_live_leader: false dest_uuid: "0483764c01874f588eded88a17ddc1e8" is_pre_election: true
I20260608 12:42:37.474841 13733 raft_consensus.cc:2393] T c748a51f13144e8f8c88f1aaeac75423 P 189fbdba41a04ea8b8aa1cfecf8d6db3 [term 1 FOLLOWER]: Leader pre-election vote request: Denying vote to candidate 271201ffbaac45ecb72f3a0d5551bf9a in current term 1: Already voted for candidate 0483764c01874f588eded88a17ddc1e8 in this term.
I20260608 12:42:37.476118 13847 leader_election.cc:304] T c748a51f13144e8f8c88f1aaeac75423 P 271201ffbaac45ecb72f3a0d5551bf9a [CANDIDATE]: Term 1 pre-election: Election decided. Result: candidate lost. Election summary: received 3 responses out of 3 voters: 1 yes votes; 2 no votes. yes voters: 271201ffbaac45ecb72f3a0d5551bf9a; no voters: 0483764c01874f588eded88a17ddc1e8, 189fbdba41a04ea8b8aa1cfecf8d6db3
I20260608 12:42:37.476974 13959 raft_consensus.cc:3060] T c748a51f13144e8f8c88f1aaeac75423 P 271201ffbaac45ecb72f3a0d5551bf9a [term 0 FOLLOWER]: Advancing to term 1
I20260608 12:42:37.482242 13959 raft_consensus.cc:2749] T c748a51f13144e8f8c88f1aaeac75423 P 271201ffbaac45ecb72f3a0d5551bf9a [term 1 FOLLOWER]: Leader pre-election lost for term 1. Reason: could not achieve majority
I20260608 12:42:37.515966 13967 raft_consensus.cc:493] T 91a72c7f06164b6f97e64e95ab182d25 P 0483764c01874f588eded88a17ddc1e8 [term 0 FOLLOWER]: Starting pre-election (no leader contacted us within the election timeout)
I20260608 12:42:37.516777 13967 raft_consensus.cc:515] T 91a72c7f06164b6f97e64e95ab182d25 P 0483764c01874f588eded88a17ddc1e8 [term 0 FOLLOWER]: Starting pre-election with config: opid_index: -1 OBSOLETE_local: false peers { permanent_uuid: "189fbdba41a04ea8b8aa1cfecf8d6db3" member_type: VOTER last_known_addr { host: "127.12.191.65" port: 45383 } } peers { permanent_uuid: "0483764c01874f588eded88a17ddc1e8" member_type: VOTER last_known_addr { host: "127.12.191.66" port: 44565 } } peers { permanent_uuid: "271201ffbaac45ecb72f3a0d5551bf9a" member_type: VOTER last_known_addr { host: "127.12.191.67" port: 44921 } }
I20260608 12:42:37.520313 13967 leader_election.cc:290] T 91a72c7f06164b6f97e64e95ab182d25 P 0483764c01874f588eded88a17ddc1e8 [CANDIDATE]: Term 1 pre-election: Requested pre-vote from peers 189fbdba41a04ea8b8aa1cfecf8d6db3 (127.12.191.65:45383), 271201ffbaac45ecb72f3a0d5551bf9a (127.12.191.67:44921)
I20260608 12:42:37.520967 13733 tablet_service.cc:1917] Received RequestConsensusVote() RPC: tablet_id: "91a72c7f06164b6f97e64e95ab182d25" candidate_uuid: "0483764c01874f588eded88a17ddc1e8" candidate_term: 1 candidate_status { last_received { term: 0 index: 0 } } ignore_live_leader: false dest_uuid: "189fbdba41a04ea8b8aa1cfecf8d6db3" is_pre_election: true
I20260608 12:42:37.521163 13881 tablet_service.cc:1917] Received RequestConsensusVote() RPC: tablet_id: "91a72c7f06164b6f97e64e95ab182d25" candidate_uuid: "0483764c01874f588eded88a17ddc1e8" candidate_term: 1 candidate_status { last_received { term: 0 index: 0 } } ignore_live_leader: false dest_uuid: "271201ffbaac45ecb72f3a0d5551bf9a" is_pre_election: true
I20260608 12:42:37.521981 13881 raft_consensus.cc:2468] T 91a72c7f06164b6f97e64e95ab182d25 P 271201ffbaac45ecb72f3a0d5551bf9a [term 0 FOLLOWER]: Leader pre-election vote request: Granting yes vote for candidate 0483764c01874f588eded88a17ddc1e8 in term 0.
I20260608 12:42:37.521867 13733 raft_consensus.cc:2468] T 91a72c7f06164b6f97e64e95ab182d25 P 189fbdba41a04ea8b8aa1cfecf8d6db3 [term 0 FOLLOWER]: Leader pre-election vote request: Granting yes vote for candidate 0483764c01874f588eded88a17ddc1e8 in term 0.
I20260608 12:42:37.523528 13773 leader_election.cc:304] T 91a72c7f06164b6f97e64e95ab182d25 P 0483764c01874f588eded88a17ddc1e8 [CANDIDATE]: Term 1 pre-election: Election decided. Result: candidate won. Election summary: received 2 responses out of 3 voters: 2 yes votes; 0 no votes. yes voters: 0483764c01874f588eded88a17ddc1e8, 189fbdba41a04ea8b8aa1cfecf8d6db3; no voters: 
I20260608 12:42:37.525314 13967 raft_consensus.cc:2804] T 91a72c7f06164b6f97e64e95ab182d25 P 0483764c01874f588eded88a17ddc1e8 [term 0 FOLLOWER]: Leader pre-election won for term 1
I20260608 12:42:37.525769 13967 raft_consensus.cc:493] T 91a72c7f06164b6f97e64e95ab182d25 P 0483764c01874f588eded88a17ddc1e8 [term 0 FOLLOWER]: Starting leader election (no leader contacted us within the election timeout)
I20260608 12:42:37.526113 13967 raft_consensus.cc:3060] T 91a72c7f06164b6f97e64e95ab182d25 P 0483764c01874f588eded88a17ddc1e8 [term 0 FOLLOWER]: Advancing to term 1
I20260608 12:42:37.534677 13967 raft_consensus.cc:515] T 91a72c7f06164b6f97e64e95ab182d25 P 0483764c01874f588eded88a17ddc1e8 [term 1 FOLLOWER]: Starting leader election with config: opid_index: -1 OBSOLETE_local: false peers { permanent_uuid: "189fbdba41a04ea8b8aa1cfecf8d6db3" member_type: VOTER last_known_addr { host: "127.12.191.65" port: 45383 } } peers { permanent_uuid: "0483764c01874f588eded88a17ddc1e8" member_type: VOTER last_known_addr { host: "127.12.191.66" port: 44565 } } peers { permanent_uuid: "271201ffbaac45ecb72f3a0d5551bf9a" member_type: VOTER last_known_addr { host: "127.12.191.67" port: 44921 } }
I20260608 12:42:37.539291 13967 leader_election.cc:290] T 91a72c7f06164b6f97e64e95ab182d25 P 0483764c01874f588eded88a17ddc1e8 [CANDIDATE]: Term 1 election: Requested vote from peers 189fbdba41a04ea8b8aa1cfecf8d6db3 (127.12.191.65:45383), 271201ffbaac45ecb72f3a0d5551bf9a (127.12.191.67:44921)
I20260608 12:42:37.539860 13733 tablet_service.cc:1917] Received RequestConsensusVote() RPC: tablet_id: "91a72c7f06164b6f97e64e95ab182d25" candidate_uuid: "0483764c01874f588eded88a17ddc1e8" candidate_term: 1 candidate_status { last_received { term: 0 index: 0 } } ignore_live_leader: false dest_uuid: "189fbdba41a04ea8b8aa1cfecf8d6db3"
I20260608 12:42:37.540390 13881 tablet_service.cc:1917] Received RequestConsensusVote() RPC: tablet_id: "91a72c7f06164b6f97e64e95ab182d25" candidate_uuid: "0483764c01874f588eded88a17ddc1e8" candidate_term: 1 candidate_status { last_received { term: 0 index: 0 } } ignore_live_leader: false dest_uuid: "271201ffbaac45ecb72f3a0d5551bf9a"
I20260608 12:42:37.540580 13733 raft_consensus.cc:3060] T 91a72c7f06164b6f97e64e95ab182d25 P 189fbdba41a04ea8b8aa1cfecf8d6db3 [term 0 FOLLOWER]: Advancing to term 1
I20260608 12:42:37.541163 13881 raft_consensus.cc:3060] T 91a72c7f06164b6f97e64e95ab182d25 P 271201ffbaac45ecb72f3a0d5551bf9a [term 0 FOLLOWER]: Advancing to term 1
I20260608 12:42:37.550338 13733 raft_consensus.cc:2468] T 91a72c7f06164b6f97e64e95ab182d25 P 189fbdba41a04ea8b8aa1cfecf8d6db3 [term 1 FOLLOWER]: Leader election vote request: Granting yes vote for candidate 0483764c01874f588eded88a17ddc1e8 in term 1.
I20260608 12:42:37.552369 13773 leader_election.cc:304] T 91a72c7f06164b6f97e64e95ab182d25 P 0483764c01874f588eded88a17ddc1e8 [CANDIDATE]: Term 1 election: Election decided. Result: candidate won. Election summary: received 2 responses out of 3 voters: 2 yes votes; 0 no votes. yes voters: 0483764c01874f588eded88a17ddc1e8, 189fbdba41a04ea8b8aa1cfecf8d6db3; no voters: 
I20260608 12:42:37.553714 13967 raft_consensus.cc:2804] T 91a72c7f06164b6f97e64e95ab182d25 P 0483764c01874f588eded88a17ddc1e8 [term 1 FOLLOWER]: Leader election won for term 1
I20260608 12:42:37.555467 13967 raft_consensus.cc:697] T 91a72c7f06164b6f97e64e95ab182d25 P 0483764c01874f588eded88a17ddc1e8 [term 1 LEADER]: Becoming Leader. State: Replica: 0483764c01874f588eded88a17ddc1e8, State: Running, Role: LEADER
I20260608 12:42:37.556682 13967 consensus_queue.cc:237] T 91a72c7f06164b6f97e64e95ab182d25 P 0483764c01874f588eded88a17ddc1e8 [LEADER]: Queue going to LEADER mode. State: All replicated index: 0, Majority replicated index: 0, Committed index: 0, Last appended: 0.0, Last appended by leader: 0, Current term: 1, Majority size: 2, State: 0, Mode: LEADER, active raft config: opid_index: -1 OBSOLETE_local: false peers { permanent_uuid: "189fbdba41a04ea8b8aa1cfecf8d6db3" member_type: VOTER last_known_addr { host: "127.12.191.65" port: 45383 } } peers { permanent_uuid: "0483764c01874f588eded88a17ddc1e8" member_type: VOTER last_known_addr { host: "127.12.191.66" port: 44565 } } peers { permanent_uuid: "271201ffbaac45ecb72f3a0d5551bf9a" member_type: VOTER last_known_addr { host: "127.12.191.67" port: 44921 } }
I20260608 12:42:37.570366 13808 raft_consensus.cc:3060] T 2efd719b093b4582b501351dcd414c5b P 0483764c01874f588eded88a17ddc1e8 [term 0 FOLLOWER]: Advancing to term 1
I20260608 12:42:37.583498 13959 consensus_queue.cc:1048] T 2efd719b093b4582b501351dcd414c5b P 271201ffbaac45ecb72f3a0d5551bf9a [LEADER]: Connected to new peer: Peer: permanent_uuid: "0483764c01874f588eded88a17ddc1e8" member_type: VOTER last_known_addr { host: "127.12.191.66" port: 44565 }, Status: LMP_MISMATCH, Last received: 0.0, Next index: 1, Last known committed idx: 0, Time since last communication: 0.001s
I20260608 12:42:37.633605 13947 consensus_queue.cc:1048] T 579acb12b87b4055933d33b78dfe9d73 P 189fbdba41a04ea8b8aa1cfecf8d6db3 [LEADER]: Connected to new peer: Peer: permanent_uuid: "271201ffbaac45ecb72f3a0d5551bf9a" member_type: VOTER last_known_addr { host: "127.12.191.67" port: 44921 }, Status: LMP_MISMATCH, Last received: 0.0, Next index: 1, Last known committed idx: 0, Time since last communication: 0.001s
I20260608 12:42:37.641718 13881 raft_consensus.cc:2468] T 91a72c7f06164b6f97e64e95ab182d25 P 271201ffbaac45ecb72f3a0d5551bf9a [term 1 FOLLOWER]: Leader election vote request: Granting yes vote for candidate 0483764c01874f588eded88a17ddc1e8 in term 1.
I20260608 12:42:37.667558 13959 consensus_queue.cc:1048] T 2efd719b093b4582b501351dcd414c5b P 271201ffbaac45ecb72f3a0d5551bf9a [LEADER]: Connected to new peer: Peer: permanent_uuid: "189fbdba41a04ea8b8aa1cfecf8d6db3" member_type: VOTER last_known_addr { host: "127.12.191.65" port: 45383 }, Status: LMP_MISMATCH, Last received: 0.0, Next index: 1, Last known committed idx: 0, Time since last communication: 0.001s
I20260608 12:42:37.712224 13972 consensus_queue.cc:1048] T 579acb12b87b4055933d33b78dfe9d73 P 189fbdba41a04ea8b8aa1cfecf8d6db3 [LEADER]: Connected to new peer: Peer: permanent_uuid: "0483764c01874f588eded88a17ddc1e8" member_type: VOTER last_known_addr { host: "127.12.191.66" port: 44565 }, Status: LMP_MISMATCH, Last received: 0.0, Next index: 1, Last known committed idx: 0, Time since last communication: 0.001s
I20260608 12:42:37.779910 13959 raft_consensus.cc:493] T df6c01b762bb44efb4b28e60a4a9b833 P 271201ffbaac45ecb72f3a0d5551bf9a [term 0 FOLLOWER]: Starting pre-election (no leader contacted us within the election timeout)
I20260608 12:42:37.789189 13972 consensus_queue.cc:1048] T 22ba7f55a9dd41c8a25e73e7ea163eef P 189fbdba41a04ea8b8aa1cfecf8d6db3 [LEADER]: Connected to new peer: Peer: permanent_uuid: "0483764c01874f588eded88a17ddc1e8" member_type: VOTER last_known_addr { host: "127.12.191.66" port: 44565 }, Status: LMP_MISMATCH, Last received: 0.0, Next index: 1, Last known committed idx: 0, Time since last communication: 0.001s
I20260608 12:42:37.791926 13959 raft_consensus.cc:515] T df6c01b762bb44efb4b28e60a4a9b833 P 271201ffbaac45ecb72f3a0d5551bf9a [term 0 FOLLOWER]: Starting pre-election with config: opid_index: -1 OBSOLETE_local: false peers { permanent_uuid: "189fbdba41a04ea8b8aa1cfecf8d6db3" member_type: VOTER last_known_addr { host: "127.12.191.65" port: 45383 } } peers { permanent_uuid: "0483764c01874f588eded88a17ddc1e8" member_type: VOTER last_known_addr { host: "127.12.191.66" port: 44565 } } peers { permanent_uuid: "271201ffbaac45ecb72f3a0d5551bf9a" member_type: VOTER last_known_addr { host: "127.12.191.67" port: 44921 } }
I20260608 12:42:37.805378 13959 leader_election.cc:290] T df6c01b762bb44efb4b28e60a4a9b833 P 271201ffbaac45ecb72f3a0d5551bf9a [CANDIDATE]: Term 1 pre-election: Requested pre-vote from peers 189fbdba41a04ea8b8aa1cfecf8d6db3 (127.12.191.65:45383), 0483764c01874f588eded88a17ddc1e8 (127.12.191.66:44565)
I20260608 12:42:38.007102 13994 consensus_queue.cc:1048] T 57e86f6ddd0b4808b6f70b7bdcdb8cae P 0483764c01874f588eded88a17ddc1e8 [LEADER]: Connected to new peer: Peer: permanent_uuid: "189fbdba41a04ea8b8aa1cfecf8d6db3" member_type: VOTER last_known_addr { host: "127.12.191.65" port: 45383 }, Status: LMP_MISMATCH, Last received: 0.0, Next index: 1, Last known committed idx: 0, Time since last communication: 0.000s
I20260608 12:42:38.010449 13994 consensus_queue.cc:1048] T df6c01b762bb44efb4b28e60a4a9b833 P 0483764c01874f588eded88a17ddc1e8 [LEADER]: Connected to new peer: Peer: permanent_uuid: "189fbdba41a04ea8b8aa1cfecf8d6db3" member_type: VOTER last_known_addr { host: "127.12.191.65" port: 45383 }, Status: LMP_MISMATCH, Last received: 0.0, Next index: 1, Last known committed idx: 0, Time since last communication: 0.000s
I20260608 12:42:38.011247 13732 tablet_service.cc:1917] Received RequestConsensusVote() RPC: tablet_id: "df6c01b762bb44efb4b28e60a4a9b833" candidate_uuid: "271201ffbaac45ecb72f3a0d5551bf9a" candidate_term: 1 candidate_status { last_received { term: 0 index: 0 } } ignore_live_leader: false dest_uuid: "189fbdba41a04ea8b8aa1cfecf8d6db3" is_pre_election: true
I20260608 12:42:38.012234 13732 raft_consensus.cc:2393] T df6c01b762bb44efb4b28e60a4a9b833 P 189fbdba41a04ea8b8aa1cfecf8d6db3 [term 1 FOLLOWER]: Leader pre-election vote request: Denying vote to candidate 271201ffbaac45ecb72f3a0d5551bf9a in current term 1: Already voted for candidate 0483764c01874f588eded88a17ddc1e8 in this term.
I20260608 12:42:38.013185 13994 consensus_queue.cc:1048] T c748a51f13144e8f8c88f1aaeac75423 P 0483764c01874f588eded88a17ddc1e8 [LEADER]: Connected to new peer: Peer: permanent_uuid: "189fbdba41a04ea8b8aa1cfecf8d6db3" member_type: VOTER last_known_addr { host: "127.12.191.65" port: 45383 }, Status: LMP_MISMATCH, Last received: 0.0, Next index: 1, Last known committed idx: 0, Time since last communication: 0.000s
I20260608 12:42:38.016767 13947 consensus_queue.cc:1048] T 22ba7f55a9dd41c8a25e73e7ea163eef P 189fbdba41a04ea8b8aa1cfecf8d6db3 [LEADER]: Connected to new peer: Peer: permanent_uuid: "271201ffbaac45ecb72f3a0d5551bf9a" member_type: VOTER last_known_addr { host: "127.12.191.67" port: 44921 }, Status: LMP_MISMATCH, Last received: 0.0, Next index: 1, Last known committed idx: 0, Time since last communication: 0.001s
I20260608 12:42:38.021219 13882 raft_consensus.cc:3060] T df6c01b762bb44efb4b28e60a4a9b833 P 271201ffbaac45ecb72f3a0d5551bf9a [term 0 FOLLOWER]: Advancing to term 1
I20260608 12:42:38.024160 13994 consensus_queue.cc:1048] T 57e86f6ddd0b4808b6f70b7bdcdb8cae P 0483764c01874f588eded88a17ddc1e8 [LEADER]: Connected to new peer: Peer: permanent_uuid: "271201ffbaac45ecb72f3a0d5551bf9a" member_type: VOTER last_known_addr { host: "127.12.191.67" port: 44921 }, Status: LMP_MISMATCH, Last received: 0.0, Next index: 1, Last known committed idx: 0, Time since last communication: 0.001s
I20260608 12:42:38.026262 13994 consensus_queue.cc:1048] T 91a72c7f06164b6f97e64e95ab182d25 P 0483764c01874f588eded88a17ddc1e8 [LEADER]: Connected to new peer: Peer: permanent_uuid: "271201ffbaac45ecb72f3a0d5551bf9a" member_type: VOTER last_known_addr { host: "127.12.191.67" port: 44921 }, Status: LMP_MISMATCH, Last received: 0.0, Next index: 1, Last known committed idx: 0, Time since last communication: 0.000s
I20260608 12:42:38.057964 13806 tablet_service.cc:1917] Received RequestConsensusVote() RPC: tablet_id: "df6c01b762bb44efb4b28e60a4a9b833" candidate_uuid: "271201ffbaac45ecb72f3a0d5551bf9a" candidate_term: 1 candidate_status { last_received { term: 0 index: 0 } } ignore_live_leader: false dest_uuid: "0483764c01874f588eded88a17ddc1e8" is_pre_election: true
I20260608 12:42:38.065614 13930 consensus_queue.cc:1048] T c748a51f13144e8f8c88f1aaeac75423 P 0483764c01874f588eded88a17ddc1e8 [LEADER]: Connected to new peer: Peer: permanent_uuid: "271201ffbaac45ecb72f3a0d5551bf9a" member_type: VOTER last_known_addr { host: "127.12.191.67" port: 44921 }, Status: LMP_MISMATCH, Last received: 0.0, Next index: 1, Last known committed idx: 0, Time since last communication: 0.000s
I20260608 12:42:38.068075 13930 consensus_queue.cc:1048] T df6c01b762bb44efb4b28e60a4a9b833 P 0483764c01874f588eded88a17ddc1e8 [LEADER]: Connected to new peer: Peer: permanent_uuid: "271201ffbaac45ecb72f3a0d5551bf9a" member_type: VOTER last_known_addr { host: "127.12.191.67" port: 44921 }, Status: LMP_MISMATCH, Last received: 0.0, Next index: 1, Last known committed idx: 0, Time since last communication: 0.000s
I20260608 12:42:38.080077 13629 catalog_manager.cc:5696] T 91a72c7f06164b6f97e64e95ab182d25 P 0483764c01874f588eded88a17ddc1e8 reported cstate change: term changed from 0 to 1, leader changed from <none> to 0483764c01874f588eded88a17ddc1e8 (127.12.191.66). New cstate: current_term: 1 leader_uuid: "0483764c01874f588eded88a17ddc1e8" committed_config { opid_index: -1 OBSOLETE_local: false peers { permanent_uuid: "189fbdba41a04ea8b8aa1cfecf8d6db3" member_type: VOTER last_known_addr { host: "127.12.191.65" port: 45383 } health_report { overall_health: UNKNOWN } } peers { permanent_uuid: "0483764c01874f588eded88a17ddc1e8" member_type: VOTER last_known_addr { host: "127.12.191.66" port: 44565 } health_report { overall_health: HEALTHY } } peers { permanent_uuid: "271201ffbaac45ecb72f3a0d5551bf9a" member_type: VOTER last_known_addr { host: "127.12.191.67" port: 44921 } health_report { overall_health: UNKNOWN } } }
