I20260608 12:38:27.373816  3820 consensus_queue.cc:1048] T c349885db9154e2a9e76a00b37703a6f P 13d0869482234edfacab8f3e3e003872 [LEADER]: Connected to new peer: Peer: permanent_uuid: "a4670b88342f4ccb9e1e8abe089d7cf6" member_type: VOTER last_known_addr { host: "127.0.107.196" port: 38451 } attrs { promote: false }, Status: LMP_MISMATCH, Last received: 0.0, Next index: 3, Last known committed idx: 2, Time since last communication: 0.000s
I20260608 12:38:27.374547  3708 raft_consensus.cc:2955] T a0fd9ba827fe4e85bcd6afba55449535 P a4670b88342f4ccb9e1e8abe089d7cf6 [term 1 FOLLOWER]: Committing config change with OpId 1.3: config changed from index 2 to 3, a4670b88342f4ccb9e1e8abe089d7cf6 (127.0.107.196) changed from NON_VOTER to VOTER. New config: { opid_index: 3 OBSOLETE_local: false peers { permanent_uuid: "7a410959506d483e86cadd15d5f5cd11" member_type: VOTER last_known_addr { host: "127.0.107.193" port: 34861 } } peers { permanent_uuid: "652b5cf1a5c64bcf96ca818fae4e8fd6" member_type: VOTER last_known_addr { host: "127.0.107.194" port: 42373 } } peers { permanent_uuid: "13d0869482234edfacab8f3e3e003872" member_type: VOTER last_known_addr { host: "127.0.107.195" port: 40291 } attrs { replace: true } } peers { permanent_uuid: "a4670b88342f4ccb9e1e8abe089d7cf6" member_type: VOTER last_known_addr { host: "127.0.107.196" port: 38451 } attrs { promote: false } } }
I20260608 12:38:27.379863  3899 raft_consensus.cc:1064] T fe0c1c1429214d538c9d6926447137a4 P 7a410959506d483e86cadd15d5f5cd11: attempting to promote NON_VOTER a4670b88342f4ccb9e1e8abe089d7cf6 to VOTER
I20260608 12:38:27.372016  3853 raft_consensus.cc:2955] T a0fd9ba827fe4e85bcd6afba55449535 P 652b5cf1a5c64bcf96ca818fae4e8fd6 [term 1 LEADER]: Committing config change with OpId 1.3: config changed from index 2 to 3, a4670b88342f4ccb9e1e8abe089d7cf6 (127.0.107.196) changed from NON_VOTER to VOTER. New config: { opid_index: 3 OBSOLETE_local: false peers { permanent_uuid: "7a410959506d483e86cadd15d5f5cd11" member_type: VOTER last_known_addr { host: "127.0.107.193" port: 34861 } } peers { permanent_uuid: "652b5cf1a5c64bcf96ca818fae4e8fd6" member_type: VOTER last_known_addr { host: "127.0.107.194" port: 42373 } } peers { permanent_uuid: "13d0869482234edfacab8f3e3e003872" member_type: VOTER last_known_addr { host: "127.0.107.195" port: 40291 } attrs { replace: true } } peers { permanent_uuid: "a4670b88342f4ccb9e1e8abe089d7cf6" member_type: VOTER last_known_addr { host: "127.0.107.196" port: 38451 } attrs { promote: false } } }
I20260608 12:38:27.382733  3899 consensus_queue.cc:237] T fe0c1c1429214d538c9d6926447137a4 P 7a410959506d483e86cadd15d5f5cd11 [LEADER]: Queue going to LEADER mode. State: All replicated index: 0, Majority replicated index: 2, Committed index: 2, Last appended: 1.2, Last appended by leader: 0, Current term: 1, Majority size: 3, State: 0, Mode: LEADER, active raft config: opid_index: 3 OBSOLETE_local: false peers { permanent_uuid: "7a410959506d483e86cadd15d5f5cd11" member_type: VOTER last_known_addr { host: "127.0.107.193" port: 34861 } } peers { permanent_uuid: "652b5cf1a5c64bcf96ca818fae4e8fd6" member_type: VOTER last_known_addr { host: "127.0.107.194" port: 42373 } attrs { replace: true } } peers { permanent_uuid: "13d0869482234edfacab8f3e3e003872" member_type: VOTER last_known_addr { host: "127.0.107.195" port: 40291 } } peers { permanent_uuid: "a4670b88342f4ccb9e1e8abe089d7cf6" member_type: VOTER last_known_addr { host: "127.0.107.196" port: 38451 } attrs { promote: false } }
I20260608 12:38:27.397192  3409 raft_consensus.cc:2955] T a0fd9ba827fe4e85bcd6afba55449535 P 7a410959506d483e86cadd15d5f5cd11 [term 1 FOLLOWER]: Committing config change with OpId 1.3: config changed from index 2 to 3, a4670b88342f4ccb9e1e8abe089d7cf6 (127.0.107.196) changed from NON_VOTER to VOTER. New config: { opid_index: 3 OBSOLETE_local: false peers { permanent_uuid: "7a410959506d483e86cadd15d5f5cd11" member_type: VOTER last_known_addr { host: "127.0.107.193" port: 34861 } } peers { permanent_uuid: "652b5cf1a5c64bcf96ca818fae4e8fd6" member_type: VOTER last_known_addr { host: "127.0.107.194" port: 42373 } } peers { permanent_uuid: "13d0869482234edfacab8f3e3e003872" member_type: VOTER last_known_addr { host: "127.0.107.195" port: 40291 } attrs { replace: true } } peers { permanent_uuid: "a4670b88342f4ccb9e1e8abe089d7cf6" member_type: VOTER last_known_addr { host: "127.0.107.196" port: 38451 } attrs { promote: false } } }
I20260608 12:38:27.397624  3308 catalog_manager.cc:5696] T a0fd9ba827fe4e85bcd6afba55449535 P a4670b88342f4ccb9e1e8abe089d7cf6 reported cstate change: config changed from index 2 to 3, a4670b88342f4ccb9e1e8abe089d7cf6 (127.0.107.196) changed from NON_VOTER to VOTER. New cstate: current_term: 1 leader_uuid: "652b5cf1a5c64bcf96ca818fae4e8fd6" committed_config { opid_index: 3 OBSOLETE_local: false peers { permanent_uuid: "7a410959506d483e86cadd15d5f5cd11" member_type: VOTER last_known_addr { host: "127.0.107.193" port: 34861 } } peers { permanent_uuid: "652b5cf1a5c64bcf96ca818fae4e8fd6" member_type: VOTER last_known_addr { host: "127.0.107.194" port: 42373 } } peers { permanent_uuid: "13d0869482234edfacab8f3e3e003872" member_type: VOTER last_known_addr { host: "127.0.107.195" port: 40291 } attrs { replace: true } } peers { permanent_uuid: "a4670b88342f4ccb9e1e8abe089d7cf6" member_type: VOTER last_known_addr { host: "127.0.107.196" port: 38451 } attrs { promote: false } } }
I20260608 12:38:27.399384  3558 raft_consensus.cc:2955] T a0fd9ba827fe4e85bcd6afba55449535 P 13d0869482234edfacab8f3e3e003872 [term 1 FOLLOWER]: Committing config change with OpId 1.3: config changed from index 2 to 3, a4670b88342f4ccb9e1e8abe089d7cf6 (127.0.107.196) changed from NON_VOTER to VOTER. New config: { opid_index: 3 OBSOLETE_local: false peers { permanent_uuid: "7a410959506d483e86cadd15d5f5cd11" member_type: VOTER last_known_addr { host: "127.0.107.193" port: 34861 } } peers { permanent_uuid: "652b5cf1a5c64bcf96ca818fae4e8fd6" member_type: VOTER last_known_addr { host: "127.0.107.194" port: 42373 } } peers { permanent_uuid: "13d0869482234edfacab8f3e3e003872" member_type: VOTER last_known_addr { host: "127.0.107.195" port: 40291 } attrs { replace: true } } peers { permanent_uuid: "a4670b88342f4ccb9e1e8abe089d7cf6" member_type: VOTER last_known_addr { host: "127.0.107.196" port: 38451 } attrs { promote: false } } }
I20260608 12:38:27.401503  3410 raft_consensus.cc:1275] T c349885db9154e2a9e76a00b37703a6f P 7a410959506d483e86cadd15d5f5cd11 [term 1 FOLLOWER]: Refusing update from remote peer 13d0869482234edfacab8f3e3e003872: Log matching property violated. Preceding OpId in replica: term: 1 index: 2. Preceding OpId from leader: term: 1 index: 3. (index mismatch)
I20260608 12:38:27.403354  3820 consensus_queue.cc:1048] T c349885db9154e2a9e76a00b37703a6f P 13d0869482234edfacab8f3e3e003872 [LEADER]: Connected to new peer: Peer: permanent_uuid: "7a410959506d483e86cadd15d5f5cd11" member_type: VOTER last_known_addr { host: "127.0.107.193" port: 34861 } attrs { replace: true }, Status: LMP_MISMATCH, Last received: 0.0, Next index: 3, Last known committed idx: 2, Time since last communication: 0.000s
I20260608 12:38:27.410918  3484 raft_consensus.cc:1275] T c349885db9154e2a9e76a00b37703a6f P 652b5cf1a5c64bcf96ca818fae4e8fd6 [term 1 FOLLOWER]: Refusing update from remote peer 13d0869482234edfacab8f3e3e003872: Log matching property violated. Preceding OpId in replica: term: 1 index: 2. Preceding OpId from leader: term: 1 index: 3. (index mismatch)
I20260608 12:38:27.413342  3820 consensus_queue.cc:1048] T c349885db9154e2a9e76a00b37703a6f P 13d0869482234edfacab8f3e3e003872 [LEADER]: Connected to new peer: Peer: permanent_uuid: "652b5cf1a5c64bcf96ca818fae4e8fd6" member_type: VOTER last_known_addr { host: "127.0.107.194" port: 42373 }, Status: LMP_MISMATCH, Last received: 0.0, Next index: 3, Last known committed idx: 2, Time since last communication: 0.000s
I20260608 12:38:27.433171  3820 raft_consensus.cc:2955] T c349885db9154e2a9e76a00b37703a6f P 13d0869482234edfacab8f3e3e003872 [term 1 LEADER]: Committing config change with OpId 1.3: config changed from index 2 to 3, a4670b88342f4ccb9e1e8abe089d7cf6 (127.0.107.196) changed from NON_VOTER to VOTER. New config: { opid_index: 3 OBSOLETE_local: false peers { permanent_uuid: "7a410959506d483e86cadd15d5f5cd11" member_type: VOTER last_known_addr { host: "127.0.107.193" port: 34861 } attrs { replace: true } } peers { permanent_uuid: "652b5cf1a5c64bcf96ca818fae4e8fd6" member_type: VOTER last_known_addr { host: "127.0.107.194" port: 42373 } } peers { permanent_uuid: "13d0869482234edfacab8f3e3e003872" member_type: VOTER last_known_addr { host: "127.0.107.195" port: 40291 } } peers { permanent_uuid: "a4670b88342f4ccb9e1e8abe089d7cf6" member_type: VOTER last_known_addr { host: "127.0.107.196" port: 38451 } attrs { promote: false } } }
I20260608 12:38:27.441892  3485 consensus_queue.cc:237] T a0fd9ba827fe4e85bcd6afba55449535 P 652b5cf1a5c64bcf96ca818fae4e8fd6 [LEADER]: Queue going to LEADER mode. State: All replicated index: 0, Majority replicated index: 3, Committed index: 3, Last appended: 1.3, Last appended by leader: 0, Current term: 1, Majority size: 2, State: 0, Mode: LEADER, active raft config: opid_index: 4 OBSOLETE_local: false peers { permanent_uuid: "7a410959506d483e86cadd15d5f5cd11" member_type: VOTER last_known_addr { host: "127.0.107.193" port: 34861 } } peers { permanent_uuid: "652b5cf1a5c64bcf96ca818fae4e8fd6" member_type: VOTER last_known_addr { host: "127.0.107.194" port: 42373 } } peers { permanent_uuid: "a4670b88342f4ccb9e1e8abe089d7cf6" member_type: VOTER last_known_addr { host: "127.0.107.196" port: 38451 } attrs { promote: false } }
I20260608 12:38:27.447350  3706 raft_consensus.cc:2955] T c349885db9154e2a9e76a00b37703a6f P a4670b88342f4ccb9e1e8abe089d7cf6 [term 1 FOLLOWER]: Committing config change with OpId 1.3: config changed from index 2 to 3, a4670b88342f4ccb9e1e8abe089d7cf6 (127.0.107.196) changed from NON_VOTER to VOTER. New config: { opid_index: 3 OBSOLETE_local: false peers { permanent_uuid: "7a410959506d483e86cadd15d5f5cd11" member_type: VOTER last_known_addr { host: "127.0.107.193" port: 34861 } attrs { replace: true } } peers { permanent_uuid: "652b5cf1a5c64bcf96ca818fae4e8fd6" member_type: VOTER last_known_addr { host: "127.0.107.194" port: 42373 } } peers { permanent_uuid: "13d0869482234edfacab8f3e3e003872" member_type: VOTER last_known_addr { host: "127.0.107.195" port: 40291 } } peers { permanent_uuid: "a4670b88342f4ccb9e1e8abe089d7cf6" member_type: VOTER last_known_addr { host: "127.0.107.196" port: 38451 } attrs { promote: false } } }
I20260608 12:38:27.448318  3410 raft_consensus.cc:2955] T c349885db9154e2a9e76a00b37703a6f P 7a410959506d483e86cadd15d5f5cd11 [term 1 FOLLOWER]: Committing config change with OpId 1.3: config changed from index 2 to 3, a4670b88342f4ccb9e1e8abe089d7cf6 (127.0.107.196) changed from NON_VOTER to VOTER. New config: { opid_index: 3 OBSOLETE_local: false peers { permanent_uuid: "7a410959506d483e86cadd15d5f5cd11" member_type: VOTER last_known_addr { host: "127.0.107.193" port: 34861 } attrs { replace: true } } peers { permanent_uuid: "652b5cf1a5c64bcf96ca818fae4e8fd6" member_type: VOTER last_known_addr { host: "127.0.107.194" port: 42373 } } peers { permanent_uuid: "13d0869482234edfacab8f3e3e003872" member_type: VOTER last_known_addr { host: "127.0.107.195" port: 40291 } } peers { permanent_uuid: "a4670b88342f4ccb9e1e8abe089d7cf6" member_type: VOTER last_known_addr { host: "127.0.107.196" port: 38451 } attrs { promote: false } } }
I20260608 12:38:27.459916  3305 catalog_manager.cc:5696] T c349885db9154e2a9e76a00b37703a6f P 13d0869482234edfacab8f3e3e003872 reported cstate change: config changed from index 2 to 3, a4670b88342f4ccb9e1e8abe089d7cf6 (127.0.107.196) changed from NON_VOTER to VOTER. New cstate: current_term: 1 leader_uuid: "13d0869482234edfacab8f3e3e003872" committed_config { opid_index: 3 OBSOLETE_local: false peers { permanent_uuid: "7a410959506d483e86cadd15d5f5cd11" member_type: VOTER last_known_addr { host: "127.0.107.193" port: 34861 } attrs { replace: true } health_report { overall_health: HEALTHY } } peers { permanent_uuid: "652b5cf1a5c64bcf96ca818fae4e8fd6" member_type: VOTER last_known_addr { host: "127.0.107.194" port: 42373 } health_report { overall_health: UNKNOWN } } peers { permanent_uuid: "13d0869482234edfacab8f3e3e003872" member_type: VOTER last_known_addr { host: "127.0.107.195" port: 40291 } health_report { overall_health: HEALTHY } } peers { permanent_uuid: "a4670b88342f4ccb9e1e8abe089d7cf6" member_type: VOTER last_known_addr { host: "127.0.107.196" port: 38451 } attrs { promote: false } health_report { overall_health: HEALTHY } } }
I20260608 12:38:27.471211  3409 raft_consensus.cc:1275] T a0fd9ba827fe4e85bcd6afba55449535 P 7a410959506d483e86cadd15d5f5cd11 [term 1 FOLLOWER]: Refusing update from remote peer 652b5cf1a5c64bcf96ca818fae4e8fd6: Log matching property violated. Preceding OpId in replica: term: 1 index: 3. Preceding OpId from leader: term: 1 index: 4. (index mismatch)
I20260608 12:38:27.473044  3887 consensus_queue.cc:1048] T a0fd9ba827fe4e85bcd6afba55449535 P 652b5cf1a5c64bcf96ca818fae4e8fd6 [LEADER]: Connected to new peer: Peer: permanent_uuid: "7a410959506d483e86cadd15d5f5cd11" member_type: VOTER last_known_addr { host: "127.0.107.193" port: 34861 }, Status: LMP_MISMATCH, Last received: 0.0, Next index: 4, Last known committed idx: 3, Time since last communication: 0.000s
I20260608 12:38:27.481201  3887 raft_consensus.cc:2955] T a0fd9ba827fe4e85bcd6afba55449535 P 652b5cf1a5c64bcf96ca818fae4e8fd6 [term 1 LEADER]: Committing config change with OpId 1.4: config changed from index 3 to 4, VOTER 13d0869482234edfacab8f3e3e003872 (127.0.107.195) evicted. New config: { opid_index: 4 OBSOLETE_local: false peers { permanent_uuid: "7a410959506d483e86cadd15d5f5cd11" member_type: VOTER last_known_addr { host: "127.0.107.193" port: 34861 } } peers { permanent_uuid: "652b5cf1a5c64bcf96ca818fae4e8fd6" member_type: VOTER last_known_addr { host: "127.0.107.194" port: 42373 } } peers { permanent_uuid: "a4670b88342f4ccb9e1e8abe089d7cf6" member_type: VOTER last_known_addr { host: "127.0.107.196" port: 38451 } attrs { promote: false } } }
I20260608 12:38:27.487140  3706 raft_consensus.cc:1275] T a0fd9ba827fe4e85bcd6afba55449535 P a4670b88342f4ccb9e1e8abe089d7cf6 [term 1 FOLLOWER]: Refusing update from remote peer 652b5cf1a5c64bcf96ca818fae4e8fd6: Log matching property violated. Preceding OpId in replica: term: 1 index: 3. Preceding OpId from leader: term: 1 index: 4. (index mismatch)
I20260608 12:38:27.493218  3410 raft_consensus.cc:2955] T a0fd9ba827fe4e85bcd6afba55449535 P 7a410959506d483e86cadd15d5f5cd11 [term 1 FOLLOWER]: Committing config change with OpId 1.4: config changed from index 3 to 4, VOTER 13d0869482234edfacab8f3e3e003872 (127.0.107.195) evicted. New config: { opid_index: 4 OBSOLETE_local: false peers { permanent_uuid: "7a410959506d483e86cadd15d5f5cd11" member_type: VOTER last_known_addr { host: "127.0.107.193" port: 34861 } } peers { permanent_uuid: "652b5cf1a5c64bcf96ca818fae4e8fd6" member_type: VOTER last_known_addr { host: "127.0.107.194" port: 42373 } } peers { permanent_uuid: "a4670b88342f4ccb9e1e8abe089d7cf6" member_type: VOTER last_known_addr { host: "127.0.107.196" port: 38451 } attrs { promote: false } } }
I20260608 12:38:27.494663  3708 raft_consensus.cc:1275] T fe0c1c1429214d538c9d6926447137a4 P a4670b88342f4ccb9e1e8abe089d7cf6 [term 1 LEARNER]: Refusing update from remote peer 7a410959506d483e86cadd15d5f5cd11: Log matching property violated. Preceding OpId in replica: term: 1 index: 2. Preceding OpId from leader: term: 1 index: 3. (index mismatch)
I20260608 12:38:27.496847  3558 raft_consensus.cc:1275] T fe0c1c1429214d538c9d6926447137a4 P 13d0869482234edfacab8f3e3e003872 [term 1 FOLLOWER]: Refusing update from remote peer 7a410959506d483e86cadd15d5f5cd11: Log matching property violated. Preceding OpId in replica: term: 1 index: 2. Preceding OpId from leader: term: 1 index: 3. (index mismatch)
I20260608 12:38:27.497210  3900 consensus_queue.cc:1048] T fe0c1c1429214d538c9d6926447137a4 P 7a410959506d483e86cadd15d5f5cd11 [LEADER]: Connected to new peer: Peer: permanent_uuid: "a4670b88342f4ccb9e1e8abe089d7cf6" member_type: VOTER last_known_addr { host: "127.0.107.196" port: 38451 } attrs { promote: false }, Status: LMP_MISMATCH, Last received: 0.0, Next index: 3, Last known committed idx: 2, Time since last communication: 0.000s
I20260608 12:38:27.497529  3853 consensus_queue.cc:1048] T a0fd9ba827fe4e85bcd6afba55449535 P 652b5cf1a5c64bcf96ca818fae4e8fd6 [LEADER]: Connected to new peer: Peer: permanent_uuid: "a4670b88342f4ccb9e1e8abe089d7cf6" member_type: VOTER last_known_addr { host: "127.0.107.196" port: 38451 } attrs { promote: false }, Status: LMP_MISMATCH, Last received: 0.0, Next index: 4, Last known committed idx: 3, Time since last communication: 0.000s
I20260608 12:38:27.504320  3708 raft_consensus.cc:2955] T a0fd9ba827fe4e85bcd6afba55449535 P a4670b88342f4ccb9e1e8abe089d7cf6 [term 1 FOLLOWER]: Committing config change with OpId 1.4: config changed from index 3 to 4, VOTER 13d0869482234edfacab8f3e3e003872 (127.0.107.195) evicted. New config: { opid_index: 4 OBSOLETE_local: false peers { permanent_uuid: "7a410959506d483e86cadd15d5f5cd11" member_type: VOTER last_known_addr { host: "127.0.107.193" port: 34861 } } peers { permanent_uuid: "652b5cf1a5c64bcf96ca818fae4e8fd6" member_type: VOTER last_known_addr { host: "127.0.107.194" port: 42373 } } peers { permanent_uuid: "a4670b88342f4ccb9e1e8abe089d7cf6" member_type: VOTER last_known_addr { host: "127.0.107.196" port: 38451 } attrs { promote: false } } }
I20260608 12:38:27.507797  3294 catalog_manager.cc:5209] ChangeConfig:REMOVE_PEER RPC for tablet a0fd9ba827fe4e85bcd6afba55449535 with cas_config_opid_index 3: ChangeConfig:REMOVE_PEER succeeded (attempt 1)
I20260608 12:38:27.509260  3899 consensus_queue.cc:1048] T fe0c1c1429214d538c9d6926447137a4 P 7a410959506d483e86cadd15d5f5cd11 [LEADER]: Connected to new peer: Peer: permanent_uuid: "13d0869482234edfacab8f3e3e003872" member_type: VOTER last_known_addr { host: "127.0.107.195" port: 40291 }, Status: LMP_MISMATCH, Last received: 0.0, Next index: 3, Last known committed idx: 2, Time since last communication: 0.000s
I20260608 12:38:27.513187  3483 raft_consensus.cc:1275] T fe0c1c1429214d538c9d6926447137a4 P 652b5cf1a5c64bcf96ca818fae4e8fd6 [term 1 FOLLOWER]: Refusing update from remote peer 7a410959506d483e86cadd15d5f5cd11: Log matching property violated. Preceding OpId in replica: term: 1 index: 2. Preceding OpId from leader: term: 1 index: 3. (index mismatch)
I20260608 12:38:27.513231  3307 catalog_manager.cc:5696] T a0fd9ba827fe4e85bcd6afba55449535 P 652b5cf1a5c64bcf96ca818fae4e8fd6 reported cstate change: config changed from index 3 to 4, VOTER 13d0869482234edfacab8f3e3e003872 (127.0.107.195) evicted. New cstate: current_term: 1 leader_uuid: "652b5cf1a5c64bcf96ca818fae4e8fd6" committed_config { opid_index: 4 OBSOLETE_local: false peers { permanent_uuid: "7a410959506d483e86cadd15d5f5cd11" member_type: VOTER last_known_addr { host: "127.0.107.193" port: 34861 } health_report { overall_health: HEALTHY } } peers { permanent_uuid: "652b5cf1a5c64bcf96ca818fae4e8fd6" member_type: VOTER last_known_addr { host: "127.0.107.194" port: 42373 } health_report { overall_health: HEALTHY } } peers { permanent_uuid: "a4670b88342f4ccb9e1e8abe089d7cf6" member_type: VOTER last_known_addr { host: "127.0.107.196" port: 38451 } attrs { promote: false } health_report { overall_health: UNKNOWN } } }
I20260608 12:38:27.516010  3899 consensus_queue.cc:1048] T fe0c1c1429214d538c9d6926447137a4 P 7a410959506d483e86cadd15d5f5cd11 [LEADER]: Connected to new peer: Peer: permanent_uuid: "652b5cf1a5c64bcf96ca818fae4e8fd6" member_type: VOTER last_known_addr { host: "127.0.107.194" port: 42373 } attrs { replace: true }, Status: LMP_MISMATCH, Last received: 0.0, Next index: 3, Last known committed idx: 2, Time since last communication: 0.000s
I20260608 12:38:27.531908  3920 raft_consensus.cc:2955] T fe0c1c1429214d538c9d6926447137a4 P 7a410959506d483e86cadd15d5f5cd11 [term 1 LEADER]: Committing config change with OpId 1.3: config changed from index 2 to 3, a4670b88342f4ccb9e1e8abe089d7cf6 (127.0.107.196) changed from NON_VOTER to VOTER. New config: { opid_index: 3 OBSOLETE_local: false peers { permanent_uuid: "7a410959506d483e86cadd15d5f5cd11" member_type: VOTER last_known_addr { host: "127.0.107.193" port: 34861 } } peers { permanent_uuid: "652b5cf1a5c64bcf96ca818fae4e8fd6" member_type: VOTER last_known_addr { host: "127.0.107.194" port: 42373 } attrs { replace: true } } peers { permanent_uuid: "13d0869482234edfacab8f3e3e003872" member_type: VOTER last_known_addr { host: "127.0.107.195" port: 40291 } } peers { permanent_uuid: "a4670b88342f4ccb9e1e8abe089d7cf6" member_type: VOTER last_known_addr { host: "127.0.107.196" port: 38451 } attrs { promote: false } } }
I20260608 12:38:27.535213  3709 raft_consensus.cc:2955] T fe0c1c1429214d538c9d6926447137a4 P a4670b88342f4ccb9e1e8abe089d7cf6 [term 1 FOLLOWER]: Committing config change with OpId 1.3: config changed from index 2 to 3, a4670b88342f4ccb9e1e8abe089d7cf6 (127.0.107.196) changed from NON_VOTER to VOTER. New config: { opid_index: 3 OBSOLETE_local: false peers { permanent_uuid: "7a410959506d483e86cadd15d5f5cd11" member_type: VOTER last_known_addr { host: "127.0.107.193" port: 34861 } } peers { permanent_uuid: "652b5cf1a5c64bcf96ca818fae4e8fd6" member_type: VOTER last_known_addr { host: "127.0.107.194" port: 42373 } attrs { replace: true } } peers { permanent_uuid: "13d0869482234edfacab8f3e3e003872" member_type: VOTER last_known_addr { host: "127.0.107.195" port: 40291 } } peers { permanent_uuid: "a4670b88342f4ccb9e1e8abe089d7cf6" member_type: VOTER last_known_addr { host: "127.0.107.196" port: 38451 } attrs { promote: false } } }
I20260608 12:38:27.550503  3361 auto_leader_rebalancer.cc:140] leader rebalance for table range_aware_rebalance_new_range
I20260608 12:38:27.555629  3547 tablet_service.cc:1558] Processing DeleteTablet for tablet a0fd9ba827fe4e85bcd6afba55449535 with delete_type TABLET_DATA_TOMBSTONED (TS 13d0869482234edfacab8f3e3e003872 not found in new config with opid_index 4) from {username='slave'} at 127.0.0.1:43838
I20260608 12:38:27.557148  3557 consensus_queue.cc:237] T c349885db9154e2a9e76a00b37703a6f P 13d0869482234edfacab8f3e3e003872 [LEADER]: Queue going to LEADER mode. State: All replicated index: 0, Majority replicated index: 3, Committed index: 3, Last appended: 1.3, Last appended by leader: 0, Current term: 1, Majority size: 2, State: 0, Mode: LEADER, active raft config: opid_index: 4 OBSOLETE_local: false peers { permanent_uuid: "652b5cf1a5c64bcf96ca818fae4e8fd6" member_type: VOTER last_known_addr { host: "127.0.107.194" port: 42373 } } peers { permanent_uuid: "13d0869482234edfacab8f3e3e003872" member_type: VOTER last_known_addr { host: "127.0.107.195" port: 40291 } } peers { permanent_uuid: "a4670b88342f4ccb9e1e8abe089d7cf6" member_type: VOTER last_known_addr { host: "127.0.107.196" port: 38451 } attrs { promote: false } }
I20260608 12:38:27.559186  3924 tablet_replica.cc:333] T a0fd9ba827fe4e85bcd6afba55449535 P 13d0869482234edfacab8f3e3e003872: stopping tablet replica
I20260608 12:38:27.545148  3485 raft_consensus.cc:2955] T c349885db9154e2a9e76a00b37703a6f P 652b5cf1a5c64bcf96ca818fae4e8fd6 [term 1 FOLLOWER]: Committing config change with OpId 1.3: config changed from index 2 to 3, a4670b88342f4ccb9e1e8abe089d7cf6 (127.0.107.196) changed from NON_VOTER to VOTER. New config: { opid_index: 3 OBSOLETE_local: false peers { permanent_uuid: "7a410959506d483e86cadd15d5f5cd11" member_type: VOTER last_known_addr { host: "127.0.107.193" port: 34861 } attrs { replace: true } } peers { permanent_uuid: "652b5cf1a5c64bcf96ca818fae4e8fd6" member_type: VOTER last_known_addr { host: "127.0.107.194" port: 42373 } } peers { permanent_uuid: "13d0869482234edfacab8f3e3e003872" member_type: VOTER last_known_addr { host: "127.0.107.195" port: 40291 } } peers { permanent_uuid: "a4670b88342f4ccb9e1e8abe089d7cf6" member_type: VOTER last_known_addr { host: "127.0.107.196" port: 38451 } attrs { promote: false } } }
I20260608 12:38:27.563860  3709 raft_consensus.cc:1275] T c349885db9154e2a9e76a00b37703a6f P a4670b88342f4ccb9e1e8abe089d7cf6 [term 1 FOLLOWER]: Refusing update from remote peer 13d0869482234edfacab8f3e3e003872: Log matching property violated. Preceding OpId in replica: term: 1 index: 3. Preceding OpId from leader: term: 1 index: 4. (index mismatch)
I20260608 12:38:27.565474  3894 consensus_queue.cc:1048] T c349885db9154e2a9e76a00b37703a6f P 13d0869482234edfacab8f3e3e003872 [LEADER]: Connected to new peer: Peer: permanent_uuid: "a4670b88342f4ccb9e1e8abe089d7cf6" member_type: VOTER last_known_addr { host: "127.0.107.196" port: 38451 } attrs { promote: false }, Status: LMP_MISMATCH, Last received: 0.0, Next index: 4, Last known committed idx: 3, Time since last communication: 0.001s
I20260608 12:38:27.574244  3820 raft_consensus.cc:2955] T c349885db9154e2a9e76a00b37703a6f P 13d0869482234edfacab8f3e3e003872 [term 1 LEADER]: Committing config change with OpId 1.4: config changed from index 3 to 4, VOTER 7a410959506d483e86cadd15d5f5cd11 (127.0.107.193) evicted. New config: { opid_index: 4 OBSOLETE_local: false peers { permanent_uuid: "652b5cf1a5c64bcf96ca818fae4e8fd6" member_type: VOTER last_known_addr { host: "127.0.107.194" port: 42373 } } peers { permanent_uuid: "13d0869482234edfacab8f3e3e003872" member_type: VOTER last_known_addr { host: "127.0.107.195" port: 40291 } } peers { permanent_uuid: "a4670b88342f4ccb9e1e8abe089d7cf6" member_type: VOTER last_known_addr { host: "127.0.107.196" port: 38451 } attrs { promote: false } } }
I20260608 12:38:27.576951  3709 raft_consensus.cc:2955] T c349885db9154e2a9e76a00b37703a6f P a4670b88342f4ccb9e1e8abe089d7cf6 [term 1 FOLLOWER]: Committing config change with OpId 1.4: config changed from index 3 to 4, VOTER 7a410959506d483e86cadd15d5f5cd11 (127.0.107.193) evicted. New config: { opid_index: 4 OBSOLETE_local: false peers { permanent_uuid: "652b5cf1a5c64bcf96ca818fae4e8fd6" member_type: VOTER last_known_addr { host: "127.0.107.194" port: 42373 } } peers { permanent_uuid: "13d0869482234edfacab8f3e3e003872" member_type: VOTER last_known_addr { host: "127.0.107.195" port: 40291 } } peers { permanent_uuid: "a4670b88342f4ccb9e1e8abe089d7cf6" member_type: VOTER last_known_addr { host: "127.0.107.196" port: 38451 } attrs { promote: false } } }
I20260608 12:38:27.560650  3924 raft_consensus.cc:2243] T a0fd9ba827fe4e85bcd6afba55449535 P 13d0869482234edfacab8f3e3e003872 [term 1 FOLLOWER]: Raft consensus shutting down.
I20260608 12:38:27.582667  3558 raft_consensus.cc:2955] T fe0c1c1429214d538c9d6926447137a4 P 13d0869482234edfacab8f3e3e003872 [term 1 FOLLOWER]: Committing config change with OpId 1.3: config changed from index 2 to 3, a4670b88342f4ccb9e1e8abe089d7cf6 (127.0.107.196) changed from NON_VOTER to VOTER. New config: { opid_index: 3 OBSOLETE_local: false peers { permanent_uuid: "7a410959506d483e86cadd15d5f5cd11" member_type: VOTER last_known_addr { host: "127.0.107.193" port: 34861 } } peers { permanent_uuid: "652b5cf1a5c64bcf96ca818fae4e8fd6" member_type: VOTER last_known_addr { host: "127.0.107.194" port: 42373 } attrs { replace: true } } peers { permanent_uuid: "13d0869482234edfacab8f3e3e003872" member_type: VOTER last_known_addr { host: "127.0.107.195" port: 40291 } } peers { permanent_uuid: "a4670b88342f4ccb9e1e8abe089d7cf6" member_type: VOTER last_known_addr { host: "127.0.107.196" port: 38451 } attrs { promote: false } } }
I20260608 12:38:27.589447  3304 catalog_manager.cc:5696] T fe0c1c1429214d538c9d6926447137a4 P a4670b88342f4ccb9e1e8abe089d7cf6 reported cstate change: config changed from index 2 to 3, a4670b88342f4ccb9e1e8abe089d7cf6 (127.0.107.196) changed from NON_VOTER to VOTER. New cstate: current_term: 1 leader_uuid: "7a410959506d483e86cadd15d5f5cd11" committed_config { opid_index: 3 OBSOLETE_local: false peers { permanent_uuid: "7a410959506d483e86cadd15d5f5cd11" member_type: VOTER last_known_addr { host: "127.0.107.193" port: 34861 } } peers { permanent_uuid: "652b5cf1a5c64bcf96ca818fae4e8fd6" member_type: VOTER last_known_addr { host: "127.0.107.194" port: 42373 } attrs { replace: true } } peers { permanent_uuid: "13d0869482234edfacab8f3e3e003872" member_type: VOTER last_known_addr { host: "127.0.107.195" port: 40291 } } peers { permanent_uuid: "a4670b88342f4ccb9e1e8abe089d7cf6" member_type: VOTER last_known_addr { host: "127.0.107.196" port: 38451 } attrs { promote: false } } }
I20260608 12:38:27.591209  3483 raft_consensus.cc:2955] T fe0c1c1429214d538c9d6926447137a4 P 652b5cf1a5c64bcf96ca818fae4e8fd6 [term 1 FOLLOWER]: Committing config change with OpId 1.3: config changed from index 2 to 3, a4670b88342f4ccb9e1e8abe089d7cf6 (127.0.107.196) changed from NON_VOTER to VOTER. New config: { opid_index: 3 OBSOLETE_local: false peers { permanent_uuid: "7a410959506d483e86cadd15d5f5cd11" member_type: VOTER last_known_addr { host: "127.0.107.193" port: 34861 } } peers { permanent_uuid: "652b5cf1a5c64bcf96ca818fae4e8fd6" member_type: VOTER last_known_addr { host: "127.0.107.194" port: 42373 } attrs { replace: true } } peers { permanent_uuid: "13d0869482234edfacab8f3e3e003872" member_type: VOTER last_known_addr { host: "127.0.107.195" port: 40291 } } peers { permanent_uuid: "a4670b88342f4ccb9e1e8abe089d7cf6" member_type: VOTER last_known_addr { host: "127.0.107.196" port: 38451 } attrs { promote: false } } }
I20260608 12:38:27.600425  3482 tablet_service.cc:2072] Received LeaderStepDown RPC: tablet_id: "a0fd9ba827fe4e85bcd6afba55449535"
dest_uuid: "652b5cf1a5c64bcf96ca818fae4e8fd6"
mode: GRACEFUL
new_leader_uuid: "a4670b88342f4ccb9e1e8abe089d7cf6"
 from {username='slave'} at 127.0.0.1:37684
I20260608 12:38:27.601166  3482 raft_consensus.cc:606] T a0fd9ba827fe4e85bcd6afba55449535 P 652b5cf1a5c64bcf96ca818fae4e8fd6 [term 1 LEADER]: Received request to transfer leadership to TS a4670b88342f4ccb9e1e8abe089d7cf6
I20260608 12:38:27.605876  3484 raft_consensus.cc:1275] T c349885db9154e2a9e76a00b37703a6f P 652b5cf1a5c64bcf96ca818fae4e8fd6 [term 1 FOLLOWER]: Refusing update from remote peer 13d0869482234edfacab8f3e3e003872: Log matching property violated. Preceding OpId in replica: term: 1 index: 3. Preceding OpId from leader: term: 1 index: 4. (index mismatch)
I20260608 12:38:27.606866  3410 consensus_queue.cc:237] T fe0c1c1429214d538c9d6926447137a4 P 7a410959506d483e86cadd15d5f5cd11 [LEADER]: Queue going to LEADER mode. State: All replicated index: 0, Majority replicated index: 3, Committed index: 3, Last appended: 1.3, Last appended by leader: 0, Current term: 1, Majority size: 2, State: 0, Mode: LEADER, active raft config: opid_index: 4 OBSOLETE_local: false peers { permanent_uuid: "7a410959506d483e86cadd15d5f5cd11" member_type: VOTER last_known_addr { host: "127.0.107.193" port: 34861 } } peers { permanent_uuid: "13d0869482234edfacab8f3e3e003872" member_type: VOTER last_known_addr { host: "127.0.107.195" port: 40291 } } peers { permanent_uuid: "a4670b88342f4ccb9e1e8abe089d7cf6" member_type: VOTER last_known_addr { host: "127.0.107.196" port: 38451 } attrs { promote: false } }
I20260608 12:38:27.611202  3895 consensus_queue.cc:1048] T c349885db9154e2a9e76a00b37703a6f P 13d0869482234edfacab8f3e3e003872 [LEADER]: Connected to new peer: Peer: permanent_uuid: "652b5cf1a5c64bcf96ca818fae4e8fd6" member_type: VOTER last_known_addr { host: "127.0.107.194" port: 42373 }, Status: LMP_MISMATCH, Last received: 0.0, Next index: 4, Last known committed idx: 3, Time since last communication: 0.000s
I20260608 12:38:27.583881  3924 raft_consensus.cc:2272] T a0fd9ba827fe4e85bcd6afba55449535 P 13d0869482234edfacab8f3e3e003872 [term 1 FOLLOWER]: Raft consensus is shut down!
I20260608 12:38:27.619984  3294 catalog_manager.cc:5209] ChangeConfig:REMOVE_PEER RPC for tablet c349885db9154e2a9e76a00b37703a6f with cas_config_opid_index 3: ChangeConfig:REMOVE_PEER succeeded (attempt 1)
I20260608 12:38:27.619413  3304 catalog_manager.cc:5696] T c349885db9154e2a9e76a00b37703a6f P a4670b88342f4ccb9e1e8abe089d7cf6 reported cstate change: config changed from index 3 to 4, VOTER 7a410959506d483e86cadd15d5f5cd11 (127.0.107.193) evicted. New cstate: current_term: 1 leader_uuid: "13d0869482234edfacab8f3e3e003872" committed_config { opid_index: 4 OBSOLETE_local: false peers { permanent_uuid: "652b5cf1a5c64bcf96ca818fae4e8fd6" member_type: VOTER last_known_addr { host: "127.0.107.194" port: 42373 } } peers { permanent_uuid: "13d0869482234edfacab8f3e3e003872" member_type: VOTER last_known_addr { host: "127.0.107.195" port: 40291 } } peers { permanent_uuid: "a4670b88342f4ccb9e1e8abe089d7cf6" member_type: VOTER last_known_addr { host: "127.0.107.196" port: 38451 } attrs { promote: false } } }
I20260608 12:38:27.618791  3924 ts_tablet_manager.cc:1916] T a0fd9ba827fe4e85bcd6afba55449535 P 13d0869482234edfacab8f3e3e003872: Deleting tablet data with delete state TABLET_DATA_TOMBSTONED
I20260608 12:38:27.626426  3361 auto_leader_rebalancer.cc:388] table: range_aware_rebalance_new_range, leader rebalance finish, leader transfer count: 1
I20260608 12:38:27.627208  3361 auto_leader_rebalancer.cc:451] All tables' leader rebalancing finished this round
I20260608 12:38:27.628526  3709 raft_consensus.cc:1275] T fe0c1c1429214d538c9d6926447137a4 P a4670b88342f4ccb9e1e8abe089d7cf6 [term 1 FOLLOWER]: Refusing update from remote peer 7a410959506d483e86cadd15d5f5cd11: Log matching property violated. Preceding OpId in replica: term: 1 index: 3. Preceding OpId from leader: term: 1 index: 4. (index mismatch)
I20260608 12:38:27.630302  3900 consensus_queue.cc:1048] T fe0c1c1429214d538c9d6926447137a4 P 7a410959506d483e86cadd15d5f5cd11 [LEADER]: Connected to new peer: Peer: permanent_uuid: "a4670b88342f4ccb9e1e8abe089d7cf6" member_type: VOTER last_known_addr { host: "127.0.107.196" port: 38451 } attrs { promote: false }, Status: LMP_MISMATCH, Last received: 0.0, Next index: 4, Last known committed idx: 3, Time since last communication: 0.000s
I20260608 12:38:27.635102  3558 raft_consensus.cc:1275] T fe0c1c1429214d538c9d6926447137a4 P 13d0869482234edfacab8f3e3e003872 [term 1 FOLLOWER]: Refusing update from remote peer 7a410959506d483e86cadd15d5f5cd11: Log matching property violated. Preceding OpId in replica: term: 1 index: 3. Preceding OpId from leader: term: 1 index: 4. (index mismatch)
I20260608 12:38:27.638278  3483 raft_consensus.cc:2955] T c349885db9154e2a9e76a00b37703a6f P 652b5cf1a5c64bcf96ca818fae4e8fd6 [term 1 FOLLOWER]: Committing config change with OpId 1.4: config changed from index 3 to 4, VOTER 7a410959506d483e86cadd15d5f5cd11 (127.0.107.193) evicted. New config: { opid_index: 4 OBSOLETE_local: false peers { permanent_uuid: "652b5cf1a5c64bcf96ca818fae4e8fd6" member_type: VOTER last_known_addr { host: "127.0.107.194" port: 42373 } } peers { permanent_uuid: "13d0869482234edfacab8f3e3e003872" member_type: VOTER last_known_addr { host: "127.0.107.195" port: 40291 } } peers { permanent_uuid: "a4670b88342f4ccb9e1e8abe089d7cf6" member_type: VOTER last_known_addr { host: "127.0.107.196" port: 38451 } attrs { promote: false } } }
I20260608 12:38:27.639540  3900 consensus_queue.cc:1048] T fe0c1c1429214d538c9d6926447137a4 P 7a410959506d483e86cadd15d5f5cd11 [LEADER]: Connected to new peer: Peer: permanent_uuid: "13d0869482234edfacab8f3e3e003872" member_type: VOTER last_known_addr { host: "127.0.107.195" port: 40291 }, Status: LMP_MISMATCH, Last received: 0.0, Next index: 4, Last known committed idx: 3, Time since last communication: 0.000s
I20260608 12:38:27.642706  3400 tablet_service.cc:1558] Processing DeleteTablet for tablet c349885db9154e2a9e76a00b37703a6f with delete_type TABLET_DATA_TOMBSTONED (TS 7a410959506d483e86cadd15d5f5cd11 not found in new config with opid_index 4) from {username='slave'} at 127.0.0.1:35086
I20260608 12:38:27.644084  3909 tablet_replica.cc:333] T c349885db9154e2a9e76a00b37703a6f P 7a410959506d483e86cadd15d5f5cd11: stopping tablet replica
I20260608 12:38:27.645181  3909 raft_consensus.cc:2243] T c349885db9154e2a9e76a00b37703a6f P 7a410959506d483e86cadd15d5f5cd11 [term 1 FOLLOWER]: Raft consensus shutting down.
I20260608 12:38:27.646059  3909 raft_consensus.cc:2272] T c349885db9154e2a9e76a00b37703a6f P 7a410959506d483e86cadd15d5f5cd11 [term 1 FOLLOWER]: Raft consensus is shut down!
I20260608 12:38:27.651142  3920 raft_consensus.cc:2955] T fe0c1c1429214d538c9d6926447137a4 P 7a410959506d483e86cadd15d5f5cd11 [term 1 LEADER]: Committing config change with OpId 1.4: config changed from index 3 to 4, VOTER 652b5cf1a5c64bcf96ca818fae4e8fd6 (127.0.107.194) evicted. New config: { opid_index: 4 OBSOLETE_local: false peers { permanent_uuid: "7a410959506d483e86cadd15d5f5cd11" member_type: VOTER last_known_addr { host: "127.0.107.193" port: 34861 } } peers { permanent_uuid: "13d0869482234edfacab8f3e3e003872" member_type: VOTER last_known_addr { host: "127.0.107.195" port: 40291 } } peers { permanent_uuid: "a4670b88342f4ccb9e1e8abe089d7cf6" member_type: VOTER last_known_addr { host: "127.0.107.196" port: 38451 } attrs { promote: false } } }
I20260608 12:38:27.653472  3909 ts_tablet_manager.cc:1916] T c349885db9154e2a9e76a00b37703a6f P 7a410959506d483e86cadd15d5f5cd11: Deleting tablet data with delete state TABLET_DATA_TOMBSTONED
I20260608 12:38:27.654469  3708 raft_consensus.cc:2955] T fe0c1c1429214d538c9d6926447137a4 P a4670b88342f4ccb9e1e8abe089d7cf6 [term 1 FOLLOWER]: Committing config change with OpId 1.4: config changed from index 3 to 4, VOTER 652b5cf1a5c64bcf96ca818fae4e8fd6 (127.0.107.194) evicted. New config: { opid_index: 4 OBSOLETE_local: false peers { permanent_uuid: "7a410959506d483e86cadd15d5f5cd11" member_type: VOTER last_known_addr { host: "127.0.107.193" port: 34861 } } peers { permanent_uuid: "13d0869482234edfacab8f3e3e003872" member_type: VOTER last_known_addr { host: "127.0.107.195" port: 40291 } } peers { permanent_uuid: "a4670b88342f4ccb9e1e8abe089d7cf6" member_type: VOTER last_known_addr { host: "127.0.107.196" port: 38451 } attrs { promote: false } } }
I20260608 12:38:27.662228  3924 ts_tablet_manager.cc:1929] T a0fd9ba827fe4e85bcd6afba55449535 P 13d0869482234edfacab8f3e3e003872: tablet deleted with delete type TABLET_DATA_TOMBSTONED: last-logged OpId 1.3
I20260608 12:38:27.682098  3924 log.cc:1199] T a0fd9ba827fe4e85bcd6afba55449535 P 13d0869482234edfacab8f3e3e003872: Deleting WAL directory at /tmp/dist-test-taskA4bOLm/test-tmp/auto_rebalancer-test.0.AutoRebalancerTest.RangeAwareRebalancesNewRangeReplicas.1780922211289119-431-0/minicluster-data/ts-2-root/wals/a0fd9ba827fe4e85bcd6afba55449535
I20260608 12:38:27.674225  3558 raft_consensus.cc:2955] T fe0c1c1429214d538c9d6926447137a4 P 13d0869482234edfacab8f3e3e003872 [term 1 FOLLOWER]: Committing config change with OpId 1.4: config changed from index 3 to 4, VOTER 652b5cf1a5c64bcf96ca818fae4e8fd6 (127.0.107.194) evicted. New config: { opid_index: 4 OBSOLETE_local: false peers { permanent_uuid: "7a410959506d483e86cadd15d5f5cd11" member_type: VOTER last_known_addr { host: "127.0.107.193" port: 34861 } } peers { permanent_uuid: "13d0869482234edfacab8f3e3e003872" member_type: VOTER last_known_addr { host: "127.0.107.195" port: 40291 } } peers { permanent_uuid: "a4670b88342f4ccb9e1e8abe089d7cf6" member_type: VOTER last_known_addr { host: "127.0.107.196" port: 38451 } attrs { promote: false } } }
I20260608 12:38:27.666185  3292 catalog_manager.cc:5209] ChangeConfig:REMOVE_PEER RPC for tablet fe0c1c1429214d538c9d6926447137a4 with cas_config_opid_index 3: ChangeConfig:REMOVE_PEER succeeded (attempt 1)
I20260608 12:38:27.684952  3307 catalog_manager.cc:5696] T fe0c1c1429214d538c9d6926447137a4 P a4670b88342f4ccb9e1e8abe089d7cf6 reported cstate change: config changed from index 3 to 4, VOTER 652b5cf1a5c64bcf96ca818fae4e8fd6 (127.0.107.194) evicted. New cstate: current_term: 1 leader_uuid: "7a410959506d483e86cadd15d5f5cd11" committed_config { opid_index: 4 OBSOLETE_local: false peers { permanent_uuid: "7a410959506d483e86cadd15d5f5cd11" member_type: VOTER last_known_addr { host: "127.0.107.193" port: 34861 } } peers { permanent_uuid: "13d0869482234edfacab8f3e3e003872" member_type: VOTER last_known_addr { host: "127.0.107.195" port: 40291 } } peers { permanent_uuid: "a4670b88342f4ccb9e1e8abe089d7cf6" member_type: VOTER last_known_addr { host: "127.0.107.196" port: 38451 } attrs { promote: false } } }
I20260608 12:38:27.682602  3909 ts_tablet_manager.cc:1929] T c349885db9154e2a9e76a00b37703a6f P 7a410959506d483e86cadd15d5f5cd11: tablet deleted with delete type TABLET_DATA_TOMBSTONED: last-logged OpId 1.3
I20260608 12:38:27.689942  3909 log.cc:1199] T c349885db9154e2a9e76a00b37703a6f P 7a410959506d483e86cadd15d5f5cd11: Deleting WAL directory at /tmp/dist-test-taskA4bOLm/test-tmp/auto_rebalancer-test.0.AutoRebalancerTest.RangeAwareRebalancesNewRangeReplicas.1780922211289119-431-0/minicluster-data/ts-0-root/wals/c349885db9154e2a9e76a00b37703a6f
I20260608 12:38:27.690956  3294 catalog_manager.cc:5027] TS 13d0869482234edfacab8f3e3e003872 (127.0.107.195:40291): tablet a0fd9ba827fe4e85bcd6afba55449535 (table range_aware_rebalance_new_range [id=ca984ec9d938488aa7bb9e45eab2059d]) successfully deleted
I20260608 12:38:27.692071  3292 catalog_manager.cc:5027] TS 7a410959506d483e86cadd15d5f5cd11 (127.0.107.193:34861): tablet c349885db9154e2a9e76a00b37703a6f (table range_aware_rebalance_new_range [id=ca984ec9d938488aa7bb9e45eab2059d]) successfully deleted
I20260608 12:38:27.699761  3472 tablet_service.cc:1558] Processing DeleteTablet for tablet fe0c1c1429214d538c9d6926447137a4 with delete_type TABLET_DATA_TOMBSTONED (TS 652b5cf1a5c64bcf96ca818fae4e8fd6 not found in new config with opid_index 4) from {username='slave'} at 127.0.0.1:54512
I20260608 12:38:27.705314  3925 tablet_replica.cc:333] T fe0c1c1429214d538c9d6926447137a4 P 652b5cf1a5c64bcf96ca818fae4e8fd6: stopping tablet replica
I20260608 12:38:27.708043  3925 raft_consensus.cc:2243] T fe0c1c1429214d538c9d6926447137a4 P 652b5cf1a5c64bcf96ca818fae4e8fd6 [term 1 FOLLOWER]: Raft consensus shutting down.
I20260608 12:38:27.709033  3925 raft_consensus.cc:2272] T fe0c1c1429214d538c9d6926447137a4 P 652b5cf1a5c64bcf96ca818fae4e8fd6 [term 1 FOLLOWER]: Raft consensus is shut down!
I20260608 12:38:27.712641  3925 ts_tablet_manager.cc:1916] T fe0c1c1429214d538c9d6926447137a4 P 652b5cf1a5c64bcf96ca818fae4e8fd6: Deleting tablet data with delete state TABLET_DATA_TOMBSTONED
I20260608 12:38:27.730099  3925 ts_tablet_manager.cc:1929] T fe0c1c1429214d538c9d6926447137a4 P 652b5cf1a5c64bcf96ca818fae4e8fd6: tablet deleted with delete type TABLET_DATA_TOMBSTONED: last-logged OpId 1.3
I20260608 12:38:27.730502  3925 log.cc:1199] T fe0c1c1429214d538c9d6926447137a4 P 652b5cf1a5c64bcf96ca818fae4e8fd6: Deleting WAL directory at /tmp/dist-test-taskA4bOLm/test-tmp/auto_rebalancer-test.0.AutoRebalancerTest.RangeAwareRebalancesNewRangeReplicas.1780922211289119-431-0/minicluster-data/ts-1-root/wals/fe0c1c1429214d538c9d6926447137a4
I20260608 12:38:27.732457  3294 catalog_manager.cc:5027] TS 652b5cf1a5c64bcf96ca818fae4e8fd6 (127.0.107.194:42373): tablet fe0c1c1429214d538c9d6926447137a4 (table range_aware_rebalance_new_range [id=ca984ec9d938488aa7bb9e45eab2059d]) successfully deleted
I20260608 12:38:28.062999  3926 raft_consensus.cc:993] T a0fd9ba827fe4e85bcd6afba55449535 P 652b5cf1a5c64bcf96ca818fae4e8fd6: : Instructing follower a4670b88342f4ccb9e1e8abe089d7cf6 to start an election
I20260608 12:38:28.063549  3853 raft_consensus.cc:1081] T a0fd9ba827fe4e85bcd6afba55449535 P 652b5cf1a5c64bcf96ca818fae4e8fd6 [term 1 LEADER]: Signalling peer a4670b88342f4ccb9e1e8abe089d7cf6 to start an election
I20260608 12:38:28.065248  3708 tablet_service.cc:2044] Received Run Leader Election RPC: tablet_id: "a0fd9ba827fe4e85bcd6afba55449535"
dest_uuid: "a4670b88342f4ccb9e1e8abe089d7cf6"
 from {username='slave'} at 127.0.0.1:51272
I20260608 12:38:28.065735  3708 raft_consensus.cc:493] T a0fd9ba827fe4e85bcd6afba55449535 P a4670b88342f4ccb9e1e8abe089d7cf6 [term 1 FOLLOWER]: Starting forced leader election (received explicit request)
I20260608 12:38:28.066111  3708 raft_consensus.cc:3060] T a0fd9ba827fe4e85bcd6afba55449535 P a4670b88342f4ccb9e1e8abe089d7cf6 [term 1 FOLLOWER]: Advancing to term 2
I20260608 12:38:28.070933  3708 raft_consensus.cc:515] T a0fd9ba827fe4e85bcd6afba55449535 P a4670b88342f4ccb9e1e8abe089d7cf6 [term 2 FOLLOWER]: Starting forced leader election with config: opid_index: 4 OBSOLETE_local: false peers { permanent_uuid: "7a410959506d483e86cadd15d5f5cd11" member_type: VOTER last_known_addr { host: "127.0.107.193" port: 34861 } } peers { permanent_uuid: "652b5cf1a5c64bcf96ca818fae4e8fd6" member_type: VOTER last_known_addr { host: "127.0.107.194" port: 42373 } } peers { permanent_uuid: "a4670b88342f4ccb9e1e8abe089d7cf6" member_type: VOTER last_known_addr { host: "127.0.107.196" port: 38451 } attrs { promote: false } }
I20260608 12:38:28.072603  3708 leader_election.cc:290] T a0fd9ba827fe4e85bcd6afba55449535 P a4670b88342f4ccb9e1e8abe089d7cf6 [CANDIDATE]: Term 2 election: Requested vote from peers 7a410959506d483e86cadd15d5f5cd11 (127.0.107.193:34861), 652b5cf1a5c64bcf96ca818fae4e8fd6 (127.0.107.194:42373)
I20260608 12:38:28.073449  3410 tablet_service.cc:1917] Received RequestConsensusVote() RPC: tablet_id: "a0fd9ba827fe4e85bcd6afba55449535" candidate_uuid: "a4670b88342f4ccb9e1e8abe089d7cf6" candidate_term: 2 candidate_status { last_received { term: 1 index: 4 } } ignore_live_leader: true dest_uuid: "7a410959506d483e86cadd15d5f5cd11"
I20260608 12:38:28.073751  3483 tablet_service.cc:1917] Received RequestConsensusVote() RPC: tablet_id: "a0fd9ba827fe4e85bcd6afba55449535" candidate_uuid: "a4670b88342f4ccb9e1e8abe089d7cf6" candidate_term: 2 candidate_status { last_received { term: 1 index: 4 } } ignore_live_leader: true dest_uuid: "652b5cf1a5c64bcf96ca818fae4e8fd6"
I20260608 12:38:28.074137  3410 raft_consensus.cc:3060] T a0fd9ba827fe4e85bcd6afba55449535 P 7a410959506d483e86cadd15d5f5cd11 [term 1 FOLLOWER]: Advancing to term 2
I20260608 12:38:28.074326  3483 raft_consensus.cc:3055] T a0fd9ba827fe4e85bcd6afba55449535 P 652b5cf1a5c64bcf96ca818fae4e8fd6 [term 1 LEADER]: Stepping down as leader of term 1
I20260608 12:38:28.074749  3483 raft_consensus.cc:740] T a0fd9ba827fe4e85bcd6afba55449535 P 652b5cf1a5c64bcf96ca818fae4e8fd6 [term 1 LEADER]: Becoming Follower/Learner. State: Replica: 652b5cf1a5c64bcf96ca818fae4e8fd6, State: Running, Role: LEADER
I20260608 12:38:28.075835  3483 consensus_queue.cc:260] T a0fd9ba827fe4e85bcd6afba55449535 P 652b5cf1a5c64bcf96ca818fae4e8fd6 [NON_LEADER]: Queue going to NON_LEADER mode. State: All replicated index: 0, Majority replicated index: 4, Committed index: 4, Last appended: 1.4, Last appended by leader: 4, Current term: 1, Majority size: -1, State: 0, Mode: NON_LEADER, active raft config: opid_index: 4 OBSOLETE_local: false peers { permanent_uuid: "7a410959506d483e86cadd15d5f5cd11" member_type: VOTER last_known_addr { host: "127.0.107.193" port: 34861 } } peers { permanent_uuid: "652b5cf1a5c64bcf96ca818fae4e8fd6" member_type: VOTER last_known_addr { host: "127.0.107.194" port: 42373 } } peers { permanent_uuid: "a4670b88342f4ccb9e1e8abe089d7cf6" member_type: VOTER last_known_addr { host: "127.0.107.196" port: 38451 } attrs { promote: false } }
I20260608 12:38:28.077477  3483 raft_consensus.cc:3060] T a0fd9ba827fe4e85bcd6afba55449535 P 652b5cf1a5c64bcf96ca818fae4e8fd6 [term 1 FOLLOWER]: Advancing to term 2
I20260608 12:38:28.081529  3410 raft_consensus.cc:2468] T a0fd9ba827fe4e85bcd6afba55449535 P 7a410959506d483e86cadd15d5f5cd11 [term 2 FOLLOWER]: Leader election vote request: Granting yes vote for candidate a4670b88342f4ccb9e1e8abe089d7cf6 in term 2.
I20260608 12:38:28.083192  3671 leader_election.cc:304] T a0fd9ba827fe4e85bcd6afba55449535 P a4670b88342f4ccb9e1e8abe089d7cf6 [CANDIDATE]: Term 2 election: Election decided. Result: candidate won. Election summary: received 2 responses out of 3 voters: 2 yes votes; 0 no votes. yes voters: 7a410959506d483e86cadd15d5f5cd11, a4670b88342f4ccb9e1e8abe089d7cf6; no voters: 
I20260608 12:38:28.084271  3878 raft_consensus.cc:2804] T a0fd9ba827fe4e85bcd6afba55449535 P a4670b88342f4ccb9e1e8abe089d7cf6 [term 2 FOLLOWER]: Leader election won for term 2
I20260608 12:38:28.085263  3483 raft_consensus.cc:2468] T a0fd9ba827fe4e85bcd6afba55449535 P 652b5cf1a5c64bcf96ca818fae4e8fd6 [term 2 FOLLOWER]: Leader election vote request: Granting yes vote for candidate a4670b88342f4ccb9e1e8abe089d7cf6 in term 2.
I20260608 12:38:28.086268  3878 raft_consensus.cc:697] T a0fd9ba827fe4e85bcd6afba55449535 P a4670b88342f4ccb9e1e8abe089d7cf6 [term 2 LEADER]: Becoming Leader. State: Replica: a4670b88342f4ccb9e1e8abe089d7cf6, State: Running, Role: LEADER
I20260608 12:38:28.087177  3878 consensus_queue.cc:237] T a0fd9ba827fe4e85bcd6afba55449535 P a4670b88342f4ccb9e1e8abe089d7cf6 [LEADER]: Queue going to LEADER mode. State: All replicated index: 0, Majority replicated index: 4, Committed index: 4, Last appended: 1.4, Last appended by leader: 4, Current term: 2, Majority size: 2, State: 0, Mode: LEADER, active raft config: opid_index: 4 OBSOLETE_local: false peers { permanent_uuid: "7a410959506d483e86cadd15d5f5cd11" member_type: VOTER last_known_addr { host: "127.0.107.193" port: 34861 } } peers { permanent_uuid: "652b5cf1a5c64bcf96ca818fae4e8fd6" member_type: VOTER last_known_addr { host: "127.0.107.194" port: 42373 } } peers { permanent_uuid: "a4670b88342f4ccb9e1e8abe089d7cf6" member_type: VOTER last_known_addr { host: "127.0.107.196" port: 38451 } attrs { promote: false } }
