W20260608 12:44:17.435389 12504 system_unsync_time.cc:38] NTP support is disabled. Clock error bounds will not be accurate. This configuration is not suitable for distributed clusters.
I20260608 12:44:17.435586 12504 hybrid_clock.cc:648] HybridClock initialized: now 1780922657435567 us; error 0 us; skew 500 ppm
I20260608 12:44:17.436170 12504 server_base.cc:861] Flag tcmalloc_max_total_thread_cache_bytes is not working since tcmalloc is not enabled.
I20260608 12:44:17.438503 12504 webserver.cc:533] Webserver started at http://127.12.54.1:38339/ using document root <none> and password file <none>
I20260608 12:44:17.439040 12504 fs_manager.cc:362] Metadata directory not provided
I20260608 12:44:17.439288 12504 fs_manager.cc:368] Using write-ahead log directory (fs_wal_dir) as metadata directory
I20260608 12:44:17.439576 12504 server_base.cc:909] This appears to be a new deployment of Kudu; creating new FS layout
I20260608 12:44:17.440858 12504 fs_manager.cc:1068] Generated new instance metadata in path /tmp/dist-test-task04bwXg/test-tmp/auto_rebalancer-test.0.AutoRebalancerTest.TestMaxMovesPerServer.1780922540120217-12504-0/minicluster-data/ts-0-root/instance:
uuid: "bd797d30b95040818153f6b4e897a84c"
format_stamp: "Formatted at 2026-06-08 12:44:17 on dist-test-slave-tr1x"
I20260608 12:44:17.445755 12504 fs_manager.cc:696] Time spent creating directory manager: real 0.004s	user 0.004s	sys 0.002s
I20260608 12:44:17.449467 16974 log_block_manager.cc:4031] Time spent loading block containers with low live blocks: real 0.000s	user 0.000s	sys 0.000s
I20260608 12:44:17.450448 12504 fs_manager.cc:730] Time spent opening block manager: real 0.003s	user 0.000s	sys 0.002s
I20260608 12:44:17.450701 12504 fs_manager.cc:647] Opened local filesystem: /tmp/dist-test-task04bwXg/test-tmp/auto_rebalancer-test.0.AutoRebalancerTest.TestMaxMovesPerServer.1780922540120217-12504-0/minicluster-data/ts-0-root
uuid: "bd797d30b95040818153f6b4e897a84c"
format_stamp: "Formatted at 2026-06-08 12:44:17 on dist-test-slave-tr1x"
I20260608 12:44:17.450946 12504 fs_report.cc:389] FS layout report
--------------------
wal directory: /tmp/dist-test-task04bwXg/test-tmp/auto_rebalancer-test.0.AutoRebalancerTest.TestMaxMovesPerServer.1780922540120217-12504-0/minicluster-data/ts-0-root
metadata directory: /tmp/dist-test-task04bwXg/test-tmp/auto_rebalancer-test.0.AutoRebalancerTest.TestMaxMovesPerServer.1780922540120217-12504-0/minicluster-data/ts-0-root
1 data directories: /tmp/dist-test-task04bwXg/test-tmp/auto_rebalancer-test.0.AutoRebalancerTest.TestMaxMovesPerServer.1780922540120217-12504-0/minicluster-data/ts-0-root/data
Total live blocks: 0
Total live bytes: 0
Total live bytes (after alignment): 0
Total number of LBM containers: 0 (0 full)
Did not check for missing blocks
Did not check for orphaned blocks
Total full LBM containers with extra space: 0 (0 repaired)
Total full LBM container extra space in bytes: 0 (0 repaired)
Total incomplete LBM containers: 0 (0 repaired)
Total LBM partial records: 0 (0 repaired)
Total corrupted LBM metadata records in RocksDB: 0 (0 repaired)
I20260608 12:44:17.461804 12504 rpc_server.cc:225] running with OpenSSL 1.1.1  11 Sep 2018
I20260608 12:44:17.462942 12504 kserver.cc:163] Server-wide thread pool size limit: 3276
I20260608 12:44:17.464450 12504 txn_system_client.cc:432] TxnSystemClient initialization is disabled...
I20260608 12:44:17.466873 12504 ts_tablet_manager.cc:585] Loaded tablet metadata (0 total tablets, 0 live tablets)
I20260608 12:44:17.467120 12504 ts_tablet_manager.cc:531] Time spent load tablet metadata: real 0.000s	user 0.000s	sys 0.000s
I20260608 12:44:17.467408 12504 ts_tablet_manager.cc:616] Registered 0 tablets
I20260608 12:44:17.467561 12504 ts_tablet_manager.cc:595] Time spent register tablets: real 0.000s	user 0.000s	sys 0.000s
I20260608 12:44:17.510885 12504 rpc_server.cc:307] RPC server started. Bound to: 127.12.54.1:42597
I20260608 12:44:17.511000 17036 acceptor_pool.cc:272] collecting diagnostics on the listening RPC socket 127.12.54.1:42597 every 8 connection(s)
I20260608 12:44:17.516171 12504 file_cache.cc:492] Constructed file cache file cache with capacity 419430
W20260608 12:44:17.523825 17041 instance_detector.cc:116] could not retrieve AWS instance metadata: Network error: curl error: HTTP response code said error: The requested URL returned error: 404
W20260608 12:44:17.525977 17042 instance_detector.cc:116] could not retrieve Azure instance metadata: Network error: curl error: HTTP response code said error: The requested URL returned error: 404
I20260608 12:44:17.527385 12504 server_base.cc:1061] running on GCE node
W20260608 12:44:17.527379 17044 instance_detector.cc:116] could not retrieve OpenStack instance metadata: Network error: curl error: HTTP response code said error: The requested URL returned error: 404
I20260608 12:44:17.529289 12504 hybrid_clock.cc:584] initializing the hybrid clock with 'system_unsync' time source
W20260608 12:44:17.529558 12504 system_unsync_time.cc:38] NTP support is disabled. Clock error bounds will not be accurate. This configuration is not suitable for distributed clusters.
I20260608 12:44:17.529801 12504 hybrid_clock.cc:648] HybridClock initialized: now 1780922657529779 us; error 0 us; skew 500 ppm
I20260608 12:44:17.530547 12504 server_base.cc:861] Flag tcmalloc_max_total_thread_cache_bytes is not working since tcmalloc is not enabled.
I20260608 12:44:17.530566 17037 heartbeater.cc:344] Connected to a master server at 127.12.54.62:34715
I20260608 12:44:17.531134 17037 heartbeater.cc:461] Registering TS with master...
I20260608 12:44:17.532164 17037 heartbeater.cc:507] Master 127.12.54.62:34715 requested a full tablet report, sending...
I20260608 12:44:17.533299 12504 webserver.cc:533] Webserver started at http://127.12.54.2:33625/ using document root <none> and password file <none>
I20260608 12:44:17.533949 12504 fs_manager.cc:362] Metadata directory not provided
I20260608 12:44:17.534195 12504 fs_manager.cc:368] Using write-ahead log directory (fs_wal_dir) as metadata directory
I20260608 12:44:17.534485 12504 server_base.cc:909] This appears to be a new deployment of Kudu; creating new FS layout
I20260608 12:44:17.534597 16910 ts_manager.cc:194] Registered new tserver with Master: bd797d30b95040818153f6b4e897a84c (127.12.54.1:42597)
I20260608 12:44:17.535807 12504 fs_manager.cc:1068] Generated new instance metadata in path /tmp/dist-test-task04bwXg/test-tmp/auto_rebalancer-test.0.AutoRebalancerTest.TestMaxMovesPerServer.1780922540120217-12504-0/minicluster-data/ts-1-root/instance:
uuid: "4977189337004b7e924a8d62174aa930"
format_stamp: "Formatted at 2026-06-08 12:44:17 on dist-test-slave-tr1x"
I20260608 12:44:17.536619 16910 master_service.cc:502] Signed X509 certificate for tserver {username='slave'} at 127.0.0.1:59914
I20260608 12:44:17.540689 12504 fs_manager.cc:696] Time spent creating directory manager: real 0.004s	user 0.005s	sys 0.000s
I20260608 12:44:17.544464 17049 log_block_manager.cc:4031] Time spent loading block containers with low live blocks: real 0.000s	user 0.000s	sys 0.000s
I20260608 12:44:17.545212 12504 fs_manager.cc:730] Time spent opening block manager: real 0.002s	user 0.002s	sys 0.001s
I20260608 12:44:17.545635 12504 fs_manager.cc:647] Opened local filesystem: /tmp/dist-test-task04bwXg/test-tmp/auto_rebalancer-test.0.AutoRebalancerTest.TestMaxMovesPerServer.1780922540120217-12504-0/minicluster-data/ts-1-root
uuid: "4977189337004b7e924a8d62174aa930"
format_stamp: "Formatted at 2026-06-08 12:44:17 on dist-test-slave-tr1x"
I20260608 12:44:17.546020 12504 fs_report.cc:389] FS layout report
--------------------
wal directory: /tmp/dist-test-task04bwXg/test-tmp/auto_rebalancer-test.0.AutoRebalancerTest.TestMaxMovesPerServer.1780922540120217-12504-0/minicluster-data/ts-1-root
metadata directory: /tmp/dist-test-task04bwXg/test-tmp/auto_rebalancer-test.0.AutoRebalancerTest.TestMaxMovesPerServer.1780922540120217-12504-0/minicluster-data/ts-1-root
1 data directories: /tmp/dist-test-task04bwXg/test-tmp/auto_rebalancer-test.0.AutoRebalancerTest.TestMaxMovesPerServer.1780922540120217-12504-0/minicluster-data/ts-1-root/data
Total live blocks: 0
Total live bytes: 0
Total live bytes (after alignment): 0
Total number of LBM containers: 0 (0 full)
Did not check for missing blocks
Did not check for orphaned blocks
Total full LBM containers with extra space: 0 (0 repaired)
Total full LBM container extra space in bytes: 0 (0 repaired)
Total incomplete LBM containers: 0 (0 repaired)
Total LBM partial records: 0 (0 repaired)
Total corrupted LBM metadata records in RocksDB: 0 (0 repaired)
I20260608 12:44:17.563943 12504 rpc_server.cc:225] running with OpenSSL 1.1.1  11 Sep 2018
I20260608 12:44:17.565155 12504 kserver.cc:163] Server-wide thread pool size limit: 3276
I20260608 12:44:17.566622 12504 txn_system_client.cc:432] TxnSystemClient initialization is disabled...
I20260608 12:44:17.568962 12504 ts_tablet_manager.cc:585] Loaded tablet metadata (0 total tablets, 0 live tablets)
I20260608 12:44:17.569202 12504 ts_tablet_manager.cc:531] Time spent load tablet metadata: real 0.000s	user 0.000s	sys 0.000s
I20260608 12:44:17.569444 12504 ts_tablet_manager.cc:616] Registered 0 tablets
I20260608 12:44:17.569621 12504 ts_tablet_manager.cc:595] Time spent register tablets: real 0.000s	user 0.000s	sys 0.000s
I20260608 12:44:17.612176 12504 rpc_server.cc:307] RPC server started. Bound to: 127.12.54.2:32945
I20260608 12:44:17.612351 17111 acceptor_pool.cc:272] collecting diagnostics on the listening RPC socket 127.12.54.2:32945 every 8 connection(s)
I20260608 12:44:17.617147 12504 file_cache.cc:492] Constructed file cache file cache with capacity 419430
W20260608 12:44:17.625236 17115 instance_detector.cc:116] could not retrieve AWS instance metadata: Network error: curl error: HTTP response code said error: The requested URL returned error: 404
W20260608 12:44:17.627003 17116 instance_detector.cc:116] could not retrieve Azure instance metadata: Network error: curl error: HTTP response code said error: The requested URL returned error: 404
I20260608 12:44:17.630841 17112 heartbeater.cc:344] Connected to a master server at 127.12.54.62:34715
I20260608 12:44:17.631320 17112 heartbeater.cc:461] Registering TS with master...
I20260608 12:44:17.631301 12504 server_base.cc:1061] running on GCE node
W20260608 12:44:17.632257 17118 instance_detector.cc:116] could not retrieve OpenStack instance metadata: Network error: curl error: HTTP response code said error: The requested URL returned error: 404
I20260608 12:44:17.632402 17112 heartbeater.cc:507] Master 127.12.54.62:34715 requested a full tablet report, sending...
I20260608 12:44:17.633368 12504 hybrid_clock.cc:584] initializing the hybrid clock with 'system_unsync' time source
W20260608 12:44:17.633656 12504 system_unsync_time.cc:38] NTP support is disabled. Clock error bounds will not be accurate. This configuration is not suitable for distributed clusters.
I20260608 12:44:17.633869 12504 hybrid_clock.cc:648] HybridClock initialized: now 1780922657633849 us; error 0 us; skew 500 ppm
I20260608 12:44:17.634527 12504 server_base.cc:861] Flag tcmalloc_max_total_thread_cache_bytes is not working since tcmalloc is not enabled.
I20260608 12:44:17.634749 16910 ts_manager.cc:194] Registered new tserver with Master: 4977189337004b7e924a8d62174aa930 (127.12.54.2:32945)
I20260608 12:44:17.636474 16910 master_service.cc:502] Signed X509 certificate for tserver {username='slave'} at 127.0.0.1:59924
I20260608 12:44:17.637123 12504 webserver.cc:533] Webserver started at http://127.12.54.3:35275/ using document root <none> and password file <none>
I20260608 12:44:17.637722 12504 fs_manager.cc:362] Metadata directory not provided
I20260608 12:44:17.637979 12504 fs_manager.cc:368] Using write-ahead log directory (fs_wal_dir) as metadata directory
I20260608 12:44:17.638304 12504 server_base.cc:909] This appears to be a new deployment of Kudu; creating new FS layout
I20260608 12:44:17.639704 12504 fs_manager.cc:1068] Generated new instance metadata in path /tmp/dist-test-task04bwXg/test-tmp/auto_rebalancer-test.0.AutoRebalancerTest.TestMaxMovesPerServer.1780922540120217-12504-0/minicluster-data/ts-2-root/instance:
uuid: "dbd435e931514ed189d98eee90120369"
format_stamp: "Formatted at 2026-06-08 12:44:17 on dist-test-slave-tr1x"
I20260608 12:44:17.644438 12504 fs_manager.cc:696] Time spent creating directory manager: real 0.004s	user 0.005s	sys 0.000s
I20260608 12:44:17.647754 17123 log_block_manager.cc:4031] Time spent loading block containers with low live blocks: real 0.000s	user 0.000s	sys 0.000s
I20260608 12:44:17.648686 12504 fs_manager.cc:730] Time spent opening block manager: real 0.002s	user 0.002s	sys 0.002s
I20260608 12:44:17.648981 12504 fs_manager.cc:647] Opened local filesystem: /tmp/dist-test-task04bwXg/test-tmp/auto_rebalancer-test.0.AutoRebalancerTest.TestMaxMovesPerServer.1780922540120217-12504-0/minicluster-data/ts-2-root
uuid: "dbd435e931514ed189d98eee90120369"
format_stamp: "Formatted at 2026-06-08 12:44:17 on dist-test-slave-tr1x"
I20260608 12:44:17.649287 12504 fs_report.cc:389] FS layout report
--------------------
wal directory: /tmp/dist-test-task04bwXg/test-tmp/auto_rebalancer-test.0.AutoRebalancerTest.TestMaxMovesPerServer.1780922540120217-12504-0/minicluster-data/ts-2-root
metadata directory: /tmp/dist-test-task04bwXg/test-tmp/auto_rebalancer-test.0.AutoRebalancerTest.TestMaxMovesPerServer.1780922540120217-12504-0/minicluster-data/ts-2-root
1 data directories: /tmp/dist-test-task04bwXg/test-tmp/auto_rebalancer-test.0.AutoRebalancerTest.TestMaxMovesPerServer.1780922540120217-12504-0/minicluster-data/ts-2-root/data
Total live blocks: 0
Total live bytes: 0
Total live bytes (after alignment): 0
Total number of LBM containers: 0 (0 full)
Did not check for missing blocks
Did not check for orphaned blocks
Total full LBM containers with extra space: 0 (0 repaired)
Total full LBM container extra space in bytes: 0 (0 repaired)
Total incomplete LBM containers: 0 (0 repaired)
Total LBM partial records: 0 (0 repaired)
Total corrupted LBM metadata records in RocksDB: 0 (0 repaired)
I20260608 12:44:17.683660 12504 rpc_server.cc:225] running with OpenSSL 1.1.1  11 Sep 2018
I20260608 12:44:17.684931 12504 kserver.cc:163] Server-wide thread pool size limit: 3276
I20260608 12:44:17.686465 12504 txn_system_client.cc:432] TxnSystemClient initialization is disabled...
I20260608 12:44:17.688974 12504 ts_tablet_manager.cc:585] Loaded tablet metadata (0 total tablets, 0 live tablets)
I20260608 12:44:17.689234 12504 ts_tablet_manager.cc:531] Time spent load tablet metadata: real 0.000s	user 0.000s	sys 0.000s
I20260608 12:44:17.689507 12504 ts_tablet_manager.cc:616] Registered 0 tablets
I20260608 12:44:17.689700 12504 ts_tablet_manager.cc:595] Time spent register tablets: real 0.000s	user 0.000s	sys 0.000s
I20260608 12:44:17.730485 12504 rpc_server.cc:307] RPC server started. Bound to: 127.12.54.3:43079
I20260608 12:44:17.730655 17185 acceptor_pool.cc:272] collecting diagnostics on the listening RPC socket 127.12.54.3:43079 every 8 connection(s)
I20260608 12:44:17.746830 17186 heartbeater.cc:344] Connected to a master server at 127.12.54.62:34715
I20260608 12:44:17.747315 17186 heartbeater.cc:461] Registering TS with master...
I20260608 12:44:17.748215 17186 heartbeater.cc:507] Master 127.12.54.62:34715 requested a full tablet report, sending...
I20260608 12:44:17.750706 16910 ts_manager.cc:194] Registered new tserver with Master: dbd435e931514ed189d98eee90120369 (127.12.54.3:43079)
I20260608 12:44:17.751632 12504 internal_mini_cluster.cc:371] 3 TS(s) registered with all masters after 0.017756909s
I20260608 12:44:17.753026 16910 master_service.cc:502] Signed X509 certificate for tserver {username='slave'} at 127.0.0.1:59940
I20260608 12:44:18.539332 17037 heartbeater.cc:499] Master 127.12.54.62:34715 was elected leader, sending a full tablet report...
I20260608 12:44:18.639588 17112 heartbeater.cc:499] Master 127.12.54.62:34715 was elected leader, sending a full tablet report...
I20260608 12:44:18.756429 17186 heartbeater.cc:499] Master 127.12.54.62:34715 was elected leader, sending a full tablet report...
I20260608 12:44:18.809837 16910 catalog_manager.cc:2282] Servicing CreateTable request from {username='slave'} at 127.0.0.1:59952:
name: "test-workload"
schema {
  columns {
    name: "key"
    type: INT32
    is_key: true
    is_nullable: false
    encoding: AUTO_ENCODING
    compression: DEFAULT_COMPRESSION
    cfile_block_size: 0
    immutable: false
  }
  columns {
    name: "int_val"
    type: INT32
    is_key: false
    is_nullable: false
    encoding: AUTO_ENCODING
    compression: DEFAULT_COMPRESSION
    cfile_block_size: 0
    immutable: false
  }
  columns {
    name: "string_val"
    type: STRING
    is_key: false
    is_nullable: true
    encoding: AUTO_ENCODING
    compression: DEFAULT_COMPRESSION
    cfile_block_size: 0
    immutable: false
  }
}
num_replicas: 3
split_rows_range_bounds {
  rows: "\004\001\000\252\252\252\n\004\001\000TUU\025\004\001\000\376\377\377\037\004\001\000\250\252\252*\004\001\000RUU5\004\001\000\374\377\377?\004\001\000\246\252\252J\004\001\000PUUU\004\001\000\372\377\377_\004\001\000\244\252\252j\004\001\000NUUu""\004\001\000\252\252\252\n\004\001\000TUU\025\004\001\000\376\377\377\037\004\001\000\250\252\252*\004\001\000RUU5\004\001\000\374\377\377?\004\001\000\246\252\252J\004\001\000PUUU\004\001\000\372\377\377_\004\001\000\244\252\252j\004\001\000NUUu"
  indirect_data: """"
}
partition_schema {
  range_schema {
    columns {
      name: "key"
    }
  }
}
W20260608 12:44:18.812913 16910 catalog_manager.cc:7076] The number of live tablet servers is not enough to re-replicate a tablet replica of the newly created table test-workload in case of a server failure: 4 tablet servers would be needed, 3 are available. Consider bringing up more tablet servers.
I20260608 12:44:18.908015 17001 tablet_service.cc:1511] Processing CreateTablet for tablet d6f5247e18aa4bc4a207e123297c9435 (DEFAULT_TABLE table=test-workload [id=f55303e1038d42398a4301228552b42a]), partition=RANGE (key) PARTITION 178956970 <= VALUES < 357913940
I20260608 12:44:18.908015 17002 tablet_service.cc:1511] Processing CreateTablet for tablet 2ca692aba28543d6b3ebb1fe6f5b3280 (DEFAULT_TABLE table=test-workload [id=f55303e1038d42398a4301228552b42a]), partition=RANGE (key) PARTITION VALUES < 178956970
I20260608 12:44:18.909638 17001 data_dirs.cc:400] Could only allocate 1 dirs of requested 3 for tablet d6f5247e18aa4bc4a207e123297c9435. 1 dirs total, 0 dirs full, 0 dirs failed
I20260608 12:44:18.910377 17002 data_dirs.cc:400] Could only allocate 1 dirs of requested 3 for tablet 2ca692aba28543d6b3ebb1fe6f5b3280. 1 dirs total, 0 dirs full, 0 dirs failed
I20260608 12:44:18.917675 17077 tablet_service.cc:1511] Processing CreateTablet for tablet 2ca692aba28543d6b3ebb1fe6f5b3280 (DEFAULT_TABLE table=test-workload [id=f55303e1038d42398a4301228552b42a]), partition=RANGE (key) PARTITION VALUES < 178956970
I20260608 12:44:18.920308 17076 tablet_service.cc:1511] Processing CreateTablet for tablet d6f5247e18aa4bc4a207e123297c9435 (DEFAULT_TABLE table=test-workload [id=f55303e1038d42398a4301228552b42a]), partition=RANGE (key) PARTITION 178956970 <= VALUES < 357913940
I20260608 12:44:18.922724 17075 tablet_service.cc:1511] Processing CreateTablet for tablet 8658d75971a5432eb5699da171f48cca (DEFAULT_TABLE table=test-workload [id=f55303e1038d42398a4301228552b42a]), partition=RANGE (key) PARTITION 357913940 <= VALUES < 536870910
I20260608 12:44:18.923770 17151 tablet_service.cc:1511] Processing CreateTablet for tablet 2ca692aba28543d6b3ebb1fe6f5b3280 (DEFAULT_TABLE table=test-workload [id=f55303e1038d42398a4301228552b42a]), partition=RANGE (key) PARTITION VALUES < 178956970
I20260608 12:44:18.925173 17151 data_dirs.cc:400] Could only allocate 1 dirs of requested 3 for tablet 2ca692aba28543d6b3ebb1fe6f5b3280. 1 dirs total, 0 dirs full, 0 dirs failed
I20260608 12:44:18.925231 17074 tablet_service.cc:1511] Processing CreateTablet for tablet 8cc63bbab15c4102861a2e26dd6b6a91 (DEFAULT_TABLE table=test-workload [id=f55303e1038d42398a4301228552b42a]), partition=RANGE (key) PARTITION 536870910 <= VALUES < 715827880
I20260608 12:44:18.927798 17073 tablet_service.cc:1511] Processing CreateTablet for tablet 41a36e0bad3546e6b53167fe9b037a7e (DEFAULT_TABLE table=test-workload [id=f55303e1038d42398a4301228552b42a]), partition=RANGE (key) PARTITION 715827880 <= VALUES < 894784850
I20260608 12:44:18.930222 17072 tablet_service.cc:1511] Processing CreateTablet for tablet b364f0fdf65e4efe8d17b40f3cf9e37a (DEFAULT_TABLE table=test-workload [id=f55303e1038d42398a4301228552b42a]), partition=RANGE (key) PARTITION 894784850 <= VALUES < 1073741820
I20260608 12:44:18.934790 17000 tablet_service.cc:1511] Processing CreateTablet for tablet 8658d75971a5432eb5699da171f48cca (DEFAULT_TABLE table=test-workload [id=f55303e1038d42398a4301228552b42a]), partition=RANGE (key) PARTITION 357913940 <= VALUES < 536870910
I20260608 12:44:18.936261 17000 data_dirs.cc:400] Could only allocate 1 dirs of requested 3 for tablet 8658d75971a5432eb5699da171f48cca. 1 dirs total, 0 dirs full, 0 dirs failed
I20260608 12:44:18.936411 17150 tablet_service.cc:1511] Processing CreateTablet for tablet d6f5247e18aa4bc4a207e123297c9435 (DEFAULT_TABLE table=test-workload [id=f55303e1038d42398a4301228552b42a]), partition=RANGE (key) PARTITION 178956970 <= VALUES < 357913940
I20260608 12:44:18.937920 16996 tablet_service.cc:1511] Processing CreateTablet for tablet 109c64ce6b5f4e8489436bf1ab798d65 (DEFAULT_TABLE table=test-workload [id=f55303e1038d42398a4301228552b42a]), partition=RANGE (key) PARTITION 1073741820 <= VALUES < 1252698790
I20260608 12:44:18.938308 17150 data_dirs.cc:400] Could only allocate 1 dirs of requested 3 for tablet d6f5247e18aa4bc4a207e123297c9435. 1 dirs total, 0 dirs full, 0 dirs failed
I20260608 12:44:18.940497 16997 tablet_service.cc:1511] Processing CreateTablet for tablet b364f0fdf65e4efe8d17b40f3cf9e37a (DEFAULT_TABLE table=test-workload [id=f55303e1038d42398a4301228552b42a]), partition=RANGE (key) PARTITION 894784850 <= VALUES < 1073741820
I20260608 12:44:18.941871 16997 data_dirs.cc:400] Could only allocate 1 dirs of requested 3 for tablet b364f0fdf65e4efe8d17b40f3cf9e37a. 1 dirs total, 0 dirs full, 0 dirs failed
I20260608 12:44:18.944433 16998 tablet_service.cc:1511] Processing CreateTablet for tablet 41a36e0bad3546e6b53167fe9b037a7e (DEFAULT_TABLE table=test-workload [id=f55303e1038d42398a4301228552b42a]), partition=RANGE (key) PARTITION 715827880 <= VALUES < 894784850
I20260608 12:44:18.945818 16998 data_dirs.cc:400] Could only allocate 1 dirs of requested 3 for tablet 41a36e0bad3546e6b53167fe9b037a7e. 1 dirs total, 0 dirs full, 0 dirs failed
I20260608 12:44:18.948521 16999 tablet_service.cc:1511] Processing CreateTablet for tablet 8cc63bbab15c4102861a2e26dd6b6a91 (DEFAULT_TABLE table=test-workload [id=f55303e1038d42398a4301228552b42a]), partition=RANGE (key) PARTITION 536870910 <= VALUES < 715827880
I20260608 12:44:18.949967 16999 data_dirs.cc:400] Could only allocate 1 dirs of requested 3 for tablet 8cc63bbab15c4102861a2e26dd6b6a91. 1 dirs total, 0 dirs full, 0 dirs failed
I20260608 12:44:18.949891 17149 tablet_service.cc:1511] Processing CreateTablet for tablet 8658d75971a5432eb5699da171f48cca (DEFAULT_TABLE table=test-workload [id=f55303e1038d42398a4301228552b42a]), partition=RANGE (key) PARTITION 357913940 <= VALUES < 536870910
I20260608 12:44:18.952520 17149 data_dirs.cc:400] Could only allocate 1 dirs of requested 3 for tablet 8658d75971a5432eb5699da171f48cca. 1 dirs total, 0 dirs full, 0 dirs failed
I20260608 12:44:18.956043 16996 data_dirs.cc:400] Could only allocate 1 dirs of requested 3 for tablet 109c64ce6b5f4e8489436bf1ab798d65. 1 dirs total, 0 dirs full, 0 dirs failed
I20260608 12:44:18.958844 17148 tablet_service.cc:1511] Processing CreateTablet for tablet 8cc63bbab15c4102861a2e26dd6b6a91 (DEFAULT_TABLE table=test-workload [id=f55303e1038d42398a4301228552b42a]), partition=RANGE (key) PARTITION 536870910 <= VALUES < 715827880
I20260608 12:44:18.959913 17077 data_dirs.cc:400] Could only allocate 1 dirs of requested 3 for tablet 2ca692aba28543d6b3ebb1fe6f5b3280. 1 dirs total, 0 dirs full, 0 dirs failed
I20260608 12:44:18.960798 17148 data_dirs.cc:400] Could only allocate 1 dirs of requested 3 for tablet 8cc63bbab15c4102861a2e26dd6b6a91. 1 dirs total, 0 dirs full, 0 dirs failed
I20260608 12:44:18.963407 17072 data_dirs.cc:400] Could only allocate 1 dirs of requested 3 for tablet b364f0fdf65e4efe8d17b40f3cf9e37a. 1 dirs total, 0 dirs full, 0 dirs failed
I20260608 12:44:18.967497 17073 data_dirs.cc:400] Could only allocate 1 dirs of requested 3 for tablet 41a36e0bad3546e6b53167fe9b037a7e. 1 dirs total, 0 dirs full, 0 dirs failed
I20260608 12:44:18.968726 17075 data_dirs.cc:400] Could only allocate 1 dirs of requested 3 for tablet 8658d75971a5432eb5699da171f48cca. 1 dirs total, 0 dirs full, 0 dirs failed
I20260608 12:44:18.970134 17074 data_dirs.cc:400] Could only allocate 1 dirs of requested 3 for tablet 8cc63bbab15c4102861a2e26dd6b6a91. 1 dirs total, 0 dirs full, 0 dirs failed
I20260608 12:44:18.971450 17076 data_dirs.cc:400] Could only allocate 1 dirs of requested 3 for tablet d6f5247e18aa4bc4a207e123297c9435. 1 dirs total, 0 dirs full, 0 dirs failed
I20260608 12:44:18.970964 17147 tablet_service.cc:1511] Processing CreateTablet for tablet 41a36e0bad3546e6b53167fe9b037a7e (DEFAULT_TABLE table=test-workload [id=f55303e1038d42398a4301228552b42a]), partition=RANGE (key) PARTITION 715827880 <= VALUES < 894784850
I20260608 12:44:18.972957 17147 data_dirs.cc:400] Could only allocate 1 dirs of requested 3 for tablet 41a36e0bad3546e6b53167fe9b037a7e. 1 dirs total, 0 dirs full, 0 dirs failed
I20260608 12:44:18.979930 17146 tablet_service.cc:1511] Processing CreateTablet for tablet b364f0fdf65e4efe8d17b40f3cf9e37a (DEFAULT_TABLE table=test-workload [id=f55303e1038d42398a4301228552b42a]), partition=RANGE (key) PARTITION 894784850 <= VALUES < 1073741820
I20260608 12:44:18.981850 17146 data_dirs.cc:400] Could only allocate 1 dirs of requested 3 for tablet b364f0fdf65e4efe8d17b40f3cf9e37a. 1 dirs total, 0 dirs full, 0 dirs failed
I20260608 12:44:18.996345 17000 tablet_service.cc:1511] Processing CreateTablet for tablet a9c1b6122e3b498ebb9645b7f06040ec (DEFAULT_TABLE table=test-workload [id=f55303e1038d42398a4301228552b42a]), partition=RANGE (key) PARTITION 1252698790 <= VALUES < 1431655760
I20260608 12:44:18.997923 17000 data_dirs.cc:400] Could only allocate 1 dirs of requested 3 for tablet a9c1b6122e3b498ebb9645b7f06040ec. 1 dirs total, 0 dirs full, 0 dirs failed
I20260608 12:44:19.000484 16995 tablet_service.cc:1511] Processing CreateTablet for tablet 6a217edfd44d40baa06cf550656e7b02 (DEFAULT_TABLE table=test-workload [id=f55303e1038d42398a4301228552b42a]), partition=RANGE (key) PARTITION 1431655760 <= VALUES < 1610612730
I20260608 12:44:19.001861 16995 data_dirs.cc:400] Could only allocate 1 dirs of requested 3 for tablet 6a217edfd44d40baa06cf550656e7b02. 1 dirs total, 0 dirs full, 0 dirs failed
I20260608 12:44:19.011538 17145 tablet_service.cc:1511] Processing CreateTablet for tablet 109c64ce6b5f4e8489436bf1ab798d65 (DEFAULT_TABLE table=test-workload [id=f55303e1038d42398a4301228552b42a]), partition=RANGE (key) PARTITION 1073741820 <= VALUES < 1252698790
I20260608 12:44:19.013554 17145 data_dirs.cc:400] Could only allocate 1 dirs of requested 3 for tablet 109c64ce6b5f4e8489436bf1ab798d65. 1 dirs total, 0 dirs full, 0 dirs failed
I20260608 12:44:19.017611 17144 tablet_service.cc:1511] Processing CreateTablet for tablet a9c1b6122e3b498ebb9645b7f06040ec (DEFAULT_TABLE table=test-workload [id=f55303e1038d42398a4301228552b42a]), partition=RANGE (key) PARTITION 1252698790 <= VALUES < 1431655760
I20260608 12:44:19.019774 17144 data_dirs.cc:400] Could only allocate 1 dirs of requested 3 for tablet a9c1b6122e3b498ebb9645b7f06040ec. 1 dirs total, 0 dirs full, 0 dirs failed
I20260608 12:44:19.033049 17071 tablet_service.cc:1511] Processing CreateTablet for tablet 109c64ce6b5f4e8489436bf1ab798d65 (DEFAULT_TABLE table=test-workload [id=f55303e1038d42398a4301228552b42a]), partition=RANGE (key) PARTITION 1073741820 <= VALUES < 1252698790
I20260608 12:44:19.034638 17071 data_dirs.cc:400] Could only allocate 1 dirs of requested 3 for tablet 109c64ce6b5f4e8489436bf1ab798d65. 1 dirs total, 0 dirs full, 0 dirs failed
I20260608 12:44:19.037046 17070 tablet_service.cc:1511] Processing CreateTablet for tablet a9c1b6122e3b498ebb9645b7f06040ec (DEFAULT_TABLE table=test-workload [id=f55303e1038d42398a4301228552b42a]), partition=RANGE (key) PARTITION 1252698790 <= VALUES < 1431655760
I20260608 12:44:19.038483 17070 data_dirs.cc:400] Could only allocate 1 dirs of requested 3 for tablet a9c1b6122e3b498ebb9645b7f06040ec. 1 dirs total, 0 dirs full, 0 dirs failed
I20260608 12:44:19.040506 17068 tablet_service.cc:1511] Processing CreateTablet for tablet 07d4f57a703b476faccbcc45df64b58b (DEFAULT_TABLE table=test-workload [id=f55303e1038d42398a4301228552b42a]), partition=RANGE (key) PARTITION 1610612730 <= VALUES < 1789569700
I20260608 12:44:19.041991 17068 data_dirs.cc:400] Could only allocate 1 dirs of requested 3 for tablet 07d4f57a703b476faccbcc45df64b58b. 1 dirs total, 0 dirs full, 0 dirs failed
I20260608 12:44:19.044530 17069 tablet_service.cc:1511] Processing CreateTablet for tablet 6a217edfd44d40baa06cf550656e7b02 (DEFAULT_TABLE table=test-workload [id=f55303e1038d42398a4301228552b42a]), partition=RANGE (key) PARTITION 1431655760 <= VALUES < 1610612730
I20260608 12:44:19.046137 17069 data_dirs.cc:400] Could only allocate 1 dirs of requested 3 for tablet 6a217edfd44d40baa06cf550656e7b02. 1 dirs total, 0 dirs full, 0 dirs failed
I20260608 12:44:19.049494 17000 tablet_service.cc:1511] Processing CreateTablet for tablet 07d4f57a703b476faccbcc45df64b58b (DEFAULT_TABLE table=test-workload [id=f55303e1038d42398a4301228552b42a]), partition=RANGE (key) PARTITION 1610612730 <= VALUES < 1789569700
I20260608 12:44:19.050345 17143 tablet_service.cc:1511] Processing CreateTablet for tablet 6a217edfd44d40baa06cf550656e7b02 (DEFAULT_TABLE table=test-workload [id=f55303e1038d42398a4301228552b42a]), partition=RANGE (key) PARTITION 1431655760 <= VALUES < 1610612730
I20260608 12:44:19.050866 17000 data_dirs.cc:400] Could only allocate 1 dirs of requested 3 for tablet 07d4f57a703b476faccbcc45df64b58b. 1 dirs total, 0 dirs full, 0 dirs failed
I20260608 12:44:19.051941 17143 data_dirs.cc:400] Could only allocate 1 dirs of requested 3 for tablet 6a217edfd44d40baa06cf550656e7b02. 1 dirs total, 0 dirs full, 0 dirs failed
I20260608 12:44:19.060449 17206 tablet_bootstrap.cc:492] T 2ca692aba28543d6b3ebb1fe6f5b3280 P bd797d30b95040818153f6b4e897a84c: Bootstrap starting.
I20260608 12:44:19.065485 16995 tablet_service.cc:1511] Processing CreateTablet for tablet 9acf09f1247d463697f7e751e06b5c62 (DEFAULT_TABLE table=test-workload [id=f55303e1038d42398a4301228552b42a]), partition=RANGE (key) PARTITION 1789569700 <= VALUES < 1968526670
I20260608 12:44:19.066910 16995 data_dirs.cc:400] Could only allocate 1 dirs of requested 3 for tablet 9acf09f1247d463697f7e751e06b5c62. 1 dirs total, 0 dirs full, 0 dirs failed
I20260608 12:44:19.073064 17142 tablet_service.cc:1511] Processing CreateTablet for tablet 07d4f57a703b476faccbcc45df64b58b (DEFAULT_TABLE table=test-workload [id=f55303e1038d42398a4301228552b42a]), partition=RANGE (key) PARTITION 1610612730 <= VALUES < 1789569700
I20260608 12:44:19.074553 17142 data_dirs.cc:400] Could only allocate 1 dirs of requested 3 for tablet 07d4f57a703b476faccbcc45df64b58b. 1 dirs total, 0 dirs full, 0 dirs failed
I20260608 12:44:19.081270 16994 tablet_service.cc:1511] Processing CreateTablet for tablet 7564a04ff66240bd97db55cfc10b193a (DEFAULT_TABLE table=test-workload [id=f55303e1038d42398a4301228552b42a]), partition=RANGE (key) PARTITION 1968526670 <= VALUES
I20260608 12:44:19.082751 16994 data_dirs.cc:400] Could only allocate 1 dirs of requested 3 for tablet 7564a04ff66240bd97db55cfc10b193a. 1 dirs total, 0 dirs full, 0 dirs failed
I20260608 12:44:19.125619 17072 tablet_service.cc:1511] Processing CreateTablet for tablet 9acf09f1247d463697f7e751e06b5c62 (DEFAULT_TABLE table=test-workload [id=f55303e1038d42398a4301228552b42a]), partition=RANGE (key) PARTITION 1789569700 <= VALUES < 1968526670
I20260608 12:44:19.144649 17206 tablet_bootstrap.cc:654] T 2ca692aba28543d6b3ebb1fe6f5b3280 P bd797d30b95040818153f6b4e897a84c: Neither blocks nor log segments found. Creating new log.
I20260608 12:44:19.146391 17075 tablet_service.cc:1511] Processing CreateTablet for tablet 7564a04ff66240bd97db55cfc10b193a (DEFAULT_TABLE table=test-workload [id=f55303e1038d42398a4301228552b42a]), partition=RANGE (key) PARTITION 1968526670 <= VALUES
I20260608 12:44:19.159631 17148 tablet_service.cc:1511] Processing CreateTablet for tablet 9acf09f1247d463697f7e751e06b5c62 (DEFAULT_TABLE table=test-workload [id=f55303e1038d42398a4301228552b42a]), partition=RANGE (key) PARTITION 1789569700 <= VALUES < 1968526670
I20260608 12:44:19.163221 17151 tablet_service.cc:1511] Processing CreateTablet for tablet 7564a04ff66240bd97db55cfc10b193a (DEFAULT_TABLE table=test-workload [id=f55303e1038d42398a4301228552b42a]), partition=RANGE (key) PARTITION 1968526670 <= VALUES
I20260608 12:44:19.165055 17151 data_dirs.cc:400] Could only allocate 1 dirs of requested 3 for tablet 7564a04ff66240bd97db55cfc10b193a. 1 dirs total, 0 dirs full, 0 dirs failed
I20260608 12:44:19.171195 17072 data_dirs.cc:400] Could only allocate 1 dirs of requested 3 for tablet 9acf09f1247d463697f7e751e06b5c62. 1 dirs total, 0 dirs full, 0 dirs failed
I20260608 12:44:19.176019 17075 data_dirs.cc:400] Could only allocate 1 dirs of requested 3 for tablet 7564a04ff66240bd97db55cfc10b193a. 1 dirs total, 0 dirs full, 0 dirs failed
I20260608 12:44:19.195317 17148 data_dirs.cc:400] Could only allocate 1 dirs of requested 3 for tablet 9acf09f1247d463697f7e751e06b5c62. 1 dirs total, 0 dirs full, 0 dirs failed
I20260608 12:44:19.199968 17207 tablet_bootstrap.cc:492] T 2ca692aba28543d6b3ebb1fe6f5b3280 P 4977189337004b7e924a8d62174aa930: Bootstrap starting.
I20260608 12:44:19.201009 17208 tablet_bootstrap.cc:492] T 07d4f57a703b476faccbcc45df64b58b P dbd435e931514ed189d98eee90120369: Bootstrap starting.
I20260608 12:44:19.208235 17206 tablet_bootstrap.cc:492] T 2ca692aba28543d6b3ebb1fe6f5b3280 P bd797d30b95040818153f6b4e897a84c: No bootstrap required, opened a new log
I20260608 12:44:19.215411 17206 ts_tablet_manager.cc:1403] T 2ca692aba28543d6b3ebb1fe6f5b3280 P bd797d30b95040818153f6b4e897a84c: Time spent bootstrapping tablet: real 0.155s	user 0.028s	sys 0.017s
I20260608 12:44:19.218901 17208 tablet_bootstrap.cc:654] T 07d4f57a703b476faccbcc45df64b58b P dbd435e931514ed189d98eee90120369: Neither blocks nor log segments found. Creating new log.
I20260608 12:44:19.218786 17206 raft_consensus.cc:359] T 2ca692aba28543d6b3ebb1fe6f5b3280 P bd797d30b95040818153f6b4e897a84c [term 0 FOLLOWER]: Replica starting. Triggering 0 pending ops. Active config: opid_index: -1 OBSOLETE_local: false peers { permanent_uuid: "bd797d30b95040818153f6b4e897a84c" member_type: VOTER last_known_addr { host: "127.12.54.1" port: 42597 } } peers { permanent_uuid: "4977189337004b7e924a8d62174aa930" member_type: VOTER last_known_addr { host: "127.12.54.2" port: 32945 } } peers { permanent_uuid: "dbd435e931514ed189d98eee90120369" member_type: VOTER last_known_addr { host: "127.12.54.3" port: 43079 } }
I20260608 12:44:19.219519 17207 tablet_bootstrap.cc:654] T 2ca692aba28543d6b3ebb1fe6f5b3280 P 4977189337004b7e924a8d62174aa930: Neither blocks nor log segments found. Creating new log.
I20260608 12:44:19.223307 17206 raft_consensus.cc:385] T 2ca692aba28543d6b3ebb1fe6f5b3280 P bd797d30b95040818153f6b4e897a84c [term 0 FOLLOWER]: Consensus starting up: Expiring failure detector timer to make a prompt election more likely
I20260608 12:44:19.223675 17206 raft_consensus.cc:740] T 2ca692aba28543d6b3ebb1fe6f5b3280 P bd797d30b95040818153f6b4e897a84c [term 0 FOLLOWER]: Becoming Follower/Learner. State: Replica: bd797d30b95040818153f6b4e897a84c, State: Initialized, Role: FOLLOWER
I20260608 12:44:19.224524 17206 consensus_queue.cc:260] T 2ca692aba28543d6b3ebb1fe6f5b3280 P bd797d30b95040818153f6b4e897a84c [NON_LEADER]: Queue going to NON_LEADER mode. State: All replicated index: 0, Majority replicated index: 0, Committed index: 0, Last appended: 0.0, Last appended by leader: 0, Current term: 0, Majority size: -1, State: 0, Mode: NON_LEADER, active raft config: opid_index: -1 OBSOLETE_local: false peers { permanent_uuid: "bd797d30b95040818153f6b4e897a84c" member_type: VOTER last_known_addr { host: "127.12.54.1" port: 42597 } } peers { permanent_uuid: "4977189337004b7e924a8d62174aa930" member_type: VOTER last_known_addr { host: "127.12.54.2" port: 32945 } } peers { permanent_uuid: "dbd435e931514ed189d98eee90120369" member_type: VOTER last_known_addr { host: "127.12.54.3" port: 43079 } }
I20260608 12:44:19.232453 17208 tablet_bootstrap.cc:492] T 07d4f57a703b476faccbcc45df64b58b P dbd435e931514ed189d98eee90120369: No bootstrap required, opened a new log
I20260608 12:44:19.233068 17208 ts_tablet_manager.cc:1403] T 07d4f57a703b476faccbcc45df64b58b P dbd435e931514ed189d98eee90120369: Time spent bootstrapping tablet: real 0.033s	user 0.013s	sys 0.006s
I20260608 12:44:19.233484 17206 ts_tablet_manager.cc:1434] T 2ca692aba28543d6b3ebb1fe6f5b3280 P bd797d30b95040818153f6b4e897a84c: Time spent starting tablet: real 0.018s	user 0.006s	sys 0.001s
I20260608 12:44:19.234620 17206 tablet_bootstrap.cc:492] T 8658d75971a5432eb5699da171f48cca P bd797d30b95040818153f6b4e897a84c: Bootstrap starting.
I20260608 12:44:19.236810 17208 raft_consensus.cc:359] T 07d4f57a703b476faccbcc45df64b58b P dbd435e931514ed189d98eee90120369 [term 0 FOLLOWER]: Replica starting. Triggering 0 pending ops. Active config: opid_index: -1 OBSOLETE_local: false peers { permanent_uuid: "bd797d30b95040818153f6b4e897a84c" member_type: VOTER last_known_addr { host: "127.12.54.1" port: 42597 } } peers { permanent_uuid: "4977189337004b7e924a8d62174aa930" member_type: VOTER last_known_addr { host: "127.12.54.2" port: 32945 } } peers { permanent_uuid: "dbd435e931514ed189d98eee90120369" member_type: VOTER last_known_addr { host: "127.12.54.3" port: 43079 } }
I20260608 12:44:19.237496 17208 raft_consensus.cc:385] T 07d4f57a703b476faccbcc45df64b58b P dbd435e931514ed189d98eee90120369 [term 0 FOLLOWER]: Consensus starting up: Expiring failure detector timer to make a prompt election more likely
I20260608 12:44:19.237807 17208 raft_consensus.cc:740] T 07d4f57a703b476faccbcc45df64b58b P dbd435e931514ed189d98eee90120369 [term 0 FOLLOWER]: Becoming Follower/Learner. State: Replica: dbd435e931514ed189d98eee90120369, State: Initialized, Role: FOLLOWER
I20260608 12:44:19.238705 17208 consensus_queue.cc:260] T 07d4f57a703b476faccbcc45df64b58b P dbd435e931514ed189d98eee90120369 [NON_LEADER]: Queue going to NON_LEADER mode. State: All replicated index: 0, Majority replicated index: 0, Committed index: 0, Last appended: 0.0, Last appended by leader: 0, Current term: 0, Majority size: -1, State: 0, Mode: NON_LEADER, active raft config: opid_index: -1 OBSOLETE_local: false peers { permanent_uuid: "bd797d30b95040818153f6b4e897a84c" member_type: VOTER last_known_addr { host: "127.12.54.1" port: 42597 } } peers { permanent_uuid: "4977189337004b7e924a8d62174aa930" member_type: VOTER last_known_addr { host: "127.12.54.2" port: 32945 } } peers { permanent_uuid: "dbd435e931514ed189d98eee90120369" member_type: VOTER last_known_addr { host: "127.12.54.3" port: 43079 } }
I20260608 12:44:19.242508 17206 tablet_bootstrap.cc:654] T 8658d75971a5432eb5699da171f48cca P bd797d30b95040818153f6b4e897a84c: Neither blocks nor log segments found. Creating new log.
I20260608 12:44:19.242584 17207 tablet_bootstrap.cc:492] T 2ca692aba28543d6b3ebb1fe6f5b3280 P 4977189337004b7e924a8d62174aa930: No bootstrap required, opened a new log
I20260608 12:44:19.243299 17207 ts_tablet_manager.cc:1403] T 2ca692aba28543d6b3ebb1fe6f5b3280 P 4977189337004b7e924a8d62174aa930: Time spent bootstrapping tablet: real 0.044s	user 0.015s	sys 0.000s
I20260608 12:44:19.246935 17207 raft_consensus.cc:359] T 2ca692aba28543d6b3ebb1fe6f5b3280 P 4977189337004b7e924a8d62174aa930 [term 0 FOLLOWER]: Replica starting. Triggering 0 pending ops. Active config: opid_index: -1 OBSOLETE_local: false peers { permanent_uuid: "bd797d30b95040818153f6b4e897a84c" member_type: VOTER last_known_addr { host: "127.12.54.1" port: 42597 } } peers { permanent_uuid: "4977189337004b7e924a8d62174aa930" member_type: VOTER last_known_addr { host: "127.12.54.2" port: 32945 } } peers { permanent_uuid: "dbd435e931514ed189d98eee90120369" member_type: VOTER last_known_addr { host: "127.12.54.3" port: 43079 } }
I20260608 12:44:19.248425 17207 raft_consensus.cc:385] T 2ca692aba28543d6b3ebb1fe6f5b3280 P 4977189337004b7e924a8d62174aa930 [term 0 FOLLOWER]: Consensus starting up: Expiring failure detector timer to make a prompt election more likely
I20260608 12:44:19.248854 17207 raft_consensus.cc:740] T 2ca692aba28543d6b3ebb1fe6f5b3280 P 4977189337004b7e924a8d62174aa930 [term 0 FOLLOWER]: Becoming Follower/Learner. State: Replica: 4977189337004b7e924a8d62174aa930, State: Initialized, Role: FOLLOWER
I20260608 12:44:19.250065 17207 consensus_queue.cc:260] T 2ca692aba28543d6b3ebb1fe6f5b3280 P 4977189337004b7e924a8d62174aa930 [NON_LEADER]: Queue going to NON_LEADER mode. State: All replicated index: 0, Majority replicated index: 0, Committed index: 0, Last appended: 0.0, Last appended by leader: 0, Current term: 0, Majority size: -1, State: 0, Mode: NON_LEADER, active raft config: opid_index: -1 OBSOLETE_local: false peers { permanent_uuid: "bd797d30b95040818153f6b4e897a84c" member_type: VOTER last_known_addr { host: "127.12.54.1" port: 42597 } } peers { permanent_uuid: "4977189337004b7e924a8d62174aa930" member_type: VOTER last_known_addr { host: "127.12.54.2" port: 32945 } } peers { permanent_uuid: "dbd435e931514ed189d98eee90120369" member_type: VOTER last_known_addr { host: "127.12.54.3" port: 43079 } }
I20260608 12:44:19.257058 17208 ts_tablet_manager.cc:1434] T 07d4f57a703b476faccbcc45df64b58b P dbd435e931514ed189d98eee90120369: Time spent starting tablet: real 0.024s	user 0.009s	sys 0.011s
I20260608 12:44:19.258247 17208 tablet_bootstrap.cc:492] T 109c64ce6b5f4e8489436bf1ab798d65 P dbd435e931514ed189d98eee90120369: Bootstrap starting.
I20260608 12:44:19.265322 17208 tablet_bootstrap.cc:654] T 109c64ce6b5f4e8489436bf1ab798d65 P dbd435e931514ed189d98eee90120369: Neither blocks nor log segments found. Creating new log.
I20260608 12:44:19.274390 17206 tablet_bootstrap.cc:492] T 8658d75971a5432eb5699da171f48cca P bd797d30b95040818153f6b4e897a84c: No bootstrap required, opened a new log
I20260608 12:44:19.274783 17207 ts_tablet_manager.cc:1434] T 2ca692aba28543d6b3ebb1fe6f5b3280 P 4977189337004b7e924a8d62174aa930: Time spent starting tablet: real 0.031s	user 0.015s	sys 0.013s
I20260608 12:44:19.274983 17206 ts_tablet_manager.cc:1403] T 8658d75971a5432eb5699da171f48cca P bd797d30b95040818153f6b4e897a84c: Time spent bootstrapping tablet: real 0.041s	user 0.013s	sys 0.023s
I20260608 12:44:19.275614 17208 tablet_bootstrap.cc:492] T 109c64ce6b5f4e8489436bf1ab798d65 P dbd435e931514ed189d98eee90120369: No bootstrap required, opened a new log
I20260608 12:44:19.275995 17207 tablet_bootstrap.cc:492] T b364f0fdf65e4efe8d17b40f3cf9e37a P 4977189337004b7e924a8d62174aa930: Bootstrap starting.
I20260608 12:44:19.276185 17208 ts_tablet_manager.cc:1403] T 109c64ce6b5f4e8489436bf1ab798d65 P dbd435e931514ed189d98eee90120369: Time spent bootstrapping tablet: real 0.018s	user 0.009s	sys 0.008s
I20260608 12:44:19.278362 17206 raft_consensus.cc:359] T 8658d75971a5432eb5699da171f48cca P bd797d30b95040818153f6b4e897a84c [term 0 FOLLOWER]: Replica starting. Triggering 0 pending ops. Active config: opid_index: -1 OBSOLETE_local: false peers { permanent_uuid: "bd797d30b95040818153f6b4e897a84c" member_type: VOTER last_known_addr { host: "127.12.54.1" port: 42597 } } peers { permanent_uuid: "4977189337004b7e924a8d62174aa930" member_type: VOTER last_known_addr { host: "127.12.54.2" port: 32945 } } peers { permanent_uuid: "dbd435e931514ed189d98eee90120369" member_type: VOTER last_known_addr { host: "127.12.54.3" port: 43079 } }
I20260608 12:44:19.279166 17206 raft_consensus.cc:385] T 8658d75971a5432eb5699da171f48cca P bd797d30b95040818153f6b4e897a84c [term 0 FOLLOWER]: Consensus starting up: Expiring failure detector timer to make a prompt election more likely
I20260608 12:44:19.279521 17206 raft_consensus.cc:740] T 8658d75971a5432eb5699da171f48cca P bd797d30b95040818153f6b4e897a84c [term 0 FOLLOWER]: Becoming Follower/Learner. State: Replica: bd797d30b95040818153f6b4e897a84c, State: Initialized, Role: FOLLOWER
I20260608 12:44:19.279425 17208 raft_consensus.cc:359] T 109c64ce6b5f4e8489436bf1ab798d65 P dbd435e931514ed189d98eee90120369 [term 0 FOLLOWER]: Replica starting. Triggering 0 pending ops. Active config: opid_index: -1 OBSOLETE_local: false peers { permanent_uuid: "bd797d30b95040818153f6b4e897a84c" member_type: VOTER last_known_addr { host: "127.12.54.1" port: 42597 } } peers { permanent_uuid: "4977189337004b7e924a8d62174aa930" member_type: VOTER last_known_addr { host: "127.12.54.2" port: 32945 } } peers { permanent_uuid: "dbd435e931514ed189d98eee90120369" member_type: VOTER last_known_addr { host: "127.12.54.3" port: 43079 } }
I20260608 12:44:19.280337 17208 raft_consensus.cc:385] T 109c64ce6b5f4e8489436bf1ab798d65 P dbd435e931514ed189d98eee90120369 [term 0 FOLLOWER]: Consensus starting up: Expiring failure detector timer to make a prompt election more likely
I20260608 12:44:19.280727 17208 raft_consensus.cc:740] T 109c64ce6b5f4e8489436bf1ab798d65 P dbd435e931514ed189d98eee90120369 [term 0 FOLLOWER]: Becoming Follower/Learner. State: Replica: dbd435e931514ed189d98eee90120369, State: Initialized, Role: FOLLOWER
I20260608 12:44:19.280624 17206 consensus_queue.cc:260] T 8658d75971a5432eb5699da171f48cca P bd797d30b95040818153f6b4e897a84c [NON_LEADER]: Queue going to NON_LEADER mode. State: All replicated index: 0, Majority replicated index: 0, Committed index: 0, Last appended: 0.0, Last appended by leader: 0, Current term: 0, Majority size: -1, State: 0, Mode: NON_LEADER, active raft config: opid_index: -1 OBSOLETE_local: false peers { permanent_uuid: "bd797d30b95040818153f6b4e897a84c" member_type: VOTER last_known_addr { host: "127.12.54.1" port: 42597 } } peers { permanent_uuid: "4977189337004b7e924a8d62174aa930" member_type: VOTER last_known_addr { host: "127.12.54.2" port: 32945 } } peers { permanent_uuid: "dbd435e931514ed189d98eee90120369" member_type: VOTER last_known_addr { host: "127.12.54.3" port: 43079 } }
I20260608 12:44:19.281757 17208 consensus_queue.cc:260] T 109c64ce6b5f4e8489436bf1ab798d65 P dbd435e931514ed189d98eee90120369 [NON_LEADER]: Queue going to NON_LEADER mode. State: All replicated index: 0, Majority replicated index: 0, Committed index: 0, Last appended: 0.0, Last appended by leader: 0, Current term: 0, Majority size: -1, State: 0, Mode: NON_LEADER, active raft config: opid_index: -1 OBSOLETE_local: false peers { permanent_uuid: "bd797d30b95040818153f6b4e897a84c" member_type: VOTER last_known_addr { host: "127.12.54.1" port: 42597 } } peers { permanent_uuid: "4977189337004b7e924a8d62174aa930" member_type: VOTER last_known_addr { host: "127.12.54.2" port: 32945 } } peers { permanent_uuid: "dbd435e931514ed189d98eee90120369" member_type: VOTER last_known_addr { host: "127.12.54.3" port: 43079 } }
I20260608 12:44:19.283460 17207 tablet_bootstrap.cc:654] T b364f0fdf65e4efe8d17b40f3cf9e37a P 4977189337004b7e924a8d62174aa930: Neither blocks nor log segments found. Creating new log.
I20260608 12:44:19.284150 17208 ts_tablet_manager.cc:1434] T 109c64ce6b5f4e8489436bf1ab798d65 P dbd435e931514ed189d98eee90120369: Time spent starting tablet: real 0.008s	user 0.004s	sys 0.002s
I20260608 12:44:19.284853 17206 ts_tablet_manager.cc:1434] T 8658d75971a5432eb5699da171f48cca P bd797d30b95040818153f6b4e897a84c: Time spent starting tablet: real 0.009s	user 0.007s	sys 0.000s
I20260608 12:44:19.285674 17208 tablet_bootstrap.cc:492] T 8cc63bbab15c4102861a2e26dd6b6a91 P dbd435e931514ed189d98eee90120369: Bootstrap starting.
I20260608 12:44:19.285832 17206 tablet_bootstrap.cc:492] T a9c1b6122e3b498ebb9645b7f06040ec P bd797d30b95040818153f6b4e897a84c: Bootstrap starting.
I20260608 12:44:19.293264 17208 tablet_bootstrap.cc:654] T 8cc63bbab15c4102861a2e26dd6b6a91 P dbd435e931514ed189d98eee90120369: Neither blocks nor log segments found. Creating new log.
I20260608 12:44:19.293268 17206 tablet_bootstrap.cc:654] T a9c1b6122e3b498ebb9645b7f06040ec P bd797d30b95040818153f6b4e897a84c: Neither blocks nor log segments found. Creating new log.
I20260608 12:44:19.302597 17213 raft_consensus.cc:493] T 109c64ce6b5f4e8489436bf1ab798d65 P dbd435e931514ed189d98eee90120369 [term 0 FOLLOWER]: Starting pre-election (no leader contacted us within the election timeout)
I20260608 12:44:19.303215 17213 raft_consensus.cc:515] T 109c64ce6b5f4e8489436bf1ab798d65 P dbd435e931514ed189d98eee90120369 [term 0 FOLLOWER]: Starting pre-election with config: opid_index: -1 OBSOLETE_local: false peers { permanent_uuid: "bd797d30b95040818153f6b4e897a84c" member_type: VOTER last_known_addr { host: "127.12.54.1" port: 42597 } } peers { permanent_uuid: "4977189337004b7e924a8d62174aa930" member_type: VOTER last_known_addr { host: "127.12.54.2" port: 32945 } } peers { permanent_uuid: "dbd435e931514ed189d98eee90120369" member_type: VOTER last_known_addr { host: "127.12.54.3" port: 43079 } }
