I20260608 12:42:28.059645 13417 consensus_queue.cc:1048] T 417b6a2fea42412bb10b88549ee2d04b P 54d08eba0ad642c79398e19100be5caa [LEADER]: Connected to new peer: Peer: permanent_uuid: "bca20f441c5e41cabb4c2e71d8e1fb18" member_type: VOTER last_known_addr { host: "127.12.54.3" port: 45437 }, Status: LMP_MISMATCH, Last received: 0.0, Next index: 1, Last known committed idx: 0, Time since last communication: 0.001s
I20260608 12:42:28.067270 13417 consensus_queue.cc:1048] T f1312461a6a4407e9f55bec4e98cdeff P 54d08eba0ad642c79398e19100be5caa [LEADER]: Connected to new peer: Peer: permanent_uuid: "bca20f441c5e41cabb4c2e71d8e1fb18" member_type: VOTER last_known_addr { host: "127.12.54.3" port: 45437 }, Status: LMP_MISMATCH, Last received: 0.0, Next index: 1, Last known committed idx: 0, Time since last communication: 0.000s
I20260608 12:42:28.082656 13406 consensus_queue.cc:1048] T c8d1d11c3d5b426fbb7ca77b95359d86 P 54d08eba0ad642c79398e19100be5caa [LEADER]: Connected to new peer: Peer: permanent_uuid: "bca20f441c5e41cabb4c2e71d8e1fb18" member_type: VOTER last_known_addr { host: "127.12.54.3" port: 45437 }, Status: LMP_MISMATCH, Last received: 0.0, Next index: 1, Last known committed idx: 0, Time since last communication: 0.000s
I20260608 12:42:28.085358 13406 consensus_queue.cc:1048] T e9fa2e625b8d4e72924edce1162c4044 P 54d08eba0ad642c79398e19100be5caa [LEADER]: Connected to new peer: Peer: permanent_uuid: "bca20f441c5e41cabb4c2e71d8e1fb18" member_type: VOTER last_known_addr { host: "127.12.54.3" port: 45437 }, Status: LMP_MISMATCH, Last received: 0.0, Next index: 1, Last known committed idx: 0, Time since last communication: 0.000s
I20260608 12:42:28.094089 13406 consensus_queue.cc:1048] T e9fa2e625b8d4e72924edce1162c4044 P 54d08eba0ad642c79398e19100be5caa [LEADER]: Connected to new peer: Peer: permanent_uuid: "d25202e746ac45d89fbe68cf790bb9fd" member_type: VOTER last_known_addr { host: "127.12.54.2" port: 34269 }, Status: LMP_MISMATCH, Last received: 0.0, Next index: 1, Last known committed idx: 0, Time since last communication: 0.000s
I20260608 12:42:28.114605 13406 consensus_queue.cc:1048] T c8d1d11c3d5b426fbb7ca77b95359d86 P 54d08eba0ad642c79398e19100be5caa [LEADER]: Connected to new peer: Peer: permanent_uuid: "d25202e746ac45d89fbe68cf790bb9fd" member_type: VOTER last_known_addr { host: "127.12.54.2" port: 34269 }, Status: LMP_MISMATCH, Last received: 0.0, Next index: 1, Last known committed idx: 0, Time since last communication: 0.000s
I20260608 12:42:28.941496 13501 heartbeater.cc:499] Master 127.12.54.62:40917 was elected leader, sending a full tablet report...
I20260608 12:42:29.363363 13124 auto_leader_rebalancer.cc:140] leader rebalance for table test-workload
I20260608 12:42:29.381539 13173 tablet_service.cc:2072] Received LeaderStepDown RPC: tablet_id: "417b6a2fea42412bb10b88549ee2d04b"
dest_uuid: "54d08eba0ad642c79398e19100be5caa"
mode: GRACEFUL
new_leader_uuid: "d25202e746ac45d89fbe68cf790bb9fd"
 from {username='slave'} at 127.0.0.1:47902
I20260608 12:42:29.382208 13173 raft_consensus.cc:606] T 417b6a2fea42412bb10b88549ee2d04b P 54d08eba0ad642c79398e19100be5caa [term 1 LEADER]: Received request to transfer leadership to TS d25202e746ac45d89fbe68cf790bb9fd
I20260608 12:42:29.385074 13173 tablet_service.cc:2072] Received LeaderStepDown RPC: tablet_id: "e9fa2e625b8d4e72924edce1162c4044"
dest_uuid: "54d08eba0ad642c79398e19100be5caa"
mode: GRACEFUL
new_leader_uuid: "bca20f441c5e41cabb4c2e71d8e1fb18"
 from {username='slave'} at 127.0.0.1:47902
I20260608 12:42:29.385679 13173 raft_consensus.cc:606] T e9fa2e625b8d4e72924edce1162c4044 P 54d08eba0ad642c79398e19100be5caa [term 1 LEADER]: Received request to transfer leadership to TS bca20f441c5e41cabb4c2e71d8e1fb18
I20260608 12:42:29.386931 13124 auto_leader_rebalancer.cc:388] table: test-workload, leader rebalance finish, leader transfer count: 2
I20260608 12:42:29.387602 13124 auto_leader_rebalancer.cc:451] All tables' leader rebalancing finished this round
I20260608 12:42:29.510119 13375 raft_consensus.cc:993] T e9fa2e625b8d4e72924edce1162c4044 P 54d08eba0ad642c79398e19100be5caa: : Instructing follower bca20f441c5e41cabb4c2e71d8e1fb18 to start an election
I20260608 12:42:29.510666 13407 raft_consensus.cc:1081] T e9fa2e625b8d4e72924edce1162c4044 P 54d08eba0ad642c79398e19100be5caa [term 1 LEADER]: Signalling peer bca20f441c5e41cabb4c2e71d8e1fb18 to start an election
I20260608 12:42:29.512372 13321 tablet_service.cc:2044] Received Run Leader Election RPC: tablet_id: "e9fa2e625b8d4e72924edce1162c4044"
dest_uuid: "bca20f441c5e41cabb4c2e71d8e1fb18"
 from {username='slave'} at 127.0.0.1:33828
I20260608 12:42:29.512933 13321 raft_consensus.cc:493] T e9fa2e625b8d4e72924edce1162c4044 P bca20f441c5e41cabb4c2e71d8e1fb18 [term 1 FOLLOWER]: Starting forced leader election (received explicit request)
I20260608 12:42:29.513300 13321 raft_consensus.cc:3060] T e9fa2e625b8d4e72924edce1162c4044 P bca20f441c5e41cabb4c2e71d8e1fb18 [term 1 FOLLOWER]: Advancing to term 2
I20260608 12:42:29.517843 13321 raft_consensus.cc:515] T e9fa2e625b8d4e72924edce1162c4044 P bca20f441c5e41cabb4c2e71d8e1fb18 [term 2 FOLLOWER]: Starting forced leader election with config: opid_index: -1 OBSOLETE_local: false peers { permanent_uuid: "54d08eba0ad642c79398e19100be5caa" member_type: VOTER last_known_addr { host: "127.12.54.1" port: 33287 } } peers { permanent_uuid: "d25202e746ac45d89fbe68cf790bb9fd" member_type: VOTER last_known_addr { host: "127.12.54.2" port: 34269 } } peers { permanent_uuid: "bca20f441c5e41cabb4c2e71d8e1fb18" member_type: VOTER last_known_addr { host: "127.12.54.3" port: 45437 } }
I20260608 12:42:29.519647 13321 leader_election.cc:290] T e9fa2e625b8d4e72924edce1162c4044 P bca20f441c5e41cabb4c2e71d8e1fb18 [CANDIDATE]: Term 2 election: Requested vote from peers 54d08eba0ad642c79398e19100be5caa (127.12.54.1:33287), d25202e746ac45d89fbe68cf790bb9fd (127.12.54.2:34269)
I20260608 12:42:29.520754 13172 tablet_service.cc:1917] Received RequestConsensusVote() RPC: tablet_id: "e9fa2e625b8d4e72924edce1162c4044" candidate_uuid: "bca20f441c5e41cabb4c2e71d8e1fb18" candidate_term: 2 candidate_status { last_received { term: 1 index: 1 } } ignore_live_leader: true dest_uuid: "54d08eba0ad642c79398e19100be5caa"
I20260608 12:42:29.520917 13248 tablet_service.cc:1917] Received RequestConsensusVote() RPC: tablet_id: "e9fa2e625b8d4e72924edce1162c4044" candidate_uuid: "bca20f441c5e41cabb4c2e71d8e1fb18" candidate_term: 2 candidate_status { last_received { term: 1 index: 1 } } ignore_live_leader: true dest_uuid: "d25202e746ac45d89fbe68cf790bb9fd"
I20260608 12:42:29.521505 13172 raft_consensus.cc:3055] T e9fa2e625b8d4e72924edce1162c4044 P 54d08eba0ad642c79398e19100be5caa [term 1 LEADER]: Stepping down as leader of term 1
I20260608 12:42:29.521510 13248 raft_consensus.cc:3060] T e9fa2e625b8d4e72924edce1162c4044 P d25202e746ac45d89fbe68cf790bb9fd [term 1 FOLLOWER]: Advancing to term 2
I20260608 12:42:29.522174 13172 raft_consensus.cc:740] T e9fa2e625b8d4e72924edce1162c4044 P 54d08eba0ad642c79398e19100be5caa [term 1 LEADER]: Becoming Follower/Learner. State: Replica: 54d08eba0ad642c79398e19100be5caa, State: Running, Role: LEADER
I20260608 12:42:29.523236 13172 consensus_queue.cc:260] T e9fa2e625b8d4e72924edce1162c4044 P 54d08eba0ad642c79398e19100be5caa [NON_LEADER]: Queue going to NON_LEADER mode. State: All replicated index: 0, Majority replicated index: 1, Committed index: 1, Last appended: 1.1, Last appended by leader: 1, Current term: 1, Majority size: -1, State: 0, Mode: NON_LEADER, active raft config: opid_index: -1 OBSOLETE_local: false peers { permanent_uuid: "54d08eba0ad642c79398e19100be5caa" member_type: VOTER last_known_addr { host: "127.12.54.1" port: 33287 } } peers { permanent_uuid: "d25202e746ac45d89fbe68cf790bb9fd" member_type: VOTER last_known_addr { host: "127.12.54.2" port: 34269 } } peers { permanent_uuid: "bca20f441c5e41cabb4c2e71d8e1fb18" member_type: VOTER last_known_addr { host: "127.12.54.3" port: 45437 } }
I20260608 12:42:29.524655 13172 raft_consensus.cc:3060] T e9fa2e625b8d4e72924edce1162c4044 P 54d08eba0ad642c79398e19100be5caa [term 1 FOLLOWER]: Advancing to term 2
I20260608 12:42:29.529348 13248 raft_consensus.cc:2468] T e9fa2e625b8d4e72924edce1162c4044 P d25202e746ac45d89fbe68cf790bb9fd [term 2 FOLLOWER]: Leader election vote request: Granting yes vote for candidate bca20f441c5e41cabb4c2e71d8e1fb18 in term 2.
I20260608 12:42:29.530894 13288 leader_election.cc:304] T e9fa2e625b8d4e72924edce1162c4044 P bca20f441c5e41cabb4c2e71d8e1fb18 [CANDIDATE]: Term 2 election: Election decided. Result: candidate won. Election summary: received 2 responses out of 3 voters: 2 yes votes; 0 no votes. yes voters: bca20f441c5e41cabb4c2e71d8e1fb18, d25202e746ac45d89fbe68cf790bb9fd; no voters: 
I20260608 12:42:29.531674 13408 raft_consensus.cc:2804] T e9fa2e625b8d4e72924edce1162c4044 P bca20f441c5e41cabb4c2e71d8e1fb18 [term 2 FOLLOWER]: Leader election won for term 2
I20260608 12:42:29.531704 13172 raft_consensus.cc:2468] T e9fa2e625b8d4e72924edce1162c4044 P 54d08eba0ad642c79398e19100be5caa [term 2 FOLLOWER]: Leader election vote request: Granting yes vote for candidate bca20f441c5e41cabb4c2e71d8e1fb18 in term 2.
I20260608 12:42:29.532850 13408 raft_consensus.cc:697] T e9fa2e625b8d4e72924edce1162c4044 P bca20f441c5e41cabb4c2e71d8e1fb18 [term 2 LEADER]: Becoming Leader. State: Replica: bca20f441c5e41cabb4c2e71d8e1fb18, State: Running, Role: LEADER
I20260608 12:42:29.534103 13408 consensus_queue.cc:237] T e9fa2e625b8d4e72924edce1162c4044 P bca20f441c5e41cabb4c2e71d8e1fb18 [LEADER]: Queue going to LEADER mode. State: All replicated index: 0, Majority replicated index: 1, Committed index: 1, Last appended: 1.1, Last appended by leader: 1, Current term: 2, Majority size: 2, State: 0, Mode: LEADER, active raft config: opid_index: -1 OBSOLETE_local: false peers { permanent_uuid: "54d08eba0ad642c79398e19100be5caa" member_type: VOTER last_known_addr { host: "127.12.54.1" port: 33287 } } peers { permanent_uuid: "d25202e746ac45d89fbe68cf790bb9fd" member_type: VOTER last_known_addr { host: "127.12.54.2" port: 34269 } } peers { permanent_uuid: "bca20f441c5e41cabb4c2e71d8e1fb18" member_type: VOTER last_known_addr { host: "127.12.54.3" port: 45437 } }
I20260608 12:42:29.542840 13069 catalog_manager.cc:5696] T e9fa2e625b8d4e72924edce1162c4044 P bca20f441c5e41cabb4c2e71d8e1fb18 reported cstate change: term changed from 1 to 2, leader changed from 54d08eba0ad642c79398e19100be5caa (127.12.54.1) to bca20f441c5e41cabb4c2e71d8e1fb18 (127.12.54.3). New cstate: current_term: 2 leader_uuid: "bca20f441c5e41cabb4c2e71d8e1fb18" committed_config { opid_index: -1 OBSOLETE_local: false peers { permanent_uuid: "54d08eba0ad642c79398e19100be5caa" member_type: VOTER last_known_addr { host: "127.12.54.1" port: 33287 } health_report { overall_health: UNKNOWN } } peers { permanent_uuid: "d25202e746ac45d89fbe68cf790bb9fd" member_type: VOTER last_known_addr { host: "127.12.54.2" port: 34269 } health_report { overall_health: UNKNOWN } } peers { permanent_uuid: "bca20f441c5e41cabb4c2e71d8e1fb18" member_type: VOTER last_known_addr { host: "127.12.54.3" port: 45437 } health_report { overall_health: HEALTHY } } }
I20260608 12:42:29.698616 13375 raft_consensus.cc:993] T 417b6a2fea42412bb10b88549ee2d04b P 54d08eba0ad642c79398e19100be5caa: : Instructing follower d25202e746ac45d89fbe68cf790bb9fd to start an election
I20260608 12:42:29.699115 13375 raft_consensus.cc:1081] T 417b6a2fea42412bb10b88549ee2d04b P 54d08eba0ad642c79398e19100be5caa [term 1 LEADER]: Signalling peer d25202e746ac45d89fbe68cf790bb9fd to start an election
I20260608 12:42:29.700697 13248 tablet_service.cc:2044] Received Run Leader Election RPC: tablet_id: "417b6a2fea42412bb10b88549ee2d04b"
dest_uuid: "d25202e746ac45d89fbe68cf790bb9fd"
 from {username='slave'} at 127.0.0.1:44822
I20260608 12:42:29.701221 13248 raft_consensus.cc:493] T 417b6a2fea42412bb10b88549ee2d04b P d25202e746ac45d89fbe68cf790bb9fd [term 1 FOLLOWER]: Starting forced leader election (received explicit request)
I20260608 12:42:29.701556 13248 raft_consensus.cc:3060] T 417b6a2fea42412bb10b88549ee2d04b P d25202e746ac45d89fbe68cf790bb9fd [term 1 FOLLOWER]: Advancing to term 2
I20260608 12:42:29.707137 13248 raft_consensus.cc:515] T 417b6a2fea42412bb10b88549ee2d04b P d25202e746ac45d89fbe68cf790bb9fd [term 2 FOLLOWER]: Starting forced leader election with config: opid_index: -1 OBSOLETE_local: false peers { permanent_uuid: "54d08eba0ad642c79398e19100be5caa" member_type: VOTER last_known_addr { host: "127.12.54.1" port: 33287 } } peers { permanent_uuid: "d25202e746ac45d89fbe68cf790bb9fd" member_type: VOTER last_known_addr { host: "127.12.54.2" port: 34269 } } peers { permanent_uuid: "bca20f441c5e41cabb4c2e71d8e1fb18" member_type: VOTER last_known_addr { host: "127.12.54.3" port: 45437 } }
I20260608 12:42:29.708935 13248 leader_election.cc:290] T 417b6a2fea42412bb10b88549ee2d04b P d25202e746ac45d89fbe68cf790bb9fd [CANDIDATE]: Term 2 election: Requested vote from peers 54d08eba0ad642c79398e19100be5caa (127.12.54.1:33287), bca20f441c5e41cabb4c2e71d8e1fb18 (127.12.54.3:45437)
I20260608 12:42:29.710029 13172 tablet_service.cc:1917] Received RequestConsensusVote() RPC: tablet_id: "417b6a2fea42412bb10b88549ee2d04b" candidate_uuid: "d25202e746ac45d89fbe68cf790bb9fd" candidate_term: 2 candidate_status { last_received { term: 1 index: 1 } } ignore_live_leader: true dest_uuid: "54d08eba0ad642c79398e19100be5caa"
I20260608 12:42:29.710297 13321 tablet_service.cc:1917] Received RequestConsensusVote() RPC: tablet_id: "417b6a2fea42412bb10b88549ee2d04b" candidate_uuid: "d25202e746ac45d89fbe68cf790bb9fd" candidate_term: 2 candidate_status { last_received { term: 1 index: 1 } } ignore_live_leader: true dest_uuid: "bca20f441c5e41cabb4c2e71d8e1fb18"
I20260608 12:42:29.710683 13172 raft_consensus.cc:3055] T 417b6a2fea42412bb10b88549ee2d04b P 54d08eba0ad642c79398e19100be5caa [term 1 LEADER]: Stepping down as leader of term 1
I20260608 12:42:29.710840 13321 raft_consensus.cc:3060] T 417b6a2fea42412bb10b88549ee2d04b P bca20f441c5e41cabb4c2e71d8e1fb18 [term 1 FOLLOWER]: Advancing to term 2
I20260608 12:42:29.711093 13172 raft_consensus.cc:740] T 417b6a2fea42412bb10b88549ee2d04b P 54d08eba0ad642c79398e19100be5caa [term 1 LEADER]: Becoming Follower/Learner. State: Replica: 54d08eba0ad642c79398e19100be5caa, State: Running, Role: LEADER
I20260608 12:42:29.712034 13172 consensus_queue.cc:260] T 417b6a2fea42412bb10b88549ee2d04b P 54d08eba0ad642c79398e19100be5caa [NON_LEADER]: Queue going to NON_LEADER mode. State: All replicated index: 0, Majority replicated index: 1, Committed index: 1, Last appended: 1.1, Last appended by leader: 1, Current term: 1, Majority size: -1, State: 0, Mode: NON_LEADER, active raft config: opid_index: -1 OBSOLETE_local: false peers { permanent_uuid: "54d08eba0ad642c79398e19100be5caa" member_type: VOTER last_known_addr { host: "127.12.54.1" port: 33287 } } peers { permanent_uuid: "d25202e746ac45d89fbe68cf790bb9fd" member_type: VOTER last_known_addr { host: "127.12.54.2" port: 34269 } } peers { permanent_uuid: "bca20f441c5e41cabb4c2e71d8e1fb18" member_type: VOTER last_known_addr { host: "127.12.54.3" port: 45437 } }
I20260608 12:42:29.713274 13172 raft_consensus.cc:3060] T 417b6a2fea42412bb10b88549ee2d04b P 54d08eba0ad642c79398e19100be5caa [term 1 FOLLOWER]: Advancing to term 2
I20260608 12:42:29.717834 13321 raft_consensus.cc:2468] T 417b6a2fea42412bb10b88549ee2d04b P bca20f441c5e41cabb4c2e71d8e1fb18 [term 2 FOLLOWER]: Leader election vote request: Granting yes vote for candidate d25202e746ac45d89fbe68cf790bb9fd in term 2.
I20260608 12:42:29.719293 13211 leader_election.cc:304] T 417b6a2fea42412bb10b88549ee2d04b P d25202e746ac45d89fbe68cf790bb9fd [CANDIDATE]: Term 2 election: Election decided. Result: candidate won. Election summary: received 2 responses out of 3 voters: 2 yes votes; 0 no votes. yes voters: bca20f441c5e41cabb4c2e71d8e1fb18, d25202e746ac45d89fbe68cf790bb9fd; no voters: 
I20260608 12:42:29.719828 13172 raft_consensus.cc:2468] T 417b6a2fea42412bb10b88549ee2d04b P 54d08eba0ad642c79398e19100be5caa [term 2 FOLLOWER]: Leader election vote request: Granting yes vote for candidate d25202e746ac45d89fbe68cf790bb9fd in term 2.
I20260608 12:42:29.720031 13430 raft_consensus.cc:2804] T 417b6a2fea42412bb10b88549ee2d04b P d25202e746ac45d89fbe68cf790bb9fd [term 2 FOLLOWER]: Leader election won for term 2
I20260608 12:42:29.721382 13430 raft_consensus.cc:697] T 417b6a2fea42412bb10b88549ee2d04b P d25202e746ac45d89fbe68cf790bb9fd [term 2 LEADER]: Becoming Leader. State: Replica: d25202e746ac45d89fbe68cf790bb9fd, State: Running, Role: LEADER
I20260608 12:42:29.722204 13430 consensus_queue.cc:237] T 417b6a2fea42412bb10b88549ee2d04b P d25202e746ac45d89fbe68cf790bb9fd [LEADER]: Queue going to LEADER mode. State: All replicated index: 0, Majority replicated index: 1, Committed index: 1, Last appended: 1.1, Last appended by leader: 1, Current term: 2, Majority size: 2, State: 0, Mode: LEADER, active raft config: opid_index: -1 OBSOLETE_local: false peers { permanent_uuid: "54d08eba0ad642c79398e19100be5caa" member_type: VOTER last_known_addr { host: "127.12.54.1" port: 33287 } } peers { permanent_uuid: "d25202e746ac45d89fbe68cf790bb9fd" member_type: VOTER last_known_addr { host: "127.12.54.2" port: 34269 } } peers { permanent_uuid: "bca20f441c5e41cabb4c2e71d8e1fb18" member_type: VOTER last_known_addr { host: "127.12.54.3" port: 45437 } }
I20260608 12:42:29.729192 13069 catalog_manager.cc:5696] T 417b6a2fea42412bb10b88549ee2d04b P d25202e746ac45d89fbe68cf790bb9fd reported cstate change: term changed from 1 to 2, leader changed from 54d08eba0ad642c79398e19100be5caa (127.12.54.1) to d25202e746ac45d89fbe68cf790bb9fd (127.12.54.2). New cstate: current_term: 2 leader_uuid: "d25202e746ac45d89fbe68cf790bb9fd" committed_config { opid_index: -1 OBSOLETE_local: false peers { permanent_uuid: "54d08eba0ad642c79398e19100be5caa" member_type: VOTER last_known_addr { host: "127.12.54.1" port: 33287 } health_report { overall_health: UNKNOWN } } peers { permanent_uuid: "d25202e746ac45d89fbe68cf790bb9fd" member_type: VOTER last_known_addr { host: "127.12.54.2" port: 34269 } health_report { overall_health: HEALTHY } } peers { permanent_uuid: "bca20f441c5e41cabb4c2e71d8e1fb18" member_type: VOTER last_known_addr { host: "127.12.54.3" port: 45437 } health_report { overall_health: UNKNOWN } } }
I20260608 12:42:29.962003 13172 raft_consensus.cc:1275] T e9fa2e625b8d4e72924edce1162c4044 P 54d08eba0ad642c79398e19100be5caa [term 2 FOLLOWER]: Refusing update from remote peer bca20f441c5e41cabb4c2e71d8e1fb18: Log matching property violated. Preceding OpId in replica: term: 1 index: 1. Preceding OpId from leader: term: 2 index: 2. (index mismatch)
I20260608 12:42:29.963279 13408 consensus_queue.cc:1048] T e9fa2e625b8d4e72924edce1162c4044 P bca20f441c5e41cabb4c2e71d8e1fb18 [LEADER]: Connected to new peer: Peer: permanent_uuid: "54d08eba0ad642c79398e19100be5caa" member_type: VOTER last_known_addr { host: "127.12.54.1" port: 33287 }, Status: LMP_MISMATCH, Last received: 0.0, Next index: 2, Last known committed idx: 1, Time since last communication: 0.000s
I20260608 12:42:29.973567 13248 raft_consensus.cc:1275] T e9fa2e625b8d4e72924edce1162c4044 P d25202e746ac45d89fbe68cf790bb9fd [term 2 FOLLOWER]: Refusing update from remote peer bca20f441c5e41cabb4c2e71d8e1fb18: Log matching property violated. Preceding OpId in replica: term: 1 index: 1. Preceding OpId from leader: term: 2 index: 2. (index mismatch)
I20260608 12:42:29.976164 13408 consensus_queue.cc:1048] T e9fa2e625b8d4e72924edce1162c4044 P bca20f441c5e41cabb4c2e71d8e1fb18 [LEADER]: Connected to new peer: Peer: permanent_uuid: "d25202e746ac45d89fbe68cf790bb9fd" member_type: VOTER last_known_addr { host: "127.12.54.2" port: 34269 }, Status: LMP_MISMATCH, Last received: 0.0, Next index: 2, Last known committed idx: 1, Time since last communication: 0.000s
I20260608 12:42:30.290812 13320 raft_consensus.cc:1275] T 417b6a2fea42412bb10b88549ee2d04b P bca20f441c5e41cabb4c2e71d8e1fb18 [term 2 FOLLOWER]: Refusing update from remote peer d25202e746ac45d89fbe68cf790bb9fd: Log matching property violated. Preceding OpId in replica: term: 1 index: 1. Preceding OpId from leader: term: 2 index: 2. (index mismatch)
I20260608 12:42:30.292158 13430 consensus_queue.cc:1048] T 417b6a2fea42412bb10b88549ee2d04b P d25202e746ac45d89fbe68cf790bb9fd [LEADER]: Connected to new peer: Peer: permanent_uuid: "bca20f441c5e41cabb4c2e71d8e1fb18" member_type: VOTER last_known_addr { host: "127.12.54.3" port: 45437 }, Status: LMP_MISMATCH, Last received: 0.0, Next index: 2, Last known committed idx: 1, Time since last communication: 0.000s
I20260608 12:42:30.341408 13172 raft_consensus.cc:1275] T 417b6a2fea42412bb10b88549ee2d04b P 54d08eba0ad642c79398e19100be5caa [term 2 FOLLOWER]: Refusing update from remote peer d25202e746ac45d89fbe68cf790bb9fd: Log matching property violated. Preceding OpId in replica: term: 1 index: 1. Preceding OpId from leader: term: 2 index: 2. (index mismatch)
I20260608 12:42:30.347172 13536 consensus_queue.cc:1048] T 417b6a2fea42412bb10b88549ee2d04b P d25202e746ac45d89fbe68cf790bb9fd [LEADER]: Connected to new peer: Peer: permanent_uuid: "54d08eba0ad642c79398e19100be5caa" member_type: VOTER last_known_addr { host: "127.12.54.1" port: 33287 }, Status: LMP_MISMATCH, Last received: 0.0, Next index: 2, Last known committed idx: 1, Time since last communication: 0.001s
I20260608 12:42:31.388859 13124 auto_leader_rebalancer.cc:140] leader rebalance for table test-workload
I20260608 12:42:31.395220 13124 auto_leader_rebalancer.cc:388] table: test-workload, leader rebalance finish, leader transfer count: 0
I20260608 12:42:31.395666 13124 auto_leader_rebalancer.cc:451] All tables' leader rebalancing finished this round
I20260608 12:42:33.396821 13124 auto_leader_rebalancer.cc:140] leader rebalance for table test-workload
I20260608 12:42:33.405278 13124 auto_leader_rebalancer.cc:388] table: test-workload, leader rebalance finish, leader transfer count: 0
I20260608 12:42:33.405784 13124 auto_leader_rebalancer.cc:451] All tables' leader rebalancing finished this round
I20260608 12:42:33.411706 13320 consensus_queue.cc:237] T e0c8c60b239144b3934084ac54a8446b P bca20f441c5e41cabb4c2e71d8e1fb18 [LEADER]: Queue going to LEADER mode. State: All replicated index: 0, Majority replicated index: 1, Committed index: 1, Last appended: 1.1, Last appended by leader: 0, Current term: 1, Majority size: 2, State: 0, Mode: LEADER, active raft config: opid_index: 2 OBSOLETE_local: false peers { permanent_uuid: "54d08eba0ad642c79398e19100be5caa" member_type: VOTER last_known_addr { host: "127.12.54.1" port: 33287 } } peers { permanent_uuid: "d25202e746ac45d89fbe68cf790bb9fd" member_type: VOTER last_known_addr { host: "127.12.54.2" port: 34269 } attrs { replace: true } } peers { permanent_uuid: "bca20f441c5e41cabb4c2e71d8e1fb18" member_type: VOTER last_known_addr { host: "127.12.54.3" port: 45437 } } peers { permanent_uuid: "7d17daa367a644e0abc55c311889db1e" member_type: NON_VOTER last_known_addr { host: "127.12.54.4" port: 37489 } attrs { promote: true } }
I20260608 12:42:33.420723 13248 raft_consensus.cc:1275] T e0c8c60b239144b3934084ac54a8446b P d25202e746ac45d89fbe68cf790bb9fd [term 1 FOLLOWER]: Refusing update from remote peer bca20f441c5e41cabb4c2e71d8e1fb18: Log matching property violated. Preceding OpId in replica: term: 1 index: 1. Preceding OpId from leader: term: 1 index: 2. (index mismatch)
I20260608 12:42:33.422096 13171 raft_consensus.cc:1275] T e0c8c60b239144b3934084ac54a8446b P 54d08eba0ad642c79398e19100be5caa [term 1 FOLLOWER]: Refusing update from remote peer bca20f441c5e41cabb4c2e71d8e1fb18: Log matching property violated. Preceding OpId in replica: term: 1 index: 1. Preceding OpId from leader: term: 1 index: 2. (index mismatch)
I20260608 12:42:33.422537 13545 consensus_queue.cc:1048] T e0c8c60b239144b3934084ac54a8446b P bca20f441c5e41cabb4c2e71d8e1fb18 [LEADER]: Connected to new peer: Peer: permanent_uuid: "d25202e746ac45d89fbe68cf790bb9fd" member_type: VOTER last_known_addr { host: "127.12.54.2" port: 34269 } attrs { replace: true }, Status: LMP_MISMATCH, Last received: 0.0, Next index: 2, Last known committed idx: 1, Time since last communication: 0.000s
I20260608 12:42:33.423842 13538 consensus_queue.cc:1048] T e0c8c60b239144b3934084ac54a8446b P bca20f441c5e41cabb4c2e71d8e1fb18 [LEADER]: Connected to new peer: Peer: permanent_uuid: "54d08eba0ad642c79398e19100be5caa" member_type: VOTER last_known_addr { host: "127.12.54.1" port: 33287 }, Status: LMP_MISMATCH, Last received: 0.0, Next index: 2, Last known committed idx: 1, Time since last communication: 0.000s
I20260608 12:42:33.437387 13545 raft_consensus.cc:2955] T e0c8c60b239144b3934084ac54a8446b P bca20f441c5e41cabb4c2e71d8e1fb18 [term 1 LEADER]: Committing config change with OpId 1.2: config changed from index -1 to 2, NON_VOTER 7d17daa367a644e0abc55c311889db1e (127.12.54.4) added. New config: { opid_index: 2 OBSOLETE_local: false peers { permanent_uuid: "54d08eba0ad642c79398e19100be5caa" member_type: VOTER last_known_addr { host: "127.12.54.1" port: 33287 } } peers { permanent_uuid: "d25202e746ac45d89fbe68cf790bb9fd" member_type: VOTER last_known_addr { host: "127.12.54.2" port: 34269 } attrs { replace: true } } peers { permanent_uuid: "bca20f441c5e41cabb4c2e71d8e1fb18" member_type: VOTER last_known_addr { host: "127.12.54.3" port: 45437 } } peers { permanent_uuid: "7d17daa367a644e0abc55c311889db1e" member_type: NON_VOTER last_known_addr { host: "127.12.54.4" port: 37489 } attrs { promote: true } } }
W20260608 12:42:33.439424 13286 consensus_peers.cc:597] T e0c8c60b239144b3934084ac54a8446b P bca20f441c5e41cabb4c2e71d8e1fb18 -> Peer 7d17daa367a644e0abc55c311889db1e (127.12.54.4:37489): Couldn't send request to peer 7d17daa367a644e0abc55c311889db1e. Error code: TABLET_NOT_FOUND (6). Status: Not found: Tablet not found: e0c8c60b239144b3934084ac54a8446b. This is attempt 1: this message will repeat every 5th retry.
I20260608 12:42:33.440048 13173 raft_consensus.cc:2955] T e0c8c60b239144b3934084ac54a8446b P 54d08eba0ad642c79398e19100be5caa [term 1 FOLLOWER]: Committing config change with OpId 1.2: config changed from index -1 to 2, NON_VOTER 7d17daa367a644e0abc55c311889db1e (127.12.54.4) added. New config: { opid_index: 2 OBSOLETE_local: false peers { permanent_uuid: "54d08eba0ad642c79398e19100be5caa" member_type: VOTER last_known_addr { host: "127.12.54.1" port: 33287 } } peers { permanent_uuid: "d25202e746ac45d89fbe68cf790bb9fd" member_type: VOTER last_known_addr { host: "127.12.54.2" port: 34269 } attrs { replace: true } } peers { permanent_uuid: "bca20f441c5e41cabb4c2e71d8e1fb18" member_type: VOTER last_known_addr { host: "127.12.54.3" port: 45437 } } peers { permanent_uuid: "7d17daa367a644e0abc55c311889db1e" member_type: NON_VOTER last_known_addr { host: "127.12.54.4" port: 37489 } attrs { promote: true } } }
I20260608 12:42:33.443145 13248 raft_consensus.cc:2955] T e0c8c60b239144b3934084ac54a8446b P d25202e746ac45d89fbe68cf790bb9fd [term 1 FOLLOWER]: Committing config change with OpId 1.2: config changed from index -1 to 2, NON_VOTER 7d17daa367a644e0abc55c311889db1e (127.12.54.4) added. New config: { opid_index: 2 OBSOLETE_local: false peers { permanent_uuid: "54d08eba0ad642c79398e19100be5caa" member_type: VOTER last_known_addr { host: "127.12.54.1" port: 33287 } } peers { permanent_uuid: "d25202e746ac45d89fbe68cf790bb9fd" member_type: VOTER last_known_addr { host: "127.12.54.2" port: 34269 } attrs { replace: true } } peers { permanent_uuid: "bca20f441c5e41cabb4c2e71d8e1fb18" member_type: VOTER last_known_addr { host: "127.12.54.3" port: 45437 } } peers { permanent_uuid: "7d17daa367a644e0abc55c311889db1e" member_type: NON_VOTER last_known_addr { host: "127.12.54.4" port: 37489 } attrs { promote: true } } }
I20260608 12:42:33.452816 13070 catalog_manager.cc:5696] T e0c8c60b239144b3934084ac54a8446b P bca20f441c5e41cabb4c2e71d8e1fb18 reported cstate change: config changed from index -1 to 2, NON_VOTER 7d17daa367a644e0abc55c311889db1e (127.12.54.4) added. New cstate: current_term: 1 leader_uuid: "bca20f441c5e41cabb4c2e71d8e1fb18" committed_config { opid_index: 2 OBSOLETE_local: false peers { permanent_uuid: "54d08eba0ad642c79398e19100be5caa" member_type: VOTER last_known_addr { host: "127.12.54.1" port: 33287 } health_report { overall_health: HEALTHY } } peers { permanent_uuid: "d25202e746ac45d89fbe68cf790bb9fd" member_type: VOTER last_known_addr { host: "127.12.54.2" port: 34269 } attrs { replace: true } health_report { overall_health: HEALTHY } } peers { permanent_uuid: "bca20f441c5e41cabb4c2e71d8e1fb18" member_type: VOTER last_known_addr { host: "127.12.54.3" port: 45437 } health_report { overall_health: HEALTHY } } peers { permanent_uuid: "7d17daa367a644e0abc55c311889db1e" member_type: NON_VOTER last_known_addr { host: "127.12.54.4" port: 37489 } attrs { promote: true } health_report { overall_health: UNKNOWN } } }
I20260608 12:42:33.476871 13248 consensus_queue.cc:237] T 417b6a2fea42412bb10b88549ee2d04b P d25202e746ac45d89fbe68cf790bb9fd [LEADER]: Queue going to LEADER mode. State: All replicated index: 0, Majority replicated index: 2, Committed index: 2, Last appended: 2.2, Last appended by leader: 1, Current term: 2, Majority size: 2, State: 0, Mode: LEADER, active raft config: opid_index: 3 OBSOLETE_local: false peers { permanent_uuid: "54d08eba0ad642c79398e19100be5caa" member_type: VOTER last_known_addr { host: "127.12.54.1" port: 33287 } attrs { replace: true } } peers { permanent_uuid: "d25202e746ac45d89fbe68cf790bb9fd" member_type: VOTER last_known_addr { host: "127.12.54.2" port: 34269 } } peers { permanent_uuid: "bca20f441c5e41cabb4c2e71d8e1fb18" member_type: VOTER last_known_addr { host: "127.12.54.3" port: 45437 } } peers { permanent_uuid: "7d17daa367a644e0abc55c311889db1e" member_type: NON_VOTER last_known_addr { host: "127.12.54.4" port: 37489 } attrs { promote: true } }
I20260608 12:42:33.486987 13320 raft_consensus.cc:1275] T 417b6a2fea42412bb10b88549ee2d04b P bca20f441c5e41cabb4c2e71d8e1fb18 [term 2 FOLLOWER]: Refusing update from remote peer d25202e746ac45d89fbe68cf790bb9fd: Log matching property violated. Preceding OpId in replica: term: 2 index: 2. Preceding OpId from leader: term: 2 index: 3. (index mismatch)
I20260608 12:42:33.488488 13173 raft_consensus.cc:1275] T 417b6a2fea42412bb10b88549ee2d04b P 54d08eba0ad642c79398e19100be5caa [term 2 FOLLOWER]: Refusing update from remote peer d25202e746ac45d89fbe68cf790bb9fd: Log matching property violated. Preceding OpId in replica: term: 2 index: 2. Preceding OpId from leader: term: 2 index: 3. (index mismatch)
I20260608 12:42:33.488456 13541 consensus_queue.cc:1048] T 417b6a2fea42412bb10b88549ee2d04b P d25202e746ac45d89fbe68cf790bb9fd [LEADER]: Connected to new peer: Peer: permanent_uuid: "bca20f441c5e41cabb4c2e71d8e1fb18" member_type: VOTER last_known_addr { host: "127.12.54.3" port: 45437 }, Status: LMP_MISMATCH, Last received: 0.0, Next index: 3, Last known committed idx: 2, Time since last communication: 0.000s
I20260608 12:42:33.490367 13541 consensus_queue.cc:1048] T 417b6a2fea42412bb10b88549ee2d04b P d25202e746ac45d89fbe68cf790bb9fd [LEADER]: Connected to new peer: Peer: permanent_uuid: "54d08eba0ad642c79398e19100be5caa" member_type: VOTER last_known_addr { host: "127.12.54.1" port: 33287 } attrs { replace: true }, Status: LMP_MISMATCH, Last received: 0.0, Next index: 3, Last known committed idx: 2, Time since last communication: 0.000s
W20260608 12:42:33.497895 13212 consensus_peers.cc:597] T 417b6a2fea42412bb10b88549ee2d04b P d25202e746ac45d89fbe68cf790bb9fd -> Peer 7d17daa367a644e0abc55c311889db1e (127.12.54.4:37489): Couldn't send request to peer 7d17daa367a644e0abc55c311889db1e. Error code: TABLET_NOT_FOUND (6). Status: Not found: Tablet not found: 417b6a2fea42412bb10b88549ee2d04b. This is attempt 1: this message will repeat every 5th retry.
I20260608 12:42:33.500108 13535 raft_consensus.cc:2955] T 417b6a2fea42412bb10b88549ee2d04b P d25202e746ac45d89fbe68cf790bb9fd [term 2 LEADER]: Committing config change with OpId 2.3: config changed from index -1 to 3, NON_VOTER 7d17daa367a644e0abc55c311889db1e (127.12.54.4) added. New config: { opid_index: 3 OBSOLETE_local: false peers { permanent_uuid: "54d08eba0ad642c79398e19100be5caa" member_type: VOTER last_known_addr { host: "127.12.54.1" port: 33287 } attrs { replace: true } } peers { permanent_uuid: "d25202e746ac45d89fbe68cf790bb9fd" member_type: VOTER last_known_addr { host: "127.12.54.2" port: 34269 } } peers { permanent_uuid: "bca20f441c5e41cabb4c2e71d8e1fb18" member_type: VOTER last_known_addr { host: "127.12.54.3" port: 45437 } } peers { permanent_uuid: "7d17daa367a644e0abc55c311889db1e" member_type: NON_VOTER last_known_addr { host: "127.12.54.4" port: 37489 } attrs { promote: true } } }
I20260608 12:42:33.501797 13320 raft_consensus.cc:2955] T 417b6a2fea42412bb10b88549ee2d04b P bca20f441c5e41cabb4c2e71d8e1fb18 [term 2 FOLLOWER]: Committing config change with OpId 2.3: config changed from index -1 to 3, NON_VOTER 7d17daa367a644e0abc55c311889db1e (127.12.54.4) added. New config: { opid_index: 3 OBSOLETE_local: false peers { permanent_uuid: "54d08eba0ad642c79398e19100be5caa" member_type: VOTER last_known_addr { host: "127.12.54.1" port: 33287 } attrs { replace: true } } peers { permanent_uuid: "d25202e746ac45d89fbe68cf790bb9fd" member_type: VOTER last_known_addr { host: "127.12.54.2" port: 34269 } } peers { permanent_uuid: "bca20f441c5e41cabb4c2e71d8e1fb18" member_type: VOTER last_known_addr { host: "127.12.54.3" port: 45437 } } peers { permanent_uuid: "7d17daa367a644e0abc55c311889db1e" member_type: NON_VOTER last_known_addr { host: "127.12.54.4" port: 37489 } attrs { promote: true } } }
I20260608 12:42:33.503640 13173 raft_consensus.cc:2955] T 417b6a2fea42412bb10b88549ee2d04b P 54d08eba0ad642c79398e19100be5caa [term 2 FOLLOWER]: Committing config change with OpId 2.3: config changed from index -1 to 3, NON_VOTER 7d17daa367a644e0abc55c311889db1e (127.12.54.4) added. New config: { opid_index: 3 OBSOLETE_local: false peers { permanent_uuid: "54d08eba0ad642c79398e19100be5caa" member_type: VOTER last_known_addr { host: "127.12.54.1" port: 33287 } attrs { replace: true } } peers { permanent_uuid: "d25202e746ac45d89fbe68cf790bb9fd" member_type: VOTER last_known_addr { host: "127.12.54.2" port: 34269 } } peers { permanent_uuid: "bca20f441c5e41cabb4c2e71d8e1fb18" member_type: VOTER last_known_addr { host: "127.12.54.3" port: 45437 } } peers { permanent_uuid: "7d17daa367a644e0abc55c311889db1e" member_type: NON_VOTER last_known_addr { host: "127.12.54.4" port: 37489 } attrs { promote: true } } }
I20260608 12:42:33.517916 13248 consensus_queue.cc:237] T 11a62a64b074431ca98cef33a023ec05 P d25202e746ac45d89fbe68cf790bb9fd [LEADER]: Queue going to LEADER mode. State: All replicated index: 0, Majority replicated index: 1, Committed index: 1, Last appended: 1.1, Last appended by leader: 0, Current term: 1, Majority size: 2, State: 0, Mode: LEADER, active raft config: opid_index: 2 OBSOLETE_local: false peers { permanent_uuid: "54d08eba0ad642c79398e19100be5caa" member_type: VOTER last_known_addr { host: "127.12.54.1" port: 33287 } } peers { permanent_uuid: "d25202e746ac45d89fbe68cf790bb9fd" member_type: VOTER last_known_addr { host: "127.12.54.2" port: 34269 } } peers { permanent_uuid: "bca20f441c5e41cabb4c2e71d8e1fb18" member_type: VOTER last_known_addr { host: "127.12.54.3" port: 45437 } attrs { replace: true } } peers { permanent_uuid: "7d17daa367a644e0abc55c311889db1e" member_type: NON_VOTER last_known_addr { host: "127.12.54.4" port: 37489 } attrs { promote: true } }
I20260608 12:42:33.518162 13071 catalog_manager.cc:5696] T 417b6a2fea42412bb10b88549ee2d04b P d25202e746ac45d89fbe68cf790bb9fd reported cstate change: config changed from index -1 to 3, NON_VOTER 7d17daa367a644e0abc55c311889db1e (127.12.54.4) added. New cstate: current_term: 2 leader_uuid: "d25202e746ac45d89fbe68cf790bb9fd" committed_config { opid_index: 3 OBSOLETE_local: false peers { permanent_uuid: "54d08eba0ad642c79398e19100be5caa" member_type: VOTER last_known_addr { host: "127.12.54.1" port: 33287 } attrs { replace: true } health_report { overall_health: HEALTHY } } peers { permanent_uuid: "d25202e746ac45d89fbe68cf790bb9fd" member_type: VOTER last_known_addr { host: "127.12.54.2" port: 34269 } health_report { overall_health: HEALTHY } } peers { permanent_uuid: "bca20f441c5e41cabb4c2e71d8e1fb18" member_type: VOTER last_known_addr { host: "127.12.54.3" port: 45437 } health_report { overall_health: HEALTHY } } peers { permanent_uuid: "7d17daa367a644e0abc55c311889db1e" member_type: NON_VOTER last_known_addr { host: "127.12.54.4" port: 37489 } attrs { promote: true } health_report { overall_health: UNKNOWN } } }
I20260608 12:42:33.538682 13173 raft_consensus.cc:1275] T 11a62a64b074431ca98cef33a023ec05 P 54d08eba0ad642c79398e19100be5caa [term 1 FOLLOWER]: Refusing update from remote peer d25202e746ac45d89fbe68cf790bb9fd: Log matching property violated. Preceding OpId in replica: term: 1 index: 1. Preceding OpId from leader: term: 1 index: 2. (index mismatch)
I20260608 12:42:33.540469 13320 raft_consensus.cc:1275] T 11a62a64b074431ca98cef33a023ec05 P bca20f441c5e41cabb4c2e71d8e1fb18 [term 1 FOLLOWER]: Refusing update from remote peer d25202e746ac45d89fbe68cf790bb9fd: Log matching property violated. Preceding OpId in replica: term: 1 index: 1. Preceding OpId from leader: term: 1 index: 2. (index mismatch)
I20260608 12:42:33.540663 13535 consensus_queue.cc:1048] T 11a62a64b074431ca98cef33a023ec05 P d25202e746ac45d89fbe68cf790bb9fd [LEADER]: Connected to new peer: Peer: permanent_uuid: "54d08eba0ad642c79398e19100be5caa" member_type: VOTER last_known_addr { host: "127.12.54.1" port: 33287 }, Status: LMP_MISMATCH, Last received: 0.0, Next index: 2, Last known committed idx: 1, Time since last communication: 0.000s
I20260608 12:42:33.542436 13562 consensus_queue.cc:1048] T 11a62a64b074431ca98cef33a023ec05 P d25202e746ac45d89fbe68cf790bb9fd [LEADER]: Connected to new peer: Peer: permanent_uuid: "bca20f441c5e41cabb4c2e71d8e1fb18" member_type: VOTER last_known_addr { host: "127.12.54.3" port: 45437 } attrs { replace: true }, Status: LMP_MISMATCH, Last received: 0.0, Next index: 2, Last known committed idx: 1, Time since last communication: 0.001s
W20260608 12:42:33.543803 13212 consensus_peers.cc:597] T 11a62a64b074431ca98cef33a023ec05 P d25202e746ac45d89fbe68cf790bb9fd -> Peer 7d17daa367a644e0abc55c311889db1e (127.12.54.4:37489): Couldn't send request to peer 7d17daa367a644e0abc55c311889db1e. Error code: TABLET_NOT_FOUND (6). Status: Not found: Tablet not found: 11a62a64b074431ca98cef33a023ec05. This is attempt 1: this message will repeat every 5th retry.
I20260608 12:42:33.553027 13535 raft_consensus.cc:2955] T 11a62a64b074431ca98cef33a023ec05 P d25202e746ac45d89fbe68cf790bb9fd [term 1 LEADER]: Committing config change with OpId 1.2: config changed from index -1 to 2, NON_VOTER 7d17daa367a644e0abc55c311889db1e (127.12.54.4) added. New config: { opid_index: 2 OBSOLETE_local: false peers { permanent_uuid: "54d08eba0ad642c79398e19100be5caa" member_type: VOTER last_known_addr { host: "127.12.54.1" port: 33287 } } peers { permanent_uuid: "d25202e746ac45d89fbe68cf790bb9fd" member_type: VOTER last_known_addr { host: "127.12.54.2" port: 34269 } } peers { permanent_uuid: "bca20f441c5e41cabb4c2e71d8e1fb18" member_type: VOTER last_known_addr { host: "127.12.54.3" port: 45437 } attrs { replace: true } } peers { permanent_uuid: "7d17daa367a644e0abc55c311889db1e" member_type: NON_VOTER last_known_addr { host: "127.12.54.4" port: 37489 } attrs { promote: true } } }
I20260608 12:42:33.554777 13173 raft_consensus.cc:2955] T 11a62a64b074431ca98cef33a023ec05 P 54d08eba0ad642c79398e19100be5caa [term 1 FOLLOWER]: Committing config change with OpId 1.2: config changed from index -1 to 2, NON_VOTER 7d17daa367a644e0abc55c311889db1e (127.12.54.4) added. New config: { opid_index: 2 OBSOLETE_local: false peers { permanent_uuid: "54d08eba0ad642c79398e19100be5caa" member_type: VOTER last_known_addr { host: "127.12.54.1" port: 33287 } } peers { permanent_uuid: "d25202e746ac45d89fbe68cf790bb9fd" member_type: VOTER last_known_addr { host: "127.12.54.2" port: 34269 } } peers { permanent_uuid: "bca20f441c5e41cabb4c2e71d8e1fb18" member_type: VOTER last_known_addr { host: "127.12.54.3" port: 45437 } attrs { replace: true } } peers { permanent_uuid: "7d17daa367a644e0abc55c311889db1e" member_type: NON_VOTER last_known_addr { host: "127.12.54.4" port: 37489 } attrs { promote: true } } }
I20260608 12:42:33.556370 13320 raft_consensus.cc:2955] T 11a62a64b074431ca98cef33a023ec05 P bca20f441c5e41cabb4c2e71d8e1fb18 [term 1 FOLLOWER]: Committing config change with OpId 1.2: config changed from index -1 to 2, NON_VOTER 7d17daa367a644e0abc55c311889db1e (127.12.54.4) added. New config: { opid_index: 2 OBSOLETE_local: false peers { permanent_uuid: "54d08eba0ad642c79398e19100be5caa" member_type: VOTER last_known_addr { host: "127.12.54.1" port: 33287 } } peers { permanent_uuid: "d25202e746ac45d89fbe68cf790bb9fd" member_type: VOTER last_known_addr { host: "127.12.54.2" port: 34269 } } peers { permanent_uuid: "bca20f441c5e41cabb4c2e71d8e1fb18" member_type: VOTER last_known_addr { host: "127.12.54.3" port: 45437 } attrs { replace: true } } peers { permanent_uuid: "7d17daa367a644e0abc55c311889db1e" member_type: NON_VOTER last_known_addr { host: "127.12.54.4" port: 37489 } attrs { promote: true } } }
I20260608 12:42:33.568399 13070 catalog_manager.cc:5696] T 11a62a64b074431ca98cef33a023ec05 P d25202e746ac45d89fbe68cf790bb9fd reported cstate change: config changed from index -1 to 2, NON_VOTER 7d17daa367a644e0abc55c311889db1e (127.12.54.4) added. New cstate: current_term: 1 leader_uuid: "d25202e746ac45d89fbe68cf790bb9fd" committed_config { opid_index: 2 OBSOLETE_local: false peers { permanent_uuid: "54d08eba0ad642c79398e19100be5caa" member_type: VOTER last_known_addr { host: "127.12.54.1" port: 33287 } health_report { overall_health: HEALTHY } } peers { permanent_uuid: "d25202e746ac45d89fbe68cf790bb9fd" member_type: VOTER last_known_addr { host: "127.12.54.2" port: 34269 } health_report { overall_health: HEALTHY } } peers { permanent_uuid: "bca20f441c5e41cabb4c2e71d8e1fb18" member_type: VOTER last_known_addr { host: "127.12.54.3" port: 45437 } attrs { replace: true } health_report { overall_health: HEALTHY } } peers { permanent_uuid: "7d17daa367a644e0abc55c311889db1e" member_type: NON_VOTER last_known_addr { host: "127.12.54.4" port: 37489 } attrs { promote: true } health_report { overall_health: UNKNOWN } } }
I20260608 12:42:33.590868 13173 consensus_queue.cc:237] T c8d1d11c3d5b426fbb7ca77b95359d86 P 54d08eba0ad642c79398e19100be5caa [LEADER]: Queue going to LEADER mode. State: All replicated index: 0, Majority replicated index: 1, Committed index: 1, Last appended: 1.1, Last appended by leader: 0, Current term: 1, Majority size: 2, State: 0, Mode: LEADER, active raft config: opid_index: 2 OBSOLETE_local: false peers { permanent_uuid: "54d08eba0ad642c79398e19100be5caa" member_type: VOTER last_known_addr { host: "127.12.54.1" port: 33287 } } peers { permanent_uuid: "d25202e746ac45d89fbe68cf790bb9fd" member_type: VOTER last_known_addr { host: "127.12.54.2" port: 34269 } } peers { permanent_uuid: "bca20f441c5e41cabb4c2e71d8e1fb18" member_type: VOTER last_known_addr { host: "127.12.54.3" port: 45437 } attrs { replace: true } } peers { permanent_uuid: "7d17daa367a644e0abc55c311889db1e" member_type: NON_VOTER last_known_addr { host: "127.12.54.4" port: 37489 } attrs { promote: true } }
I20260608 12:42:33.598984 13320 raft_consensus.cc:1275] T c8d1d11c3d5b426fbb7ca77b95359d86 P bca20f441c5e41cabb4c2e71d8e1fb18 [term 1 FOLLOWER]: Refusing update from remote peer 54d08eba0ad642c79398e19100be5caa: Log matching property violated. Preceding OpId in replica: term: 1 index: 1. Preceding OpId from leader: term: 1 index: 2. (index mismatch)
I20260608 12:42:33.601217 13248 raft_consensus.cc:1275] T c8d1d11c3d5b426fbb7ca77b95359d86 P d25202e746ac45d89fbe68cf790bb9fd [term 1 FOLLOWER]: Refusing update from remote peer 54d08eba0ad642c79398e19100be5caa: Log matching property violated. Preceding OpId in replica: term: 1 index: 1. Preceding OpId from leader: term: 1 index: 2. (index mismatch)
I20260608 12:42:33.601557 13567 consensus_queue.cc:1048] T c8d1d11c3d5b426fbb7ca77b95359d86 P 54d08eba0ad642c79398e19100be5caa [LEADER]: Connected to new peer: Peer: permanent_uuid: "bca20f441c5e41cabb4c2e71d8e1fb18" member_type: VOTER last_known_addr { host: "127.12.54.3" port: 45437 } attrs { replace: true }, Status: LMP_MISMATCH, Last received: 0.0, Next index: 2, Last known committed idx: 1, Time since last communication: 0.001s
I20260608 12:42:33.603175 13540 consensus_queue.cc:1048] T c8d1d11c3d5b426fbb7ca77b95359d86 P 54d08eba0ad642c79398e19100be5caa [LEADER]: Connected to new peer: Peer: permanent_uuid: "d25202e746ac45d89fbe68cf790bb9fd" member_type: VOTER last_known_addr { host: "127.12.54.2" port: 34269 }, Status: LMP_MISMATCH, Last received: 0.0, Next index: 2, Last known committed idx: 1, Time since last communication: 0.001s
W20260608 12:42:33.616990 13137 consensus_peers.cc:597] T c8d1d11c3d5b426fbb7ca77b95359d86 P 54d08eba0ad642c79398e19100be5caa -> Peer 7d17daa367a644e0abc55c311889db1e (127.12.54.4:37489): Couldn't send request to peer 7d17daa367a644e0abc55c311889db1e. Error code: TABLET_NOT_FOUND (6). Status: Not found: Tablet not found: c8d1d11c3d5b426fbb7ca77b95359d86. This is attempt 1: this message will repeat every 5th retry.
I20260608 12:42:33.618886 13559 raft_consensus.cc:2955] T c8d1d11c3d5b426fbb7ca77b95359d86 P 54d08eba0ad642c79398e19100be5caa [term 1 LEADER]: Committing config change with OpId 1.2: config changed from index -1 to 2, NON_VOTER 7d17daa367a644e0abc55c311889db1e (127.12.54.4) added. New config: { opid_index: 2 OBSOLETE_local: false peers { permanent_uuid: "54d08eba0ad642c79398e19100be5caa" member_type: VOTER last_known_addr { host: "127.12.54.1" port: 33287 } } peers { permanent_uuid: "d25202e746ac45d89fbe68cf790bb9fd" member_type: VOTER last_known_addr { host: "127.12.54.2" port: 34269 } } peers { permanent_uuid: "bca20f441c5e41cabb4c2e71d8e1fb18" member_type: VOTER last_known_addr { host: "127.12.54.3" port: 45437 } attrs { replace: true } } peers { permanent_uuid: "7d17daa367a644e0abc55c311889db1e" member_type: NON_VOTER last_known_addr { host: "127.12.54.4" port: 37489 } attrs { promote: true } } }
I20260608 12:42:33.620033 13248 raft_consensus.cc:2955] T c8d1d11c3d5b426fbb7ca77b95359d86 P d25202e746ac45d89fbe68cf790bb9fd [term 1 FOLLOWER]: Committing config change with OpId 1.2: config changed from index -1 to 2, NON_VOTER 7d17daa367a644e0abc55c311889db1e (127.12.54.4) added. New config: { opid_index: 2 OBSOLETE_local: false peers { permanent_uuid: "54d08eba0ad642c79398e19100be5caa" member_type: VOTER last_known_addr { host: "127.12.54.1" port: 33287 } } peers { permanent_uuid: "d25202e746ac45d89fbe68cf790bb9fd" member_type: VOTER last_known_addr { host: "127.12.54.2" port: 34269 } } peers { permanent_uuid: "bca20f441c5e41cabb4c2e71d8e1fb18" member_type: VOTER last_known_addr { host: "127.12.54.3" port: 45437 } attrs { replace: true } } peers { permanent_uuid: "7d17daa367a644e0abc55c311889db1e" member_type: NON_VOTER last_known_addr { host: "127.12.54.4" port: 37489 } attrs { promote: true } } }
I20260608 12:42:33.622383 13320 raft_consensus.cc:2955] T c8d1d11c3d5b426fbb7ca77b95359d86 P bca20f441c5e41cabb4c2e71d8e1fb18 [term 1 FOLLOWER]: Committing config change with OpId 1.2: config changed from index -1 to 2, NON_VOTER 7d17daa367a644e0abc55c311889db1e (127.12.54.4) added. New config: { opid_index: 2 OBSOLETE_local: false peers { permanent_uuid: "54d08eba0ad642c79398e19100be5caa" member_type: VOTER last_known_addr { host: "127.12.54.1" port: 33287 } } peers { permanent_uuid: "d25202e746ac45d89fbe68cf790bb9fd" member_type: VOTER last_known_addr { host: "127.12.54.2" port: 34269 } } peers { permanent_uuid: "bca20f441c5e41cabb4c2e71d8e1fb18" member_type: VOTER last_known_addr { host: "127.12.54.3" port: 45437 } attrs { replace: true } } peers { permanent_uuid: "7d17daa367a644e0abc55c311889db1e" member_type: NON_VOTER last_known_addr { host: "127.12.54.4" port: 37489 } attrs { promote: true } } }
I20260608 12:42:33.634224 13070 catalog_manager.cc:5696] T c8d1d11c3d5b426fbb7ca77b95359d86 P 54d08eba0ad642c79398e19100be5caa reported cstate change: config changed from index -1 to 2, NON_VOTER 7d17daa367a644e0abc55c311889db1e (127.12.54.4) added. New cstate: current_term: 1 leader_uuid: "54d08eba0ad642c79398e19100be5caa" committed_config { opid_index: 2 OBSOLETE_local: false peers { permanent_uuid: "54d08eba0ad642c79398e19100be5caa" member_type: VOTER last_known_addr { host: "127.12.54.1" port: 33287 } health_report { overall_health: HEALTHY } } peers { permanent_uuid: "d25202e746ac45d89fbe68cf790bb9fd" member_type: VOTER last_known_addr { host: "127.12.54.2" port: 34269 } health_report { overall_health: HEALTHY } } peers { permanent_uuid: "bca20f441c5e41cabb4c2e71d8e1fb18" member_type: VOTER last_known_addr { host: "127.12.54.3" port: 45437 } attrs { replace: true } health_report { overall_health: HEALTHY } } peers { permanent_uuid: "7d17daa367a644e0abc55c311889db1e" member_type: NON_VOTER last_known_addr { host: "127.12.54.4" port: 37489 } attrs { promote: true } health_report { overall_health: UNKNOWN } } }
I20260608 12:42:33.954701 12504 tablet_server.cc:179] TabletServer@127.12.54.1:0 shutting down...
I20260608 12:42:33.987450 12504 ts_tablet_manager.cc:1507] Shutting down tablet manager...
I20260608 12:42:33.988646 12504 tablet_replica.cc:333] T 417b6a2fea42412bb10b88549ee2d04b P 54d08eba0ad642c79398e19100be5caa: stopping tablet replica
