0608 12:38:52.681694 (+  9977us) spinlock_profiling.cc:243] Waited 2.3 ms on lock 0x7b340000adf8. stack: 00007f51d7c1d3a1 00007f51d7c1d1c8 00007f51d73f8f11 000000000047f705 000000000047f658 00007f51d92a14bb 00007f51d932164f 00007f51d93a5c24 00007f51d93aafaf 00007f51d93ad7eb 00007f51d93ad740 00007f51d93ad6a0 00007f51d93ad640 00007f51d93ab96f 000000000049a986 000000000049a618
0608 12:38:53.703626 (+1021932us) inbound_call.cc:177] Queueing success response
Related trace 'op':
0608 12:38:52.735023 (+     0us) write_op.cc:183] PREPARE: starting on tablet 15cc83e28b2b46b7b9d0463e60dfd9eb
0608 12:38:52.839128 (+104105us) write_op.cc:432] Acquiring schema lock in shared mode
0608 12:38:52.842117 (+  2989us) write_op.cc:435] Acquired schema lock
0608 12:38:52.843415 (+  1298us) tablet.cc:662] Decoding operations
0608 12:38:52.884490 (+ 41075us) write_op.cc:620] Acquiring the partition lock for write op
0608 12:38:52.884541 (+    51us) write_op.cc:641] Partition lock acquired for write op
0608 12:38:52.884573 (+    32us) tablet.cc:685] Acquiring locks for 6 operations
0608 12:38:52.885027 (+   454us) tablet.cc:701] Row locks acquired
0608 12:38:52.885042 (+    15us) write_op.cc:260] PREPARE: finished
0608 12:38:53.451419 (+566377us) spinlock_profiling.cc:243] Waited 6.14 ms on lock 0x7b340000adf8. stack: 00007f51d7c1d3a1 00007f51d7c1d1c8 00007f51d73f8f11 000000000047f705 000000000047f658 00007f51d92a14bb 00007f51d9322a42 00007f51def34ec4 00007f51def34660 00007f51def3e950 00007f51def3e8b0 00007f51def3e810 00007f51def3e7b0 00007f51def3c92f 000000000049a986 000000000049a618
0608 12:38:53.464314 (+ 12895us) write_op.cc:270] Start()
0608 12:38:53.482583 (+ 18269us) write_op.cc:276] Timestamp: P: 1780922333454036 usec, L: 0
0608 12:38:53.490998 (+  8415us) op_driver.cc:348] REPLICATION: starting
0608 12:38:53.491903 (+   905us) log.cc:844] Serialized 573 byte log entry
0608 12:38:53.698809 (+206906us) op_driver.cc:464] REPLICATION: finished
0608 12:38:53.700690 (+  1881us) write_op.cc:301] APPLY: starting
0608 12:38:53.700766 (+    76us) tablet.cc:1367] starting BulkCheckPresence
0608 12:38:53.700931 (+   165us) tablet.cc:1370] finished BulkCheckPresence
0608 12:38:53.700952 (+    21us) tablet.cc:1372] starting ApplyRowOperation cycle
0608 12:38:53.701837 (+   885us) tablet.cc:1383] finished ApplyRowOperation cycle
0608 12:38:53.702012 (+   175us) tablet_metrics.cc:581] ProbeStats: bloom_lookups=0,key_file_lookups=0,delta_file_lookups=0,mrs_lookups=0
0608 12:38:53.702055 (+    43us) write_op.cc:312] APPLY: finished
0608 12:38:53.702286 (+   231us) log.cc:844] Serialized 52 byte log entry
0608 12:38:53.703170 (+   884us) write_op.cc:489] Releasing partition, row and schema locks
0608 12:38:53.703261 (+    91us) write_op.cc:454] Released schema lock
0608 12:38:53.703310 (+    49us) write_op.cc:341] FINISH: Updating metrics
Metrics: {"spinlock_wait_cycles":5279616,"child_traces":[["op",{"apply.queue_time_us":1668,"num_ops":6,"prepare.queue_time_us":12620,"prepare.run_cpu_time_us":15633,"prepare.run_wall_time_us":773013,"replication_time_us":207642,"spinlock_wait_cycles":14116096}]]}
I20260608 12:38:53.768319   431 file_cache.cc:492] Constructed file cache file cache with capacity 419430
W20260608 12:38:53.777915  5331 instance_detector.cc:116] could not retrieve AWS instance metadata: Network error: curl error: HTTP response code said error: The requested URL returned error: 404
W20260608 12:38:53.781312  5332 instance_detector.cc:116] could not retrieve Azure instance metadata: Network error: curl error: HTTP response code said error: The requested URL returned error: 404
W20260608 12:38:53.789424  5334 instance_detector.cc:116] could not retrieve OpenStack instance metadata: Network error: curl error: HTTP response code said error: The requested URL returned error: 404
I20260608 12:38:53.789479   431 server_base.cc:1061] running on GCE node
I20260608 12:38:53.793467   431 hybrid_clock.cc:584] initializing the hybrid clock with 'system_unsync' time source
W20260608 12:38:53.793802   431 system_unsync_time.cc:38] NTP support is disabled. Clock error bounds will not be accurate. This configuration is not suitable for distributed clusters.
I20260608 12:38:53.794050   431 hybrid_clock.cc:648] HybridClock initialized: now 1780922333794032 us; error 0 us; skew 500 ppm
I20260608 12:38:53.794981   431 server_base.cc:861] Flag tcmalloc_max_total_thread_cache_bytes is not working since tcmalloc is not enabled.
I20260608 12:38:53.802891   431 webserver.cc:533] Webserver started at http://127.0.107.196:36991/ using document root <none> and password file <none>
I20260608 12:38:53.803584   431 fs_manager.cc:362] Metadata directory not provided
I20260608 12:38:53.803874   431 fs_manager.cc:368] Using write-ahead log directory (fs_wal_dir) as metadata directory
I20260608 12:38:53.804219   431 server_base.cc:909] This appears to be a new deployment of Kudu; creating new FS layout
I20260608 12:38:53.805632   431 fs_manager.cc:1068] Generated new instance metadata in path /tmp/dist-test-taskzRZ9kK/test-tmp/auto_rebalancer-test.0.AutoRebalancerTest.TestMaxMovesPerServer.1780922208085689-431-0/minicluster-data/ts-3-root/instance:
uuid: "cbd88857ec384d3d9d0d217f069df750"
format_stamp: "Formatted at 2026-06-08 12:38:53 on dist-test-slave-081c"
I20260608 12:38:53.813252   431 fs_manager.cc:696] Time spent creating directory manager: real 0.007s	user 0.004s	sys 0.004s
I20260608 12:38:53.818900  5339 log_block_manager.cc:4031] Time spent loading block containers with low live blocks: real 0.000s	user 0.000s	sys 0.000s
I20260608 12:38:53.820040   431 fs_manager.cc:730] Time spent opening block manager: real 0.003s	user 0.002s	sys 0.000s
I20260608 12:38:53.820597   431 fs_manager.cc:647] Opened local filesystem: /tmp/dist-test-taskzRZ9kK/test-tmp/auto_rebalancer-test.0.AutoRebalancerTest.TestMaxMovesPerServer.1780922208085689-431-0/minicluster-data/ts-3-root
uuid: "cbd88857ec384d3d9d0d217f069df750"
format_stamp: "Formatted at 2026-06-08 12:38:53 on dist-test-slave-081c"
I20260608 12:38:53.821053   431 fs_report.cc:389] FS layout report
--------------------
wal directory: /tmp/dist-test-taskzRZ9kK/test-tmp/auto_rebalancer-test.0.AutoRebalancerTest.TestMaxMovesPerServer.1780922208085689-431-0/minicluster-data/ts-3-root
metadata directory: /tmp/dist-test-taskzRZ9kK/test-tmp/auto_rebalancer-test.0.AutoRebalancerTest.TestMaxMovesPerServer.1780922208085689-431-0/minicluster-data/ts-3-root
1 data directories: /tmp/dist-test-taskzRZ9kK/test-tmp/auto_rebalancer-test.0.AutoRebalancerTest.TestMaxMovesPerServer.1780922208085689-431-0/minicluster-data/ts-3-root/data
Total live blocks: 0
Total live bytes: 0
Total live bytes (after alignment): 0
Total number of LBM containers: 0 (0 full)
Did not check for missing blocks
Did not check for orphaned blocks
Total full LBM containers with extra space: 0 (0 repaired)
Total full LBM container extra space in bytes: 0 (0 repaired)
Total incomplete LBM containers: 0 (0 repaired)
Total LBM partial records: 0 (0 repaired)
Total corrupted LBM metadata records in RocksDB: 0 (0 repaired)
I20260608 12:38:53.848963   431 rpc_server.cc:225] running with OpenSSL 1.1.1  11 Sep 2018
I20260608 12:38:53.850715   431 kserver.cc:163] Server-wide thread pool size limit: 3276
I20260608 12:38:53.852396   431 txn_system_client.cc:432] TxnSystemClient initialization is disabled...
I20260608 12:38:53.855321   431 ts_tablet_manager.cc:585] Loaded tablet metadata (0 total tablets, 0 live tablets)
I20260608 12:38:53.855577   431 ts_tablet_manager.cc:531] Time spent load tablet metadata: real 0.000s	user 0.000s	sys 0.000s
I20260608 12:38:53.855865   431 ts_tablet_manager.cc:616] Registered 0 tablets
I20260608 12:38:53.856065   431 ts_tablet_manager.cc:595] Time spent register tablets: real 0.000s	user 0.000s	sys 0.000s
I20260608 12:38:53.912410   431 rpc_server.cc:307] RPC server started. Bound to: 127.0.107.196:39763
I20260608 12:38:53.912528  5401 acceptor_pool.cc:272] collecting diagnostics on the listening RPC socket 127.0.107.196:39763 every 8 connection(s)
I20260608 12:38:53.919042   431 file_cache.cc:492] Constructed file cache file cache with capacity 419430
W20260608 12:38:53.927609  5406 instance_detector.cc:116] could not retrieve AWS instance metadata: Network error: curl error: HTTP response code said error: The requested URL returned error: 404
W20260608 12:38:53.928920  5407 instance_detector.cc:116] could not retrieve Azure instance metadata: Network error: curl error: HTTP response code said error: The requested URL returned error: 404
W20260608 12:38:53.930709  5409 instance_detector.cc:116] could not retrieve OpenStack instance metadata: Network error: curl error: HTTP response code said error: The requested URL returned error: 404
I20260608 12:38:53.932911   431 server_base.cc:1061] running on GCE node
I20260608 12:38:53.934005  5402 heartbeater.cc:344] Connected to a master server at 127.0.107.254:39467
I20260608 12:38:53.934425  5402 heartbeater.cc:461] Registering TS with master...
I20260608 12:38:53.935240  5402 heartbeater.cc:507] Master 127.0.107.254:39467 requested a full tablet report, sending...
I20260608 12:38:53.935281   431 hybrid_clock.cc:584] initializing the hybrid clock with 'system_unsync' time source
W20260608 12:38:53.935685   431 system_unsync_time.cc:38] NTP support is disabled. Clock error bounds will not be accurate. This configuration is not suitable for distributed clusters.
I20260608 12:38:53.935966   431 hybrid_clock.cc:648] HybridClock initialized: now 1780922333935946 us; error 0 us; skew 500 ppm
I20260608 12:38:53.936794   431 server_base.cc:861] Flag tcmalloc_max_total_thread_cache_bytes is not working since tcmalloc is not enabled.
I20260608 12:38:53.937908  4809 ts_manager.cc:194] Registered new tserver with Master: cbd88857ec384d3d9d0d217f069df750 (127.0.107.196:39763)
I20260608 12:38:53.939893  4809 master_service.cc:502] Signed X509 certificate for tserver {username='slave'} at 127.0.0.1:60754
I20260608 12:38:53.939942   431 webserver.cc:533] Webserver started at http://127.0.107.197:34079/ using document root <none> and password file <none>
I20260608 12:38:53.940680   431 fs_manager.cc:362] Metadata directory not provided
I20260608 12:38:53.940956   431 fs_manager.cc:368] Using write-ahead log directory (fs_wal_dir) as metadata directory
I20260608 12:38:53.941303   431 server_base.cc:909] This appears to be a new deployment of Kudu; creating new FS layout
I20260608 12:38:53.942502   431 fs_manager.cc:1068] Generated new instance metadata in path /tmp/dist-test-taskzRZ9kK/test-tmp/auto_rebalancer-test.0.AutoRebalancerTest.TestMaxMovesPerServer.1780922208085689-431-0/minicluster-data/ts-4-root/instance:
uuid: "fd082cf9efc64fb9b467116eb97b0153"
format_stamp: "Formatted at 2026-06-08 12:38:53 on dist-test-slave-081c"
I20260608 12:38:53.947160   431 fs_manager.cc:696] Time spent creating directory manager: real 0.004s	user 0.003s	sys 0.004s
I20260608 12:38:53.950881  5414 log_block_manager.cc:4031] Time spent loading block containers with low live blocks: real 0.000s	user 0.000s	sys 0.000s
I20260608 12:38:53.951656   431 fs_manager.cc:730] Time spent opening block manager: real 0.002s	user 0.003s	sys 0.000s
I20260608 12:38:53.952054   431 fs_manager.cc:647] Opened local filesystem: /tmp/dist-test-taskzRZ9kK/test-tmp/auto_rebalancer-test.0.AutoRebalancerTest.TestMaxMovesPerServer.1780922208085689-431-0/minicluster-data/ts-4-root
uuid: "fd082cf9efc64fb9b467116eb97b0153"
format_stamp: "Formatted at 2026-06-08 12:38:53 on dist-test-slave-081c"
I20260608 12:38:53.952334   431 fs_report.cc:389] FS layout report
--------------------
wal directory: /tmp/dist-test-taskzRZ9kK/test-tmp/auto_rebalancer-test.0.AutoRebalancerTest.TestMaxMovesPerServer.1780922208085689-431-0/minicluster-data/ts-4-root
metadata directory: /tmp/dist-test-taskzRZ9kK/test-tmp/auto_rebalancer-test.0.AutoRebalancerTest.TestMaxMovesPerServer.1780922208085689-431-0/minicluster-data/ts-4-root
1 data directories: /tmp/dist-test-taskzRZ9kK/test-tmp/auto_rebalancer-test.0.AutoRebalancerTest.TestMaxMovesPerServer.1780922208085689-431-0/minicluster-data/ts-4-root/data
Total live blocks: 0
Total live bytes: 0
Total live bytes (after alignment): 0
Total number of LBM containers: 0 (0 full)
Did not check for missing blocks
Did not check for orphaned blocks
Total full LBM containers with extra space: 0 (0 repaired)
Total full LBM container extra space in bytes: 0 (0 repaired)
Total incomplete LBM containers: 0 (0 repaired)
Total LBM partial records: 0 (0 repaired)
Total corrupted LBM metadata records in RocksDB: 0 (0 repaired)
I20260608 12:38:53.970000   431 rpc_server.cc:225] running with OpenSSL 1.1.1  11 Sep 2018
I20260608 12:38:53.971422   431 kserver.cc:163] Server-wide thread pool size limit: 3276
I20260608 12:38:53.973093   431 txn_system_client.cc:432] TxnSystemClient initialization is disabled...
I20260608 12:38:53.975575   431 ts_tablet_manager.cc:585] Loaded tablet metadata (0 total tablets, 0 live tablets)
I20260608 12:38:53.975878   431 ts_tablet_manager.cc:531] Time spent load tablet metadata: real 0.000s	user 0.001s	sys 0.000s
I20260608 12:38:53.976136   431 ts_tablet_manager.cc:616] Registered 0 tablets
I20260608 12:38:53.976305   431 ts_tablet_manager.cc:595] Time spent register tablets: real 0.000s	user 0.000s	sys 0.000s
I20260608 12:38:54.038203   431 rpc_server.cc:307] RPC server started. Bound to: 127.0.107.197:43473
I20260608 12:38:54.038499  5476 acceptor_pool.cc:272] collecting diagnostics on the listening RPC socket 127.0.107.197:43473 every 8 connection(s)
I20260608 12:38:54.045459   431 file_cache.cc:492] Constructed file cache file cache with capacity 419430
W20260608 12:38:54.054921  5480 instance_detector.cc:116] could not retrieve AWS instance metadata: Network error: curl error: HTTP response code said error: The requested URL returned error: 404
I20260608 12:38:54.061398  5477 heartbeater.cc:344] Connected to a master server at 127.0.107.254:39467
I20260608 12:38:54.061949  5477 heartbeater.cc:461] Registering TS with master...
W20260608 12:38:54.063165  5481 instance_detector.cc:116] could not retrieve Azure instance metadata: Network error: curl error: HTTP response code said error: The requested URL returned error: 404
I20260608 12:38:54.063422  5477 heartbeater.cc:507] Master 127.0.107.254:39467 requested a full tablet report, sending...
I20260608 12:38:54.066654  4809 ts_manager.cc:194] Registered new tserver with Master: fd082cf9efc64fb9b467116eb97b0153 (127.0.107.197:43473)
W20260608 12:38:54.066831  5483 instance_detector.cc:116] could not retrieve OpenStack instance metadata: Network error: curl error: HTTP response code said error: The requested URL returned error: 404
I20260608 12:38:54.067247   431 server_base.cc:1061] running on GCE node
I20260608 12:38:54.068593   431 hybrid_clock.cc:584] initializing the hybrid clock with 'system_unsync' time source
W20260608 12:38:54.068886   431 system_unsync_time.cc:38] NTP support is disabled. Clock error bounds will not be accurate. This configuration is not suitable for distributed clusters.
I20260608 12:38:54.069052  4809 master_service.cc:502] Signed X509 certificate for tserver {username='slave'} at 127.0.0.1:60756
I20260608 12:38:54.069140   431 hybrid_clock.cc:648] HybridClock initialized: now 1780922334069118 us; error 0 us; skew 500 ppm
I20260608 12:38:54.070235   431 server_base.cc:861] Flag tcmalloc_max_total_thread_cache_bytes is not working since tcmalloc is not enabled.
I20260608 12:38:54.073194   431 webserver.cc:533] Webserver started at http://127.0.107.198:37519/ using document root <none> and password file <none>
I20260608 12:38:54.073798   431 fs_manager.cc:362] Metadata directory not provided
I20260608 12:38:54.074021   431 fs_manager.cc:368] Using write-ahead log directory (fs_wal_dir) as metadata directory
I20260608 12:38:54.074342   431 server_base.cc:909] This appears to be a new deployment of Kudu; creating new FS layout
I20260608 12:38:54.075632   431 fs_manager.cc:1068] Generated new instance metadata in path /tmp/dist-test-taskzRZ9kK/test-tmp/auto_rebalancer-test.0.AutoRebalancerTest.TestMaxMovesPerServer.1780922208085689-431-0/minicluster-data/ts-5-root/instance:
uuid: "c7cb81b416e04bb2885736189a904ac0"
format_stamp: "Formatted at 2026-06-08 12:38:54 on dist-test-slave-081c"
I20260608 12:38:54.081709   431 fs_manager.cc:696] Time spent creating directory manager: real 0.005s	user 0.005s	sys 0.000s
I20260608 12:38:54.088759  5488 log_block_manager.cc:4031] Time spent loading block containers with low live blocks: real 0.000s	user 0.000s	sys 0.000s
I20260608 12:38:54.089954   431 fs_manager.cc:730] Time spent opening block manager: real 0.006s	user 0.001s	sys 0.003s
I20260608 12:38:54.090401   431 fs_manager.cc:647] Opened local filesystem: /tmp/dist-test-taskzRZ9kK/test-tmp/auto_rebalancer-test.0.AutoRebalancerTest.TestMaxMovesPerServer.1780922208085689-431-0/minicluster-data/ts-5-root
uuid: "c7cb81b416e04bb2885736189a904ac0"
format_stamp: "Formatted at 2026-06-08 12:38:54 on dist-test-slave-081c"
I20260608 12:38:54.090811   431 fs_report.cc:389] FS layout report
--------------------
wal directory: /tmp/dist-test-taskzRZ9kK/test-tmp/auto_rebalancer-test.0.AutoRebalancerTest.TestMaxMovesPerServer.1780922208085689-431-0/minicluster-data/ts-5-root
metadata directory: /tmp/dist-test-taskzRZ9kK/test-tmp/auto_rebalancer-test.0.AutoRebalancerTest.TestMaxMovesPerServer.1780922208085689-431-0/minicluster-data/ts-5-root
1 data directories: /tmp/dist-test-taskzRZ9kK/test-tmp/auto_rebalancer-test.0.AutoRebalancerTest.TestMaxMovesPerServer.1780922208085689-431-0/minicluster-data/ts-5-root/data
Total live blocks: 0
Total live bytes: 0
Total live bytes (after alignment): 0
Total number of LBM containers: 0 (0 full)
Did not check for missing blocks
Did not check for orphaned blocks
Total full LBM containers with extra space: 0 (0 repaired)
Total full LBM container extra space in bytes: 0 (0 repaired)
Total incomplete LBM containers: 0 (0 repaired)
Total LBM partial records: 0 (0 repaired)
Total corrupted LBM metadata records in RocksDB: 0 (0 repaired)
I20260608 12:38:54.125682   431 rpc_server.cc:225] running with OpenSSL 1.1.1  11 Sep 2018
I20260608 12:38:54.126989   431 kserver.cc:163] Server-wide thread pool size limit: 3276
I20260608 12:38:54.128346   431 txn_system_client.cc:432] TxnSystemClient initialization is disabled...
I20260608 12:38:54.130596   431 ts_tablet_manager.cc:585] Loaded tablet metadata (0 total tablets, 0 live tablets)
I20260608 12:38:54.130820   431 ts_tablet_manager.cc:531] Time spent load tablet metadata: real 0.000s	user 0.000s	sys 0.000s
I20260608 12:38:54.131093   431 ts_tablet_manager.cc:616] Registered 0 tablets
I20260608 12:38:54.131276   431 ts_tablet_manager.cc:595] Time spent register tablets: real 0.000s	user 0.000s	sys 0.000s
I20260608 12:38:54.214495   431 rpc_server.cc:307] RPC server started. Bound to: 127.0.107.198:43667
I20260608 12:38:54.214615  5550 acceptor_pool.cc:272] collecting diagnostics on the listening RPC socket 127.0.107.198:43667 every 8 connection(s)
I20260608 12:38:54.232482  5551 heartbeater.cc:344] Connected to a master server at 127.0.107.254:39467
I20260608 12:38:54.232906  5551 heartbeater.cc:461] Registering TS with master...
I20260608 12:38:54.233788  5551 heartbeater.cc:507] Master 127.0.107.254:39467 requested a full tablet report, sending...
I20260608 12:38:54.236011  4809 ts_manager.cc:194] Registered new tserver with Master: c7cb81b416e04bb2885736189a904ac0 (127.0.107.198:43667)
I20260608 12:38:54.237890  4809 master_service.cc:502] Signed X509 certificate for tserver {username='slave'} at 127.0.0.1:60762
I20260608 12:38:54.820137  4988 consensus_queue.cc:237] T f2ff8da66a1f40fea535a636d4c344db P d0832140813049458952130fbc2734f9 [LEADER]: Queue going to LEADER mode. State: All replicated index: 0, Majority replicated index: 25, Committed index: 25, Last appended: 1.25, Last appended by leader: 0, Current term: 1, Majority size: 2, State: 0, Mode: LEADER, active raft config: opid_index: 26 OBSOLETE_local: false peers { permanent_uuid: "0025a39a057140abaf34d8a1b940f179" member_type: VOTER last_known_addr { host: "127.0.107.193" port: 34097 } } peers { permanent_uuid: "d0832140813049458952130fbc2734f9" member_type: VOTER last_known_addr { host: "127.0.107.194" port: 36059 } } peers { permanent_uuid: "6ac2100b3ad9401ab7bea1b349e42f30" member_type: VOTER last_known_addr { host: "127.0.107.195" port: 40759 } attrs { replace: true } } peers { permanent_uuid: "fd082cf9efc64fb9b467116eb97b0153" member_type: NON_VOTER last_known_addr { host: "127.0.107.197" port: 43473 } attrs { promote: true } }
I20260608 12:38:54.832459  5061 raft_consensus.cc:1275] T f2ff8da66a1f40fea535a636d4c344db P 6ac2100b3ad9401ab7bea1b349e42f30 [term 1 FOLLOWER]: Refusing update from remote peer d0832140813049458952130fbc2734f9: Log matching property violated. Preceding OpId in replica: term: 1 index: 25. Preceding OpId from leader: term: 1 index: 26. (index mismatch)
I20260608 12:38:54.837085  5558 consensus_queue.cc:1048] T f2ff8da66a1f40fea535a636d4c344db P d0832140813049458952130fbc2734f9 [LEADER]: Connected to new peer: Peer: permanent_uuid: "6ac2100b3ad9401ab7bea1b349e42f30" member_type: VOTER last_known_addr { host: "127.0.107.195" port: 40759 } attrs { replace: true }, Status: LMP_MISMATCH, Last received: 0.0, Next index: 26, Last known committed idx: 25, Time since last communication: 0.001s
I20260608 12:38:54.841017  4911 raft_consensus.cc:1275] T f2ff8da66a1f40fea535a636d4c344db P 0025a39a057140abaf34d8a1b940f179 [term 1 FOLLOWER]: Refusing update from remote peer d0832140813049458952130fbc2734f9: Log matching property violated. Preceding OpId in replica: term: 1 index: 25. Preceding OpId from leader: term: 1 index: 26. (index mismatch)
I20260608 12:38:54.846856  5559 consensus_queue.cc:1048] T f2ff8da66a1f40fea535a636d4c344db P d0832140813049458952130fbc2734f9 [LEADER]: Connected to new peer: Peer: permanent_uuid: "0025a39a057140abaf34d8a1b940f179" member_type: VOTER last_known_addr { host: "127.0.107.193" port: 34097 }, Status: LMP_MISMATCH, Last received: 0.0, Next index: 26, Last known committed idx: 25, Time since last communication: 0.000s
I20260608 12:38:54.861829  5330 raft_consensus.cc:2955] T f2ff8da66a1f40fea535a636d4c344db P d0832140813049458952130fbc2734f9 [term 1 LEADER]: Committing config change with OpId 1.26: config changed from index -1 to 26, NON_VOTER fd082cf9efc64fb9b467116eb97b0153 (127.0.107.197) added. New config: { opid_index: 26 OBSOLETE_local: false peers { permanent_uuid: "0025a39a057140abaf34d8a1b940f179" member_type: VOTER last_known_addr { host: "127.0.107.193" port: 34097 } } peers { permanent_uuid: "d0832140813049458952130fbc2734f9" member_type: VOTER last_known_addr { host: "127.0.107.194" port: 36059 } } peers { permanent_uuid: "6ac2100b3ad9401ab7bea1b349e42f30" member_type: VOTER last_known_addr { host: "127.0.107.195" port: 40759 } attrs { replace: true } } peers { permanent_uuid: "fd082cf9efc64fb9b467116eb97b0153" member_type: NON_VOTER last_known_addr { host: "127.0.107.197" port: 43473 } attrs { promote: true } } }
I20260608 12:38:54.864748  5058 raft_consensus.cc:2955] T f2ff8da66a1f40fea535a636d4c344db P 6ac2100b3ad9401ab7bea1b349e42f30 [term 1 FOLLOWER]: Committing config change with OpId 1.26: config changed from index -1 to 26, NON_VOTER fd082cf9efc64fb9b467116eb97b0153 (127.0.107.197) added. New config: { opid_index: 26 OBSOLETE_local: false peers { permanent_uuid: "0025a39a057140abaf34d8a1b940f179" member_type: VOTER last_known_addr { host: "127.0.107.193" port: 34097 } } peers { permanent_uuid: "d0832140813049458952130fbc2734f9" member_type: VOTER last_known_addr { host: "127.0.107.194" port: 36059 } } peers { permanent_uuid: "6ac2100b3ad9401ab7bea1b349e42f30" member_type: VOTER last_known_addr { host: "127.0.107.195" port: 40759 } attrs { replace: true } } peers { permanent_uuid: "fd082cf9efc64fb9b467116eb97b0153" member_type: NON_VOTER last_known_addr { host: "127.0.107.197" port: 43473 } attrs { promote: true } } }
I20260608 12:38:54.871810  4914 raft_consensus.cc:2955] T f2ff8da66a1f40fea535a636d4c344db P 0025a39a057140abaf34d8a1b940f179 [term 1 FOLLOWER]: Committing config change with OpId 1.26: config changed from index -1 to 26, NON_VOTER fd082cf9efc64fb9b467116eb97b0153 (127.0.107.197) added. New config: { opid_index: 26 OBSOLETE_local: false peers { permanent_uuid: "0025a39a057140abaf34d8a1b940f179" member_type: VOTER last_known_addr { host: "127.0.107.193" port: 34097 } } peers { permanent_uuid: "d0832140813049458952130fbc2734f9" member_type: VOTER last_known_addr { host: "127.0.107.194" port: 36059 } } peers { permanent_uuid: "6ac2100b3ad9401ab7bea1b349e42f30" member_type: VOTER last_known_addr { host: "127.0.107.195" port: 40759 } attrs { replace: true } } peers { permanent_uuid: "fd082cf9efc64fb9b467116eb97b0153" member_type: NON_VOTER last_known_addr { host: "127.0.107.197" port: 43473 } attrs { promote: true } } }
W20260608 12:38:54.877343  4954 consensus_peers.cc:597] T f2ff8da66a1f40fea535a636d4c344db P d0832140813049458952130fbc2734f9 -> Peer fd082cf9efc64fb9b467116eb97b0153 (127.0.107.197:43473): Couldn't send request to peer fd082cf9efc64fb9b467116eb97b0153. Error code: TABLET_NOT_FOUND (6). Status: Not found: Tablet not found: f2ff8da66a1f40fea535a636d4c344db. This is attempt 1: this message will repeat every 5th retry.
I20260608 12:38:54.884264  4809 catalog_manager.cc:5696] T f2ff8da66a1f40fea535a636d4c344db P d0832140813049458952130fbc2734f9 reported cstate change: config changed from index -1 to 26, NON_VOTER fd082cf9efc64fb9b467116eb97b0153 (127.0.107.197) added. New cstate: current_term: 1 leader_uuid: "d0832140813049458952130fbc2734f9" committed_config { opid_index: 26 OBSOLETE_local: false peers { permanent_uuid: "0025a39a057140abaf34d8a1b940f179" member_type: VOTER last_known_addr { host: "127.0.107.193" port: 34097 } health_report { overall_health: HEALTHY } } peers { permanent_uuid: "d0832140813049458952130fbc2734f9" member_type: VOTER last_known_addr { host: "127.0.107.194" port: 36059 } health_report { overall_health: HEALTHY } } peers { permanent_uuid: "6ac2100b3ad9401ab7bea1b349e42f30" member_type: VOTER last_known_addr { host: "127.0.107.195" port: 40759 } attrs { replace: true } health_report { overall_health: HEALTHY } } peers { permanent_uuid: "fd082cf9efc64fb9b467116eb97b0153" member_type: NON_VOTER last_known_addr { host: "127.0.107.197" port: 43473 } attrs { promote: true } health_report { overall_health: UNKNOWN } } }
I20260608 12:38:54.905850  5058 consensus_queue.cc:237] T 10ee9216b016457997fcfc4d2f484a19 P 6ac2100b3ad9401ab7bea1b349e42f30 [LEADER]: Queue going to LEADER mode. State: All replicated index: 0, Majority replicated index: 23, Committed index: 23, Last appended: 1.23, Last appended by leader: 0, Current term: 1, Majority size: 2, State: 0, Mode: LEADER, active raft config: opid_index: 24 OBSOLETE_local: false peers { permanent_uuid: "0025a39a057140abaf34d8a1b940f179" member_type: VOTER last_known_addr { host: "127.0.107.193" port: 34097 } attrs { replace: true } } peers { permanent_uuid: "d0832140813049458952130fbc2734f9" member_type: VOTER last_known_addr { host: "127.0.107.194" port: 36059 } } peers { permanent_uuid: "6ac2100b3ad9401ab7bea1b349e42f30" member_type: VOTER last_known_addr { host: "127.0.107.195" port: 40759 } } peers { permanent_uuid: "cbd88857ec384d3d9d0d217f069df750" member_type: NON_VOTER last_known_addr { host: "127.0.107.196" port: 39763 } attrs { promote: true } }
I20260608 12:38:54.915330  4988 raft_consensus.cc:1275] T 10ee9216b016457997fcfc4d2f484a19 P d0832140813049458952130fbc2734f9 [term 1 FOLLOWER]: Refusing update from remote peer 6ac2100b3ad9401ab7bea1b349e42f30: Log matching property violated. Preceding OpId in replica: term: 1 index: 23. Preceding OpId from leader: term: 1 index: 24. (index mismatch)
I20260608 12:38:54.917284  5325 consensus_queue.cc:1048] T 10ee9216b016457997fcfc4d2f484a19 P 6ac2100b3ad9401ab7bea1b349e42f30 [LEADER]: Connected to new peer: Peer: permanent_uuid: "d0832140813049458952130fbc2734f9" member_type: VOTER last_known_addr { host: "127.0.107.194" port: 36059 }, Status: LMP_MISMATCH, Last received: 0.0, Next index: 24, Last known committed idx: 23, Time since last communication: 0.001s
I20260608 12:38:54.917657  4914 raft_consensus.cc:1275] T 10ee9216b016457997fcfc4d2f484a19 P 0025a39a057140abaf34d8a1b940f179 [term 1 FOLLOWER]: Refusing update from remote peer 6ac2100b3ad9401ab7bea1b349e42f30: Log matching property violated. Preceding OpId in replica: term: 1 index: 23. Preceding OpId from leader: term: 1 index: 24. (index mismatch)
I20260608 12:38:54.919665  5554 consensus_queue.cc:1048] T 10ee9216b016457997fcfc4d2f484a19 P 6ac2100b3ad9401ab7bea1b349e42f30 [LEADER]: Connected to new peer: Peer: permanent_uuid: "0025a39a057140abaf34d8a1b940f179" member_type: VOTER last_known_addr { host: "127.0.107.193" port: 34097 } attrs { replace: true }, Status: LMP_MISMATCH, Last received: 0.0, Next index: 24, Last known committed idx: 23, Time since last communication: 0.001s
I20260608 12:38:54.931239  5575 raft_consensus.cc:2955] T 10ee9216b016457997fcfc4d2f484a19 P 6ac2100b3ad9401ab7bea1b349e42f30 [term 1 LEADER]: Committing config change with OpId 1.24: config changed from index -1 to 24, NON_VOTER cbd88857ec384d3d9d0d217f069df750 (127.0.107.196) added. New config: { opid_index: 24 OBSOLETE_local: false peers { permanent_uuid: "0025a39a057140abaf34d8a1b940f179" member_type: VOTER last_known_addr { host: "127.0.107.193" port: 34097 } attrs { replace: true } } peers { permanent_uuid: "d0832140813049458952130fbc2734f9" member_type: VOTER last_known_addr { host: "127.0.107.194" port: 36059 } } peers { permanent_uuid: "6ac2100b3ad9401ab7bea1b349e42f30" member_type: VOTER last_known_addr { host: "127.0.107.195" port: 40759 } } peers { permanent_uuid: "cbd88857ec384d3d9d0d217f069df750" member_type: NON_VOTER last_known_addr { host: "127.0.107.196" port: 39763 } attrs { promote: true } } }
W20260608 12:38:54.932247  5027 consensus_peers.cc:597] T 10ee9216b016457997fcfc4d2f484a19 P 6ac2100b3ad9401ab7bea1b349e42f30 -> Peer cbd88857ec384d3d9d0d217f069df750 (127.0.107.196:39763): Couldn't send request to peer cbd88857ec384d3d9d0d217f069df750. Error code: TABLET_NOT_FOUND (6). Status: Not found: Tablet not found: 10ee9216b016457997fcfc4d2f484a19. This is attempt 1: this message will repeat every 5th retry.
I20260608 12:38:54.932127  4988 raft_consensus.cc:2955] T 10ee9216b016457997fcfc4d2f484a19 P d0832140813049458952130fbc2734f9 [term 1 FOLLOWER]: Committing config change with OpId 1.24: config changed from index -1 to 24, NON_VOTER cbd88857ec384d3d9d0d217f069df750 (127.0.107.196) added. New config: { opid_index: 24 OBSOLETE_local: false peers { permanent_uuid: "0025a39a057140abaf34d8a1b940f179" member_type: VOTER last_known_addr { host: "127.0.107.193" port: 34097 } attrs { replace: true } } peers { permanent_uuid: "d0832140813049458952130fbc2734f9" member_type: VOTER last_known_addr { host: "127.0.107.194" port: 36059 } } peers { permanent_uuid: "6ac2100b3ad9401ab7bea1b349e42f30" member_type: VOTER last_known_addr { host: "127.0.107.195" port: 40759 } } peers { permanent_uuid: "cbd88857ec384d3d9d0d217f069df750" member_type: NON_VOTER last_known_addr { host: "127.0.107.196" port: 39763 } attrs { promote: true } } }
I20260608 12:38:54.933427  4914 raft_consensus.cc:2955] T 10ee9216b016457997fcfc4d2f484a19 P 0025a39a057140abaf34d8a1b940f179 [term 1 FOLLOWER]: Committing config change with OpId 1.24: config changed from index -1 to 24, NON_VOTER cbd88857ec384d3d9d0d217f069df750 (127.0.107.196) added. New config: { opid_index: 24 OBSOLETE_local: false peers { permanent_uuid: "0025a39a057140abaf34d8a1b940f179" member_type: VOTER last_known_addr { host: "127.0.107.193" port: 34097 } attrs { replace: true } } peers { permanent_uuid: "d0832140813049458952130fbc2734f9" member_type: VOTER last_known_addr { host: "127.0.107.194" port: 36059 } } peers { permanent_uuid: "6ac2100b3ad9401ab7bea1b349e42f30" member_type: VOTER last_known_addr { host: "127.0.107.195" port: 40759 } } peers { permanent_uuid: "cbd88857ec384d3d9d0d217f069df750" member_type: NON_VOTER last_known_addr { host: "127.0.107.196" port: 39763 } attrs { promote: true } } }
I20260608 12:38:54.943112  5402 heartbeater.cc:499] Master 127.0.107.254:39467 was elected leader, sending a full tablet report...
I20260608 12:38:54.945196  5058 consensus_queue.cc:237] T 82c18eb541a644ec838faac303073630 P 6ac2100b3ad9401ab7bea1b349e42f30 [LEADER]: Queue going to LEADER mode. State: All replicated index: 0, Majority replicated index: 25, Committed index: 25, Last appended: 1.25, Last appended by leader: 0, Current term: 1, Majority size: 2, State: 0, Mode: LEADER, active raft config: opid_index: 26 OBSOLETE_local: false peers { permanent_uuid: "0025a39a057140abaf34d8a1b940f179" member_type: VOTER last_known_addr { host: "127.0.107.193" port: 34097 } } peers { permanent_uuid: "d0832140813049458952130fbc2734f9" member_type: VOTER last_known_addr { host: "127.0.107.194" port: 36059 } attrs { replace: true } } peers { permanent_uuid: "6ac2100b3ad9401ab7bea1b349e42f30" member_type: VOTER last_known_addr { host: "127.0.107.195" port: 40759 } } peers { permanent_uuid: "c7cb81b416e04bb2885736189a904ac0" member_type: NON_VOTER last_known_addr { host: "127.0.107.198" port: 43667 } attrs { promote: true } }
I20260608 12:38:54.945567  4808 catalog_manager.cc:5696] T 10ee9216b016457997fcfc4d2f484a19 P 6ac2100b3ad9401ab7bea1b349e42f30 reported cstate change: config changed from index -1 to 24, NON_VOTER cbd88857ec384d3d9d0d217f069df750 (127.0.107.196) added. New cstate: current_term: 1 leader_uuid: "6ac2100b3ad9401ab7bea1b349e42f30" committed_config { opid_index: 24 OBSOLETE_local: false peers { permanent_uuid: "0025a39a057140abaf34d8a1b940f179" member_type: VOTER last_known_addr { host: "127.0.107.193" port: 34097 } attrs { replace: true } health_report { overall_health: HEALTHY } } peers { permanent_uuid: "d0832140813049458952130fbc2734f9" member_type: VOTER last_known_addr { host: "127.0.107.194" port: 36059 } health_report { overall_health: HEALTHY } } peers { permanent_uuid: "6ac2100b3ad9401ab7bea1b349e42f30" member_type: VOTER last_known_addr { host: "127.0.107.195" port: 40759 } health_report { overall_health: HEALTHY } } peers { permanent_uuid: "cbd88857ec384d3d9d0d217f069df750" member_type: NON_VOTER last_known_addr { host: "127.0.107.196" port: 39763 } attrs { promote: true } health_report { overall_health: UNKNOWN } } }
I20260608 12:38:54.956307  4988 raft_consensus.cc:1275] T 82c18eb541a644ec838faac303073630 P d0832140813049458952130fbc2734f9 [term 1 FOLLOWER]: Refusing update from remote peer 6ac2100b3ad9401ab7bea1b349e42f30: Log matching property violated. Preceding OpId in replica: term: 1 index: 25. Preceding OpId from leader: term: 1 index: 26. (index mismatch)
I20260608 12:38:54.959537  5575 consensus_queue.cc:1048] T 82c18eb541a644ec838faac303073630 P 6ac2100b3ad9401ab7bea1b349e42f30 [LEADER]: Connected to new peer: Peer: permanent_uuid: "d0832140813049458952130fbc2734f9" member_type: VOTER last_known_addr { host: "127.0.107.194" port: 36059 } attrs { replace: true }, Status: LMP_MISMATCH, Last received: 0.0, Next index: 26, Last known committed idx: 25, Time since last communication: 0.000s
I20260608 12:38:54.960446  4914 raft_consensus.cc:1275] T 82c18eb541a644ec838faac303073630 P 0025a39a057140abaf34d8a1b940f179 [term 1 FOLLOWER]: Refusing update from remote peer 6ac2100b3ad9401ab7bea1b349e42f30: Log matching property violated. Preceding OpId in replica: term: 1 index: 25. Preceding OpId from leader: term: 1 index: 26. (index mismatch)
I20260608 12:38:54.962396  5575 consensus_queue.cc:1048] T 82c18eb541a644ec838faac303073630 P 6ac2100b3ad9401ab7bea1b349e42f30 [LEADER]: Connected to new peer: Peer: permanent_uuid: "0025a39a057140abaf34d8a1b940f179" member_type: VOTER last_known_addr { host: "127.0.107.193" port: 34097 }, Status: LMP_MISMATCH, Last received: 0.0, Next index: 26, Last known committed idx: 25, Time since last communication: 0.000s
I20260608 12:38:54.971848  5325 raft_consensus.cc:2955] T 82c18eb541a644ec838faac303073630 P 6ac2100b3ad9401ab7bea1b349e42f30 [term 1 LEADER]: Committing config change with OpId 1.26: config changed from index -1 to 26, NON_VOTER c7cb81b416e04bb2885736189a904ac0 (127.0.107.198) added. New config: { opid_index: 26 OBSOLETE_local: false peers { permanent_uuid: "0025a39a057140abaf34d8a1b940f179" member_type: VOTER last_known_addr { host: "127.0.107.193" port: 34097 } } peers { permanent_uuid: "d0832140813049458952130fbc2734f9" member_type: VOTER last_known_addr { host: "127.0.107.194" port: 36059 } attrs { replace: true } } peers { permanent_uuid: "6ac2100b3ad9401ab7bea1b349e42f30" member_type: VOTER last_known_addr { host: "127.0.107.195" port: 40759 } } peers { permanent_uuid: "c7cb81b416e04bb2885736189a904ac0" member_type: NON_VOTER last_known_addr { host: "127.0.107.198" port: 43667 } attrs { promote: true } } }
W20260608 12:38:54.975981  5030 consensus_peers.cc:597] T 82c18eb541a644ec838faac303073630 P 6ac2100b3ad9401ab7bea1b349e42f30 -> Peer c7cb81b416e04bb2885736189a904ac0 (127.0.107.198:43667): Couldn't send request to peer c7cb81b416e04bb2885736189a904ac0. Error code: TABLET_NOT_FOUND (6). Status: Not found: Tablet not found: 82c18eb541a644ec838faac303073630. This is attempt 1: this message will repeat every 5th retry.
I20260608 12:38:54.974879  4914 raft_consensus.cc:2955] T 82c18eb541a644ec838faac303073630 P 0025a39a057140abaf34d8a1b940f179 [term 1 FOLLOWER]: Committing config change with OpId 1.26: config changed from index -1 to 26, NON_VOTER c7cb81b416e04bb2885736189a904ac0 (127.0.107.198) added. New config: { opid_index: 26 OBSOLETE_local: false peers { permanent_uuid: "0025a39a057140abaf34d8a1b940f179" member_type: VOTER last_known_addr { host: "127.0.107.193" port: 34097 } } peers { permanent_uuid: "d0832140813049458952130fbc2734f9" member_type: VOTER last_known_addr { host: "127.0.107.194" port: 36059 } attrs { replace: true } } peers { permanent_uuid: "6ac2100b3ad9401ab7bea1b349e42f30" member_type: VOTER last_known_addr { host: "127.0.107.195" port: 40759 } } peers { permanent_uuid: "c7cb81b416e04bb2885736189a904ac0" member_type: NON_VOTER last_known_addr { host: "127.0.107.198" port: 43667 } attrs { promote: true } } }
I20260608 12:38:54.982546  4988 raft_consensus.cc:2955] T 82c18eb541a644ec838faac303073630 P d0832140813049458952130fbc2734f9 [term 1 FOLLOWER]: Committing config change with OpId 1.26: config changed from index -1 to 26, NON_VOTER c7cb81b416e04bb2885736189a904ac0 (127.0.107.198) added. New config: { opid_index: 26 OBSOLETE_local: false peers { permanent_uuid: "0025a39a057140abaf34d8a1b940f179" member_type: VOTER last_known_addr { host: "127.0.107.193" port: 34097 } } peers { permanent_uuid: "d0832140813049458952130fbc2734f9" member_type: VOTER last_known_addr { host: "127.0.107.194" port: 36059 } attrs { replace: true } } peers { permanent_uuid: "6ac2100b3ad9401ab7bea1b349e42f30" member_type: VOTER last_known_addr { host: "127.0.107.195" port: 40759 } } peers { permanent_uuid: "c7cb81b416e04bb2885736189a904ac0" member_type: NON_VOTER last_known_addr { host: "127.0.107.198" port: 43667 } attrs { promote: true } } }
I20260608 12:38:54.988301  4809 catalog_manager.cc:5696] T 82c18eb541a644ec838faac303073630 P 6ac2100b3ad9401ab7bea1b349e42f30 reported cstate change: config changed from index -1 to 26, NON_VOTER c7cb81b416e04bb2885736189a904ac0 (127.0.107.198) added. New cstate: current_term: 1 leader_uuid: "6ac2100b3ad9401ab7bea1b349e42f30" committed_config { opid_index: 26 OBSOLETE_local: false peers { permanent_uuid: "0025a39a057140abaf34d8a1b940f179" member_type: VOTER last_known_addr { host: "127.0.107.193" port: 34097 } health_report { overall_health: HEALTHY } } peers { permanent_uuid: "d0832140813049458952130fbc2734f9" member_type: VOTER last_known_addr { host: "127.0.107.194" port: 36059 } attrs { replace: true } health_report { overall_health: HEALTHY } } peers { permanent_uuid: "6ac2100b3ad9401ab7bea1b349e42f30" member_type: VOTER last_known_addr { host: "127.0.107.195" port: 40759 } health_report { overall_health: HEALTHY } } peers { permanent_uuid: "c7cb81b416e04bb2885736189a904ac0" member_type: NON_VOTER last_known_addr { host: "127.0.107.198" port: 43667 } attrs { promote: true } health_report { overall_health: UNKNOWN } } }
I20260608 12:38:55.009258  4914 consensus_queue.cc:237] T 15cc83e28b2b46b7b9d0463e60dfd9eb P 0025a39a057140abaf34d8a1b940f179 [LEADER]: Queue going to LEADER mode. State: All replicated index: 0, Majority replicated index: 25, Committed index: 25, Last appended: 1.25, Last appended by leader: 0, Current term: 1, Majority size: 2, State: 0, Mode: LEADER, active raft config: opid_index: 26 OBSOLETE_local: false peers { permanent_uuid: "6ac2100b3ad9401ab7bea1b349e42f30" member_type: VOTER last_known_addr { host: "127.0.107.195" port: 40759 } } peers { permanent_uuid: "d0832140813049458952130fbc2734f9" member_type: VOTER last_known_addr { host: "127.0.107.194" port: 36059 } attrs { replace: true } } peers { permanent_uuid: "0025a39a057140abaf34d8a1b940f179" member_type: VOTER last_known_addr { host: "127.0.107.193" port: 34097 } } peers { permanent_uuid: "fd082cf9efc64fb9b467116eb97b0153" member_type: NON_VOTER last_known_addr { host: "127.0.107.197" port: 43473 } attrs { promote: true } }
I20260608 12:38:55.016606  4988 raft_consensus.cc:1275] T 15cc83e28b2b46b7b9d0463e60dfd9eb P d0832140813049458952130fbc2734f9 [term 1 FOLLOWER]: Refusing update from remote peer 0025a39a057140abaf34d8a1b940f179: Log matching property violated. Preceding OpId in replica: term: 1 index: 25. Preceding OpId from leader: term: 1 index: 26. (index mismatch)
I20260608 12:38:55.018321  5058 raft_consensus.cc:1275] T 15cc83e28b2b46b7b9d0463e60dfd9eb P 6ac2100b3ad9401ab7bea1b349e42f30 [term 1 FOLLOWER]: Refusing update from remote peer 0025a39a057140abaf34d8a1b940f179: Log matching property violated. Preceding OpId in replica: term: 1 index: 25. Preceding OpId from leader: term: 1 index: 26. (index mismatch)
I20260608 12:38:55.019274  5301 consensus_queue.cc:1048] T 15cc83e28b2b46b7b9d0463e60dfd9eb P 0025a39a057140abaf34d8a1b940f179 [LEADER]: Connected to new peer: Peer: permanent_uuid: "d0832140813049458952130fbc2734f9" member_type: VOTER last_known_addr { host: "127.0.107.194" port: 36059 } attrs { replace: true }, Status: LMP_MISMATCH, Last received: 0.0, Next index: 26, Last known committed idx: 25, Time since last communication: 0.001s
I20260608 12:38:55.020545  5582 consensus_queue.cc:1048] T 15cc83e28b2b46b7b9d0463e60dfd9eb P 0025a39a057140abaf34d8a1b940f179 [LEADER]: Connected to new peer: Peer: permanent_uuid: "6ac2100b3ad9401ab7bea1b349e42f30" member_type: VOTER last_known_addr { host: "127.0.107.195" port: 40759 }, Status: LMP_MISMATCH, Last received: 0.0, Next index: 26, Last known committed idx: 25, Time since last communication: 0.000s
I20260608 12:38:55.030174  5582 raft_consensus.cc:2955] T 15cc83e28b2b46b7b9d0463e60dfd9eb P 0025a39a057140abaf34d8a1b940f179 [term 1 LEADER]: Committing config change with OpId 1.26: config changed from index -1 to 26, NON_VOTER fd082cf9efc64fb9b467116eb97b0153 (127.0.107.197) added. New config: { opid_index: 26 OBSOLETE_local: false peers { permanent_uuid: "6ac2100b3ad9401ab7bea1b349e42f30" member_type: VOTER last_known_addr { host: "127.0.107.195" port: 40759 } } peers { permanent_uuid: "d0832140813049458952130fbc2734f9" member_type: VOTER last_known_addr { host: "127.0.107.194" port: 36059 } attrs { replace: true } } peers { permanent_uuid: "0025a39a057140abaf34d8a1b940f179" member_type: VOTER last_known_addr { host: "127.0.107.193" port: 34097 } } peers { permanent_uuid: "fd082cf9efc64fb9b467116eb97b0153" member_type: NON_VOTER last_known_addr { host: "127.0.107.197" port: 43473 } attrs { promote: true } } }
W20260608 12:38:55.031611  4879 consensus_peers.cc:597] T 15cc83e28b2b46b7b9d0463e60dfd9eb P 0025a39a057140abaf34d8a1b940f179 -> Peer fd082cf9efc64fb9b467116eb97b0153 (127.0.107.197:43473): Couldn't send request to peer fd082cf9efc64fb9b467116eb97b0153. Error code: TABLET_NOT_FOUND (6). Status: Not found: Tablet not found: 15cc83e28b2b46b7b9d0463e60dfd9eb. This is attempt 1: this message will repeat every 5th retry.
I20260608 12:38:55.032313  5058 raft_consensus.cc:2955] T 15cc83e28b2b46b7b9d0463e60dfd9eb P 6ac2100b3ad9401ab7bea1b349e42f30 [term 1 FOLLOWER]: Committing config change with OpId 1.26: config changed from index -1 to 26, NON_VOTER fd082cf9efc64fb9b467116eb97b0153 (127.0.107.197) added. New config: { opid_index: 26 OBSOLETE_local: false peers { permanent_uuid: "6ac2100b3ad9401ab7bea1b349e42f30" member_type: VOTER last_known_addr { host: "127.0.107.195" port: 40759 } } peers { permanent_uuid: "d0832140813049458952130fbc2734f9" member_type: VOTER last_known_addr { host: "127.0.107.194" port: 36059 } attrs { replace: true } } peers { permanent_uuid: "0025a39a057140abaf34d8a1b940f179" member_type: VOTER last_known_addr { host: "127.0.107.193" port: 34097 } } peers { permanent_uuid: "fd082cf9efc64fb9b467116eb97b0153" member_type: NON_VOTER last_known_addr { host: "127.0.107.197" port: 43473 } attrs { promote: true } } }
I20260608 12:38:55.036348  4988 raft_consensus.cc:2955] T 15cc83e28b2b46b7b9d0463e60dfd9eb P d0832140813049458952130fbc2734f9 [term 1 FOLLOWER]: Committing config change with OpId 1.26: config changed from index -1 to 26, NON_VOTER fd082cf9efc64fb9b467116eb97b0153 (127.0.107.197) added. New config: { opid_index: 26 OBSOLETE_local: false peers { permanent_uuid: "6ac2100b3ad9401ab7bea1b349e42f30" member_type: VOTER last_known_addr { host: "127.0.107.195" port: 40759 } } peers { permanent_uuid: "d0832140813049458952130fbc2734f9" member_type: VOTER last_known_addr { host: "127.0.107.194" port: 36059 } attrs { replace: true } } peers { permanent_uuid: "0025a39a057140abaf34d8a1b940f179" member_type: VOTER last_known_addr { host: "127.0.107.193" port: 34097 } } peers { permanent_uuid: "fd082cf9efc64fb9b467116eb97b0153" member_type: NON_VOTER last_known_addr { host: "127.0.107.197" port: 43473 } attrs { promote: true } } }
I20260608 12:38:55.047603  4808 catalog_manager.cc:5696] T 15cc83e28b2b46b7b9d0463e60dfd9eb P 6ac2100b3ad9401ab7bea1b349e42f30 reported cstate change: config changed from index -1 to 26, NON_VOTER fd082cf9efc64fb9b467116eb97b0153 (127.0.107.197) added. New cstate: current_term: 1 leader_uuid: "0025a39a057140abaf34d8a1b940f179" committed_config { opid_index: 26 OBSOLETE_local: false peers { permanent_uuid: "6ac2100b3ad9401ab7bea1b349e42f30" member_type: VOTER last_known_addr { host: "127.0.107.195" port: 40759 } } peers { permanent_uuid: "d0832140813049458952130fbc2734f9" member_type: VOTER last_known_addr { host: "127.0.107.194" port: 36059 } attrs { replace: true } } peers { permanent_uuid: "0025a39a057140abaf34d8a1b940f179" member_type: VOTER last_known_addr { host: "127.0.107.193" port: 34097 } } peers { permanent_uuid: "fd082cf9efc64fb9b467116eb97b0153" member_type: NON_VOTER last_known_addr { host: "127.0.107.197" port: 43473 } attrs { promote: true } } }
I20260608 12:38:55.053975  4988 consensus_queue.cc:237] T 01e137ba88a8466e993873d9df4f3a44 P d0832140813049458952130fbc2734f9 [LEADER]: Queue going to LEADER mode. State: All replicated index: 0, Majority replicated index: 24, Committed index: 24, Last appended: 1.24, Last appended by leader: 0, Current term: 1, Majority size: 2, State: 0, Mode: LEADER, active raft config: opid_index: 25 OBSOLETE_local: false peers { permanent_uuid: "0025a39a057140abaf34d8a1b940f179" member_type: VOTER last_known_addr { host: "127.0.107.193" port: 34097 } attrs { replace: true } } peers { permanent_uuid: "d0832140813049458952130fbc2734f9" member_type: VOTER last_known_addr { host: "127.0.107.194" port: 36059 } } peers { permanent_uuid: "6ac2100b3ad9401ab7bea1b349e42f30" member_type: VOTER last_known_addr { host: "127.0.107.195" port: 40759 } } peers { permanent_uuid: "c7cb81b416e04bb2885736189a904ac0" member_type: NON_VOTER last_known_addr { host: "127.0.107.198" port: 43667 } attrs { promote: true } }
I20260608 12:38:55.062965  5058 raft_consensus.cc:1275] T 01e137ba88a8466e993873d9df4f3a44 P 6ac2100b3ad9401ab7bea1b349e42f30 [term 1 FOLLOWER]: Refusing update from remote peer d0832140813049458952130fbc2734f9: Log matching property violated. Preceding OpId in replica: term: 1 index: 24. Preceding OpId from leader: term: 1 index: 25. (index mismatch)
I20260608 12:38:55.063047  4914 raft_consensus.cc:1275] T 01e137ba88a8466e993873d9df4f3a44 P 0025a39a057140abaf34d8a1b940f179 [term 1 FOLLOWER]: Refusing update from remote peer d0832140813049458952130fbc2734f9: Log matching property violated. Preceding OpId in replica: term: 1 index: 24. Preceding OpId from leader: term: 1 index: 25. (index mismatch)
I20260608 12:38:55.064726  5330 consensus_queue.cc:1048] T 01e137ba88a8466e993873d9df4f3a44 P d0832140813049458952130fbc2734f9 [LEADER]: Connected to new peer: Peer: permanent_uuid: "6ac2100b3ad9401ab7bea1b349e42f30" member_type: VOTER last_known_addr { host: "127.0.107.195" port: 40759 }, Status: LMP_MISMATCH, Last received: 0.0, Next index: 25, Last known committed idx: 24, Time since last communication: 0.000s
I20260608 12:38:55.065763  5559 consensus_queue.cc:1048] T 01e137ba88a8466e993873d9df4f3a44 P d0832140813049458952130fbc2734f9 [LEADER]: Connected to new peer: Peer: permanent_uuid: "0025a39a057140abaf34d8a1b940f179" member_type: VOTER last_known_addr { host: "127.0.107.193" port: 34097 } attrs { replace: true }, Status: LMP_MISMATCH, Last received: 0.0, Next index: 25, Last known committed idx: 24, Time since last communication: 0.000s
