I20260608 12:43:24.113416 16003 heartbeater.cc:344] Connected to a master server at 127.12.142.254:41721
I20260608 12:43:24.113847 16003 heartbeater.cc:461] Registering TS with master...
I20260608 12:43:24.114622 16003 heartbeater.cc:507] Master 127.12.142.254:41721 requested a full tablet report, sending...
I20260608 12:43:24.116677 15727 ts_manager.cc:194] Registered new tserver with Master: 6909fdb8cd3b476b9acbd664a1543d92 (127.12.142.195:36495)
I20260608 12:43:24.116993 12859 internal_mini_cluster.cc:371] 3 TS(s) registered with all masters after 0.014818301s
I20260608 12:43:24.118270 15727 master_service.cc:502] Signed X509 certificate for tserver {username='slave'} at 127.0.0.1:47912
I20260608 12:43:24.908955 15854 heartbeater.cc:499] Master 127.12.142.254:41721 was elected leader, sending a full tablet report...
I20260608 12:43:25.028574 15929 heartbeater.cc:499] Master 127.12.142.254:41721 was elected leader, sending a full tablet report...
I20260608 12:43:25.121006 16003 heartbeater.cc:499] Master 127.12.142.254:41721 was elected leader, sending a full tablet report...
I20260608 12:43:25.170693 15727 catalog_manager.cc:2282] Servicing CreateTable request from {username='slave'} at 127.0.0.1:47926:
name: "range_aware_rebalance_new_range"
schema {
  columns {
    name: "key"
    type: INT32
    is_key: true
    is_nullable: false
    encoding: AUTO_ENCODING
    compression: DEFAULT_COMPRESSION
    cfile_block_size: 0
    immutable: false
  }
}
num_replicas: 3
split_rows_range_bounds {
  rows: "\006\001\000\000\000\000\007\001\n\000\000\000""\006\001\000\000\000\000\007\001\n\000\000\000"
  indirect_data: """"
}
partition_schema {
  hash_schema {
    columns {
      name: "key"
    }
    num_buckets: 8
    seed: 0
  }
  range_schema {
    columns {
      name: "key"
    }
  }
}
W20260608 12:43:25.172832 15727 catalog_manager.cc:7076] The number of live tablet servers is not enough to re-replicate a tablet replica of the newly created table range_aware_rebalance_new_range in case of a server failure: 4 tablet servers would be needed, 3 are available. Consider bringing up more tablet servers.
I20260608 12:43:25.229197 15967 tablet_service.cc:1511] Processing CreateTablet for tablet 24a48d3a54484f2a80def7fa9da39e04 (DEFAULT_TABLE table=range_aware_rebalance_new_range [id=e9be0b8da2ec49ba88b8c28b6dae8f6b]), partition=HASH (key) PARTITION 1, RANGE (key) PARTITION 0 <= VALUES < 10
I20260608 12:43:25.230720 15967 data_dirs.cc:400] Could only allocate 1 dirs of requested 3 for tablet 24a48d3a54484f2a80def7fa9da39e04. 1 dirs total, 0 dirs full, 0 dirs failed
I20260608 12:43:25.230983 15966 tablet_service.cc:1511] Processing CreateTablet for tablet 7acbd50152874d31a4b2a980d14a804e (DEFAULT_TABLE table=range_aware_rebalance_new_range [id=e9be0b8da2ec49ba88b8c28b6dae8f6b]), partition=HASH (key) PARTITION 2, RANGE (key) PARTITION 0 <= VALUES < 10
I20260608 12:43:25.232699 15966 data_dirs.cc:400] Could only allocate 1 dirs of requested 3 for tablet 7acbd50152874d31a4b2a980d14a804e. 1 dirs total, 0 dirs full, 0 dirs failed
I20260608 12:43:25.229045 15968 tablet_service.cc:1511] Processing CreateTablet for tablet 77b35c3720b34812afbf839c985415a6 (DEFAULT_TABLE table=range_aware_rebalance_new_range [id=e9be0b8da2ec49ba88b8c28b6dae8f6b]), partition=HASH (key) PARTITION 0, RANGE (key) PARTITION 0 <= VALUES < 10
I20260608 12:43:25.234206 15968 data_dirs.cc:400] Could only allocate 1 dirs of requested 3 for tablet 77b35c3720b34812afbf839c985415a6. 1 dirs total, 0 dirs full, 0 dirs failed
I20260608 12:43:25.239207 15819 tablet_service.cc:1511] Processing CreateTablet for tablet 77b35c3720b34812afbf839c985415a6 (DEFAULT_TABLE table=range_aware_rebalance_new_range [id=e9be0b8da2ec49ba88b8c28b6dae8f6b]), partition=HASH (key) PARTITION 0, RANGE (key) PARTITION 0 <= VALUES < 10
I20260608 12:43:25.240878 15819 data_dirs.cc:400] Could only allocate 1 dirs of requested 3 for tablet 77b35c3720b34812afbf839c985415a6. 1 dirs total, 0 dirs full, 0 dirs failed
I20260608 12:43:25.254565 16023 tablet_bootstrap.cc:492] T 24a48d3a54484f2a80def7fa9da39e04 P 6909fdb8cd3b476b9acbd664a1543d92: Bootstrap starting.
I20260608 12:43:25.254843 15894 tablet_service.cc:1511] Processing CreateTablet for tablet 77b35c3720b34812afbf839c985415a6 (DEFAULT_TABLE table=range_aware_rebalance_new_range [id=e9be0b8da2ec49ba88b8c28b6dae8f6b]), partition=HASH (key) PARTITION 0, RANGE (key) PARTITION 0 <= VALUES < 10
I20260608 12:43:25.256258 15894 data_dirs.cc:400] Could only allocate 1 dirs of requested 3 for tablet 77b35c3720b34812afbf839c985415a6. 1 dirs total, 0 dirs full, 0 dirs failed
I20260608 12:43:25.255870 15817 tablet_service.cc:1511] Processing CreateTablet for tablet 7acbd50152874d31a4b2a980d14a804e (DEFAULT_TABLE table=range_aware_rebalance_new_range [id=e9be0b8da2ec49ba88b8c28b6dae8f6b]), partition=HASH (key) PARTITION 2, RANGE (key) PARTITION 0 <= VALUES < 10
I20260608 12:43:25.257315 15817 data_dirs.cc:400] Could only allocate 1 dirs of requested 3 for tablet 7acbd50152874d31a4b2a980d14a804e. 1 dirs total, 0 dirs full, 0 dirs failed
I20260608 12:43:25.254113 15818 tablet_service.cc:1511] Processing CreateTablet for tablet 24a48d3a54484f2a80def7fa9da39e04 (DEFAULT_TABLE table=range_aware_rebalance_new_range [id=e9be0b8da2ec49ba88b8c28b6dae8f6b]), partition=HASH (key) PARTITION 1, RANGE (key) PARTITION 0 <= VALUES < 10
I20260608 12:43:25.261288 16023 tablet_bootstrap.cc:654] T 24a48d3a54484f2a80def7fa9da39e04 P 6909fdb8cd3b476b9acbd664a1543d92: Neither blocks nor log segments found. Creating new log.
I20260608 12:43:25.261916 15818 data_dirs.cc:400] Could only allocate 1 dirs of requested 3 for tablet 24a48d3a54484f2a80def7fa9da39e04. 1 dirs total, 0 dirs full, 0 dirs failed
I20260608 12:43:25.261382 15893 tablet_service.cc:1511] Processing CreateTablet for tablet 24a48d3a54484f2a80def7fa9da39e04 (DEFAULT_TABLE table=range_aware_rebalance_new_range [id=e9be0b8da2ec49ba88b8c28b6dae8f6b]), partition=HASH (key) PARTITION 1, RANGE (key) PARTITION 0 <= VALUES < 10
I20260608 12:43:25.263541 15893 data_dirs.cc:400] Could only allocate 1 dirs of requested 3 for tablet 24a48d3a54484f2a80def7fa9da39e04. 1 dirs total, 0 dirs full, 0 dirs failed
I20260608 12:43:25.269167 15892 tablet_service.cc:1511] Processing CreateTablet for tablet 7acbd50152874d31a4b2a980d14a804e (DEFAULT_TABLE table=range_aware_rebalance_new_range [id=e9be0b8da2ec49ba88b8c28b6dae8f6b]), partition=HASH (key) PARTITION 2, RANGE (key) PARTITION 0 <= VALUES < 10
I20260608 12:43:25.270793 15892 data_dirs.cc:400] Could only allocate 1 dirs of requested 3 for tablet 7acbd50152874d31a4b2a980d14a804e. 1 dirs total, 0 dirs full, 0 dirs failed
I20260608 12:43:25.274893 15816 tablet_service.cc:1511] Processing CreateTablet for tablet 53ee497316094bdd817b75b3961214b6 (DEFAULT_TABLE table=range_aware_rebalance_new_range [id=e9be0b8da2ec49ba88b8c28b6dae8f6b]), partition=HASH (key) PARTITION 3, RANGE (key) PARTITION 0 <= VALUES < 10
I20260608 12:43:25.276414 15816 data_dirs.cc:400] Could only allocate 1 dirs of requested 3 for tablet 53ee497316094bdd817b75b3961214b6. 1 dirs total, 0 dirs full, 0 dirs failed
I20260608 12:43:25.277182 15891 tablet_service.cc:1511] Processing CreateTablet for tablet 53ee497316094bdd817b75b3961214b6 (DEFAULT_TABLE table=range_aware_rebalance_new_range [id=e9be0b8da2ec49ba88b8c28b6dae8f6b]), partition=HASH (key) PARTITION 3, RANGE (key) PARTITION 0 <= VALUES < 10
I20260608 12:43:25.278597 15891 data_dirs.cc:400] Could only allocate 1 dirs of requested 3 for tablet 53ee497316094bdd817b75b3961214b6. 1 dirs total, 0 dirs full, 0 dirs failed
I20260608 12:43:25.280910 15815 tablet_service.cc:1511] Processing CreateTablet for tablet fdfdbd2f72244ac4ba2d81d8f9500cb3 (DEFAULT_TABLE table=range_aware_rebalance_new_range [id=e9be0b8da2ec49ba88b8c28b6dae8f6b]), partition=HASH (key) PARTITION 4, RANGE (key) PARTITION 0 <= VALUES < 10
I20260608 12:43:25.282303 15815 data_dirs.cc:400] Could only allocate 1 dirs of requested 3 for tablet fdfdbd2f72244ac4ba2d81d8f9500cb3. 1 dirs total, 0 dirs full, 0 dirs failed
I20260608 12:43:25.283244 16023 tablet_bootstrap.cc:492] T 24a48d3a54484f2a80def7fa9da39e04 P 6909fdb8cd3b476b9acbd664a1543d92: No bootstrap required, opened a new log
I20260608 12:43:25.283715 16023 ts_tablet_manager.cc:1403] T 24a48d3a54484f2a80def7fa9da39e04 P 6909fdb8cd3b476b9acbd664a1543d92: Time spent bootstrapping tablet: real 0.029s	user 0.011s	sys 0.000s
I20260608 12:43:25.284698 15967 tablet_service.cc:1511] Processing CreateTablet for tablet 53ee497316094bdd817b75b3961214b6 (DEFAULT_TABLE table=range_aware_rebalance_new_range [id=e9be0b8da2ec49ba88b8c28b6dae8f6b]), partition=HASH (key) PARTITION 3, RANGE (key) PARTITION 0 <= VALUES < 10
I20260608 12:43:25.286832 16023 raft_consensus.cc:359] T 24a48d3a54484f2a80def7fa9da39e04 P 6909fdb8cd3b476b9acbd664a1543d92 [term 0 FOLLOWER]: Replica starting. Triggering 0 pending ops. Active config: opid_index: -1 OBSOLETE_local: false peers { permanent_uuid: "6469366e222c42e0a7cfd2b8eb4c9499" member_type: VOTER last_known_addr { host: "127.12.142.193" port: 38797 } } peers { permanent_uuid: "e7a3e4f65d694c04b87f5f9e919447ed" member_type: VOTER last_known_addr { host: "127.12.142.194" port: 34723 } } peers { permanent_uuid: "6909fdb8cd3b476b9acbd664a1543d92" member_type: VOTER last_known_addr { host: "127.12.142.195" port: 36495 } }
I20260608 12:43:25.290200 16023 raft_consensus.cc:385] T 24a48d3a54484f2a80def7fa9da39e04 P 6909fdb8cd3b476b9acbd664a1543d92 [term 0 FOLLOWER]: Consensus starting up: Expiring failure detector timer to make a prompt election more likely
I20260608 12:43:25.292945 16023 raft_consensus.cc:740] T 24a48d3a54484f2a80def7fa9da39e04 P 6909fdb8cd3b476b9acbd664a1543d92 [term 0 FOLLOWER]: Becoming Follower/Learner. State: Replica: 6909fdb8cd3b476b9acbd664a1543d92, State: Initialized, Role: FOLLOWER
I20260608 12:43:25.288214 15965 tablet_service.cc:1511] Processing CreateTablet for tablet fdfdbd2f72244ac4ba2d81d8f9500cb3 (DEFAULT_TABLE table=range_aware_rebalance_new_range [id=e9be0b8da2ec49ba88b8c28b6dae8f6b]), partition=HASH (key) PARTITION 4, RANGE (key) PARTITION 0 <= VALUES < 10
I20260608 12:43:25.294021 15814 tablet_service.cc:1511] Processing CreateTablet for tablet 9688a7db7e994830af0b0c983864db05 (DEFAULT_TABLE table=range_aware_rebalance_new_range [id=e9be0b8da2ec49ba88b8c28b6dae8f6b]), partition=HASH (key) PARTITION 5, RANGE (key) PARTITION 0 <= VALUES < 10
I20260608 12:43:25.289453 15890 tablet_service.cc:1511] Processing CreateTablet for tablet fdfdbd2f72244ac4ba2d81d8f9500cb3 (DEFAULT_TABLE table=range_aware_rebalance_new_range [id=e9be0b8da2ec49ba88b8c28b6dae8f6b]), partition=HASH (key) PARTITION 4, RANGE (key) PARTITION 0 <= VALUES < 10
I20260608 12:43:25.296036 15814 data_dirs.cc:400] Could only allocate 1 dirs of requested 3 for tablet 9688a7db7e994830af0b0c983864db05. 1 dirs total, 0 dirs full, 0 dirs failed
I20260608 12:43:25.295814 16023 consensus_queue.cc:260] T 24a48d3a54484f2a80def7fa9da39e04 P 6909fdb8cd3b476b9acbd664a1543d92 [NON_LEADER]: Queue going to NON_LEADER mode. State: All replicated index: 0, Majority replicated index: 0, Committed index: 0, Last appended: 0.0, Last appended by leader: 0, Current term: 0, Majority size: -1, State: 0, Mode: NON_LEADER, active raft config: opid_index: -1 OBSOLETE_local: false peers { permanent_uuid: "6469366e222c42e0a7cfd2b8eb4c9499" member_type: VOTER last_known_addr { host: "127.12.142.193" port: 38797 } } peers { permanent_uuid: "e7a3e4f65d694c04b87f5f9e919447ed" member_type: VOTER last_known_addr { host: "127.12.142.194" port: 34723 } } peers { permanent_uuid: "6909fdb8cd3b476b9acbd664a1543d92" member_type: VOTER last_known_addr { host: "127.12.142.195" port: 36495 } }
I20260608 12:43:25.298410 15964 tablet_service.cc:1511] Processing CreateTablet for tablet 9688a7db7e994830af0b0c983864db05 (DEFAULT_TABLE table=range_aware_rebalance_new_range [id=e9be0b8da2ec49ba88b8c28b6dae8f6b]), partition=HASH (key) PARTITION 5, RANGE (key) PARTITION 0 <= VALUES < 10
I20260608 12:43:25.299968 15967 data_dirs.cc:400] Could only allocate 1 dirs of requested 3 for tablet 53ee497316094bdd817b75b3961214b6. 1 dirs total, 0 dirs full, 0 dirs failed
I20260608 12:43:25.300618 15890 data_dirs.cc:400] Could only allocate 1 dirs of requested 3 for tablet fdfdbd2f72244ac4ba2d81d8f9500cb3. 1 dirs total, 0 dirs full, 0 dirs failed
I20260608 12:43:25.304527 15889 tablet_service.cc:1511] Processing CreateTablet for tablet 9688a7db7e994830af0b0c983864db05 (DEFAULT_TABLE table=range_aware_rebalance_new_range [id=e9be0b8da2ec49ba88b8c28b6dae8f6b]), partition=HASH (key) PARTITION 5, RANGE (key) PARTITION 0 <= VALUES < 10
I20260608 12:43:25.306082 15889 data_dirs.cc:400] Could only allocate 1 dirs of requested 3 for tablet 9688a7db7e994830af0b0c983864db05. 1 dirs total, 0 dirs full, 0 dirs failed
I20260608 12:43:25.305012 15964 data_dirs.cc:400] Could only allocate 1 dirs of requested 3 for tablet 9688a7db7e994830af0b0c983864db05. 1 dirs total, 0 dirs full, 0 dirs failed
I20260608 12:43:25.308203 15817 tablet_service.cc:1511] Processing CreateTablet for tablet 3b2585e98a434defb7436abc5bf994fb (DEFAULT_TABLE table=range_aware_rebalance_new_range [id=e9be0b8da2ec49ba88b8c28b6dae8f6b]), partition=HASH (key) PARTITION 6, RANGE (key) PARTITION 0 <= VALUES < 10
I20260608 12:43:25.309584 15817 data_dirs.cc:400] Could only allocate 1 dirs of requested 3 for tablet 3b2585e98a434defb7436abc5bf994fb. 1 dirs total, 0 dirs full, 0 dirs failed
I20260608 12:43:25.311560 15965 data_dirs.cc:400] Could only allocate 1 dirs of requested 3 for tablet fdfdbd2f72244ac4ba2d81d8f9500cb3. 1 dirs total, 0 dirs full, 0 dirs failed
I20260608 12:43:25.324968 15968 tablet_service.cc:1511] Processing CreateTablet for tablet 3b2585e98a434defb7436abc5bf994fb (DEFAULT_TABLE table=range_aware_rebalance_new_range [id=e9be0b8da2ec49ba88b8c28b6dae8f6b]), partition=HASH (key) PARTITION 6, RANGE (key) PARTITION 0 <= VALUES < 10
I20260608 12:43:25.325342 15888 tablet_service.cc:1511] Processing CreateTablet for tablet 3b2585e98a434defb7436abc5bf994fb (DEFAULT_TABLE table=range_aware_rebalance_new_range [id=e9be0b8da2ec49ba88b8c28b6dae8f6b]), partition=HASH (key) PARTITION 6, RANGE (key) PARTITION 0 <= VALUES < 10
I20260608 12:43:25.326434 15968 data_dirs.cc:400] Could only allocate 1 dirs of requested 3 for tablet 3b2585e98a434defb7436abc5bf994fb. 1 dirs total, 0 dirs full, 0 dirs failed
I20260608 12:43:25.326799 15888 data_dirs.cc:400] Could only allocate 1 dirs of requested 3 for tablet 3b2585e98a434defb7436abc5bf994fb. 1 dirs total, 0 dirs full, 0 dirs failed
I20260608 12:43:25.328722 15818 tablet_service.cc:1511] Processing CreateTablet for tablet a8b2c15731ce4503bdded8f8a38bb503 (DEFAULT_TABLE table=range_aware_rebalance_new_range [id=e9be0b8da2ec49ba88b8c28b6dae8f6b]), partition=HASH (key) PARTITION 7, RANGE (key) PARTITION 0 <= VALUES < 10
I20260608 12:43:25.330142 15818 data_dirs.cc:400] Could only allocate 1 dirs of requested 3 for tablet a8b2c15731ce4503bdded8f8a38bb503. 1 dirs total, 0 dirs full, 0 dirs failed
I20260608 12:43:25.331045 15966 tablet_service.cc:1511] Processing CreateTablet for tablet a8b2c15731ce4503bdded8f8a38bb503 (DEFAULT_TABLE table=range_aware_rebalance_new_range [id=e9be0b8da2ec49ba88b8c28b6dae8f6b]), partition=HASH (key) PARTITION 7, RANGE (key) PARTITION 0 <= VALUES < 10
I20260608 12:43:25.332445 15966 data_dirs.cc:400] Could only allocate 1 dirs of requested 3 for tablet a8b2c15731ce4503bdded8f8a38bb503. 1 dirs total, 0 dirs full, 0 dirs failed
I20260608 12:43:25.333317 15887 tablet_service.cc:1511] Processing CreateTablet for tablet a8b2c15731ce4503bdded8f8a38bb503 (DEFAULT_TABLE table=range_aware_rebalance_new_range [id=e9be0b8da2ec49ba88b8c28b6dae8f6b]), partition=HASH (key) PARTITION 7, RANGE (key) PARTITION 0 <= VALUES < 10
I20260608 12:43:25.334705 15887 data_dirs.cc:400] Could only allocate 1 dirs of requested 3 for tablet a8b2c15731ce4503bdded8f8a38bb503. 1 dirs total, 0 dirs full, 0 dirs failed
I20260608 12:43:25.294631 16024 tablet_bootstrap.cc:492] T 77b35c3720b34812afbf839c985415a6 P 6469366e222c42e0a7cfd2b8eb4c9499: Bootstrap starting.
I20260608 12:43:25.353619 16023 ts_tablet_manager.cc:1434] T 24a48d3a54484f2a80def7fa9da39e04 P 6909fdb8cd3b476b9acbd664a1543d92: Time spent starting tablet: real 0.070s	user 0.008s	sys 0.007s
I20260608 12:43:25.370013 16027 tablet_bootstrap.cc:492] T 77b35c3720b34812afbf839c985415a6 P e7a3e4f65d694c04b87f5f9e919447ed: Bootstrap starting.
I20260608 12:43:25.375344 16023 tablet_bootstrap.cc:492] T 7acbd50152874d31a4b2a980d14a804e P 6909fdb8cd3b476b9acbd664a1543d92: Bootstrap starting.
I20260608 12:43:25.382768 16024 tablet_bootstrap.cc:654] T 77b35c3720b34812afbf839c985415a6 P 6469366e222c42e0a7cfd2b8eb4c9499: Neither blocks nor log segments found. Creating new log.
I20260608 12:43:25.382972 16027 tablet_bootstrap.cc:654] T 77b35c3720b34812afbf839c985415a6 P e7a3e4f65d694c04b87f5f9e919447ed: Neither blocks nor log segments found. Creating new log.
I20260608 12:43:25.383201 16023 tablet_bootstrap.cc:654] T 7acbd50152874d31a4b2a980d14a804e P 6909fdb8cd3b476b9acbd664a1543d92: Neither blocks nor log segments found. Creating new log.
I20260608 12:43:25.401527 16027 tablet_bootstrap.cc:492] T 77b35c3720b34812afbf839c985415a6 P e7a3e4f65d694c04b87f5f9e919447ed: No bootstrap required, opened a new log
I20260608 12:43:25.401774 16024 tablet_bootstrap.cc:492] T 77b35c3720b34812afbf839c985415a6 P 6469366e222c42e0a7cfd2b8eb4c9499: No bootstrap required, opened a new log
I20260608 12:43:25.401794 16023 tablet_bootstrap.cc:492] T 7acbd50152874d31a4b2a980d14a804e P 6909fdb8cd3b476b9acbd664a1543d92: No bootstrap required, opened a new log
I20260608 12:43:25.402133 16027 ts_tablet_manager.cc:1403] T 77b35c3720b34812afbf839c985415a6 P e7a3e4f65d694c04b87f5f9e919447ed: Time spent bootstrapping tablet: real 0.032s	user 0.007s	sys 0.011s
I20260608 12:43:25.402493 16024 ts_tablet_manager.cc:1403] T 77b35c3720b34812afbf839c985415a6 P 6469366e222c42e0a7cfd2b8eb4c9499: Time spent bootstrapping tablet: real 0.108s	user 0.012s	sys 0.000s
I20260608 12:43:25.402601 16023 ts_tablet_manager.cc:1403] T 7acbd50152874d31a4b2a980d14a804e P 6909fdb8cd3b476b9acbd664a1543d92: Time spent bootstrapping tablet: real 0.028s	user 0.008s	sys 0.002s
I20260608 12:43:25.405326 16027 raft_consensus.cc:359] T 77b35c3720b34812afbf839c985415a6 P e7a3e4f65d694c04b87f5f9e919447ed [term 0 FOLLOWER]: Replica starting. Triggering 0 pending ops. Active config: opid_index: -1 OBSOLETE_local: false peers { permanent_uuid: "6469366e222c42e0a7cfd2b8eb4c9499" member_type: VOTER last_known_addr { host: "127.12.142.193" port: 38797 } } peers { permanent_uuid: "6909fdb8cd3b476b9acbd664a1543d92" member_type: VOTER last_known_addr { host: "127.12.142.195" port: 36495 } } peers { permanent_uuid: "e7a3e4f65d694c04b87f5f9e919447ed" member_type: VOTER last_known_addr { host: "127.12.142.194" port: 34723 } }
I20260608 12:43:25.405941 16027 raft_consensus.cc:385] T 77b35c3720b34812afbf839c985415a6 P e7a3e4f65d694c04b87f5f9e919447ed [term 0 FOLLOWER]: Consensus starting up: Expiring failure detector timer to make a prompt election more likely
I20260608 12:43:25.405719 16023 raft_consensus.cc:359] T 7acbd50152874d31a4b2a980d14a804e P 6909fdb8cd3b476b9acbd664a1543d92 [term 0 FOLLOWER]: Replica starting. Triggering 0 pending ops. Active config: opid_index: -1 OBSOLETE_local: false peers { permanent_uuid: "6469366e222c42e0a7cfd2b8eb4c9499" member_type: VOTER last_known_addr { host: "127.12.142.193" port: 38797 } } peers { permanent_uuid: "e7a3e4f65d694c04b87f5f9e919447ed" member_type: VOTER last_known_addr { host: "127.12.142.194" port: 34723 } } peers { permanent_uuid: "6909fdb8cd3b476b9acbd664a1543d92" member_type: VOTER last_known_addr { host: "127.12.142.195" port: 36495 } }
I20260608 12:43:25.406314 16027 raft_consensus.cc:740] T 77b35c3720b34812afbf839c985415a6 P e7a3e4f65d694c04b87f5f9e919447ed [term 0 FOLLOWER]: Becoming Follower/Learner. State: Replica: e7a3e4f65d694c04b87f5f9e919447ed, State: Initialized, Role: FOLLOWER
I20260608 12:43:25.406143 16024 raft_consensus.cc:359] T 77b35c3720b34812afbf839c985415a6 P 6469366e222c42e0a7cfd2b8eb4c9499 [term 0 FOLLOWER]: Replica starting. Triggering 0 pending ops. Active config: opid_index: -1 OBSOLETE_local: false peers { permanent_uuid: "6469366e222c42e0a7cfd2b8eb4c9499" member_type: VOTER last_known_addr { host: "127.12.142.193" port: 38797 } } peers { permanent_uuid: "6909fdb8cd3b476b9acbd664a1543d92" member_type: VOTER last_known_addr { host: "127.12.142.195" port: 36495 } } peers { permanent_uuid: "e7a3e4f65d694c04b87f5f9e919447ed" member_type: VOTER last_known_addr { host: "127.12.142.194" port: 34723 } }
I20260608 12:43:25.406546 16023 raft_consensus.cc:385] T 7acbd50152874d31a4b2a980d14a804e P 6909fdb8cd3b476b9acbd664a1543d92 [term 0 FOLLOWER]: Consensus starting up: Expiring failure detector timer to make a prompt election more likely
I20260608 12:43:25.406941 16024 raft_consensus.cc:385] T 77b35c3720b34812afbf839c985415a6 P 6469366e222c42e0a7cfd2b8eb4c9499 [term 0 FOLLOWER]: Consensus starting up: Expiring failure detector timer to make a prompt election more likely
I20260608 12:43:25.406998 16023 raft_consensus.cc:740] T 7acbd50152874d31a4b2a980d14a804e P 6909fdb8cd3b476b9acbd664a1543d92 [term 0 FOLLOWER]: Becoming Follower/Learner. State: Replica: 6909fdb8cd3b476b9acbd664a1543d92, State: Initialized, Role: FOLLOWER
I20260608 12:43:25.407260 16024 raft_consensus.cc:740] T 77b35c3720b34812afbf839c985415a6 P 6469366e222c42e0a7cfd2b8eb4c9499 [term 0 FOLLOWER]: Becoming Follower/Learner. State: Replica: 6469366e222c42e0a7cfd2b8eb4c9499, State: Initialized, Role: FOLLOWER
I20260608 12:43:25.407207 16027 consensus_queue.cc:260] T 77b35c3720b34812afbf839c985415a6 P e7a3e4f65d694c04b87f5f9e919447ed [NON_LEADER]: Queue going to NON_LEADER mode. State: All replicated index: 0, Majority replicated index: 0, Committed index: 0, Last appended: 0.0, Last appended by leader: 0, Current term: 0, Majority size: -1, State: 0, Mode: NON_LEADER, active raft config: opid_index: -1 OBSOLETE_local: false peers { permanent_uuid: "6469366e222c42e0a7cfd2b8eb4c9499" member_type: VOTER last_known_addr { host: "127.12.142.193" port: 38797 } } peers { permanent_uuid: "6909fdb8cd3b476b9acbd664a1543d92" member_type: VOTER last_known_addr { host: "127.12.142.195" port: 36495 } } peers { permanent_uuid: "e7a3e4f65d694c04b87f5f9e919447ed" member_type: VOTER last_known_addr { host: "127.12.142.194" port: 34723 } }
I20260608 12:43:25.407938 16023 consensus_queue.cc:260] T 7acbd50152874d31a4b2a980d14a804e P 6909fdb8cd3b476b9acbd664a1543d92 [NON_LEADER]: Queue going to NON_LEADER mode. State: All replicated index: 0, Majority replicated index: 0, Committed index: 0, Last appended: 0.0, Last appended by leader: 0, Current term: 0, Majority size: -1, State: 0, Mode: NON_LEADER, active raft config: opid_index: -1 OBSOLETE_local: false peers { permanent_uuid: "6469366e222c42e0a7cfd2b8eb4c9499" member_type: VOTER last_known_addr { host: "127.12.142.193" port: 38797 } } peers { permanent_uuid: "e7a3e4f65d694c04b87f5f9e919447ed" member_type: VOTER last_known_addr { host: "127.12.142.194" port: 34723 } } peers { permanent_uuid: "6909fdb8cd3b476b9acbd664a1543d92" member_type: VOTER last_known_addr { host: "127.12.142.195" port: 36495 } }
I20260608 12:43:25.408157 16024 consensus_queue.cc:260] T 77b35c3720b34812afbf839c985415a6 P 6469366e222c42e0a7cfd2b8eb4c9499 [NON_LEADER]: Queue going to NON_LEADER mode. State: All replicated index: 0, Majority replicated index: 0, Committed index: 0, Last appended: 0.0, Last appended by leader: 0, Current term: 0, Majority size: -1, State: 0, Mode: NON_LEADER, active raft config: opid_index: -1 OBSOLETE_local: false peers { permanent_uuid: "6469366e222c42e0a7cfd2b8eb4c9499" member_type: VOTER last_known_addr { host: "127.12.142.193" port: 38797 } } peers { permanent_uuid: "6909fdb8cd3b476b9acbd664a1543d92" member_type: VOTER last_known_addr { host: "127.12.142.195" port: 36495 } } peers { permanent_uuid: "e7a3e4f65d694c04b87f5f9e919447ed" member_type: VOTER last_known_addr { host: "127.12.142.194" port: 34723 } }
I20260608 12:43:25.410118 16023 ts_tablet_manager.cc:1434] T 7acbd50152874d31a4b2a980d14a804e P 6909fdb8cd3b476b9acbd664a1543d92: Time spent starting tablet: real 0.007s	user 0.002s	sys 0.003s
I20260608 12:43:25.411154 16024 ts_tablet_manager.cc:1434] T 77b35c3720b34812afbf839c985415a6 P 6469366e222c42e0a7cfd2b8eb4c9499: Time spent starting tablet: real 0.008s	user 0.006s	sys 0.000s
I20260608 12:43:25.411316 16023 tablet_bootstrap.cc:492] T 77b35c3720b34812afbf839c985415a6 P 6909fdb8cd3b476b9acbd664a1543d92: Bootstrap starting.
I20260608 12:43:25.412714 16024 tablet_bootstrap.cc:492] T 24a48d3a54484f2a80def7fa9da39e04 P 6469366e222c42e0a7cfd2b8eb4c9499: Bootstrap starting.
I20260608 12:43:25.419585 16024 tablet_bootstrap.cc:654] T 24a48d3a54484f2a80def7fa9da39e04 P 6469366e222c42e0a7cfd2b8eb4c9499: Neither blocks nor log segments found. Creating new log.
I20260608 12:43:25.419833 16023 tablet_bootstrap.cc:654] T 77b35c3720b34812afbf839c985415a6 P 6909fdb8cd3b476b9acbd664a1543d92: Neither blocks nor log segments found. Creating new log.
I20260608 12:43:25.430223 16024 tablet_bootstrap.cc:492] T 24a48d3a54484f2a80def7fa9da39e04 P 6469366e222c42e0a7cfd2b8eb4c9499: No bootstrap required, opened a new log
I20260608 12:43:25.430655 16024 ts_tablet_manager.cc:1403] T 24a48d3a54484f2a80def7fa9da39e04 P 6469366e222c42e0a7cfd2b8eb4c9499: Time spent bootstrapping tablet: real 0.018s	user 0.010s	sys 0.005s
I20260608 12:43:25.431391 16023 tablet_bootstrap.cc:492] T 77b35c3720b34812afbf839c985415a6 P 6909fdb8cd3b476b9acbd664a1543d92: No bootstrap required, opened a new log
I20260608 12:43:25.431968 16023 ts_tablet_manager.cc:1403] T 77b35c3720b34812afbf839c985415a6 P 6909fdb8cd3b476b9acbd664a1543d92: Time spent bootstrapping tablet: real 0.021s	user 0.011s	sys 0.007s
I20260608 12:43:25.433086 16027 ts_tablet_manager.cc:1434] T 77b35c3720b34812afbf839c985415a6 P e7a3e4f65d694c04b87f5f9e919447ed: Time spent starting tablet: real 0.031s	user 0.005s	sys 0.008s
I20260608 12:43:25.433156 16024 raft_consensus.cc:359] T 24a48d3a54484f2a80def7fa9da39e04 P 6469366e222c42e0a7cfd2b8eb4c9499 [term 0 FOLLOWER]: Replica starting. Triggering 0 pending ops. Active config: opid_index: -1 OBSOLETE_local: false peers { permanent_uuid: "6469366e222c42e0a7cfd2b8eb4c9499" member_type: VOTER last_known_addr { host: "127.12.142.193" port: 38797 } } peers { permanent_uuid: "e7a3e4f65d694c04b87f5f9e919447ed" member_type: VOTER last_known_addr { host: "127.12.142.194" port: 34723 } } peers { permanent_uuid: "6909fdb8cd3b476b9acbd664a1543d92" member_type: VOTER last_known_addr { host: "127.12.142.195" port: 36495 } }
I20260608 12:43:25.434387 16024 raft_consensus.cc:385] T 24a48d3a54484f2a80def7fa9da39e04 P 6469366e222c42e0a7cfd2b8eb4c9499 [term 0 FOLLOWER]: Consensus starting up: Expiring failure detector timer to make a prompt election more likely
I20260608 12:43:25.434605 16027 tablet_bootstrap.cc:492] T 7acbd50152874d31a4b2a980d14a804e P e7a3e4f65d694c04b87f5f9e919447ed: Bootstrap starting.
I20260608 12:43:25.434778 16024 raft_consensus.cc:740] T 24a48d3a54484f2a80def7fa9da39e04 P 6469366e222c42e0a7cfd2b8eb4c9499 [term 0 FOLLOWER]: Becoming Follower/Learner. State: Replica: 6469366e222c42e0a7cfd2b8eb4c9499, State: Initialized, Role: FOLLOWER
I20260608 12:43:25.435804 16024 consensus_queue.cc:260] T 24a48d3a54484f2a80def7fa9da39e04 P 6469366e222c42e0a7cfd2b8eb4c9499 [NON_LEADER]: Queue going to NON_LEADER mode. State: All replicated index: 0, Majority replicated index: 0, Committed index: 0, Last appended: 0.0, Last appended by leader: 0, Current term: 0, Majority size: -1, State: 0, Mode: NON_LEADER, active raft config: opid_index: -1 OBSOLETE_local: false peers { permanent_uuid: "6469366e222c42e0a7cfd2b8eb4c9499" member_type: VOTER last_known_addr { host: "127.12.142.193" port: 38797 } } peers { permanent_uuid: "e7a3e4f65d694c04b87f5f9e919447ed" member_type: VOTER last_known_addr { host: "127.12.142.194" port: 34723 } } peers { permanent_uuid: "6909fdb8cd3b476b9acbd664a1543d92" member_type: VOTER last_known_addr { host: "127.12.142.195" port: 36495 } }
I20260608 12:43:25.436344 16023 raft_consensus.cc:359] T 77b35c3720b34812afbf839c985415a6 P 6909fdb8cd3b476b9acbd664a1543d92 [term 0 FOLLOWER]: Replica starting. Triggering 0 pending ops. Active config: opid_index: -1 OBSOLETE_local: false peers { permanent_uuid: "6469366e222c42e0a7cfd2b8eb4c9499" member_type: VOTER last_known_addr { host: "127.12.142.193" port: 38797 } } peers { permanent_uuid: "6909fdb8cd3b476b9acbd664a1543d92" member_type: VOTER last_known_addr { host: "127.12.142.195" port: 36495 } } peers { permanent_uuid: "e7a3e4f65d694c04b87f5f9e919447ed" member_type: VOTER last_known_addr { host: "127.12.142.194" port: 34723 } }
I20260608 12:43:25.437141 16023 raft_consensus.cc:385] T 77b35c3720b34812afbf839c985415a6 P 6909fdb8cd3b476b9acbd664a1543d92 [term 0 FOLLOWER]: Consensus starting up: Expiring failure detector timer to make a prompt election more likely
I20260608 12:43:25.437489 16023 raft_consensus.cc:740] T 77b35c3720b34812afbf839c985415a6 P 6909fdb8cd3b476b9acbd664a1543d92 [term 0 FOLLOWER]: Becoming Follower/Learner. State: Replica: 6909fdb8cd3b476b9acbd664a1543d92, State: Initialized, Role: FOLLOWER
I20260608 12:43:25.439708 16024 ts_tablet_manager.cc:1434] T 24a48d3a54484f2a80def7fa9da39e04 P 6469366e222c42e0a7cfd2b8eb4c9499: Time spent starting tablet: real 0.009s	user 0.007s	sys 0.000s
I20260608 12:43:25.440827 16024 tablet_bootstrap.cc:492] T 53ee497316094bdd817b75b3961214b6 P 6469366e222c42e0a7cfd2b8eb4c9499: Bootstrap starting.
I20260608 12:43:25.441288 16027 tablet_bootstrap.cc:654] T 7acbd50152874d31a4b2a980d14a804e P e7a3e4f65d694c04b87f5f9e919447ed: Neither blocks nor log segments found. Creating new log.
I20260608 12:43:25.445449 16023 consensus_queue.cc:260] T 77b35c3720b34812afbf839c985415a6 P 6909fdb8cd3b476b9acbd664a1543d92 [NON_LEADER]: Queue going to NON_LEADER mode. State: All replicated index: 0, Majority replicated index: 0, Committed index: 0, Last appended: 0.0, Last appended by leader: 0, Current term: 0, Majority size: -1, State: 0, Mode: NON_LEADER, active raft config: opid_index: -1 OBSOLETE_local: false peers { permanent_uuid: "6469366e222c42e0a7cfd2b8eb4c9499" member_type: VOTER last_known_addr { host: "127.12.142.193" port: 38797 } } peers { permanent_uuid: "6909fdb8cd3b476b9acbd664a1543d92" member_type: VOTER last_known_addr { host: "127.12.142.195" port: 36495 } } peers { permanent_uuid: "e7a3e4f65d694c04b87f5f9e919447ed" member_type: VOTER last_known_addr { host: "127.12.142.194" port: 34723 } }
I20260608 12:43:25.447639 16024 tablet_bootstrap.cc:654] T 53ee497316094bdd817b75b3961214b6 P 6469366e222c42e0a7cfd2b8eb4c9499: Neither blocks nor log segments found. Creating new log.
I20260608 12:43:25.450044 16023 ts_tablet_manager.cc:1434] T 77b35c3720b34812afbf839c985415a6 P 6909fdb8cd3b476b9acbd664a1543d92: Time spent starting tablet: real 0.016s	user 0.005s	sys 0.000s
I20260608 12:43:25.451198 16023 tablet_bootstrap.cc:492] T fdfdbd2f72244ac4ba2d81d8f9500cb3 P 6909fdb8cd3b476b9acbd664a1543d92: Bootstrap starting.
I20260608 12:43:25.452728 16024 tablet_bootstrap.cc:492] T 53ee497316094bdd817b75b3961214b6 P 6469366e222c42e0a7cfd2b8eb4c9499: No bootstrap required, opened a new log
I20260608 12:43:25.453306 16024 ts_tablet_manager.cc:1403] T 53ee497316094bdd817b75b3961214b6 P 6469366e222c42e0a7cfd2b8eb4c9499: Time spent bootstrapping tablet: real 0.013s	user 0.011s	sys 0.000s
I20260608 12:43:25.455821 16027 tablet_bootstrap.cc:492] T 7acbd50152874d31a4b2a980d14a804e P e7a3e4f65d694c04b87f5f9e919447ed: No bootstrap required, opened a new log
I20260608 12:43:25.456360 16027 ts_tablet_manager.cc:1403] T 7acbd50152874d31a4b2a980d14a804e P e7a3e4f65d694c04b87f5f9e919447ed: Time spent bootstrapping tablet: real 0.022s	user 0.005s	sys 0.013s
I20260608 12:43:25.456140 16024 raft_consensus.cc:359] T 53ee497316094bdd817b75b3961214b6 P 6469366e222c42e0a7cfd2b8eb4c9499 [term 0 FOLLOWER]: Replica starting. Triggering 0 pending ops. Active config: opid_index: -1 OBSOLETE_local: false peers { permanent_uuid: "e7a3e4f65d694c04b87f5f9e919447ed" member_type: VOTER last_known_addr { host: "127.12.142.194" port: 34723 } } peers { permanent_uuid: "6469366e222c42e0a7cfd2b8eb4c9499" member_type: VOTER last_known_addr { host: "127.12.142.193" port: 38797 } } peers { permanent_uuid: "6909fdb8cd3b476b9acbd664a1543d92" member_type: VOTER last_known_addr { host: "127.12.142.195" port: 36495 } }
I20260608 12:43:25.456874 16024 raft_consensus.cc:385] T 53ee497316094bdd817b75b3961214b6 P 6469366e222c42e0a7cfd2b8eb4c9499 [term 0 FOLLOWER]: Consensus starting up: Expiring failure detector timer to make a prompt election more likely
I20260608 12:43:25.457243 16024 raft_consensus.cc:740] T 53ee497316094bdd817b75b3961214b6 P 6469366e222c42e0a7cfd2b8eb4c9499 [term 0 FOLLOWER]: Becoming Follower/Learner. State: Replica: 6469366e222c42e0a7cfd2b8eb4c9499, State: Initialized, Role: FOLLOWER
I20260608 12:43:25.458065 16023 tablet_bootstrap.cc:654] T fdfdbd2f72244ac4ba2d81d8f9500cb3 P 6909fdb8cd3b476b9acbd664a1543d92: Neither blocks nor log segments found. Creating new log.
I20260608 12:43:25.459069 16024 consensus_queue.cc:260] T 53ee497316094bdd817b75b3961214b6 P 6469366e222c42e0a7cfd2b8eb4c9499 [NON_LEADER]: Queue going to NON_LEADER mode. State: All replicated index: 0, Majority replicated index: 0, Committed index: 0, Last appended: 0.0, Last appended by leader: 0, Current term: 0, Majority size: -1, State: 0, Mode: NON_LEADER, active raft config: opid_index: -1 OBSOLETE_local: false peers { permanent_uuid: "e7a3e4f65d694c04b87f5f9e919447ed" member_type: VOTER last_known_addr { host: "127.12.142.194" port: 34723 } } peers { permanent_uuid: "6469366e222c42e0a7cfd2b8eb4c9499" member_type: VOTER last_known_addr { host: "127.12.142.193" port: 38797 } } peers { permanent_uuid: "6909fdb8cd3b476b9acbd664a1543d92" member_type: VOTER last_known_addr { host: "127.12.142.195" port: 36495 } }
I20260608 12:43:25.459334 16027 raft_consensus.cc:359] T 7acbd50152874d31a4b2a980d14a804e P e7a3e4f65d694c04b87f5f9e919447ed [term 0 FOLLOWER]: Replica starting. Triggering 0 pending ops. Active config: opid_index: -1 OBSOLETE_local: false peers { permanent_uuid: "6469366e222c42e0a7cfd2b8eb4c9499" member_type: VOTER last_known_addr { host: "127.12.142.193" port: 38797 } } peers { permanent_uuid: "e7a3e4f65d694c04b87f5f9e919447ed" member_type: VOTER last_known_addr { host: "127.12.142.194" port: 34723 } } peers { permanent_uuid: "6909fdb8cd3b476b9acbd664a1543d92" member_type: VOTER last_known_addr { host: "127.12.142.195" port: 36495 } }
I20260608 12:43:25.460083 16027 raft_consensus.cc:385] T 7acbd50152874d31a4b2a980d14a804e P e7a3e4f65d694c04b87f5f9e919447ed [term 0 FOLLOWER]: Consensus starting up: Expiring failure detector timer to make a prompt election more likely
I20260608 12:43:25.460433 16027 raft_consensus.cc:740] T 7acbd50152874d31a4b2a980d14a804e P e7a3e4f65d694c04b87f5f9e919447ed [term 0 FOLLOWER]: Becoming Follower/Learner. State: Replica: e7a3e4f65d694c04b87f5f9e919447ed, State: Initialized, Role: FOLLOWER
I20260608 12:43:25.461225 16027 consensus_queue.cc:260] T 7acbd50152874d31a4b2a980d14a804e P e7a3e4f65d694c04b87f5f9e919447ed [NON_LEADER]: Queue going to NON_LEADER mode. State: All replicated index: 0, Majority replicated index: 0, Committed index: 0, Last appended: 0.0, Last appended by leader: 0, Current term: 0, Majority size: -1, State: 0, Mode: NON_LEADER, active raft config: opid_index: -1 OBSOLETE_local: false peers { permanent_uuid: "6469366e222c42e0a7cfd2b8eb4c9499" member_type: VOTER last_known_addr { host: "127.12.142.193" port: 38797 } } peers { permanent_uuid: "e7a3e4f65d694c04b87f5f9e919447ed" member_type: VOTER last_known_addr { host: "127.12.142.194" port: 34723 } } peers { permanent_uuid: "6909fdb8cd3b476b9acbd664a1543d92" member_type: VOTER last_known_addr { host: "127.12.142.195" port: 36495 } }
I20260608 12:43:25.463438 16027 ts_tablet_manager.cc:1434] T 7acbd50152874d31a4b2a980d14a804e P e7a3e4f65d694c04b87f5f9e919447ed: Time spent starting tablet: real 0.007s	user 0.005s	sys 0.000s
I20260608 12:43:25.463586 16024 ts_tablet_manager.cc:1434] T 53ee497316094bdd817b75b3961214b6 P 6469366e222c42e0a7cfd2b8eb4c9499: Time spent starting tablet: real 0.010s	user 0.002s	sys 0.004s
I20260608 12:43:25.464447 16027 tablet_bootstrap.cc:492] T 24a48d3a54484f2a80def7fa9da39e04 P e7a3e4f65d694c04b87f5f9e919447ed: Bootstrap starting.
I20260608 12:43:25.464612 16024 tablet_bootstrap.cc:492] T 7acbd50152874d31a4b2a980d14a804e P 6469366e222c42e0a7cfd2b8eb4c9499: Bootstrap starting.
I20260608 12:43:25.466975 16023 tablet_bootstrap.cc:492] T fdfdbd2f72244ac4ba2d81d8f9500cb3 P 6909fdb8cd3b476b9acbd664a1543d92: No bootstrap required, opened a new log
I20260608 12:43:25.467526 16023 ts_tablet_manager.cc:1403] T fdfdbd2f72244ac4ba2d81d8f9500cb3 P 6909fdb8cd3b476b9acbd664a1543d92: Time spent bootstrapping tablet: real 0.017s	user 0.007s	sys 0.004s
I20260608 12:43:25.470495 16023 raft_consensus.cc:359] T fdfdbd2f72244ac4ba2d81d8f9500cb3 P 6909fdb8cd3b476b9acbd664a1543d92 [term 0 FOLLOWER]: Replica starting. Triggering 0 pending ops. Active config: opid_index: -1 OBSOLETE_local: false peers { permanent_uuid: "6469366e222c42e0a7cfd2b8eb4c9499" member_type: VOTER last_known_addr { host: "127.12.142.193" port: 38797 } } peers { permanent_uuid: "e7a3e4f65d694c04b87f5f9e919447ed" member_type: VOTER last_known_addr { host: "127.12.142.194" port: 34723 } } peers { permanent_uuid: "6909fdb8cd3b476b9acbd664a1543d92" member_type: VOTER last_known_addr { host: "127.12.142.195" port: 36495 } }
I20260608 12:43:25.470999 16024 tablet_bootstrap.cc:654] T 7acbd50152874d31a4b2a980d14a804e P 6469366e222c42e0a7cfd2b8eb4c9499: Neither blocks nor log segments found. Creating new log.
I20260608 12:43:25.471356 16023 raft_consensus.cc:385] T fdfdbd2f72244ac4ba2d81d8f9500cb3 P 6909fdb8cd3b476b9acbd664a1543d92 [term 0 FOLLOWER]: Consensus starting up: Expiring failure detector timer to make a prompt election more likely
I20260608 12:43:25.471799 16023 raft_consensus.cc:740] T fdfdbd2f72244ac4ba2d81d8f9500cb3 P 6909fdb8cd3b476b9acbd664a1543d92 [term 0 FOLLOWER]: Becoming Follower/Learner. State: Replica: 6909fdb8cd3b476b9acbd664a1543d92, State: Initialized, Role: FOLLOWER
I20260608 12:43:25.470999 16027 tablet_bootstrap.cc:654] T 24a48d3a54484f2a80def7fa9da39e04 P e7a3e4f65d694c04b87f5f9e919447ed: Neither blocks nor log segments found. Creating new log.
I20260608 12:43:25.472791 16023 consensus_queue.cc:260] T fdfdbd2f72244ac4ba2d81d8f9500cb3 P 6909fdb8cd3b476b9acbd664a1543d92 [NON_LEADER]: Queue going to NON_LEADER mode. State: All replicated index: 0, Majority replicated index: 0, Committed index: 0, Last appended: 0.0, Last appended by leader: 0, Current term: 0, Majority size: -1, State: 0, Mode: NON_LEADER, active raft config: opid_index: -1 OBSOLETE_local: false peers { permanent_uuid: "6469366e222c42e0a7cfd2b8eb4c9499" member_type: VOTER last_known_addr { host: "127.12.142.193" port: 38797 } } peers { permanent_uuid: "e7a3e4f65d694c04b87f5f9e919447ed" member_type: VOTER last_known_addr { host: "127.12.142.194" port: 34723 } } peers { permanent_uuid: "6909fdb8cd3b476b9acbd664a1543d92" member_type: VOTER last_known_addr { host: "127.12.142.195" port: 36495 } }
I20260608 12:43:25.477488 16023 ts_tablet_manager.cc:1434] T fdfdbd2f72244ac4ba2d81d8f9500cb3 P 6909fdb8cd3b476b9acbd664a1543d92: Time spent starting tablet: real 0.010s	user 0.005s	sys 0.001s
I20260608 12:43:25.478664 16023 tablet_bootstrap.cc:492] T a8b2c15731ce4503bdded8f8a38bb503 P 6909fdb8cd3b476b9acbd664a1543d92: Bootstrap starting.
I20260608 12:43:25.487677 16023 tablet_bootstrap.cc:654] T a8b2c15731ce4503bdded8f8a38bb503 P 6909fdb8cd3b476b9acbd664a1543d92: Neither blocks nor log segments found. Creating new log.
I20260608 12:43:25.492909 16024 tablet_bootstrap.cc:492] T 7acbd50152874d31a4b2a980d14a804e P 6469366e222c42e0a7cfd2b8eb4c9499: No bootstrap required, opened a new log
I20260608 12:43:25.493439 16024 ts_tablet_manager.cc:1403] T 7acbd50152874d31a4b2a980d14a804e P 6469366e222c42e0a7cfd2b8eb4c9499: Time spent bootstrapping tablet: real 0.029s	user 0.016s	sys 0.010s
I20260608 12:43:25.494019 16027 tablet_bootstrap.cc:492] T 24a48d3a54484f2a80def7fa9da39e04 P e7a3e4f65d694c04b87f5f9e919447ed: No bootstrap required, opened a new log
I20260608 12:43:25.494117 16023 tablet_bootstrap.cc:492] T a8b2c15731ce4503bdded8f8a38bb503 P 6909fdb8cd3b476b9acbd664a1543d92: No bootstrap required, opened a new log
I20260608 12:43:25.494587 16027 ts_tablet_manager.cc:1403] T 24a48d3a54484f2a80def7fa9da39e04 P e7a3e4f65d694c04b87f5f9e919447ed: Time spent bootstrapping tablet: real 0.030s	user 0.019s	sys 0.007s
I20260608 12:43:25.494633 16023 ts_tablet_manager.cc:1403] T a8b2c15731ce4503bdded8f8a38bb503 P 6909fdb8cd3b476b9acbd664a1543d92: Time spent bootstrapping tablet: real 0.016s	user 0.010s	sys 0.001s
I20260608 12:43:25.496232 16024 raft_consensus.cc:359] T 7acbd50152874d31a4b2a980d14a804e P 6469366e222c42e0a7cfd2b8eb4c9499 [term 0 FOLLOWER]: Replica starting. Triggering 0 pending ops. Active config: opid_index: -1 OBSOLETE_local: false peers { permanent_uuid: "6469366e222c42e0a7cfd2b8eb4c9499" member_type: VOTER last_known_addr { host: "127.12.142.193" port: 38797 } } peers { permanent_uuid: "e7a3e4f65d694c04b87f5f9e919447ed" member_type: VOTER last_known_addr { host: "127.12.142.194" port: 34723 } } peers { permanent_uuid: "6909fdb8cd3b476b9acbd664a1543d92" member_type: VOTER last_known_addr { host: "127.12.142.195" port: 36495 } }
I20260608 12:43:25.496970 16024 raft_consensus.cc:385] T 7acbd50152874d31a4b2a980d14a804e P 6469366e222c42e0a7cfd2b8eb4c9499 [term 0 FOLLOWER]: Consensus starting up: Expiring failure detector timer to make a prompt election more likely
I20260608 12:43:25.497301 16024 raft_consensus.cc:740] T 7acbd50152874d31a4b2a980d14a804e P 6469366e222c42e0a7cfd2b8eb4c9499 [term 0 FOLLOWER]: Becoming Follower/Learner. State: Replica: 6469366e222c42e0a7cfd2b8eb4c9499, State: Initialized, Role: FOLLOWER
I20260608 12:43:25.497107 16023 raft_consensus.cc:359] T a8b2c15731ce4503bdded8f8a38bb503 P 6909fdb8cd3b476b9acbd664a1543d92 [term 0 FOLLOWER]: Replica starting. Triggering 0 pending ops. Active config: opid_index: -1 OBSOLETE_local: false peers { permanent_uuid: "6469366e222c42e0a7cfd2b8eb4c9499" member_type: VOTER last_known_addr { host: "127.12.142.193" port: 38797 } } peers { permanent_uuid: "e7a3e4f65d694c04b87f5f9e919447ed" member_type: VOTER last_known_addr { host: "127.12.142.194" port: 34723 } } peers { permanent_uuid: "6909fdb8cd3b476b9acbd664a1543d92" member_type: VOTER last_known_addr { host: "127.12.142.195" port: 36495 } }
I20260608 12:43:25.497869 16023 raft_consensus.cc:385] T a8b2c15731ce4503bdded8f8a38bb503 P 6909fdb8cd3b476b9acbd664a1543d92 [term 0 FOLLOWER]: Consensus starting up: Expiring failure detector timer to make a prompt election more likely
I20260608 12:43:25.497611 16027 raft_consensus.cc:359] T 24a48d3a54484f2a80def7fa9da39e04 P e7a3e4f65d694c04b87f5f9e919447ed [term 0 FOLLOWER]: Replica starting. Triggering 0 pending ops. Active config: opid_index: -1 OBSOLETE_local: false peers { permanent_uuid: "6469366e222c42e0a7cfd2b8eb4c9499" member_type: VOTER last_known_addr { host: "127.12.142.193" port: 38797 } } peers { permanent_uuid: "e7a3e4f65d694c04b87f5f9e919447ed" member_type: VOTER last_known_addr { host: "127.12.142.194" port: 34723 } } peers { permanent_uuid: "6909fdb8cd3b476b9acbd664a1543d92" member_type: VOTER last_known_addr { host: "127.12.142.195" port: 36495 } }
I20260608 12:43:25.498200 16023 raft_consensus.cc:740] T a8b2c15731ce4503bdded8f8a38bb503 P 6909fdb8cd3b476b9acbd664a1543d92 [term 0 FOLLOWER]: Becoming Follower/Learner. State: Replica: 6909fdb8cd3b476b9acbd664a1543d92, State: Initialized, Role: FOLLOWER
I20260608 12:43:25.498353 16027 raft_consensus.cc:385] T 24a48d3a54484f2a80def7fa9da39e04 P e7a3e4f65d694c04b87f5f9e919447ed [term 0 FOLLOWER]: Consensus starting up: Expiring failure detector timer to make a prompt election more likely
I20260608 12:43:25.498268 16024 consensus_queue.cc:260] T 7acbd50152874d31a4b2a980d14a804e P 6469366e222c42e0a7cfd2b8eb4c9499 [NON_LEADER]: Queue going to NON_LEADER mode. State: All replicated index: 0, Majority replicated index: 0, Committed index: 0, Last appended: 0.0, Last appended by leader: 0, Current term: 0, Majority size: -1, State: 0, Mode: NON_LEADER, active raft config: opid_index: -1 OBSOLETE_local: false peers { permanent_uuid: "6469366e222c42e0a7cfd2b8eb4c9499" member_type: VOTER last_known_addr { host: "127.12.142.193" port: 38797 } } peers { permanent_uuid: "e7a3e4f65d694c04b87f5f9e919447ed" member_type: VOTER last_known_addr { host: "127.12.142.194" port: 34723 } } peers { permanent_uuid: "6909fdb8cd3b476b9acbd664a1543d92" member_type: VOTER last_known_addr { host: "127.12.142.195" port: 36495 } }
I20260608 12:43:25.498868 16027 raft_consensus.cc:740] T 24a48d3a54484f2a80def7fa9da39e04 P e7a3e4f65d694c04b87f5f9e919447ed [term 0 FOLLOWER]: Becoming Follower/Learner. State: Replica: e7a3e4f65d694c04b87f5f9e919447ed, State: Initialized, Role: FOLLOWER
I20260608 12:43:25.499076 16023 consensus_queue.cc:260] T a8b2c15731ce4503bdded8f8a38bb503 P 6909fdb8cd3b476b9acbd664a1543d92 [NON_LEADER]: Queue going to NON_LEADER mode. State: All replicated index: 0, Majority replicated index: 0, Committed index: 0, Last appended: 0.0, Last appended by leader: 0, Current term: 0, Majority size: -1, State: 0, Mode: NON_LEADER, active raft config: opid_index: -1 OBSOLETE_local: false peers { permanent_uuid: "6469366e222c42e0a7cfd2b8eb4c9499" member_type: VOTER last_known_addr { host: "127.12.142.193" port: 38797 } } peers { permanent_uuid: "e7a3e4f65d694c04b87f5f9e919447ed" member_type: VOTER last_known_addr { host: "127.12.142.194" port: 34723 } } peers { permanent_uuid: "6909fdb8cd3b476b9acbd664a1543d92" member_type: VOTER last_known_addr { host: "127.12.142.195" port: 36495 } }
I20260608 12:43:25.499734 16027 consensus_queue.cc:260] T 24a48d3a54484f2a80def7fa9da39e04 P e7a3e4f65d694c04b87f5f9e919447ed [NON_LEADER]: Queue going to NON_LEADER mode. State: All replicated index: 0, Majority replicated index: 0, Committed index: 0, Last appended: 0.0, Last appended by leader: 0, Current term: 0, Majority size: -1, State: 0, Mode: NON_LEADER, active raft config: opid_index: -1 OBSOLETE_local: false peers { permanent_uuid: "6469366e222c42e0a7cfd2b8eb4c9499" member_type: VOTER last_known_addr { host: "127.12.142.193" port: 38797 } } peers { permanent_uuid: "e7a3e4f65d694c04b87f5f9e919447ed" member_type: VOTER last_known_addr { host: "127.12.142.194" port: 34723 } } peers { permanent_uuid: "6909fdb8cd3b476b9acbd664a1543d92" member_type: VOTER last_known_addr { host: "127.12.142.195" port: 36495 } }
I20260608 12:43:25.501093 16024 ts_tablet_manager.cc:1434] T 7acbd50152874d31a4b2a980d14a804e P 6469366e222c42e0a7cfd2b8eb4c9499: Time spent starting tablet: real 0.007s	user 0.008s	sys 0.000s
I20260608 12:43:25.502152 16024 tablet_bootstrap.cc:492] T fdfdbd2f72244ac4ba2d81d8f9500cb3 P 6469366e222c42e0a7cfd2b8eb4c9499: Bootstrap starting.
I20260608 12:43:25.503886 16027 ts_tablet_manager.cc:1434] T 24a48d3a54484f2a80def7fa9da39e04 P e7a3e4f65d694c04b87f5f9e919447ed: Time spent starting tablet: real 0.009s	user 0.000s	sys 0.007s
I20260608 12:43:25.504312 16023 ts_tablet_manager.cc:1434] T a8b2c15731ce4503bdded8f8a38bb503 P 6909fdb8cd3b476b9acbd664a1543d92: Time spent starting tablet: real 0.009s	user 0.006s	sys 0.000s
I20260608 12:43:25.505082 16027 tablet_bootstrap.cc:492] T 53ee497316094bdd817b75b3961214b6 P e7a3e4f65d694c04b87f5f9e919447ed: Bootstrap starting.
I20260608 12:43:25.505378 16023 tablet_bootstrap.cc:492] T 53ee497316094bdd817b75b3961214b6 P 6909fdb8cd3b476b9acbd664a1543d92: Bootstrap starting.
I20260608 12:43:25.508525 16024 tablet_bootstrap.cc:654] T fdfdbd2f72244ac4ba2d81d8f9500cb3 P 6469366e222c42e0a7cfd2b8eb4c9499: Neither blocks nor log segments found. Creating new log.
I20260608 12:43:25.512142 16027 tablet_bootstrap.cc:654] T 53ee497316094bdd817b75b3961214b6 P e7a3e4f65d694c04b87f5f9e919447ed: Neither blocks nor log segments found. Creating new log.
I20260608 12:43:25.512931 16023 tablet_bootstrap.cc:654] T 53ee497316094bdd817b75b3961214b6 P 6909fdb8cd3b476b9acbd664a1543d92: Neither blocks nor log segments found. Creating new log.
I20260608 12:43:25.527613 16024 tablet_bootstrap.cc:492] T fdfdbd2f72244ac4ba2d81d8f9500cb3 P 6469366e222c42e0a7cfd2b8eb4c9499: No bootstrap required, opened a new log
I20260608 12:43:25.528216 16024 ts_tablet_manager.cc:1403] T fdfdbd2f72244ac4ba2d81d8f9500cb3 P 6469366e222c42e0a7cfd2b8eb4c9499: Time spent bootstrapping tablet: real 0.026s	user 0.008s	sys 0.008s
I20260608 12:43:25.529037 16023 tablet_bootstrap.cc:492] T 53ee497316094bdd817b75b3961214b6 P 6909fdb8cd3b476b9acbd664a1543d92: No bootstrap required, opened a new log
I20260608 12:43:25.529599 16023 ts_tablet_manager.cc:1403] T 53ee497316094bdd817b75b3961214b6 P 6909fdb8cd3b476b9acbd664a1543d92: Time spent bootstrapping tablet: real 0.024s	user 0.006s	sys 0.012s
I20260608 12:43:25.530045 16027 tablet_bootstrap.cc:492] T 53ee497316094bdd817b75b3961214b6 P e7a3e4f65d694c04b87f5f9e919447ed: No bootstrap required, opened a new log
I20260608 12:43:25.530575 16027 ts_tablet_manager.cc:1403] T 53ee497316094bdd817b75b3961214b6 P e7a3e4f65d694c04b87f5f9e919447ed: Time spent bootstrapping tablet: real 0.026s	user 0.007s	sys 0.015s
