W20260608 12:44:05.361480 17352 consensus_peers.cc:597] T 4497785cada448bcb2e9015d3e272d5f P 7b2d93da8a57448199adb9b9fce1532a -> Peer 24abb8583e42492d8af5e88b888ab663 (127.12.127.5:46101): Couldn't send request to peer 24abb8583e42492d8af5e88b888ab663. Error code: TABLET_NOT_FOUND (6). Status: Not found: Tablet not found: 4497785cada448bcb2e9015d3e272d5f. This is attempt 1: this message will repeat every 5th retry.
I20260608 12:44:05.361678 17239 raft_consensus.cc:1275] T 4497785cada448bcb2e9015d3e272d5f P 36da490896944172b2ee41a88486cdef [term 1 FOLLOWER]: Refusing update from remote peer 7b2d93da8a57448199adb9b9fce1532a: Log matching property violated. Preceding OpId in replica: term: 1 index: 25. Preceding OpId from leader: term: 1 index: 26. (index mismatch)
I20260608 12:44:05.362140 17314 raft_consensus.cc:1275] T 4497785cada448bcb2e9015d3e272d5f P d50011f785b64e8b87b2dd57436f0599 [term 1 FOLLOWER]: Refusing update from remote peer 7b2d93da8a57448199adb9b9fce1532a: Log matching property violated. Preceding OpId in replica: term: 1 index: 25. Preceding OpId from leader: term: 1 index: 26. (index mismatch)
I20260608 12:44:05.363114 17594 consensus_queue.cc:1048] T 4497785cada448bcb2e9015d3e272d5f P 7b2d93da8a57448199adb9b9fce1532a [LEADER]: Connected to new peer: Peer: permanent_uuid: "36da490896944172b2ee41a88486cdef" member_type: VOTER last_known_addr { host: "127.12.127.1" port: 41507 }, Status: LMP_MISMATCH, Last received: 0.0, Next index: 26, Last known committed idx: 25, Time since last communication: 0.000s
I20260608 12:44:05.364112 17884 consensus_queue.cc:1048] T 4497785cada448bcb2e9015d3e272d5f P 7b2d93da8a57448199adb9b9fce1532a [LEADER]: Connected to new peer: Peer: permanent_uuid: "d50011f785b64e8b87b2dd57436f0599" member_type: VOTER last_known_addr { host: "127.12.127.2" port: 44863 } attrs { replace: true }, Status: LMP_MISMATCH, Last received: 0.0, Next index: 26, Last known committed idx: 25, Time since last communication: 0.001s
I20260608 12:44:05.374639 17884 raft_consensus.cc:2955] T 4497785cada448bcb2e9015d3e272d5f P 7b2d93da8a57448199adb9b9fce1532a [term 1 LEADER]: Committing config change with OpId 1.26: config changed from index -1 to 26, NON_VOTER 24abb8583e42492d8af5e88b888ab663 (127.12.127.5) added. New config: { opid_index: 26 OBSOLETE_local: false peers { permanent_uuid: "36da490896944172b2ee41a88486cdef" member_type: VOTER last_known_addr { host: "127.12.127.1" port: 41507 } } peers { permanent_uuid: "d50011f785b64e8b87b2dd57436f0599" member_type: VOTER last_known_addr { host: "127.12.127.2" port: 44863 } attrs { replace: true } } peers { permanent_uuid: "7b2d93da8a57448199adb9b9fce1532a" member_type: VOTER last_known_addr { host: "127.12.127.3" port: 42567 } } peers { permanent_uuid: "24abb8583e42492d8af5e88b888ab663" member_type: NON_VOTER last_known_addr { host: "127.12.127.5" port: 46101 } attrs { promote: true } } }
I20260608 12:44:05.376446 17314 raft_consensus.cc:2955] T 4497785cada448bcb2e9015d3e272d5f P d50011f785b64e8b87b2dd57436f0599 [term 1 FOLLOWER]: Committing config change with OpId 1.26: config changed from index -1 to 26, NON_VOTER 24abb8583e42492d8af5e88b888ab663 (127.12.127.5) added. New config: { opid_index: 26 OBSOLETE_local: false peers { permanent_uuid: "36da490896944172b2ee41a88486cdef" member_type: VOTER last_known_addr { host: "127.12.127.1" port: 41507 } } peers { permanent_uuid: "d50011f785b64e8b87b2dd57436f0599" member_type: VOTER last_known_addr { host: "127.12.127.2" port: 44863 } attrs { replace: true } } peers { permanent_uuid: "7b2d93da8a57448199adb9b9fce1532a" member_type: VOTER last_known_addr { host: "127.12.127.3" port: 42567 } } peers { permanent_uuid: "24abb8583e42492d8af5e88b888ab663" member_type: NON_VOTER last_known_addr { host: "127.12.127.5" port: 46101 } attrs { promote: true } } }
I20260608 12:44:05.378811 17239 raft_consensus.cc:2955] T 4497785cada448bcb2e9015d3e272d5f P 36da490896944172b2ee41a88486cdef [term 1 FOLLOWER]: Committing config change with OpId 1.26: config changed from index -1 to 26, NON_VOTER 24abb8583e42492d8af5e88b888ab663 (127.12.127.5) added. New config: { opid_index: 26 OBSOLETE_local: false peers { permanent_uuid: "36da490896944172b2ee41a88486cdef" member_type: VOTER last_known_addr { host: "127.12.127.1" port: 41507 } } peers { permanent_uuid: "d50011f785b64e8b87b2dd57436f0599" member_type: VOTER last_known_addr { host: "127.12.127.2" port: 44863 } attrs { replace: true } } peers { permanent_uuid: "7b2d93da8a57448199adb9b9fce1532a" member_type: VOTER last_known_addr { host: "127.12.127.3" port: 42567 } } peers { permanent_uuid: "24abb8583e42492d8af5e88b888ab663" member_type: NON_VOTER last_known_addr { host: "127.12.127.5" port: 46101 } attrs { promote: true } } }
I20260608 12:44:05.393620 17132 catalog_manager.cc:5696] T 4497785cada448bcb2e9015d3e272d5f P 36da490896944172b2ee41a88486cdef reported cstate change: config changed from index -1 to 26, NON_VOTER 24abb8583e42492d8af5e88b888ab663 (127.12.127.5) added. New cstate: current_term: 1 leader_uuid: "7b2d93da8a57448199adb9b9fce1532a" committed_config { opid_index: 26 OBSOLETE_local: false peers { permanent_uuid: "36da490896944172b2ee41a88486cdef" member_type: VOTER last_known_addr { host: "127.12.127.1" port: 41507 } } peers { permanent_uuid: "d50011f785b64e8b87b2dd57436f0599" member_type: VOTER last_known_addr { host: "127.12.127.2" port: 44863 } attrs { replace: true } } peers { permanent_uuid: "7b2d93da8a57448199adb9b9fce1532a" member_type: VOTER last_known_addr { host: "127.12.127.3" port: 42567 } } peers { permanent_uuid: "24abb8583e42492d8af5e88b888ab663" member_type: NON_VOTER last_known_addr { host: "127.12.127.5" port: 46101 } attrs { promote: true } } }
I20260608 12:44:05.418229 17857 heartbeater.cc:499] Master 127.12.127.62:41599 was elected leader, sending a full tablet report...
I20260608 12:44:05.486896 17899 ts_tablet_manager.cc:933] T 9cfa381ed0a84fd4a9e8e62253181302 P 25344f73f53a409ba2a84af49bec8da7: Initiating tablet copy from peer 36da490896944172b2ee41a88486cdef (127.12.127.1:41507)
I20260608 12:44:05.489423 17899 tablet_copy_client.cc:323] T 9cfa381ed0a84fd4a9e8e62253181302 P 25344f73f53a409ba2a84af49bec8da7: tablet copy: Beginning tablet copy session from remote peer at address 127.12.127.1:41507
I20260608 12:44:05.502780 17249 tablet_copy_service.cc:140] P 36da490896944172b2ee41a88486cdef: Received BeginTabletCopySession request for tablet 9cfa381ed0a84fd4a9e8e62253181302 from peer 25344f73f53a409ba2a84af49bec8da7 ({username='slave'} at 127.0.0.1:60960)
I20260608 12:44:05.503517 17249 tablet_copy_service.cc:161] P 36da490896944172b2ee41a88486cdef: Beginning new tablet copy session on tablet 9cfa381ed0a84fd4a9e8e62253181302 from peer 25344f73f53a409ba2a84af49bec8da7 at {username='slave'} at 127.0.0.1:60960: session id = 25344f73f53a409ba2a84af49bec8da7-9cfa381ed0a84fd4a9e8e62253181302
I20260608 12:44:05.512341 17249 tablet_copy_source_session.cc:215] T 9cfa381ed0a84fd4a9e8e62253181302 P 36da490896944172b2ee41a88486cdef: Tablet Copy: opened 0 blocks and 1 log segments
I20260608 12:44:05.516060 17899 data_dirs.cc:400] Could only allocate 1 dirs of requested 3 for tablet 9cfa381ed0a84fd4a9e8e62253181302. 1 dirs total, 0 dirs full, 0 dirs failed
I20260608 12:44:05.534425 17899 tablet_copy_client.cc:806] T 9cfa381ed0a84fd4a9e8e62253181302 P 25344f73f53a409ba2a84af49bec8da7: tablet copy: Starting download of 0 data blocks...
I20260608 12:44:05.535176 17899 tablet_copy_client.cc:670] T 9cfa381ed0a84fd4a9e8e62253181302 P 25344f73f53a409ba2a84af49bec8da7: tablet copy: Starting download of 1 WAL segments...
I20260608 12:44:05.539775 17900 tablet_copy_client.cc:1025] T 9cfa381ed0a84fd4a9e8e62253181302 P 25344f73f53a409ba2a84af49bec8da7: tablet copy: Injecting latency into file download: 2000
I20260608 12:44:05.660772 17903 ts_tablet_manager.cc:933] T bb80026c95cb4dcea4739abe81a7d65a P 031390c9bb534d72bc3710513197f677: Initiating tablet copy from peer d50011f785b64e8b87b2dd57436f0599 (127.12.127.2:44863)
I20260608 12:44:05.668388 17902 ts_tablet_manager.cc:933] T 5fb289c72a5f491c9cd169f3bf383047 P 25344f73f53a409ba2a84af49bec8da7: Initiating tablet copy from peer 36da490896944172b2ee41a88486cdef (127.12.127.1:41507)
I20260608 12:44:05.670360 17902 tablet_copy_client.cc:323] T 5fb289c72a5f491c9cd169f3bf383047 P 25344f73f53a409ba2a84af49bec8da7: tablet copy: Beginning tablet copy session from remote peer at address 127.12.127.1:41507
I20260608 12:44:05.670996 17903 tablet_copy_client.cc:323] T bb80026c95cb4dcea4739abe81a7d65a P 031390c9bb534d72bc3710513197f677: tablet copy: Beginning tablet copy session from remote peer at address 127.12.127.2:44863
I20260608 12:44:05.672343 17249 tablet_copy_service.cc:140] P 36da490896944172b2ee41a88486cdef: Received BeginTabletCopySession request for tablet 5fb289c72a5f491c9cd169f3bf383047 from peer 25344f73f53a409ba2a84af49bec8da7 ({username='slave'} at 127.0.0.1:60960)
I20260608 12:44:05.673141 17249 tablet_copy_service.cc:161] P 36da490896944172b2ee41a88486cdef: Beginning new tablet copy session on tablet 5fb289c72a5f491c9cd169f3bf383047 from peer 25344f73f53a409ba2a84af49bec8da7 at {username='slave'} at 127.0.0.1:60960: session id = 25344f73f53a409ba2a84af49bec8da7-5fb289c72a5f491c9cd169f3bf383047
I20260608 12:44:05.681798 17249 tablet_copy_source_session.cc:215] T 5fb289c72a5f491c9cd169f3bf383047 P 36da490896944172b2ee41a88486cdef: Tablet Copy: opened 0 blocks and 1 log segments
I20260608 12:44:05.690582 17902 data_dirs.cc:400] Could only allocate 1 dirs of requested 3 for tablet 5fb289c72a5f491c9cd169f3bf383047. 1 dirs total, 0 dirs full, 0 dirs failed
I20260608 12:44:05.707453 17902 tablet_copy_client.cc:806] T 5fb289c72a5f491c9cd169f3bf383047 P 25344f73f53a409ba2a84af49bec8da7: tablet copy: Starting download of 0 data blocks...
I20260608 12:44:05.707976 17324 tablet_copy_service.cc:140] P d50011f785b64e8b87b2dd57436f0599: Received BeginTabletCopySession request for tablet bb80026c95cb4dcea4739abe81a7d65a from peer 031390c9bb534d72bc3710513197f677 ({username='slave'} at 127.0.0.1:44676)
I20260608 12:44:05.708153 17902 tablet_copy_client.cc:670] T 5fb289c72a5f491c9cd169f3bf383047 P 25344f73f53a409ba2a84af49bec8da7: tablet copy: Starting download of 1 WAL segments...
I20260608 12:44:05.708645 17324 tablet_copy_service.cc:161] P d50011f785b64e8b87b2dd57436f0599: Beginning new tablet copy session on tablet bb80026c95cb4dcea4739abe81a7d65a from peer 031390c9bb534d72bc3710513197f677 at {username='slave'} at 127.0.0.1:44676: session id = 031390c9bb534d72bc3710513197f677-bb80026c95cb4dcea4739abe81a7d65a
I20260608 12:44:05.712868 17905 tablet_copy_client.cc:1025] T 5fb289c72a5f491c9cd169f3bf383047 P 25344f73f53a409ba2a84af49bec8da7: tablet copy: Injecting latency into file download: 2000
I20260608 12:44:05.716418 17324 tablet_copy_source_session.cc:215] T bb80026c95cb4dcea4739abe81a7d65a P d50011f785b64e8b87b2dd57436f0599: Tablet Copy: opened 0 blocks and 1 log segments
I20260608 12:44:05.719730 17903 data_dirs.cc:400] Could only allocate 1 dirs of requested 3 for tablet bb80026c95cb4dcea4739abe81a7d65a. 1 dirs total, 0 dirs full, 0 dirs failed
I20260608 12:44:05.733856 17903 tablet_copy_client.cc:806] T bb80026c95cb4dcea4739abe81a7d65a P 031390c9bb534d72bc3710513197f677: tablet copy: Starting download of 0 data blocks...
I20260608 12:44:05.734830 17903 tablet_copy_client.cc:670] T bb80026c95cb4dcea4739abe81a7d65a P 031390c9bb534d72bc3710513197f677: tablet copy: Starting download of 1 WAL segments...
I20260608 12:44:05.744607 17904 tablet_copy_client.cc:1025] T bb80026c95cb4dcea4739abe81a7d65a P 031390c9bb534d72bc3710513197f677: tablet copy: Injecting latency into file download: 2000
I20260608 12:44:05.746270 17908 ts_tablet_manager.cc:933] T 237d8be9545c462588e827ce5e509f99 P 24abb8583e42492d8af5e88b888ab663: Initiating tablet copy from peer 7b2d93da8a57448199adb9b9fce1532a (127.12.127.3:42567)
I20260608 12:44:05.748983 17908 tablet_copy_client.cc:323] T 237d8be9545c462588e827ce5e509f99 P 24abb8583e42492d8af5e88b888ab663: tablet copy: Beginning tablet copy session from remote peer at address 127.12.127.3:42567
I20260608 12:44:05.769955 17398 tablet_copy_service.cc:140] P 7b2d93da8a57448199adb9b9fce1532a: Received BeginTabletCopySession request for tablet 237d8be9545c462588e827ce5e509f99 from peer 24abb8583e42492d8af5e88b888ab663 ({username='slave'} at 127.0.0.1:36164)
I20260608 12:44:05.770594 17398 tablet_copy_service.cc:161] P 7b2d93da8a57448199adb9b9fce1532a: Beginning new tablet copy session on tablet 237d8be9545c462588e827ce5e509f99 from peer 24abb8583e42492d8af5e88b888ab663 at {username='slave'} at 127.0.0.1:36164: session id = 24abb8583e42492d8af5e88b888ab663-237d8be9545c462588e827ce5e509f99
I20260608 12:44:05.779088 17398 tablet_copy_source_session.cc:215] T 237d8be9545c462588e827ce5e509f99 P 7b2d93da8a57448199adb9b9fce1532a: Tablet Copy: opened 0 blocks and 1 log segments
I20260608 12:44:05.782837 17908 data_dirs.cc:400] Could only allocate 1 dirs of requested 3 for tablet 237d8be9545c462588e827ce5e509f99. 1 dirs total, 0 dirs full, 0 dirs failed
I20260608 12:44:05.801277 17908 tablet_copy_client.cc:806] T 237d8be9545c462588e827ce5e509f99 P 24abb8583e42492d8af5e88b888ab663: tablet copy: Starting download of 0 data blocks...
I20260608 12:44:05.801944 17908 tablet_copy_client.cc:670] T 237d8be9545c462588e827ce5e509f99 P 24abb8583e42492d8af5e88b888ab663: tablet copy: Starting download of 1 WAL segments...
I20260608 12:44:05.806350 17909 tablet_copy_client.cc:1025] T 237d8be9545c462588e827ce5e509f99 P 24abb8583e42492d8af5e88b888ab663: tablet copy: Injecting latency into file download: 2000
I20260608 12:44:05.807842 17912 ts_tablet_manager.cc:933] T cb494ff091954139bed56cae64042fbf P 031390c9bb534d72bc3710513197f677: Initiating tablet copy from peer d50011f785b64e8b87b2dd57436f0599 (127.12.127.2:44863)
I20260608 12:44:05.809828 17912 tablet_copy_client.cc:323] T cb494ff091954139bed56cae64042fbf P 031390c9bb534d72bc3710513197f677: tablet copy: Beginning tablet copy session from remote peer at address 127.12.127.2:44863
I20260608 12:44:05.811527 17324 tablet_copy_service.cc:140] P d50011f785b64e8b87b2dd57436f0599: Received BeginTabletCopySession request for tablet cb494ff091954139bed56cae64042fbf from peer 031390c9bb534d72bc3710513197f677 ({username='slave'} at 127.0.0.1:44676)
I20260608 12:44:05.812124 17324 tablet_copy_service.cc:161] P d50011f785b64e8b87b2dd57436f0599: Beginning new tablet copy session on tablet cb494ff091954139bed56cae64042fbf from peer 031390c9bb534d72bc3710513197f677 at {username='slave'} at 127.0.0.1:44676: session id = 031390c9bb534d72bc3710513197f677-cb494ff091954139bed56cae64042fbf
I20260608 12:44:05.819501 17324 tablet_copy_source_session.cc:215] T cb494ff091954139bed56cae64042fbf P d50011f785b64e8b87b2dd57436f0599: Tablet Copy: opened 0 blocks and 1 log segments
I20260608 12:44:05.822891 17912 data_dirs.cc:400] Could only allocate 1 dirs of requested 3 for tablet cb494ff091954139bed56cae64042fbf. 1 dirs total, 0 dirs full, 0 dirs failed
I20260608 12:44:05.838420 17912 tablet_copy_client.cc:806] T cb494ff091954139bed56cae64042fbf P 031390c9bb534d72bc3710513197f677: tablet copy: Starting download of 0 data blocks...
I20260608 12:44:05.839042 17912 tablet_copy_client.cc:670] T cb494ff091954139bed56cae64042fbf P 031390c9bb534d72bc3710513197f677: tablet copy: Starting download of 1 WAL segments...
I20260608 12:44:05.843403 17913 tablet_copy_client.cc:1025] T cb494ff091954139bed56cae64042fbf P 031390c9bb534d72bc3710513197f677: tablet copy: Injecting latency into file download: 2000
I20260608 12:44:05.898808 17914 ts_tablet_manager.cc:933] T 4497785cada448bcb2e9015d3e272d5f P 24abb8583e42492d8af5e88b888ab663: Initiating tablet copy from peer 7b2d93da8a57448199adb9b9fce1532a (127.12.127.3:42567)
I20260608 12:44:05.901278 17914 tablet_copy_client.cc:323] T 4497785cada448bcb2e9015d3e272d5f P 24abb8583e42492d8af5e88b888ab663: tablet copy: Beginning tablet copy session from remote peer at address 127.12.127.3:42567
I20260608 12:44:05.903239 17398 tablet_copy_service.cc:140] P 7b2d93da8a57448199adb9b9fce1532a: Received BeginTabletCopySession request for tablet 4497785cada448bcb2e9015d3e272d5f from peer 24abb8583e42492d8af5e88b888ab663 ({username='slave'} at 127.0.0.1:36164)
I20260608 12:44:05.903820 17398 tablet_copy_service.cc:161] P 7b2d93da8a57448199adb9b9fce1532a: Beginning new tablet copy session on tablet 4497785cada448bcb2e9015d3e272d5f from peer 24abb8583e42492d8af5e88b888ab663 at {username='slave'} at 127.0.0.1:36164: session id = 24abb8583e42492d8af5e88b888ab663-4497785cada448bcb2e9015d3e272d5f
I20260608 12:44:05.911386 17398 tablet_copy_source_session.cc:215] T 4497785cada448bcb2e9015d3e272d5f P 7b2d93da8a57448199adb9b9fce1532a: Tablet Copy: opened 0 blocks and 1 log segments
I20260608 12:44:05.915064 17914 data_dirs.cc:400] Could only allocate 1 dirs of requested 3 for tablet 4497785cada448bcb2e9015d3e272d5f. 1 dirs total, 0 dirs full, 0 dirs failed
I20260608 12:44:05.930984 17914 tablet_copy_client.cc:806] T 4497785cada448bcb2e9015d3e272d5f P 24abb8583e42492d8af5e88b888ab663: tablet copy: Starting download of 0 data blocks...
I20260608 12:44:05.931602 17914 tablet_copy_client.cc:670] T 4497785cada448bcb2e9015d3e272d5f P 24abb8583e42492d8af5e88b888ab663: tablet copy: Starting download of 1 WAL segments...
I20260608 12:44:05.936043 17915 tablet_copy_client.cc:1025] T 4497785cada448bcb2e9015d3e272d5f P 24abb8583e42492d8af5e88b888ab663: tablet copy: Injecting latency into file download: 2000
I20260608 12:44:07.540747 17899 tablet_copy_client.cc:538] T 9cfa381ed0a84fd4a9e8e62253181302 P 25344f73f53a409ba2a84af49bec8da7: tablet copy: Tablet Copy complete. Replacing tablet superblock.
I20260608 12:44:07.547269 17899 tablet_bootstrap.cc:492] T 9cfa381ed0a84fd4a9e8e62253181302 P 25344f73f53a409ba2a84af49bec8da7: Bootstrap starting.
I20260608 12:44:07.659003 17899 tablet_bootstrap.cc:492] T 9cfa381ed0a84fd4a9e8e62253181302 P 25344f73f53a409ba2a84af49bec8da7: Bootstrap replayed 1/1 log segments. Stats: ops{read=26 overwritten=0 applied=26 ignored=0} inserts{seen=94 ignored=0} mutations{seen=0 ignored=0} orphaned_commits=0. Pending: 0 replicates
I20260608 12:44:07.659740 17899 tablet_bootstrap.cc:492] T 9cfa381ed0a84fd4a9e8e62253181302 P 25344f73f53a409ba2a84af49bec8da7: Bootstrap complete.
I20260608 12:44:07.660472 17899 ts_tablet_manager.cc:1403] T 9cfa381ed0a84fd4a9e8e62253181302 P 25344f73f53a409ba2a84af49bec8da7: Time spent bootstrapping tablet: real 0.113s	user 0.111s	sys 0.001s
I20260608 12:44:07.662777 17899 raft_consensus.cc:359] T 9cfa381ed0a84fd4a9e8e62253181302 P 25344f73f53a409ba2a84af49bec8da7 [term 1 LEARNER]: Replica starting. Triggering 0 pending ops. Active config: opid_index: 26 OBSOLETE_local: false peers { permanent_uuid: "36da490896944172b2ee41a88486cdef" member_type: VOTER last_known_addr { host: "127.12.127.1" port: 41507 } } peers { permanent_uuid: "d50011f785b64e8b87b2dd57436f0599" member_type: VOTER last_known_addr { host: "127.12.127.2" port: 44863 } } peers { permanent_uuid: "7b2d93da8a57448199adb9b9fce1532a" member_type: VOTER last_known_addr { host: "127.12.127.3" port: 42567 } attrs { replace: true } } peers { permanent_uuid: "25344f73f53a409ba2a84af49bec8da7" member_type: NON_VOTER last_known_addr { host: "127.12.127.4" port: 43051 } attrs { promote: true } }
I20260608 12:44:07.663317 17899 raft_consensus.cc:740] T 9cfa381ed0a84fd4a9e8e62253181302 P 25344f73f53a409ba2a84af49bec8da7 [term 1 LEARNER]: Becoming Follower/Learner. State: Replica: 25344f73f53a409ba2a84af49bec8da7, State: Initialized, Role: LEARNER
I20260608 12:44:07.663774 17899 consensus_queue.cc:260] T 9cfa381ed0a84fd4a9e8e62253181302 P 25344f73f53a409ba2a84af49bec8da7 [NON_LEADER]: Queue going to NON_LEADER mode. State: All replicated index: 0, Majority replicated index: 0, Committed index: 26, Last appended: 1.26, Last appended by leader: 26, Current term: 0, Majority size: -1, State: 0, Mode: NON_LEADER, active raft config: opid_index: 26 OBSOLETE_local: false peers { permanent_uuid: "36da490896944172b2ee41a88486cdef" member_type: VOTER last_known_addr { host: "127.12.127.1" port: 41507 } } peers { permanent_uuid: "d50011f785b64e8b87b2dd57436f0599" member_type: VOTER last_known_addr { host: "127.12.127.2" port: 44863 } } peers { permanent_uuid: "7b2d93da8a57448199adb9b9fce1532a" member_type: VOTER last_known_addr { host: "127.12.127.3" port: 42567 } attrs { replace: true } } peers { permanent_uuid: "25344f73f53a409ba2a84af49bec8da7" member_type: NON_VOTER last_known_addr { host: "127.12.127.4" port: 43051 } attrs { promote: true } }
I20260608 12:44:07.666055 17899 ts_tablet_manager.cc:1434] T 9cfa381ed0a84fd4a9e8e62253181302 P 25344f73f53a409ba2a84af49bec8da7: Time spent starting tablet: real 0.005s	user 0.004s	sys 0.004s
I20260608 12:44:07.667973 17249 tablet_copy_service.cc:342] P 36da490896944172b2ee41a88486cdef: Request end of tablet copy session 25344f73f53a409ba2a84af49bec8da7-9cfa381ed0a84fd4a9e8e62253181302 received from {username='slave'} at 127.0.0.1:60960
I20260608 12:44:07.668465 17249 tablet_copy_service.cc:434] P 36da490896944172b2ee41a88486cdef: ending tablet copy session 25344f73f53a409ba2a84af49bec8da7-9cfa381ed0a84fd4a9e8e62253181302 on tablet 9cfa381ed0a84fd4a9e8e62253181302 with peer 25344f73f53a409ba2a84af49bec8da7
I20260608 12:44:07.713814 17902 tablet_copy_client.cc:538] T 5fb289c72a5f491c9cd169f3bf383047 P 25344f73f53a409ba2a84af49bec8da7: tablet copy: Tablet Copy complete. Replacing tablet superblock.
I20260608 12:44:07.721009 17902 tablet_bootstrap.cc:492] T 5fb289c72a5f491c9cd169f3bf383047 P 25344f73f53a409ba2a84af49bec8da7: Bootstrap starting.
I20260608 12:44:07.745546 17903 tablet_copy_client.cc:538] T bb80026c95cb4dcea4739abe81a7d65a P 031390c9bb534d72bc3710513197f677: tablet copy: Tablet Copy complete. Replacing tablet superblock.
I20260608 12:44:07.754421 17903 tablet_bootstrap.cc:492] T bb80026c95cb4dcea4739abe81a7d65a P 031390c9bb534d72bc3710513197f677: Bootstrap starting.
I20260608 12:44:07.807253 17908 tablet_copy_client.cc:538] T 237d8be9545c462588e827ce5e509f99 P 24abb8583e42492d8af5e88b888ab663: tablet copy: Tablet Copy complete. Replacing tablet superblock.
I20260608 12:44:07.816891 17908 tablet_bootstrap.cc:492] T 237d8be9545c462588e827ce5e509f99 P 24abb8583e42492d8af5e88b888ab663: Bootstrap starting.
I20260608 12:44:07.844357 17912 tablet_copy_client.cc:538] T cb494ff091954139bed56cae64042fbf P 031390c9bb534d72bc3710513197f677: tablet copy: Tablet Copy complete. Replacing tablet superblock.
I20260608 12:44:07.853592 17912 tablet_bootstrap.cc:492] T cb494ff091954139bed56cae64042fbf P 031390c9bb534d72bc3710513197f677: Bootstrap starting.
I20260608 12:44:07.869886 17902 tablet_bootstrap.cc:492] T 5fb289c72a5f491c9cd169f3bf383047 P 25344f73f53a409ba2a84af49bec8da7: Bootstrap replayed 1/1 log segments. Stats: ops{read=26 overwritten=0 applied=26 ignored=0} inserts{seen=95 ignored=0} mutations{seen=0 ignored=0} orphaned_commits=0. Pending: 0 replicates
I20260608 12:44:07.872694 17902 tablet_bootstrap.cc:492] T 5fb289c72a5f491c9cd169f3bf383047 P 25344f73f53a409ba2a84af49bec8da7: Bootstrap complete.
I20260608 12:44:07.873570 17902 ts_tablet_manager.cc:1403] T 5fb289c72a5f491c9cd169f3bf383047 P 25344f73f53a409ba2a84af49bec8da7: Time spent bootstrapping tablet: real 0.153s	user 0.132s	sys 0.017s
I20260608 12:44:07.876792 17902 raft_consensus.cc:359] T 5fb289c72a5f491c9cd169f3bf383047 P 25344f73f53a409ba2a84af49bec8da7 [term 1 LEARNER]: Replica starting. Triggering 0 pending ops. Active config: opid_index: 26 OBSOLETE_local: false peers { permanent_uuid: "d50011f785b64e8b87b2dd57436f0599" member_type: VOTER last_known_addr { host: "127.12.127.2" port: 44863 } } peers { permanent_uuid: "7b2d93da8a57448199adb9b9fce1532a" member_type: VOTER last_known_addr { host: "127.12.127.3" port: 42567 } attrs { replace: true } } peers { permanent_uuid: "36da490896944172b2ee41a88486cdef" member_type: VOTER last_known_addr { host: "127.12.127.1" port: 41507 } } peers { permanent_uuid: "25344f73f53a409ba2a84af49bec8da7" member_type: NON_VOTER last_known_addr { host: "127.12.127.4" port: 43051 } attrs { promote: true } }
I20260608 12:44:07.877707 17902 raft_consensus.cc:740] T 5fb289c72a5f491c9cd169f3bf383047 P 25344f73f53a409ba2a84af49bec8da7 [term 1 LEARNER]: Becoming Follower/Learner. State: Replica: 25344f73f53a409ba2a84af49bec8da7, State: Initialized, Role: LEARNER
I20260608 12:44:07.878417 17902 consensus_queue.cc:260] T 5fb289c72a5f491c9cd169f3bf383047 P 25344f73f53a409ba2a84af49bec8da7 [NON_LEADER]: Queue going to NON_LEADER mode. State: All replicated index: 0, Majority replicated index: 0, Committed index: 26, Last appended: 1.26, Last appended by leader: 26, Current term: 0, Majority size: -1, State: 0, Mode: NON_LEADER, active raft config: opid_index: 26 OBSOLETE_local: false peers { permanent_uuid: "d50011f785b64e8b87b2dd57436f0599" member_type: VOTER last_known_addr { host: "127.12.127.2" port: 44863 } } peers { permanent_uuid: "7b2d93da8a57448199adb9b9fce1532a" member_type: VOTER last_known_addr { host: "127.12.127.3" port: 42567 } attrs { replace: true } } peers { permanent_uuid: "36da490896944172b2ee41a88486cdef" member_type: VOTER last_known_addr { host: "127.12.127.1" port: 41507 } } peers { permanent_uuid: "25344f73f53a409ba2a84af49bec8da7" member_type: NON_VOTER last_known_addr { host: "127.12.127.4" port: 43051 } attrs { promote: true } }
I20260608 12:44:07.883876 17902 ts_tablet_manager.cc:1434] T 5fb289c72a5f491c9cd169f3bf383047 P 25344f73f53a409ba2a84af49bec8da7: Time spent starting tablet: real 0.010s	user 0.002s	sys 0.004s
I20260608 12:44:07.898070 17249 tablet_copy_service.cc:342] P 36da490896944172b2ee41a88486cdef: Request end of tablet copy session 25344f73f53a409ba2a84af49bec8da7-5fb289c72a5f491c9cd169f3bf383047 received from {username='slave'} at 127.0.0.1:60960
I20260608 12:44:07.898666 17249 tablet_copy_service.cc:434] P 36da490896944172b2ee41a88486cdef: ending tablet copy session 25344f73f53a409ba2a84af49bec8da7-5fb289c72a5f491c9cd169f3bf383047 on tablet 5fb289c72a5f491c9cd169f3bf383047 with peer 25344f73f53a409ba2a84af49bec8da7
I20260608 12:44:07.937026 17914 tablet_copy_client.cc:538] T 4497785cada448bcb2e9015d3e272d5f P 24abb8583e42492d8af5e88b888ab663: tablet copy: Tablet Copy complete. Replacing tablet superblock.
I20260608 12:44:07.954025 17683 raft_consensus.cc:1217] T 5fb289c72a5f491c9cd169f3bf383047 P 25344f73f53a409ba2a84af49bec8da7 [term 1 LEARNER]: Deduplicated request from leader. Original: 1.25->[1.26-1.26]   Dedup: 1.26->[]
I20260608 12:44:07.958833 17914 tablet_bootstrap.cc:492] T 4497785cada448bcb2e9015d3e272d5f P 24abb8583e42492d8af5e88b888ab663: Bootstrap starting.
I20260608 12:44:07.980043 17903 tablet_bootstrap.cc:492] T bb80026c95cb4dcea4739abe81a7d65a P 031390c9bb534d72bc3710513197f677: Bootstrap replayed 1/1 log segments. Stats: ops{read=26 overwritten=0 applied=26 ignored=0} inserts{seen=107 ignored=0} mutations{seen=0 ignored=0} orphaned_commits=0. Pending: 0 replicates
I20260608 12:44:07.981091 17903 tablet_bootstrap.cc:492] T bb80026c95cb4dcea4739abe81a7d65a P 031390c9bb534d72bc3710513197f677: Bootstrap complete.
I20260608 12:44:07.981736 17903 ts_tablet_manager.cc:1403] T bb80026c95cb4dcea4739abe81a7d65a P 031390c9bb534d72bc3710513197f677: Time spent bootstrapping tablet: real 0.228s	user 0.157s	sys 0.009s
I20260608 12:44:07.984601 17903 raft_consensus.cc:359] T bb80026c95cb4dcea4739abe81a7d65a P 031390c9bb534d72bc3710513197f677 [term 1 LEARNER]: Replica starting. Triggering 0 pending ops. Active config: opid_index: 26 OBSOLETE_local: false peers { permanent_uuid: "36da490896944172b2ee41a88486cdef" member_type: VOTER last_known_addr { host: "127.12.127.1" port: 41507 } attrs { replace: true } } peers { permanent_uuid: "d50011f785b64e8b87b2dd57436f0599" member_type: VOTER last_known_addr { host: "127.12.127.2" port: 44863 } } peers { permanent_uuid: "7b2d93da8a57448199adb9b9fce1532a" member_type: VOTER last_known_addr { host: "127.12.127.3" port: 42567 } } peers { permanent_uuid: "031390c9bb534d72bc3710513197f677" member_type: NON_VOTER last_known_addr { host: "127.12.127.6" port: 34449 } attrs { promote: true } }
I20260608 12:44:07.990013 17683 raft_consensus.cc:1217] T 9cfa381ed0a84fd4a9e8e62253181302 P 25344f73f53a409ba2a84af49bec8da7 [term 1 LEARNER]: Deduplicated request from leader. Original: 1.25->[1.26-1.26]   Dedup: 1.26->[]
I20260608 12:44:07.990540 17903 raft_consensus.cc:740] T bb80026c95cb4dcea4739abe81a7d65a P 031390c9bb534d72bc3710513197f677 [term 1 LEARNER]: Becoming Follower/Learner. State: Replica: 031390c9bb534d72bc3710513197f677, State: Initialized, Role: LEARNER
I20260608 12:44:07.991168 17903 consensus_queue.cc:260] T bb80026c95cb4dcea4739abe81a7d65a P 031390c9bb534d72bc3710513197f677 [NON_LEADER]: Queue going to NON_LEADER mode. State: All replicated index: 0, Majority replicated index: 0, Committed index: 26, Last appended: 1.26, Last appended by leader: 26, Current term: 0, Majority size: -1, State: 0, Mode: NON_LEADER, active raft config: opid_index: 26 OBSOLETE_local: false peers { permanent_uuid: "36da490896944172b2ee41a88486cdef" member_type: VOTER last_known_addr { host: "127.12.127.1" port: 41507 } attrs { replace: true } } peers { permanent_uuid: "d50011f785b64e8b87b2dd57436f0599" member_type: VOTER last_known_addr { host: "127.12.127.2" port: 44863 } } peers { permanent_uuid: "7b2d93da8a57448199adb9b9fce1532a" member_type: VOTER last_known_addr { host: "127.12.127.3" port: 42567 } } peers { permanent_uuid: "031390c9bb534d72bc3710513197f677" member_type: NON_VOTER last_known_addr { host: "127.12.127.6" port: 34449 } attrs { promote: true } }
I20260608 12:44:08.012337 17903 ts_tablet_manager.cc:1434] T bb80026c95cb4dcea4739abe81a7d65a P 031390c9bb534d72bc3710513197f677: Time spent starting tablet: real 0.030s	user 0.006s	sys 0.007s
I20260608 12:44:08.017508 17324 tablet_copy_service.cc:342] P d50011f785b64e8b87b2dd57436f0599: Request end of tablet copy session 031390c9bb534d72bc3710513197f677-bb80026c95cb4dcea4739abe81a7d65a received from {username='slave'} at 127.0.0.1:44676
I20260608 12:44:08.018055 17324 tablet_copy_service.cc:434] P d50011f785b64e8b87b2dd57436f0599: ending tablet copy session 031390c9bb534d72bc3710513197f677-bb80026c95cb4dcea4739abe81a7d65a on tablet bb80026c95cb4dcea4739abe81a7d65a with peer 031390c9bb534d72bc3710513197f677
I20260608 12:44:08.066120 17912 tablet_bootstrap.cc:492] T cb494ff091954139bed56cae64042fbf P 031390c9bb534d72bc3710513197f677: Bootstrap replayed 1/1 log segments. Stats: ops{read=26 overwritten=0 applied=26 ignored=0} inserts{seen=100 ignored=0} mutations{seen=0 ignored=0} orphaned_commits=0. Pending: 0 replicates
I20260608 12:44:08.067168 17912 tablet_bootstrap.cc:492] T cb494ff091954139bed56cae64042fbf P 031390c9bb534d72bc3710513197f677: Bootstrap complete.
I20260608 12:44:08.067916 17912 ts_tablet_manager.cc:1403] T cb494ff091954139bed56cae64042fbf P 031390c9bb534d72bc3710513197f677: Time spent bootstrapping tablet: real 0.215s	user 0.132s	sys 0.025s
I20260608 12:44:08.070744 17912 raft_consensus.cc:359] T cb494ff091954139bed56cae64042fbf P 031390c9bb534d72bc3710513197f677 [term 1 LEARNER]: Replica starting. Triggering 0 pending ops. Active config: opid_index: 26 OBSOLETE_local: false peers { permanent_uuid: "36da490896944172b2ee41a88486cdef" member_type: VOTER last_known_addr { host: "127.12.127.1" port: 41507 } attrs { replace: true } } peers { permanent_uuid: "d50011f785b64e8b87b2dd57436f0599" member_type: VOTER last_known_addr { host: "127.12.127.2" port: 44863 } } peers { permanent_uuid: "7b2d93da8a57448199adb9b9fce1532a" member_type: VOTER last_known_addr { host: "127.12.127.3" port: 42567 } } peers { permanent_uuid: "031390c9bb534d72bc3710513197f677" member_type: NON_VOTER last_known_addr { host: "127.12.127.6" port: 34449 } attrs { promote: true } }
I20260608 12:44:08.071548 17912 raft_consensus.cc:740] T cb494ff091954139bed56cae64042fbf P 031390c9bb534d72bc3710513197f677 [term 1 LEARNER]: Becoming Follower/Learner. State: Replica: 031390c9bb534d72bc3710513197f677, State: Initialized, Role: LEARNER
I20260608 12:44:08.072355 17912 consensus_queue.cc:260] T cb494ff091954139bed56cae64042fbf P 031390c9bb534d72bc3710513197f677 [NON_LEADER]: Queue going to NON_LEADER mode. State: All replicated index: 0, Majority replicated index: 0, Committed index: 26, Last appended: 1.26, Last appended by leader: 26, Current term: 0, Majority size: -1, State: 0, Mode: NON_LEADER, active raft config: opid_index: 26 OBSOLETE_local: false peers { permanent_uuid: "36da490896944172b2ee41a88486cdef" member_type: VOTER last_known_addr { host: "127.12.127.1" port: 41507 } attrs { replace: true } } peers { permanent_uuid: "d50011f785b64e8b87b2dd57436f0599" member_type: VOTER last_known_addr { host: "127.12.127.2" port: 44863 } } peers { permanent_uuid: "7b2d93da8a57448199adb9b9fce1532a" member_type: VOTER last_known_addr { host: "127.12.127.3" port: 42567 } } peers { permanent_uuid: "031390c9bb534d72bc3710513197f677" member_type: NON_VOTER last_known_addr { host: "127.12.127.6" port: 34449 } attrs { promote: true } }
I20260608 12:44:08.076300 17908 tablet_bootstrap.cc:492] T 237d8be9545c462588e827ce5e509f99 P 24abb8583e42492d8af5e88b888ab663: Bootstrap replayed 1/1 log segments. Stats: ops{read=26 overwritten=0 applied=26 ignored=0} inserts{seen=115 ignored=0} mutations{seen=0 ignored=0} orphaned_commits=0. Pending: 0 replicates
I20260608 12:44:08.077257 17908 tablet_bootstrap.cc:492] T 237d8be9545c462588e827ce5e509f99 P 24abb8583e42492d8af5e88b888ab663: Bootstrap complete.
I20260608 12:44:08.077958 17908 ts_tablet_manager.cc:1403] T 237d8be9545c462588e827ce5e509f99 P 24abb8583e42492d8af5e88b888ab663: Time spent bootstrapping tablet: real 0.261s	user 0.144s	sys 0.035s
I20260608 12:44:08.080888 17908 raft_consensus.cc:359] T 237d8be9545c462588e827ce5e509f99 P 24abb8583e42492d8af5e88b888ab663 [term 2 LEARNER]: Replica starting. Triggering 0 pending ops. Active config: opid_index: 26 OBSOLETE_local: false peers { permanent_uuid: "36da490896944172b2ee41a88486cdef" member_type: VOTER last_known_addr { host: "127.12.127.1" port: 41507 } } peers { permanent_uuid: "d50011f785b64e8b87b2dd57436f0599" member_type: VOTER last_known_addr { host: "127.12.127.2" port: 44863 } attrs { replace: true } } peers { permanent_uuid: "7b2d93da8a57448199adb9b9fce1532a" member_type: VOTER last_known_addr { host: "127.12.127.3" port: 42567 } } peers { permanent_uuid: "24abb8583e42492d8af5e88b888ab663" member_type: NON_VOTER last_known_addr { host: "127.12.127.5" port: 46101 } attrs { promote: true } }
I20260608 12:44:08.081465 17912 ts_tablet_manager.cc:1434] T cb494ff091954139bed56cae64042fbf P 031390c9bb534d72bc3710513197f677: Time spent starting tablet: real 0.013s	user 0.006s	sys 0.000s
I20260608 12:44:08.081662 17908 raft_consensus.cc:740] T 237d8be9545c462588e827ce5e509f99 P 24abb8583e42492d8af5e88b888ab663 [term 2 LEARNER]: Becoming Follower/Learner. State: Replica: 24abb8583e42492d8af5e88b888ab663, State: Initialized, Role: LEARNER
I20260608 12:44:08.082355 17908 consensus_queue.cc:260] T 237d8be9545c462588e827ce5e509f99 P 24abb8583e42492d8af5e88b888ab663 [NON_LEADER]: Queue going to NON_LEADER mode. State: All replicated index: 0, Majority replicated index: 0, Committed index: 26, Last appended: 2.26, Last appended by leader: 26, Current term: 0, Majority size: -1, State: 0, Mode: NON_LEADER, active raft config: opid_index: 26 OBSOLETE_local: false peers { permanent_uuid: "36da490896944172b2ee41a88486cdef" member_type: VOTER last_known_addr { host: "127.12.127.1" port: 41507 } } peers { permanent_uuid: "d50011f785b64e8b87b2dd57436f0599" member_type: VOTER last_known_addr { host: "127.12.127.2" port: 44863 } attrs { replace: true } } peers { permanent_uuid: "7b2d93da8a57448199adb9b9fce1532a" member_type: VOTER last_known_addr { host: "127.12.127.3" port: 42567 } } peers { permanent_uuid: "24abb8583e42492d8af5e88b888ab663" member_type: NON_VOTER last_known_addr { host: "127.12.127.5" port: 46101 } attrs { promote: true } }
I20260608 12:44:08.090442 17324 tablet_copy_service.cc:342] P d50011f785b64e8b87b2dd57436f0599: Request end of tablet copy session 031390c9bb534d72bc3710513197f677-cb494ff091954139bed56cae64042fbf received from {username='slave'} at 127.0.0.1:44676
I20260608 12:44:08.090924 17324 tablet_copy_service.cc:434] P d50011f785b64e8b87b2dd57436f0599: ending tablet copy session 031390c9bb534d72bc3710513197f677-cb494ff091954139bed56cae64042fbf on tablet cb494ff091954139bed56cae64042fbf with peer 031390c9bb534d72bc3710513197f677
I20260608 12:44:08.091624 17908 ts_tablet_manager.cc:1434] T 237d8be9545c462588e827ce5e509f99 P 24abb8583e42492d8af5e88b888ab663: Time spent starting tablet: real 0.013s	user 0.005s	sys 0.007s
I20260608 12:44:08.093534 17398 tablet_copy_service.cc:342] P 7b2d93da8a57448199adb9b9fce1532a: Request end of tablet copy session 24abb8583e42492d8af5e88b888ab663-237d8be9545c462588e827ce5e509f99 received from {username='slave'} at 127.0.0.1:36164
I20260608 12:44:08.093958 17398 tablet_copy_service.cc:434] P 7b2d93da8a57448199adb9b9fce1532a: ending tablet copy session 24abb8583e42492d8af5e88b888ab663-237d8be9545c462588e827ce5e509f99 on tablet 237d8be9545c462588e827ce5e509f99 with peer 24abb8583e42492d8af5e88b888ab663
I20260608 12:44:08.101450 17832 raft_consensus.cc:1217] T cb494ff091954139bed56cae64042fbf P 031390c9bb534d72bc3710513197f677 [term 1 LEARNER]: Deduplicated request from leader. Original: 1.25->[1.26-1.26]   Dedup: 1.26->[]
I20260608 12:44:08.173801 17914 tablet_bootstrap.cc:492] T 4497785cada448bcb2e9015d3e272d5f P 24abb8583e42492d8af5e88b888ab663: Bootstrap replayed 1/1 log segments. Stats: ops{read=26 overwritten=0 applied=26 ignored=0} inserts{seen=115 ignored=0} mutations{seen=0 ignored=0} orphaned_commits=0. Pending: 0 replicates
I20260608 12:44:08.174533 17914 tablet_bootstrap.cc:492] T 4497785cada448bcb2e9015d3e272d5f P 24abb8583e42492d8af5e88b888ab663: Bootstrap complete.
I20260608 12:44:08.175047 17914 ts_tablet_manager.cc:1403] T 4497785cada448bcb2e9015d3e272d5f P 24abb8583e42492d8af5e88b888ab663: Time spent bootstrapping tablet: real 0.216s	user 0.136s	sys 0.013s
I20260608 12:44:08.177057 17914 raft_consensus.cc:359] T 4497785cada448bcb2e9015d3e272d5f P 24abb8583e42492d8af5e88b888ab663 [term 1 LEARNER]: Replica starting. Triggering 0 pending ops. Active config: opid_index: 26 OBSOLETE_local: false peers { permanent_uuid: "36da490896944172b2ee41a88486cdef" member_type: VOTER last_known_addr { host: "127.12.127.1" port: 41507 } } peers { permanent_uuid: "d50011f785b64e8b87b2dd57436f0599" member_type: VOTER last_known_addr { host: "127.12.127.2" port: 44863 } attrs { replace: true } } peers { permanent_uuid: "7b2d93da8a57448199adb9b9fce1532a" member_type: VOTER last_known_addr { host: "127.12.127.3" port: 42567 } } peers { permanent_uuid: "24abb8583e42492d8af5e88b888ab663" member_type: NON_VOTER last_known_addr { host: "127.12.127.5" port: 46101 } attrs { promote: true } }
I20260608 12:44:08.177572 17914 raft_consensus.cc:740] T 4497785cada448bcb2e9015d3e272d5f P 24abb8583e42492d8af5e88b888ab663 [term 1 LEARNER]: Becoming Follower/Learner. State: Replica: 24abb8583e42492d8af5e88b888ab663, State: Initialized, Role: LEARNER
I20260608 12:44:08.178074 17914 consensus_queue.cc:260] T 4497785cada448bcb2e9015d3e272d5f P 24abb8583e42492d8af5e88b888ab663 [NON_LEADER]: Queue going to NON_LEADER mode. State: All replicated index: 0, Majority replicated index: 0, Committed index: 26, Last appended: 1.26, Last appended by leader: 26, Current term: 0, Majority size: -1, State: 0, Mode: NON_LEADER, active raft config: opid_index: 26 OBSOLETE_local: false peers { permanent_uuid: "36da490896944172b2ee41a88486cdef" member_type: VOTER last_known_addr { host: "127.12.127.1" port: 41507 } } peers { permanent_uuid: "d50011f785b64e8b87b2dd57436f0599" member_type: VOTER last_known_addr { host: "127.12.127.2" port: 44863 } attrs { replace: true } } peers { permanent_uuid: "7b2d93da8a57448199adb9b9fce1532a" member_type: VOTER last_known_addr { host: "127.12.127.3" port: 42567 } } peers { permanent_uuid: "24abb8583e42492d8af5e88b888ab663" member_type: NON_VOTER last_known_addr { host: "127.12.127.5" port: 46101 } attrs { promote: true } }
I20260608 12:44:08.179703 17914 ts_tablet_manager.cc:1434] T 4497785cada448bcb2e9015d3e272d5f P 24abb8583e42492d8af5e88b888ab663: Time spent starting tablet: real 0.004s	user 0.004s	sys 0.000s
I20260608 12:44:08.182240 17398 tablet_copy_service.cc:342] P 7b2d93da8a57448199adb9b9fce1532a: Request end of tablet copy session 24abb8583e42492d8af5e88b888ab663-4497785cada448bcb2e9015d3e272d5f received from {username='slave'} at 127.0.0.1:36164
I20260608 12:44:08.182699 17398 tablet_copy_service.cc:434] P 7b2d93da8a57448199adb9b9fce1532a: ending tablet copy session 24abb8583e42492d8af5e88b888ab663-4497785cada448bcb2e9015d3e272d5f on tablet 4497785cada448bcb2e9015d3e272d5f with peer 24abb8583e42492d8af5e88b888ab663
I20260608 12:44:08.367370 17917 raft_consensus.cc:1064] T 5fb289c72a5f491c9cd169f3bf383047 P 36da490896944172b2ee41a88486cdef: attempting to promote NON_VOTER 25344f73f53a409ba2a84af49bec8da7 to VOTER
I20260608 12:44:08.370836 17917 consensus_queue.cc:237] T 5fb289c72a5f491c9cd169f3bf383047 P 36da490896944172b2ee41a88486cdef [LEADER]: Queue going to LEADER mode. State: All replicated index: 0, Majority replicated index: 26, Committed index: 26, Last appended: 1.26, Last appended by leader: 0, Current term: 1, Majority size: 3, State: 0, Mode: LEADER, active raft config: opid_index: 27 OBSOLETE_local: false peers { permanent_uuid: "d50011f785b64e8b87b2dd57436f0599" member_type: VOTER last_known_addr { host: "127.12.127.2" port: 44863 } } peers { permanent_uuid: "7b2d93da8a57448199adb9b9fce1532a" member_type: VOTER last_known_addr { host: "127.12.127.3" port: 42567 } attrs { replace: true } } peers { permanent_uuid: "36da490896944172b2ee41a88486cdef" member_type: VOTER last_known_addr { host: "127.12.127.1" port: 41507 } } peers { permanent_uuid: "25344f73f53a409ba2a84af49bec8da7" member_type: VOTER last_known_addr { host: "127.12.127.4" port: 43051 } attrs { promote: false } }
I20260608 12:44:08.381943 17683 raft_consensus.cc:1275] T 5fb289c72a5f491c9cd169f3bf383047 P 25344f73f53a409ba2a84af49bec8da7 [term 1 LEARNER]: Refusing update from remote peer 36da490896944172b2ee41a88486cdef: Log matching property violated. Preceding OpId in replica: term: 1 index: 26. Preceding OpId from leader: term: 1 index: 27. (index mismatch)
I20260608 12:44:08.382077 17387 raft_consensus.cc:1275] T 5fb289c72a5f491c9cd169f3bf383047 P 7b2d93da8a57448199adb9b9fce1532a [term 1 FOLLOWER]: Refusing update from remote peer 36da490896944172b2ee41a88486cdef: Log matching property violated. Preceding OpId in replica: term: 1 index: 26. Preceding OpId from leader: term: 1 index: 27. (index mismatch)
I20260608 12:44:08.383231 17310 raft_consensus.cc:1275] T 5fb289c72a5f491c9cd169f3bf383047 P d50011f785b64e8b87b2dd57436f0599 [term 1 FOLLOWER]: Refusing update from remote peer 36da490896944172b2ee41a88486cdef: Log matching property violated. Preceding OpId in replica: term: 1 index: 26. Preceding OpId from leader: term: 1 index: 27. (index mismatch)
I20260608 12:44:08.383649 17917 consensus_queue.cc:1048] T 5fb289c72a5f491c9cd169f3bf383047 P 36da490896944172b2ee41a88486cdef [LEADER]: Connected to new peer: Peer: permanent_uuid: "25344f73f53a409ba2a84af49bec8da7" member_type: VOTER last_known_addr { host: "127.12.127.4" port: 43051 } attrs { promote: false }, Status: LMP_MISMATCH, Last received: 0.0, Next index: 27, Last known committed idx: 26, Time since last communication: 0.000s
I20260608 12:44:08.384690 17936 consensus_queue.cc:1048] T 5fb289c72a5f491c9cd169f3bf383047 P 36da490896944172b2ee41a88486cdef [LEADER]: Connected to new peer: Peer: permanent_uuid: "7b2d93da8a57448199adb9b9fce1532a" member_type: VOTER last_known_addr { host: "127.12.127.3" port: 42567 } attrs { replace: true }, Status: LMP_MISMATCH, Last received: 0.0, Next index: 27, Last known committed idx: 26, Time since last communication: 0.000s
I20260608 12:44:08.385854 17933 consensus_queue.cc:1048] T 5fb289c72a5f491c9cd169f3bf383047 P 36da490896944172b2ee41a88486cdef [LEADER]: Connected to new peer: Peer: permanent_uuid: "d50011f785b64e8b87b2dd57436f0599" member_type: VOTER last_known_addr { host: "127.12.127.2" port: 44863 }, Status: LMP_MISMATCH, Last received: 0.0, Next index: 27, Last known committed idx: 26, Time since last communication: 0.000s
I20260608 12:44:08.404171 17758 raft_consensus.cc:1217] T 237d8be9545c462588e827ce5e509f99 P 24abb8583e42492d8af5e88b888ab663 [term 2 LEARNER]: Deduplicated request from leader. Original: 2.25->[2.26-2.26]   Dedup: 2.26->[]
I20260608 12:44:08.406847 17933 raft_consensus.cc:2955] T 5fb289c72a5f491c9cd169f3bf383047 P 36da490896944172b2ee41a88486cdef [term 1 LEADER]: Committing config change with OpId 1.27: config changed from index 26 to 27, 25344f73f53a409ba2a84af49bec8da7 (127.12.127.4) changed from NON_VOTER to VOTER. New config: { opid_index: 27 OBSOLETE_local: false peers { permanent_uuid: "d50011f785b64e8b87b2dd57436f0599" member_type: VOTER last_known_addr { host: "127.12.127.2" port: 44863 } } peers { permanent_uuid: "7b2d93da8a57448199adb9b9fce1532a" member_type: VOTER last_known_addr { host: "127.12.127.3" port: 42567 } attrs { replace: true } } peers { permanent_uuid: "36da490896944172b2ee41a88486cdef" member_type: VOTER last_known_addr { host: "127.12.127.1" port: 41507 } } peers { permanent_uuid: "25344f73f53a409ba2a84af49bec8da7" member_type: VOTER last_known_addr { host: "127.12.127.4" port: 43051 } attrs { promote: false } } }
I20260608 12:44:08.409655 17388 raft_consensus.cc:2955] T 5fb289c72a5f491c9cd169f3bf383047 P 7b2d93da8a57448199adb9b9fce1532a [term 1 FOLLOWER]: Committing config change with OpId 1.27: config changed from index 26 to 27, 25344f73f53a409ba2a84af49bec8da7 (127.12.127.4) changed from NON_VOTER to VOTER. New config: { opid_index: 27 OBSOLETE_local: false peers { permanent_uuid: "d50011f785b64e8b87b2dd57436f0599" member_type: VOTER last_known_addr { host: "127.12.127.2" port: 44863 } } peers { permanent_uuid: "7b2d93da8a57448199adb9b9fce1532a" member_type: VOTER last_known_addr { host: "127.12.127.3" port: 42567 } attrs { replace: true } } peers { permanent_uuid: "36da490896944172b2ee41a88486cdef" member_type: VOTER last_known_addr { host: "127.12.127.1" port: 41507 } } peers { permanent_uuid: "25344f73f53a409ba2a84af49bec8da7" member_type: VOTER last_known_addr { host: "127.12.127.4" port: 43051 } attrs { promote: false } } }
I20260608 12:44:08.414455 17683 raft_consensus.cc:2955] T 5fb289c72a5f491c9cd169f3bf383047 P 25344f73f53a409ba2a84af49bec8da7 [term 1 FOLLOWER]: Committing config change with OpId 1.27: config changed from index 26 to 27, 25344f73f53a409ba2a84af49bec8da7 (127.12.127.4) changed from NON_VOTER to VOTER. New config: { opid_index: 27 OBSOLETE_local: false peers { permanent_uuid: "d50011f785b64e8b87b2dd57436f0599" member_type: VOTER last_known_addr { host: "127.12.127.2" port: 44863 } } peers { permanent_uuid: "7b2d93da8a57448199adb9b9fce1532a" member_type: VOTER last_known_addr { host: "127.12.127.3" port: 42567 } attrs { replace: true } } peers { permanent_uuid: "36da490896944172b2ee41a88486cdef" member_type: VOTER last_known_addr { host: "127.12.127.1" port: 41507 } } peers { permanent_uuid: "25344f73f53a409ba2a84af49bec8da7" member_type: VOTER last_known_addr { host: "127.12.127.4" port: 43051 } attrs { promote: false } } }
I20260608 12:44:08.420015 17310 raft_consensus.cc:2955] T 5fb289c72a5f491c9cd169f3bf383047 P d50011f785b64e8b87b2dd57436f0599 [term 1 FOLLOWER]: Committing config change with OpId 1.27: config changed from index 26 to 27, 25344f73f53a409ba2a84af49bec8da7 (127.12.127.4) changed from NON_VOTER to VOTER. New config: { opid_index: 27 OBSOLETE_local: false peers { permanent_uuid: "d50011f785b64e8b87b2dd57436f0599" member_type: VOTER last_known_addr { host: "127.12.127.2" port: 44863 } } peers { permanent_uuid: "7b2d93da8a57448199adb9b9fce1532a" member_type: VOTER last_known_addr { host: "127.12.127.3" port: 42567 } attrs { replace: true } } peers { permanent_uuid: "36da490896944172b2ee41a88486cdef" member_type: VOTER last_known_addr { host: "127.12.127.1" port: 41507 } } peers { permanent_uuid: "25344f73f53a409ba2a84af49bec8da7" member_type: VOTER last_known_addr { host: "127.12.127.4" port: 43051 } attrs { promote: false } } }
I20260608 12:44:08.433483 17132 catalog_manager.cc:5696] T 5fb289c72a5f491c9cd169f3bf383047 P 25344f73f53a409ba2a84af49bec8da7 reported cstate change: config changed from index 26 to 27, 25344f73f53a409ba2a84af49bec8da7 (127.12.127.4) changed from NON_VOTER to VOTER. New cstate: current_term: 1 leader_uuid: "36da490896944172b2ee41a88486cdef" committed_config { opid_index: 27 OBSOLETE_local: false peers { permanent_uuid: "d50011f785b64e8b87b2dd57436f0599" member_type: VOTER last_known_addr { host: "127.12.127.2" port: 44863 } } peers { permanent_uuid: "7b2d93da8a57448199adb9b9fce1532a" member_type: VOTER last_known_addr { host: "127.12.127.3" port: 42567 } attrs { replace: true } } peers { permanent_uuid: "36da490896944172b2ee41a88486cdef" member_type: VOTER last_known_addr { host: "127.12.127.1" port: 41507 } } peers { permanent_uuid: "25344f73f53a409ba2a84af49bec8da7" member_type: VOTER last_known_addr { host: "127.12.127.4" port: 43051 } attrs { promote: false } } }
