I20260608 12:43:43.938954 16652 raft_consensus.cc:2468] T 39dcc0febd004253a396535a6f267619 P 429f069030924086b89ce0d0105d2804 [term 0 FOLLOWER]: Leader pre-election vote request: Granting yes vote for candidate 8d499021688c4004b1ab7c954cfbeae9 in term 0.
I20260608 12:43:43.939136 16577 raft_consensus.cc:2468] T 39dcc0febd004253a396535a6f267619 P 548ce08235bc4db585fbd81841718727 [term 0 FOLLOWER]: Leader pre-election vote request: Granting yes vote for candidate 8d499021688c4004b1ab7c954cfbeae9 in term 0.
I20260608 12:43:43.940600 16764 leader_election.cc:304] T 39dcc0febd004253a396535a6f267619 P 8d499021688c4004b1ab7c954cfbeae9 [CANDIDATE]: Term 1 pre-election: Election decided. Result: candidate won. Election summary: received 2 responses out of 3 voters: 2 yes votes; 0 no votes. yes voters: 429f069030924086b89ce0d0105d2804, 8d499021688c4004b1ab7c954cfbeae9; no voters: 
I20260608 12:43:43.941686 16853 raft_consensus.cc:2804] T 39dcc0febd004253a396535a6f267619 P 8d499021688c4004b1ab7c954cfbeae9 [term 0 FOLLOWER]: Leader pre-election won for term 1
I20260608 12:43:43.942144 16853 raft_consensus.cc:493] T 39dcc0febd004253a396535a6f267619 P 8d499021688c4004b1ab7c954cfbeae9 [term 0 FOLLOWER]: Starting leader election (no leader contacted us within the election timeout)
I20260608 12:43:43.942458 16853 raft_consensus.cc:3060] T 39dcc0febd004253a396535a6f267619 P 8d499021688c4004b1ab7c954cfbeae9 [term 0 FOLLOWER]: Advancing to term 1
I20260608 12:43:43.948822 16853 raft_consensus.cc:515] T 39dcc0febd004253a396535a6f267619 P 8d499021688c4004b1ab7c954cfbeae9 [term 1 FOLLOWER]: Starting leader election with config: opid_index: -1 OBSOLETE_local: false peers { permanent_uuid: "548ce08235bc4db585fbd81841718727" member_type: VOTER last_known_addr { host: "127.12.135.65" port: 33563 } } peers { permanent_uuid: "429f069030924086b89ce0d0105d2804" member_type: VOTER last_known_addr { host: "127.12.135.66" port: 39231 } } peers { permanent_uuid: "8d499021688c4004b1ab7c954cfbeae9" member_type: VOTER last_known_addr { host: "127.12.135.68" port: 43349 } }
I20260608 12:43:43.951143 16853 leader_election.cc:290] T 39dcc0febd004253a396535a6f267619 P 8d499021688c4004b1ab7c954cfbeae9 [CANDIDATE]: Term 1 election: Requested vote from peers 548ce08235bc4db585fbd81841718727 (127.12.135.65:33563), 429f069030924086b89ce0d0105d2804 (127.12.135.66:39231)
I20260608 12:43:43.952466 16652 tablet_service.cc:1917] Received RequestConsensusVote() RPC: tablet_id: "39dcc0febd004253a396535a6f267619" candidate_uuid: "8d499021688c4004b1ab7c954cfbeae9" candidate_term: 1 candidate_status { last_received { term: 0 index: 0 } } ignore_live_leader: false dest_uuid: "429f069030924086b89ce0d0105d2804"
I20260608 12:43:43.952454 16577 tablet_service.cc:1917] Received RequestConsensusVote() RPC: tablet_id: "39dcc0febd004253a396535a6f267619" candidate_uuid: "8d499021688c4004b1ab7c954cfbeae9" candidate_term: 1 candidate_status { last_received { term: 0 index: 0 } } ignore_live_leader: false dest_uuid: "548ce08235bc4db585fbd81841718727"
I20260608 12:43:43.953164 16652 raft_consensus.cc:3060] T 39dcc0febd004253a396535a6f267619 P 429f069030924086b89ce0d0105d2804 [term 0 FOLLOWER]: Advancing to term 1
I20260608 12:43:43.953194 16577 raft_consensus.cc:3060] T 39dcc0febd004253a396535a6f267619 P 548ce08235bc4db585fbd81841718727 [term 0 FOLLOWER]: Advancing to term 1
I20260608 12:43:43.959841 16577 raft_consensus.cc:2468] T 39dcc0febd004253a396535a6f267619 P 548ce08235bc4db585fbd81841718727 [term 1 FOLLOWER]: Leader election vote request: Granting yes vote for candidate 8d499021688c4004b1ab7c954cfbeae9 in term 1.
I20260608 12:43:43.960548 16652 raft_consensus.cc:2468] T 39dcc0febd004253a396535a6f267619 P 429f069030924086b89ce0d0105d2804 [term 1 FOLLOWER]: Leader election vote request: Granting yes vote for candidate 8d499021688c4004b1ab7c954cfbeae9 in term 1.
I20260608 12:43:43.961376 16763 leader_election.cc:304] T 39dcc0febd004253a396535a6f267619 P 8d499021688c4004b1ab7c954cfbeae9 [CANDIDATE]: Term 1 election: Election decided. Result: candidate won. Election summary: received 2 responses out of 3 voters: 2 yes votes; 0 no votes. yes voters: 548ce08235bc4db585fbd81841718727, 8d499021688c4004b1ab7c954cfbeae9; no voters: 
I20260608 12:43:43.962582 16853 raft_consensus.cc:2804] T 39dcc0febd004253a396535a6f267619 P 8d499021688c4004b1ab7c954cfbeae9 [term 1 FOLLOWER]: Leader election won for term 1
I20260608 12:43:43.964525 16853 raft_consensus.cc:697] T 39dcc0febd004253a396535a6f267619 P 8d499021688c4004b1ab7c954cfbeae9 [term 1 LEADER]: Becoming Leader. State: Replica: 8d499021688c4004b1ab7c954cfbeae9, State: Running, Role: LEADER
I20260608 12:43:43.965914 16853 consensus_queue.cc:237] T 39dcc0febd004253a396535a6f267619 P 8d499021688c4004b1ab7c954cfbeae9 [LEADER]: Queue going to LEADER mode. State: All replicated index: 0, Majority replicated index: 0, Committed index: 0, Last appended: 0.0, Last appended by leader: 0, Current term: 1, Majority size: 2, State: 0, Mode: LEADER, active raft config: opid_index: -1 OBSOLETE_local: false peers { permanent_uuid: "548ce08235bc4db585fbd81841718727" member_type: VOTER last_known_addr { host: "127.12.135.65" port: 33563 } } peers { permanent_uuid: "429f069030924086b89ce0d0105d2804" member_type: VOTER last_known_addr { host: "127.12.135.66" port: 39231 } } peers { permanent_uuid: "8d499021688c4004b1ab7c954cfbeae9" member_type: VOTER last_known_addr { host: "127.12.135.68" port: 43349 } }
I20260608 12:43:43.975898 16473 catalog_manager.cc:5696] T 39dcc0febd004253a396535a6f267619 P 8d499021688c4004b1ab7c954cfbeae9 reported cstate change: term changed from 0 to 1, leader changed from <none> to 8d499021688c4004b1ab7c954cfbeae9 (127.12.135.68). New cstate: current_term: 1 leader_uuid: "8d499021688c4004b1ab7c954cfbeae9" committed_config { opid_index: -1 OBSOLETE_local: false peers { permanent_uuid: "548ce08235bc4db585fbd81841718727" member_type: VOTER last_known_addr { host: "127.12.135.65" port: 33563 } health_report { overall_health: UNKNOWN } } peers { permanent_uuid: "429f069030924086b89ce0d0105d2804" member_type: VOTER last_known_addr { host: "127.12.135.66" port: 39231 } health_report { overall_health: UNKNOWN } } peers { permanent_uuid: "8d499021688c4004b1ab7c954cfbeae9" member_type: VOTER last_known_addr { host: "127.12.135.68" port: 43349 } health_report { overall_health: HEALTHY } } }
I20260608 12:43:44.404978 16528 auto_leader_rebalancer.cc:140] leader rebalance for table test-workload
I20260608 12:43:44.407253 16528 auto_leader_rebalancer.cc:388] table: test-workload, leader rebalance finish, leader transfer count: 0
I20260608 12:43:44.407757 16528 auto_leader_rebalancer.cc:451] All tables' leader rebalancing finished this round
I20260608 12:43:44.510025 16860 consensus_queue.cc:1048] T 39dcc0febd004253a396535a6f267619 P 8d499021688c4004b1ab7c954cfbeae9 [LEADER]: Connected to new peer: Peer: permanent_uuid: "548ce08235bc4db585fbd81841718727" member_type: VOTER last_known_addr { host: "127.12.135.65" port: 33563 }, Status: LMP_MISMATCH, Last received: 0.0, Next index: 1, Last known committed idx: 0, Time since last communication: 0.001s
I20260608 12:43:44.524180 16863 consensus_queue.cc:1048] T 39dcc0febd004253a396535a6f267619 P 8d499021688c4004b1ab7c954cfbeae9 [LEADER]: Connected to new peer: Peer: permanent_uuid: "429f069030924086b89ce0d0105d2804" member_type: VOTER last_known_addr { host: "127.12.135.66" port: 39231 }, Status: LMP_MISMATCH, Last received: 0.0, Next index: 1, Last known committed idx: 0, Time since last communication: 0.001s
I20260608 12:43:46.408911 16528 auto_leader_rebalancer.cc:140] leader rebalance for table test-workload
I20260608 12:43:46.410395 16528 auto_leader_rebalancer.cc:388] table: test-workload, leader rebalance finish, leader transfer count: 0
I20260608 12:43:46.410768 16528 auto_leader_rebalancer.cc:451] All tables' leader rebalancing finished this round
I20260608 12:43:48.412024 16528 auto_leader_rebalancer.cc:140] leader rebalance for table test-workload
I20260608 12:43:48.414098 16528 auto_leader_rebalancer.cc:388] table: test-workload, leader rebalance finish, leader transfer count: 0
I20260608 12:43:48.414567 16528 auto_leader_rebalancer.cc:451] All tables' leader rebalancing finished this round
I20260608 12:43:50.415787 16528 auto_leader_rebalancer.cc:140] leader rebalance for table test-workload
I20260608 12:43:50.417728 16528 auto_leader_rebalancer.cc:388] table: test-workload, leader rebalance finish, leader transfer count: 0
I20260608 12:43:50.418191 16528 auto_leader_rebalancer.cc:451] All tables' leader rebalancing finished this round
I20260608 12:43:52.419334 16528 auto_leader_rebalancer.cc:140] leader rebalance for table test-workload
I20260608 12:43:52.420938 16528 auto_leader_rebalancer.cc:388] table: test-workload, leader rebalance finish, leader transfer count: 0
I20260608 12:43:52.421288 16528 auto_leader_rebalancer.cc:451] All tables' leader rebalancing finished this round
I20260608 12:43:54.422669 16528 auto_leader_rebalancer.cc:140] leader rebalance for table test-workload
I20260608 12:43:54.424742 16528 auto_leader_rebalancer.cc:388] table: test-workload, leader rebalance finish, leader transfer count: 0
I20260608 12:43:54.425190 16528 auto_leader_rebalancer.cc:451] All tables' leader rebalancing finished this round
I20260608 12:43:55.078280 12829 tablet_server.cc:179] TabletServer@127.12.135.65:0 shutting down...
I20260608 12:43:55.123142 12829 ts_tablet_manager.cc:1507] Shutting down tablet manager...
I20260608 12:43:55.124605 12829 tablet_replica.cc:333] T 39dcc0febd004253a396535a6f267619 P 548ce08235bc4db585fbd81841718727: stopping tablet replica
I20260608 12:43:55.125372 12829 raft_consensus.cc:2243] T 39dcc0febd004253a396535a6f267619 P 548ce08235bc4db585fbd81841718727 [term 1 FOLLOWER]: Raft consensus shutting down.
I20260608 12:43:55.126190 12829 raft_consensus.cc:2272] T 39dcc0febd004253a396535a6f267619 P 548ce08235bc4db585fbd81841718727 [term 1 FOLLOWER]: Raft consensus is shut down!
I20260608 12:43:55.149647 12829 tablet_server.cc:196] TabletServer@127.12.135.65:0 shutdown complete.
I20260608 12:43:55.168051 12829 tablet_server.cc:179] TabletServer@127.12.135.66:0 shutting down...
I20260608 12:43:55.200282 12829 ts_tablet_manager.cc:1507] Shutting down tablet manager...
I20260608 12:43:55.201229 12829 tablet_replica.cc:333] T 39dcc0febd004253a396535a6f267619 P 429f069030924086b89ce0d0105d2804: stopping tablet replica
I20260608 12:43:55.201862 12829 raft_consensus.cc:2243] T 39dcc0febd004253a396535a6f267619 P 429f069030924086b89ce0d0105d2804 [term 1 FOLLOWER]: Raft consensus shutting down.
I20260608 12:43:55.202458 12829 raft_consensus.cc:2272] T 39dcc0febd004253a396535a6f267619 P 429f069030924086b89ce0d0105d2804 [term 1 FOLLOWER]: Raft consensus is shut down!
I20260608 12:43:55.224819 12829 tablet_server.cc:196] TabletServer@127.12.135.66:0 shutdown complete.
I20260608 12:43:55.238554 12829 tablet_server.cc:179] TabletServer@127.12.135.67:0 shutting down...
I20260608 12:43:55.268263 12829 ts_tablet_manager.cc:1507] Shutting down tablet manager...
I20260608 12:43:55.286936 12829 tablet_server.cc:196] TabletServer@127.12.135.67:0 shutdown complete.
I20260608 12:43:55.298739 12829 tablet_server.cc:179] TabletServer@127.12.135.68:0 shutting down...
W20260608 12:43:55.308499 16763 proxy.cc:239] Call had error, refreshing address and retrying: Network error: Client connection negotiation failed: client connection to 127.12.135.65:33563: connect: Connection refused (error 111) [suppressed 14 similar messages]
W20260608 12:43:55.327412 16763 consensus_peers.cc:597] T 39dcc0febd004253a396535a6f267619 P 8d499021688c4004b1ab7c954cfbeae9 -> Peer 548ce08235bc4db585fbd81841718727 (127.12.135.65:33563): Couldn't send request to peer 548ce08235bc4db585fbd81841718727. Status: Network error: Client connection negotiation failed: client connection to 127.12.135.65:33563: connect: Connection refused (error 111). This is attempt 1: this message will repeat every 5th retry.
I20260608 12:43:55.341881 12829 ts_tablet_manager.cc:1507] Shutting down tablet manager...
I20260608 12:43:55.342813 12829 tablet_replica.cc:333] T 39dcc0febd004253a396535a6f267619 P 8d499021688c4004b1ab7c954cfbeae9: stopping tablet replica
I20260608 12:43:55.343451 12829 raft_consensus.cc:2243] T 39dcc0febd004253a396535a6f267619 P 8d499021688c4004b1ab7c954cfbeae9 [term 1 LEADER]: Raft consensus shutting down.
I20260608 12:43:55.344787 12829 raft_consensus.cc:2272] T 39dcc0febd004253a396535a6f267619 P 8d499021688c4004b1ab7c954cfbeae9 [term 1 FOLLOWER]: Raft consensus is shut down!
I20260608 12:43:55.367806 12829 tablet_server.cc:196] TabletServer@127.12.135.68:0 shutdown complete.
I20260608 12:43:55.382037 12829 master.cc:562] Master@127.12.135.126:46537 shutting down...
I20260608 12:43:55.410422 12829 raft_consensus.cc:2243] T 00000000000000000000000000000000 P b9d69fcc210743b1a976a2bebc5a371d [term 1 LEADER]: Raft consensus shutting down.
I20260608 12:43:55.411670 12829 raft_consensus.cc:2272] T 00000000000000000000000000000000 P b9d69fcc210743b1a976a2bebc5a371d [term 1 FOLLOWER]: Raft consensus is shut down!
I20260608 12:43:55.412182 12829 tablet_replica.cc:333] T 00000000000000000000000000000000 P b9d69fcc210743b1a976a2bebc5a371d: stopping tablet replica
I20260608 12:43:55.435599 12829 master.cc:584] Master@127.12.135.126:46537 shutdown complete.
[       OK ] AutoRebalancerTest.NoReplicaMovesIfLocationLoadSkewedByOne (13244 ms)
[ RUN      ] AutoRebalancerTest.NoReplicaMovesIfCannotFixPlacementPolicy
I20260608 12:43:55.480863 12829 internal_mini_cluster.cc:156] Creating distributed mini masters. Addrs: 127.12.135.126:42181
I20260608 12:43:55.482285 12829 file_cache.cc:492] Constructed file cache file cache with capacity 419430
W20260608 12:43:55.489678 16873 instance_detector.cc:116] could not retrieve AWS instance metadata: Network error: curl error: HTTP response code said error: The requested URL returned error: 404
W20260608 12:43:55.490569 16874 instance_detector.cc:116] could not retrieve Azure instance metadata: Network error: curl error: HTTP response code said error: The requested URL returned error: 404
W20260608 12:43:55.492132 16876 instance_detector.cc:116] could not retrieve OpenStack instance metadata: Network error: curl error: HTTP response code said error: The requested URL returned error: 404
I20260608 12:43:55.493775 12829 server_base.cc:1061] running on GCE node
I20260608 12:43:55.494736 12829 hybrid_clock.cc:584] initializing the hybrid clock with 'system_unsync' time source
W20260608 12:43:55.494987 12829 system_unsync_time.cc:38] NTP support is disabled. Clock error bounds will not be accurate. This configuration is not suitable for distributed clusters.
I20260608 12:43:55.495177 12829 hybrid_clock.cc:648] HybridClock initialized: now 1780922635495159 us; error 0 us; skew 500 ppm
I20260608 12:43:55.495868 12829 server_base.cc:861] Flag tcmalloc_max_total_thread_cache_bytes is not working since tcmalloc is not enabled.
I20260608 12:43:55.498943 12829 webserver.cc:533] Webserver started at http://127.12.135.126:43415/ using document root <none> and password file <none>
I20260608 12:43:55.499584 12829 fs_manager.cc:362] Metadata directory not provided
I20260608 12:43:55.499788 12829 fs_manager.cc:368] Using write-ahead log directory (fs_wal_dir) as metadata directory
I20260608 12:43:55.500133 12829 server_base.cc:909] This appears to be a new deployment of Kudu; creating new FS layout
I20260608 12:43:55.501667 12829 fs_manager.cc:1068] Generated new instance metadata in path /tmp/dist-test-taskwo2H_H/test-tmp/auto_rebalancer-test.0.AutoRebalancerTest.NoReplicaMovesIfCannotFixPlacementPolicy.1780922522581875-12829-0/minicluster-data/master-0-root/instance:
uuid: "0d3e0c874c094c78b0d706ce1645ac53"
format_stamp: "Formatted at 2026-06-08 12:43:55 on dist-test-slave-457t"
I20260608 12:43:55.506990 12829 fs_manager.cc:696] Time spent creating directory manager: real 0.005s	user 0.006s	sys 0.000s
I20260608 12:43:55.511456 16881 log_block_manager.cc:4031] Time spent loading block containers with low live blocks: real 0.000s	user 0.000s	sys 0.000s
I20260608 12:43:55.512629 12829 fs_manager.cc:730] Time spent opening block manager: real 0.003s	user 0.003s	sys 0.000s
I20260608 12:43:55.512929 12829 fs_manager.cc:647] Opened local filesystem: /tmp/dist-test-taskwo2H_H/test-tmp/auto_rebalancer-test.0.AutoRebalancerTest.NoReplicaMovesIfCannotFixPlacementPolicy.1780922522581875-12829-0/minicluster-data/master-0-root
uuid: "0d3e0c874c094c78b0d706ce1645ac53"
format_stamp: "Formatted at 2026-06-08 12:43:55 on dist-test-slave-457t"
I20260608 12:43:55.513224 12829 fs_report.cc:389] FS layout report
--------------------
wal directory: /tmp/dist-test-taskwo2H_H/test-tmp/auto_rebalancer-test.0.AutoRebalancerTest.NoReplicaMovesIfCannotFixPlacementPolicy.1780922522581875-12829-0/minicluster-data/master-0-root
metadata directory: /tmp/dist-test-taskwo2H_H/test-tmp/auto_rebalancer-test.0.AutoRebalancerTest.NoReplicaMovesIfCannotFixPlacementPolicy.1780922522581875-12829-0/minicluster-data/master-0-root
1 data directories: /tmp/dist-test-taskwo2H_H/test-tmp/auto_rebalancer-test.0.AutoRebalancerTest.NoReplicaMovesIfCannotFixPlacementPolicy.1780922522581875-12829-0/minicluster-data/master-0-root/data
Total live blocks: 0
Total live bytes: 0
Total live bytes (after alignment): 0
Total number of LBM containers: 0 (0 full)
Did not check for missing blocks
Did not check for orphaned blocks
Total full LBM containers with extra space: 0 (0 repaired)
Total full LBM container extra space in bytes: 0 (0 repaired)
Total incomplete LBM containers: 0 (0 repaired)
Total LBM partial records: 0 (0 repaired)
Total corrupted LBM metadata records in RocksDB: 0 (0 repaired)
I20260608 12:43:55.533488 12829 rpc_server.cc:225] running with OpenSSL 1.1.1  11 Sep 2018
I20260608 12:43:55.534838 12829 kserver.cc:163] Server-wide thread pool size limit: 3276
I20260608 12:43:55.583703 12829 rpc_server.cc:307] RPC server started. Bound to: 127.12.135.126:42181
I20260608 12:43:55.583877 16932 acceptor_pool.cc:272] collecting diagnostics on the listening RPC socket 127.12.135.126:42181 every 8 connection(s)
I20260608 12:43:55.588820 16933 data_dirs.cc:400] Could only allocate 1 dirs of requested 3 for tablet 00000000000000000000000000000000. 1 dirs total, 0 dirs full, 0 dirs failed
I20260608 12:43:55.602421 16933 tablet_bootstrap.cc:492] T 00000000000000000000000000000000 P 0d3e0c874c094c78b0d706ce1645ac53: Bootstrap starting.
I20260608 12:43:55.608265 16933 tablet_bootstrap.cc:654] T 00000000000000000000000000000000 P 0d3e0c874c094c78b0d706ce1645ac53: Neither blocks nor log segments found. Creating new log.
I20260608 12:43:55.613656 16933 tablet_bootstrap.cc:492] T 00000000000000000000000000000000 P 0d3e0c874c094c78b0d706ce1645ac53: No bootstrap required, opened a new log
I20260608 12:43:55.617415 16933 raft_consensus.cc:359] T 00000000000000000000000000000000 P 0d3e0c874c094c78b0d706ce1645ac53 [term 0 FOLLOWER]: Replica starting. Triggering 0 pending ops. Active config: opid_index: -1 OBSOLETE_local: true peers { permanent_uuid: "0d3e0c874c094c78b0d706ce1645ac53" member_type: VOTER }
I20260608 12:43:55.618019 16933 raft_consensus.cc:385] T 00000000000000000000000000000000 P 0d3e0c874c094c78b0d706ce1645ac53 [term 0 FOLLOWER]: Consensus starting up: Expiring failure detector timer to make a prompt election more likely
I20260608 12:43:55.618254 16933 raft_consensus.cc:740] T 00000000000000000000000000000000 P 0d3e0c874c094c78b0d706ce1645ac53 [term 0 FOLLOWER]: Becoming Follower/Learner. State: Replica: 0d3e0c874c094c78b0d706ce1645ac53, State: Initialized, Role: FOLLOWER
I20260608 12:43:55.618871 16933 consensus_queue.cc:260] T 00000000000000000000000000000000 P 0d3e0c874c094c78b0d706ce1645ac53 [NON_LEADER]: Queue going to NON_LEADER mode. State: All replicated index: 0, Majority replicated index: 0, Committed index: 0, Last appended: 0.0, Last appended by leader: 0, Current term: 0, Majority size: -1, State: 0, Mode: NON_LEADER, active raft config: opid_index: -1 OBSOLETE_local: true peers { permanent_uuid: "0d3e0c874c094c78b0d706ce1645ac53" member_type: VOTER }
I20260608 12:43:55.619422 16933 raft_consensus.cc:399] T 00000000000000000000000000000000 P 0d3e0c874c094c78b0d706ce1645ac53 [term 0 FOLLOWER]: Only one voter in the Raft config. Triggering election immediately
I20260608 12:43:55.619720 16933 raft_consensus.cc:493] T 00000000000000000000000000000000 P 0d3e0c874c094c78b0d706ce1645ac53 [term 0 FOLLOWER]: Starting leader election (initial election of a single-replica configuration)
I20260608 12:43:55.620057 16933 raft_consensus.cc:3060] T 00000000000000000000000000000000 P 0d3e0c874c094c78b0d706ce1645ac53 [term 0 FOLLOWER]: Advancing to term 1
I20260608 12:43:55.625501 16933 raft_consensus.cc:515] T 00000000000000000000000000000000 P 0d3e0c874c094c78b0d706ce1645ac53 [term 1 FOLLOWER]: Starting leader election with config: opid_index: -1 OBSOLETE_local: true peers { permanent_uuid: "0d3e0c874c094c78b0d706ce1645ac53" member_type: VOTER }
I20260608 12:43:55.626194 16933 leader_election.cc:304] T 00000000000000000000000000000000 P 0d3e0c874c094c78b0d706ce1645ac53 [CANDIDATE]: Term 1 election: Election decided. Result: candidate won. Election summary: received 1 responses out of 1 voters: 1 yes votes; 0 no votes. yes voters: 0d3e0c874c094c78b0d706ce1645ac53; no voters: 
I20260608 12:43:55.627544 16933 leader_election.cc:290] T 00000000000000000000000000000000 P 0d3e0c874c094c78b0d706ce1645ac53 [CANDIDATE]: Term 1 election: Requested vote from peers 
I20260608 12:43:55.628604 16936 raft_consensus.cc:2804] T 00000000000000000000000000000000 P 0d3e0c874c094c78b0d706ce1645ac53 [term 1 FOLLOWER]: Leader election won for term 1
I20260608 12:43:55.630571 16936 raft_consensus.cc:697] T 00000000000000000000000000000000 P 0d3e0c874c094c78b0d706ce1645ac53 [term 1 LEADER]: Becoming Leader. State: Replica: 0d3e0c874c094c78b0d706ce1645ac53, State: Running, Role: LEADER
I20260608 12:43:55.631160 16933 sys_catalog.cc:565] T 00000000000000000000000000000000 P 0d3e0c874c094c78b0d706ce1645ac53 [sys.catalog]: configured and running, proceeding with master startup.
I20260608 12:43:55.631498 16936 consensus_queue.cc:237] T 00000000000000000000000000000000 P 0d3e0c874c094c78b0d706ce1645ac53 [LEADER]: Queue going to LEADER mode. State: All replicated index: 0, Majority replicated index: 0, Committed index: 0, Last appended: 0.0, Last appended by leader: 0, Current term: 1, Majority size: 1, State: 0, Mode: LEADER, active raft config: opid_index: -1 OBSOLETE_local: true peers { permanent_uuid: "0d3e0c874c094c78b0d706ce1645ac53" member_type: VOTER }
I20260608 12:43:55.635063 16937 sys_catalog.cc:455] T 00000000000000000000000000000000 P 0d3e0c874c094c78b0d706ce1645ac53 [sys.catalog]: SysCatalogTable state changed. Reason: RaftConsensus started. Latest consensus state: current_term: 1 leader_uuid: "0d3e0c874c094c78b0d706ce1645ac53" committed_config { opid_index: -1 OBSOLETE_local: true peers { permanent_uuid: "0d3e0c874c094c78b0d706ce1645ac53" member_type: VOTER } }
I20260608 12:43:55.635787 16937 sys_catalog.cc:458] T 00000000000000000000000000000000 P 0d3e0c874c094c78b0d706ce1645ac53 [sys.catalog]: This master's current role is: LEADER
I20260608 12:43:55.635084 16938 sys_catalog.cc:455] T 00000000000000000000000000000000 P 0d3e0c874c094c78b0d706ce1645ac53 [sys.catalog]: SysCatalogTable state changed. Reason: New leader 0d3e0c874c094c78b0d706ce1645ac53. Latest consensus state: current_term: 1 leader_uuid: "0d3e0c874c094c78b0d706ce1645ac53" committed_config { opid_index: -1 OBSOLETE_local: true peers { permanent_uuid: "0d3e0c874c094c78b0d706ce1645ac53" member_type: VOTER } }
I20260608 12:43:55.636976 16938 sys_catalog.cc:458] T 00000000000000000000000000000000 P 0d3e0c874c094c78b0d706ce1645ac53 [sys.catalog]: This master's current role is: LEADER
I20260608 12:43:55.642082 16942 catalog_manager.cc:1510] Loading table and tablet metadata into memory...
I20260608 12:43:55.651435 16942 catalog_manager.cc:1519] Initializing Kudu cluster ID...
I20260608 12:43:55.652978 12829 internal_mini_cluster.cc:184] Waiting to initialize catalog manager on master 0
I20260608 12:43:55.663605 16942 catalog_manager.cc:1382] Generated new cluster ID: 4249a5b860c94986b34ee6c47b89bccf
I20260608 12:43:55.663972 16942 catalog_manager.cc:1530] Initializing Kudu internal certificate authority...
I20260608 12:43:55.682224 16942 catalog_manager.cc:1405] Generated new certificate authority record
I20260608 12:43:55.683790 16942 catalog_manager.cc:1539] Loading token signing keys...
I20260608 12:43:55.700314 16942 catalog_manager.cc:6069] T 00000000000000000000000000000000 P 0d3e0c874c094c78b0d706ce1645ac53: Generated new TSK 0
I20260608 12:43:55.701253 16942 catalog_manager.cc:1549] Initializing in-progress tserver states...
I20260608 12:43:55.720515 12829 file_cache.cc:492] Constructed file cache file cache with capacity 419430
W20260608 12:43:55.728394 16954 instance_detector.cc:116] could not retrieve AWS instance metadata: Network error: curl error: HTTP response code said error: The requested URL returned error: 404
W20260608 12:43:55.729629 16955 instance_detector.cc:116] could not retrieve Azure instance metadata: Network error: curl error: HTTP response code said error: The requested URL returned error: 404
W20260608 12:43:55.731906 16957 instance_detector.cc:116] could not retrieve OpenStack instance metadata: Network error: curl error: HTTP response code said error: The requested URL returned error: 404
I20260608 12:43:55.733111 12829 server_base.cc:1061] running on GCE node
I20260608 12:43:55.734174 12829 hybrid_clock.cc:584] initializing the hybrid clock with 'system_unsync' time source
W20260608 12:43:55.734534 12829 system_unsync_time.cc:38] NTP support is disabled. Clock error bounds will not be accurate. This configuration is not suitable for distributed clusters.
I20260608 12:43:55.734700 12829 hybrid_clock.cc:648] HybridClock initialized: now 1780922635734687 us; error 0 us; skew 500 ppm
I20260608 12:43:55.735450 12829 server_base.cc:861] Flag tcmalloc_max_total_thread_cache_bytes is not working since tcmalloc is not enabled.
I20260608 12:43:55.738493 12829 webserver.cc:533] Webserver started at http://127.12.135.65:33585/ using document root <none> and password file <none>
I20260608 12:43:55.739106 12829 fs_manager.cc:362] Metadata directory not provided
I20260608 12:43:55.739359 12829 fs_manager.cc:368] Using write-ahead log directory (fs_wal_dir) as metadata directory
I20260608 12:43:55.739630 12829 server_base.cc:909] This appears to be a new deployment of Kudu; creating new FS layout
I20260608 12:43:55.741065 12829 fs_manager.cc:1068] Generated new instance metadata in path /tmp/dist-test-taskwo2H_H/test-tmp/auto_rebalancer-test.0.AutoRebalancerTest.NoReplicaMovesIfCannotFixPlacementPolicy.1780922522581875-12829-0/minicluster-data/ts-0-root/instance:
uuid: "a155a35282c549b7945169eb7c65d7bb"
format_stamp: "Formatted at 2026-06-08 12:43:55 on dist-test-slave-457t"
I20260608 12:43:55.746518 12829 fs_manager.cc:696] Time spent creating directory manager: real 0.005s	user 0.005s	sys 0.001s
I20260608 12:43:55.750842 16962 log_block_manager.cc:4031] Time spent loading block containers with low live blocks: real 0.000s	user 0.000s	sys 0.000s
I20260608 12:43:55.751766 12829 fs_manager.cc:730] Time spent opening block manager: real 0.003s	user 0.002s	sys 0.000s
I20260608 12:43:55.752255 12829 fs_manager.cc:647] Opened local filesystem: /tmp/dist-test-taskwo2H_H/test-tmp/auto_rebalancer-test.0.AutoRebalancerTest.NoReplicaMovesIfCannotFixPlacementPolicy.1780922522581875-12829-0/minicluster-data/ts-0-root
uuid: "a155a35282c549b7945169eb7c65d7bb"
format_stamp: "Formatted at 2026-06-08 12:43:55 on dist-test-slave-457t"
I20260608 12:43:55.752638 12829 fs_report.cc:389] FS layout report
--------------------
wal directory: /tmp/dist-test-taskwo2H_H/test-tmp/auto_rebalancer-test.0.AutoRebalancerTest.NoReplicaMovesIfCannotFixPlacementPolicy.1780922522581875-12829-0/minicluster-data/ts-0-root
metadata directory: /tmp/dist-test-taskwo2H_H/test-tmp/auto_rebalancer-test.0.AutoRebalancerTest.NoReplicaMovesIfCannotFixPlacementPolicy.1780922522581875-12829-0/minicluster-data/ts-0-root
1 data directories: /tmp/dist-test-taskwo2H_H/test-tmp/auto_rebalancer-test.0.AutoRebalancerTest.NoReplicaMovesIfCannotFixPlacementPolicy.1780922522581875-12829-0/minicluster-data/ts-0-root/data
Total live blocks: 0
Total live bytes: 0
Total live bytes (after alignment): 0
Total number of LBM containers: 0 (0 full)
Did not check for missing blocks
Did not check for orphaned blocks
Total full LBM containers with extra space: 0 (0 repaired)
Total full LBM container extra space in bytes: 0 (0 repaired)
Total incomplete LBM containers: 0 (0 repaired)
Total LBM partial records: 0 (0 repaired)
Total corrupted LBM metadata records in RocksDB: 0 (0 repaired)
I20260608 12:43:55.766733 12829 rpc_server.cc:225] running with OpenSSL 1.1.1  11 Sep 2018
I20260608 12:43:55.768579 12829 kserver.cc:163] Server-wide thread pool size limit: 3276
I20260608 12:43:55.770427 12829 txn_system_client.cc:432] TxnSystemClient initialization is disabled...
I20260608 12:43:55.773307 12829 ts_tablet_manager.cc:585] Loaded tablet metadata (0 total tablets, 0 live tablets)
I20260608 12:43:55.773609 12829 ts_tablet_manager.cc:531] Time spent load tablet metadata: real 0.000s	user 0.000s	sys 0.000s
I20260608 12:43:55.773954 12829 ts_tablet_manager.cc:616] Registered 0 tablets
I20260608 12:43:55.774163 12829 ts_tablet_manager.cc:595] Time spent register tablets: real 0.000s	user 0.000s	sys 0.000s
I20260608 12:43:55.825963 12829 rpc_server.cc:307] RPC server started. Bound to: 127.12.135.65:39485
I20260608 12:43:55.826105 17024 acceptor_pool.cc:272] collecting diagnostics on the listening RPC socket 127.12.135.65:39485 every 8 connection(s)
I20260608 12:43:55.832372 12829 file_cache.cc:492] Constructed file cache file cache with capacity 419430
W20260608 12:43:55.842854 17029 instance_detector.cc:116] could not retrieve AWS instance metadata: Network error: curl error: HTTP response code said error: The requested URL returned error: 404
W20260608 12:43:55.844821 17030 instance_detector.cc:116] could not retrieve Azure instance metadata: Network error: curl error: HTTP response code said error: The requested URL returned error: 404
W20260608 12:43:55.846012 17032 instance_detector.cc:116] could not retrieve OpenStack instance metadata: Network error: curl error: HTTP response code said error: The requested URL returned error: 404
I20260608 12:43:55.846604 12829 server_base.cc:1061] running on GCE node
I20260608 12:43:55.847738 12829 hybrid_clock.cc:584] initializing the hybrid clock with 'system_unsync' time source
W20260608 12:43:55.847951 12829 system_unsync_time.cc:38] NTP support is disabled. Clock error bounds will not be accurate. This configuration is not suitable for distributed clusters.
I20260608 12:43:55.848089 12829 hybrid_clock.cc:648] HybridClock initialized: now 1780922635848076 us; error 0 us; skew 500 ppm
I20260608 12:43:55.848886 12829 server_base.cc:861] Flag tcmalloc_max_total_thread_cache_bytes is not working since tcmalloc is not enabled.
I20260608 12:43:55.852864 12829 webserver.cc:533] Webserver started at http://127.12.135.66:35777/ using document root <none> and password file <none>
I20260608 12:43:55.853143 17025 heartbeater.cc:344] Connected to a master server at 127.12.135.126:42181
I20260608 12:43:55.853523 12829 fs_manager.cc:362] Metadata directory not provided
I20260608 12:43:55.853586 17025 heartbeater.cc:461] Registering TS with master...
I20260608 12:43:55.853889 12829 fs_manager.cc:368] Using write-ahead log directory (fs_wal_dir) as metadata directory
I20260608 12:43:55.854283 12829 server_base.cc:909] This appears to be a new deployment of Kudu; creating new FS layout
I20260608 12:43:55.854732 17025 heartbeater.cc:507] Master 127.12.135.126:42181 requested a full tablet report, sending...
I20260608 12:43:55.856367 12829 fs_manager.cc:1068] Generated new instance metadata in path /tmp/dist-test-taskwo2H_H/test-tmp/auto_rebalancer-test.0.AutoRebalancerTest.NoReplicaMovesIfCannotFixPlacementPolicy.1780922522581875-12829-0/minicluster-data/ts-1-root/instance:
uuid: "874e6ab5b4934077ba235cfe7d7d58fe"
format_stamp: "Formatted at 2026-06-08 12:43:55 on dist-test-slave-457t"
I20260608 12:43:55.858309 16898 ts_manager.cc:194] Registered new tserver with Master: a155a35282c549b7945169eb7c65d7bb (127.12.135.65:39485)
I20260608 12:43:55.860625 16898 master_service.cc:502] Signed X509 certificate for tserver {username='slave'} at 127.0.0.1:57516
I20260608 12:43:55.863687 12829 fs_manager.cc:696] Time spent creating directory manager: real 0.007s	user 0.006s	sys 0.001s
I20260608 12:43:55.868480 17037 log_block_manager.cc:4031] Time spent loading block containers with low live blocks: real 0.000s	user 0.000s	sys 0.000s
I20260608 12:43:55.869390 12829 fs_manager.cc:730] Time spent opening block manager: real 0.003s	user 0.003s	sys 0.000s
I20260608 12:43:55.869756 12829 fs_manager.cc:647] Opened local filesystem: /tmp/dist-test-taskwo2H_H/test-tmp/auto_rebalancer-test.0.AutoRebalancerTest.NoReplicaMovesIfCannotFixPlacementPolicy.1780922522581875-12829-0/minicluster-data/ts-1-root
uuid: "874e6ab5b4934077ba235cfe7d7d58fe"
format_stamp: "Formatted at 2026-06-08 12:43:55 on dist-test-slave-457t"
I20260608 12:43:55.870076 12829 fs_report.cc:389] FS layout report
--------------------
wal directory: /tmp/dist-test-taskwo2H_H/test-tmp/auto_rebalancer-test.0.AutoRebalancerTest.NoReplicaMovesIfCannotFixPlacementPolicy.1780922522581875-12829-0/minicluster-data/ts-1-root
metadata directory: /tmp/dist-test-taskwo2H_H/test-tmp/auto_rebalancer-test.0.AutoRebalancerTest.NoReplicaMovesIfCannotFixPlacementPolicy.1780922522581875-12829-0/minicluster-data/ts-1-root
1 data directories: /tmp/dist-test-taskwo2H_H/test-tmp/auto_rebalancer-test.0.AutoRebalancerTest.NoReplicaMovesIfCannotFixPlacementPolicy.1780922522581875-12829-0/minicluster-data/ts-1-root/data
Total live blocks: 0
Total live bytes: 0
Total live bytes (after alignment): 0
Total number of LBM containers: 0 (0 full)
Did not check for missing blocks
Did not check for orphaned blocks
Total full LBM containers with extra space: 0 (0 repaired)
Total full LBM container extra space in bytes: 0 (0 repaired)
Total incomplete LBM containers: 0 (0 repaired)
Total LBM partial records: 0 (0 repaired)
Total corrupted LBM metadata records in RocksDB: 0 (0 repaired)
I20260608 12:43:55.886400 12829 rpc_server.cc:225] running with OpenSSL 1.1.1  11 Sep 2018
I20260608 12:43:55.887924 12829 kserver.cc:163] Server-wide thread pool size limit: 3276
I20260608 12:43:55.889711 12829 txn_system_client.cc:432] TxnSystemClient initialization is disabled...
I20260608 12:43:55.892567 12829 ts_tablet_manager.cc:585] Loaded tablet metadata (0 total tablets, 0 live tablets)
I20260608 12:43:55.892899 12829 ts_tablet_manager.cc:531] Time spent load tablet metadata: real 0.000s	user 0.000s	sys 0.000s
I20260608 12:43:55.893164 12829 ts_tablet_manager.cc:616] Registered 0 tablets
I20260608 12:43:55.893357 12829 ts_tablet_manager.cc:595] Time spent register tablets: real 0.000s	user 0.000s	sys 0.000s
I20260608 12:43:55.945223 12829 rpc_server.cc:307] RPC server started. Bound to: 127.12.135.66:44351
I20260608 12:43:55.945362 17099 acceptor_pool.cc:272] collecting diagnostics on the listening RPC socket 127.12.135.66:44351 every 8 connection(s)
I20260608 12:43:55.951361 12829 file_cache.cc:492] Constructed file cache file cache with capacity 419430
W20260608 12:43:55.961319 17103 instance_detector.cc:116] could not retrieve AWS instance metadata: Network error: curl error: HTTP response code said error: The requested URL returned error: 404
W20260608 12:43:55.963518 17104 instance_detector.cc:116] could not retrieve Azure instance metadata: Network error: curl error: HTTP response code said error: The requested URL returned error: 404
I20260608 12:43:55.967813 12829 server_base.cc:1061] running on GCE node
W20260608 12:43:55.968282 17106 instance_detector.cc:116] could not retrieve OpenStack instance metadata: Network error: curl error: HTTP response code said error: The requested URL returned error: 404
I20260608 12:43:55.968899 17100 heartbeater.cc:344] Connected to a master server at 127.12.135.126:42181
I20260608 12:43:55.969357 17100 heartbeater.cc:461] Registering TS with master...
I20260608 12:43:55.969730 12829 hybrid_clock.cc:584] initializing the hybrid clock with 'system_unsync' time source
W20260608 12:43:55.970010 12829 system_unsync_time.cc:38] NTP support is disabled. Clock error bounds will not be accurate. This configuration is not suitable for distributed clusters.
I20260608 12:43:55.970232 12829 hybrid_clock.cc:648] HybridClock initialized: now 1780922635970207 us; error 0 us; skew 500 ppm
I20260608 12:43:55.970307 17100 heartbeater.cc:507] Master 127.12.135.126:42181 requested a full tablet report, sending...
I20260608 12:43:55.971024 12829 server_base.cc:861] Flag tcmalloc_max_total_thread_cache_bytes is not working since tcmalloc is not enabled.
I20260608 12:43:55.973011 16898 ts_manager.cc:194] Registered new tserver with Master: 874e6ab5b4934077ba235cfe7d7d58fe (127.12.135.66:44351)
I20260608 12:43:55.974666 16898 master_service.cc:502] Signed X509 certificate for tserver {username='slave'} at 127.0.0.1:57524
I20260608 12:43:55.975505 12829 webserver.cc:533] Webserver started at http://127.12.135.67:37151/ using document root <none> and password file <none>
I20260608 12:43:55.976233 12829 fs_manager.cc:362] Metadata directory not provided
I20260608 12:43:55.976511 12829 fs_manager.cc:368] Using write-ahead log directory (fs_wal_dir) as metadata directory
I20260608 12:43:55.976907 12829 server_base.cc:909] This appears to be a new deployment of Kudu; creating new FS layout
I20260608 12:43:55.978515 12829 fs_manager.cc:1068] Generated new instance metadata in path /tmp/dist-test-taskwo2H_H/test-tmp/auto_rebalancer-test.0.AutoRebalancerTest.NoReplicaMovesIfCannotFixPlacementPolicy.1780922522581875-12829-0/minicluster-data/ts-2-root/instance:
uuid: "d31ce16256e24bbab090515316b31cea"
format_stamp: "Formatted at 2026-06-08 12:43:55 on dist-test-slave-457t"
I20260608 12:43:55.983953 12829 fs_manager.cc:696] Time spent creating directory manager: real 0.005s	user 0.006s	sys 0.001s
I20260608 12:43:55.988309 17111 log_block_manager.cc:4031] Time spent loading block containers with low live blocks: real 0.000s	user 0.000s	sys 0.000s
I20260608 12:43:55.989262 12829 fs_manager.cc:730] Time spent opening block manager: real 0.003s	user 0.003s	sys 0.000s
I20260608 12:43:55.989636 12829 fs_manager.cc:647] Opened local filesystem: /tmp/dist-test-taskwo2H_H/test-tmp/auto_rebalancer-test.0.AutoRebalancerTest.NoReplicaMovesIfCannotFixPlacementPolicy.1780922522581875-12829-0/minicluster-data/ts-2-root
uuid: "d31ce16256e24bbab090515316b31cea"
format_stamp: "Formatted at 2026-06-08 12:43:55 on dist-test-slave-457t"
I20260608 12:43:55.990001 12829 fs_report.cc:389] FS layout report
--------------------
wal directory: /tmp/dist-test-taskwo2H_H/test-tmp/auto_rebalancer-test.0.AutoRebalancerTest.NoReplicaMovesIfCannotFixPlacementPolicy.1780922522581875-12829-0/minicluster-data/ts-2-root
metadata directory: /tmp/dist-test-taskwo2H_H/test-tmp/auto_rebalancer-test.0.AutoRebalancerTest.NoReplicaMovesIfCannotFixPlacementPolicy.1780922522581875-12829-0/minicluster-data/ts-2-root
1 data directories: /tmp/dist-test-taskwo2H_H/test-tmp/auto_rebalancer-test.0.AutoRebalancerTest.NoReplicaMovesIfCannotFixPlacementPolicy.1780922522581875-12829-0/minicluster-data/ts-2-root/data
Total live blocks: 0
Total live bytes: 0
Total live bytes (after alignment): 0
Total number of LBM containers: 0 (0 full)
Did not check for missing blocks
Did not check for orphaned blocks
Total full LBM containers with extra space: 0 (0 repaired)
Total full LBM container extra space in bytes: 0 (0 repaired)
Total incomplete LBM containers: 0 (0 repaired)
Total LBM partial records: 0 (0 repaired)
Total corrupted LBM metadata records in RocksDB: 0 (0 repaired)
I20260608 12:43:56.014472 12829 rpc_server.cc:225] running with OpenSSL 1.1.1  11 Sep 2018
I20260608 12:43:56.017257 12829 kserver.cc:163] Server-wide thread pool size limit: 3276
I20260608 12:43:56.018989 12829 txn_system_client.cc:432] TxnSystemClient initialization is disabled...
I20260608 12:43:56.022089 12829 ts_tablet_manager.cc:585] Loaded tablet metadata (0 total tablets, 0 live tablets)
I20260608 12:43:56.022430 12829 ts_tablet_manager.cc:531] Time spent load tablet metadata: real 0.000s	user 0.000s	sys 0.000s
I20260608 12:43:56.022754 12829 ts_tablet_manager.cc:616] Registered 0 tablets
I20260608 12:43:56.022971 12829 ts_tablet_manager.cc:595] Time spent register tablets: real 0.000s	user 0.000s	sys 0.000s
I20260608 12:43:56.076635 12829 rpc_server.cc:307] RPC server started. Bound to: 127.12.135.67:38903
I20260608 12:43:56.076819 17173 acceptor_pool.cc:272] collecting diagnostics on the listening RPC socket 127.12.135.67:38903 every 8 connection(s)
I20260608 12:43:56.094245 17174 heartbeater.cc:344] Connected to a master server at 127.12.135.126:42181
I20260608 12:43:56.094722 17174 heartbeater.cc:461] Registering TS with master...
I20260608 12:43:56.095607 17174 heartbeater.cc:507] Master 127.12.135.126:42181 requested a full tablet report, sending...
I20260608 12:43:56.098116 16898 ts_manager.cc:194] Registered new tserver with Master: d31ce16256e24bbab090515316b31cea (127.12.135.67:38903)
I20260608 12:43:56.098901 12829 internal_mini_cluster.cc:371] 3 TS(s) registered with all masters after 0.018031527s
I20260608 12:43:56.099969 16898 master_service.cc:502] Signed X509 certificate for tserver {username='slave'} at 127.0.0.1:57540
I20260608 12:43:56.864403 17025 heartbeater.cc:499] Master 127.12.135.126:42181 was elected leader, sending a full tablet report...
I20260608 12:43:56.978183 17100 heartbeater.cc:499] Master 127.12.135.126:42181 was elected leader, sending a full tablet report...
I20260608 12:43:57.103788 17174 heartbeater.cc:499] Master 127.12.135.126:42181 was elected leader, sending a full tablet report...
I20260608 12:43:57.177897 16898 catalog_manager.cc:2282] Servicing CreateTable request from {username='slave'} at 127.0.0.1:57564:
name: "test-workload"
schema {
  columns {
    name: "key"
    type: INT32
    is_key: true
    is_nullable: false
    encoding: AUTO_ENCODING
    compression: DEFAULT_COMPRESSION
    cfile_block_size: 0
    immutable: false
  }
  columns {
    name: "int_val"
    type: INT32
    is_key: false
    is_nullable: false
    encoding: AUTO_ENCODING
    compression: DEFAULT_COMPRESSION
    cfile_block_size: 0
    immutable: false
  }
  columns {
    name: "string_val"
    type: STRING
    is_key: false
    is_nullable: true
    encoding: AUTO_ENCODING
    compression: DEFAULT_COMPRESSION
    cfile_block_size: 0
    immutable: false
  }
}
num_replicas: 3
split_rows_range_bounds {
}
partition_schema {
  range_schema {
    columns {
      name: "key"
    }
  }
}
W20260608 12:43:57.180133 16898 catalog_manager.cc:7076] The number of live tablet servers is not enough to re-replicate a tablet replica of the newly created table test-workload in case of a server failure: 4 tablet servers would be needed, 3 are available. Consider bringing up more tablet servers.
I20260608 12:43:57.228259 17065 tablet_service.cc:1511] Processing CreateTablet for tablet bb9f038f9abf4613b4f62253f615f9dc (DEFAULT_TABLE table=test-workload [id=f7d6e368e1cd452281b910aca15feb95]), partition=RANGE (key) PARTITION UNBOUNDED
I20260608 12:43:57.229655 17065 data_dirs.cc:400] Could only allocate 1 dirs of requested 3 for tablet bb9f038f9abf4613b4f62253f615f9dc. 1 dirs total, 0 dirs full, 0 dirs failed
I20260608 12:43:57.239245 17139 tablet_service.cc:1511] Processing CreateTablet for tablet bb9f038f9abf4613b4f62253f615f9dc (DEFAULT_TABLE table=test-workload [id=f7d6e368e1cd452281b910aca15feb95]), partition=RANGE (key) PARTITION UNBOUNDED
I20260608 12:43:57.241288 17139 data_dirs.cc:400] Could only allocate 1 dirs of requested 3 for tablet bb9f038f9abf4613b4f62253f615f9dc. 1 dirs total, 0 dirs full, 0 dirs failed
I20260608 12:43:57.243250 16990 tablet_service.cc:1511] Processing CreateTablet for tablet bb9f038f9abf4613b4f62253f615f9dc (DEFAULT_TABLE table=test-workload [id=f7d6e368e1cd452281b910aca15feb95]), partition=RANGE (key) PARTITION UNBOUNDED
I20260608 12:43:57.244823 16990 data_dirs.cc:400] Could only allocate 1 dirs of requested 3 for tablet bb9f038f9abf4613b4f62253f615f9dc. 1 dirs total, 0 dirs full, 0 dirs failed
I20260608 12:43:57.253295 17195 tablet_bootstrap.cc:492] T bb9f038f9abf4613b4f62253f615f9dc P 874e6ab5b4934077ba235cfe7d7d58fe: Bootstrap starting.
I20260608 12:43:57.262104 17196 tablet_bootstrap.cc:492] T bb9f038f9abf4613b4f62253f615f9dc P d31ce16256e24bbab090515316b31cea: Bootstrap starting.
I20260608 12:43:57.264626 17195 tablet_bootstrap.cc:654] T bb9f038f9abf4613b4f62253f615f9dc P 874e6ab5b4934077ba235cfe7d7d58fe: Neither blocks nor log segments found. Creating new log.
I20260608 12:43:57.269958 17197 tablet_bootstrap.cc:492] T bb9f038f9abf4613b4f62253f615f9dc P a155a35282c549b7945169eb7c65d7bb: Bootstrap starting.
I20260608 12:43:57.273871 17196 tablet_bootstrap.cc:654] T bb9f038f9abf4613b4f62253f615f9dc P d31ce16256e24bbab090515316b31cea: Neither blocks nor log segments found. Creating new log.
I20260608 12:43:57.274096 17195 tablet_bootstrap.cc:492] T bb9f038f9abf4613b4f62253f615f9dc P 874e6ab5b4934077ba235cfe7d7d58fe: No bootstrap required, opened a new log
I20260608 12:43:57.274744 17195 ts_tablet_manager.cc:1403] T bb9f038f9abf4613b4f62253f615f9dc P 874e6ab5b4934077ba235cfe7d7d58fe: Time spent bootstrapping tablet: real 0.022s	user 0.000s	sys 0.017s
I20260608 12:43:57.277474 17195 raft_consensus.cc:359] T bb9f038f9abf4613b4f62253f615f9dc P 874e6ab5b4934077ba235cfe7d7d58fe [term 0 FOLLOWER]: Replica starting. Triggering 0 pending ops. Active config: opid_index: -1 OBSOLETE_local: false peers { permanent_uuid: "874e6ab5b4934077ba235cfe7d7d58fe" member_type: VOTER last_known_addr { host: "127.12.135.66" port: 44351 } } peers { permanent_uuid: "d31ce16256e24bbab090515316b31cea" member_type: VOTER last_known_addr { host: "127.12.135.67" port: 38903 } } peers { permanent_uuid: "a155a35282c549b7945169eb7c65d7bb" member_type: VOTER last_known_addr { host: "127.12.135.65" port: 39485 } }
I20260608 12:43:57.278342 17195 raft_consensus.cc:385] T bb9f038f9abf4613b4f62253f615f9dc P 874e6ab5b4934077ba235cfe7d7d58fe [term 0 FOLLOWER]: Consensus starting up: Expiring failure detector timer to make a prompt election more likely
I20260608 12:43:57.278721 17195 raft_consensus.cc:740] T bb9f038f9abf4613b4f62253f615f9dc P 874e6ab5b4934077ba235cfe7d7d58fe [term 0 FOLLOWER]: Becoming Follower/Learner. State: Replica: 874e6ab5b4934077ba235cfe7d7d58fe, State: Initialized, Role: FOLLOWER
I20260608 12:43:57.279433 17197 tablet_bootstrap.cc:654] T bb9f038f9abf4613b4f62253f615f9dc P a155a35282c549b7945169eb7c65d7bb: Neither blocks nor log segments found. Creating new log.
I20260608 12:43:57.279608 17195 consensus_queue.cc:260] T bb9f038f9abf4613b4f62253f615f9dc P 874e6ab5b4934077ba235cfe7d7d58fe [NON_LEADER]: Queue going to NON_LEADER mode. State: All replicated index: 0, Majority replicated index: 0, Committed index: 0, Last appended: 0.0, Last appended by leader: 0, Current term: 0, Majority size: -1, State: 0, Mode: NON_LEADER, active raft config: opid_index: -1 OBSOLETE_local: false peers { permanent_uuid: "874e6ab5b4934077ba235cfe7d7d58fe" member_type: VOTER last_known_addr { host: "127.12.135.66" port: 44351 } } peers { permanent_uuid: "d31ce16256e24bbab090515316b31cea" member_type: VOTER last_known_addr { host: "127.12.135.67" port: 38903 } } peers { permanent_uuid: "a155a35282c549b7945169eb7c65d7bb" member_type: VOTER last_known_addr { host: "127.12.135.65" port: 39485 } }
I20260608 12:43:57.281196 17196 tablet_bootstrap.cc:492] T bb9f038f9abf4613b4f62253f615f9dc P d31ce16256e24bbab090515316b31cea: No bootstrap required, opened a new log
I20260608 12:43:57.281891 17196 ts_tablet_manager.cc:1403] T bb9f038f9abf4613b4f62253f615f9dc P d31ce16256e24bbab090515316b31cea: Time spent bootstrapping tablet: real 0.020s	user 0.014s	sys 0.003s
I20260608 12:43:57.286902 17195 ts_tablet_manager.cc:1434] T bb9f038f9abf4613b4f62253f615f9dc P 874e6ab5b4934077ba235cfe7d7d58fe: Time spent starting tablet: real 0.012s	user 0.009s	sys 0.004s
I20260608 12:43:57.286652 17196 raft_consensus.cc:359] T bb9f038f9abf4613b4f62253f615f9dc P d31ce16256e24bbab090515316b31cea [term 0 FOLLOWER]: Replica starting. Triggering 0 pending ops. Active config: opid_index: -1 OBSOLETE_local: false peers { permanent_uuid: "874e6ab5b4934077ba235cfe7d7d58fe" member_type: VOTER last_known_addr { host: "127.12.135.66" port: 44351 } } peers { permanent_uuid: "d31ce16256e24bbab090515316b31cea" member_type: VOTER last_known_addr { host: "127.12.135.67" port: 38903 } } peers { permanent_uuid: "a155a35282c549b7945169eb7c65d7bb" member_type: VOTER last_known_addr { host: "127.12.135.65" port: 39485 } }
I20260608 12:43:57.287659 17196 raft_consensus.cc:385] T bb9f038f9abf4613b4f62253f615f9dc P d31ce16256e24bbab090515316b31cea [term 0 FOLLOWER]: Consensus starting up: Expiring failure detector timer to make a prompt election more likely
I20260608 12:43:57.288074 17196 raft_consensus.cc:740] T bb9f038f9abf4613b4f62253f615f9dc P d31ce16256e24bbab090515316b31cea [term 0 FOLLOWER]: Becoming Follower/Learner. State: Replica: d31ce16256e24bbab090515316b31cea, State: Initialized, Role: FOLLOWER
I20260608 12:43:57.289362 17197 tablet_bootstrap.cc:492] T bb9f038f9abf4613b4f62253f615f9dc P a155a35282c549b7945169eb7c65d7bb: No bootstrap required, opened a new log
