I20260608 12:43:10.872905 15541 raft_consensus.cc:515] T 35465871f2444b8082bd7a849c393dfd P f5e7c1a5da7540e2bd016725820fbcf6 [term 1 FOLLOWER]: Starting leader election with config: opid_index: -1 OBSOLETE_local: false peers { permanent_uuid: "2ae4014bed4a4a0e949dba3ae0fb5d7d" member_type: VOTER last_known_addr { host: "127.12.112.129" port: 38119 } } peers { permanent_uuid: "f5e7c1a5da7540e2bd016725820fbcf6" member_type: VOTER last_known_addr { host: "127.12.112.130" port: 38067 } } peers { permanent_uuid: "1b5a747068ef4675a3f7138365206015" member_type: VOTER last_known_addr { host: "127.12.112.131" port: 38667 } }
I20260608 12:43:10.875469 15538 leader_election.cc:290] T f9f216037bd84b4aa1e844f9fc3de886 P 2ae4014bed4a4a0e949dba3ae0fb5d7d [CANDIDATE]: Term 1 election: Requested vote from peers f5e7c1a5da7540e2bd016725820fbcf6 (127.12.112.130:38067), 1b5a747068ef4675a3f7138365206015 (127.12.112.131:38667)
I20260608 12:43:10.875893 15413 tablet_service.cc:1917] Received RequestConsensusVote() RPC: tablet_id: "f9f216037bd84b4aa1e844f9fc3de886" candidate_uuid: "2ae4014bed4a4a0e949dba3ae0fb5d7d" candidate_term: 1 candidate_status { last_received { term: 0 index: 0 } } ignore_live_leader: false dest_uuid: "f5e7c1a5da7540e2bd016725820fbcf6"
I20260608 12:43:10.876364 15338 tablet_service.cc:1917] Received RequestConsensusVote() RPC: tablet_id: "35465871f2444b8082bd7a849c393dfd" candidate_uuid: "f5e7c1a5da7540e2bd016725820fbcf6" candidate_term: 1 candidate_status { last_received { term: 0 index: 0 } } ignore_live_leader: false dest_uuid: "2ae4014bed4a4a0e949dba3ae0fb5d7d"
I20260608 12:43:10.876402 15487 tablet_service.cc:1917] Received RequestConsensusVote() RPC: tablet_id: "f9f216037bd84b4aa1e844f9fc3de886" candidate_uuid: "2ae4014bed4a4a0e949dba3ae0fb5d7d" candidate_term: 1 candidate_status { last_received { term: 0 index: 0 } } ignore_live_leader: false dest_uuid: "1b5a747068ef4675a3f7138365206015"
I20260608 12:43:10.876502 15413 raft_consensus.cc:3060] T f9f216037bd84b4aa1e844f9fc3de886 P f5e7c1a5da7540e2bd016725820fbcf6 [term 0 FOLLOWER]: Advancing to term 1
I20260608 12:43:10.876820 15486 tablet_service.cc:1917] Received RequestConsensusVote() RPC: tablet_id: "35465871f2444b8082bd7a849c393dfd" candidate_uuid: "f5e7c1a5da7540e2bd016725820fbcf6" candidate_term: 1 candidate_status { last_received { term: 0 index: 0 } } ignore_live_leader: false dest_uuid: "1b5a747068ef4675a3f7138365206015"
I20260608 12:43:10.877197 15338 raft_consensus.cc:3060] T 35465871f2444b8082bd7a849c393dfd P 2ae4014bed4a4a0e949dba3ae0fb5d7d [term 0 FOLLOWER]: Advancing to term 1
I20260608 12:43:10.877295 15487 raft_consensus.cc:3060] T f9f216037bd84b4aa1e844f9fc3de886 P 1b5a747068ef4675a3f7138365206015 [term 0 FOLLOWER]: Advancing to term 1
I20260608 12:43:10.877543 15486 raft_consensus.cc:3060] T 35465871f2444b8082bd7a849c393dfd P 1b5a747068ef4675a3f7138365206015 [term 0 FOLLOWER]: Advancing to term 1
I20260608 12:43:10.879729 15541 leader_election.cc:290] T 35465871f2444b8082bd7a849c393dfd P f5e7c1a5da7540e2bd016725820fbcf6 [CANDIDATE]: Term 1 election: Requested vote from peers 2ae4014bed4a4a0e949dba3ae0fb5d7d (127.12.112.129:38119), 1b5a747068ef4675a3f7138365206015 (127.12.112.131:38667)
I20260608 12:43:10.884675 15338 raft_consensus.cc:2468] T 35465871f2444b8082bd7a849c393dfd P 2ae4014bed4a4a0e949dba3ae0fb5d7d [term 1 FOLLOWER]: Leader election vote request: Granting yes vote for candidate f5e7c1a5da7540e2bd016725820fbcf6 in term 1.
I20260608 12:43:10.884577 15413 raft_consensus.cc:2468] T f9f216037bd84b4aa1e844f9fc3de886 P f5e7c1a5da7540e2bd016725820fbcf6 [term 1 FOLLOWER]: Leader election vote request: Granting yes vote for candidate 2ae4014bed4a4a0e949dba3ae0fb5d7d in term 1.
I20260608 12:43:10.884925 15486 raft_consensus.cc:2468] T 35465871f2444b8082bd7a849c393dfd P 1b5a747068ef4675a3f7138365206015 [term 1 FOLLOWER]: Leader election vote request: Granting yes vote for candidate f5e7c1a5da7540e2bd016725820fbcf6 in term 1.
I20260608 12:43:10.885427 15487 raft_consensus.cc:2468] T f9f216037bd84b4aa1e844f9fc3de886 P 1b5a747068ef4675a3f7138365206015 [term 1 FOLLOWER]: Leader election vote request: Granting yes vote for candidate 2ae4014bed4a4a0e949dba3ae0fb5d7d in term 1.
I20260608 12:43:10.886039 15376 leader_election.cc:304] T 35465871f2444b8082bd7a849c393dfd P f5e7c1a5da7540e2bd016725820fbcf6 [CANDIDATE]: Term 1 election: Election decided. Result: candidate won. Election summary: received 2 responses out of 3 voters: 2 yes votes; 0 no votes. yes voters: 2ae4014bed4a4a0e949dba3ae0fb5d7d, f5e7c1a5da7540e2bd016725820fbcf6; no voters: 
I20260608 12:43:10.886039 15301 leader_election.cc:304] T f9f216037bd84b4aa1e844f9fc3de886 P 2ae4014bed4a4a0e949dba3ae0fb5d7d [CANDIDATE]: Term 1 election: Election decided. Result: candidate won. Election summary: received 2 responses out of 3 voters: 2 yes votes; 0 no votes. yes voters: 2ae4014bed4a4a0e949dba3ae0fb5d7d, f5e7c1a5da7540e2bd016725820fbcf6; no voters: 
I20260608 12:43:10.887266 15541 raft_consensus.cc:2804] T 35465871f2444b8082bd7a849c393dfd P f5e7c1a5da7540e2bd016725820fbcf6 [term 1 FOLLOWER]: Leader election won for term 1
I20260608 12:43:10.887259 15538 raft_consensus.cc:2804] T f9f216037bd84b4aa1e844f9fc3de886 P 2ae4014bed4a4a0e949dba3ae0fb5d7d [term 1 FOLLOWER]: Leader election won for term 1
I20260608 12:43:10.888911 15541 raft_consensus.cc:697] T 35465871f2444b8082bd7a849c393dfd P f5e7c1a5da7540e2bd016725820fbcf6 [term 1 LEADER]: Becoming Leader. State: Replica: f5e7c1a5da7540e2bd016725820fbcf6, State: Running, Role: LEADER
I20260608 12:43:10.889128 15538 raft_consensus.cc:697] T f9f216037bd84b4aa1e844f9fc3de886 P 2ae4014bed4a4a0e949dba3ae0fb5d7d [term 1 LEADER]: Becoming Leader. State: Replica: 2ae4014bed4a4a0e949dba3ae0fb5d7d, State: Running, Role: LEADER
I20260608 12:43:10.890036 15538 consensus_queue.cc:237] T f9f216037bd84b4aa1e844f9fc3de886 P 2ae4014bed4a4a0e949dba3ae0fb5d7d [LEADER]: Queue going to LEADER mode. State: All replicated index: 0, Majority replicated index: 0, Committed index: 0, Last appended: 0.0, Last appended by leader: 0, Current term: 1, Majority size: 2, State: 0, Mode: LEADER, active raft config: opid_index: -1 OBSOLETE_local: false peers { permanent_uuid: "2ae4014bed4a4a0e949dba3ae0fb5d7d" member_type: VOTER last_known_addr { host: "127.12.112.129" port: 38119 } } peers { permanent_uuid: "f5e7c1a5da7540e2bd016725820fbcf6" member_type: VOTER last_known_addr { host: "127.12.112.130" port: 38067 } } peers { permanent_uuid: "1b5a747068ef4675a3f7138365206015" member_type: VOTER last_known_addr { host: "127.12.112.131" port: 38667 } }
I20260608 12:43:10.890437 15541 consensus_queue.cc:237] T 35465871f2444b8082bd7a849c393dfd P f5e7c1a5da7540e2bd016725820fbcf6 [LEADER]: Queue going to LEADER mode. State: All replicated index: 0, Majority replicated index: 0, Committed index: 0, Last appended: 0.0, Last appended by leader: 0, Current term: 1, Majority size: 2, State: 0, Mode: LEADER, active raft config: opid_index: -1 OBSOLETE_local: false peers { permanent_uuid: "2ae4014bed4a4a0e949dba3ae0fb5d7d" member_type: VOTER last_known_addr { host: "127.12.112.129" port: 38119 } } peers { permanent_uuid: "f5e7c1a5da7540e2bd016725820fbcf6" member_type: VOTER last_known_addr { host: "127.12.112.130" port: 38067 } } peers { permanent_uuid: "1b5a747068ef4675a3f7138365206015" member_type: VOTER last_known_addr { host: "127.12.112.131" port: 38667 } }
I20260608 12:43:10.900908 15232 catalog_manager.cc:5696] T f9f216037bd84b4aa1e844f9fc3de886 P 2ae4014bed4a4a0e949dba3ae0fb5d7d reported cstate change: term changed from 0 to 1, leader changed from <none> to 2ae4014bed4a4a0e949dba3ae0fb5d7d (127.12.112.129). New cstate: current_term: 1 leader_uuid: "2ae4014bed4a4a0e949dba3ae0fb5d7d" committed_config { opid_index: -1 OBSOLETE_local: false peers { permanent_uuid: "2ae4014bed4a4a0e949dba3ae0fb5d7d" member_type: VOTER last_known_addr { host: "127.12.112.129" port: 38119 } health_report { overall_health: HEALTHY } } peers { permanent_uuid: "f5e7c1a5da7540e2bd016725820fbcf6" member_type: VOTER last_known_addr { host: "127.12.112.130" port: 38067 } health_report { overall_health: UNKNOWN } } peers { permanent_uuid: "1b5a747068ef4675a3f7138365206015" member_type: VOTER last_known_addr { host: "127.12.112.131" port: 38667 } health_report { overall_health: UNKNOWN } } }
I20260608 12:43:10.901127 15236 catalog_manager.cc:5696] T 35465871f2444b8082bd7a849c393dfd P f5e7c1a5da7540e2bd016725820fbcf6 reported cstate change: term changed from 0 to 1, leader changed from <none> to f5e7c1a5da7540e2bd016725820fbcf6 (127.12.112.130). New cstate: current_term: 1 leader_uuid: "f5e7c1a5da7540e2bd016725820fbcf6" committed_config { opid_index: -1 OBSOLETE_local: false peers { permanent_uuid: "2ae4014bed4a4a0e949dba3ae0fb5d7d" member_type: VOTER last_known_addr { host: "127.12.112.129" port: 38119 } health_report { overall_health: UNKNOWN } } peers { permanent_uuid: "f5e7c1a5da7540e2bd016725820fbcf6" member_type: VOTER last_known_addr { host: "127.12.112.130" port: 38067 } health_report { overall_health: HEALTHY } } peers { permanent_uuid: "1b5a747068ef4675a3f7138365206015" member_type: VOTER last_known_addr { host: "127.12.112.131" port: 38667 } health_report { overall_health: UNKNOWN } } }
I20260608 12:43:10.911755 15538 raft_consensus.cc:493] T c16ffc2816e644c89fec8c1efda801e7 P 2ae4014bed4a4a0e949dba3ae0fb5d7d [term 0 FOLLOWER]: Starting pre-election (no leader contacted us within the election timeout)
I20260608 12:43:10.912338 15538 raft_consensus.cc:515] T c16ffc2816e644c89fec8c1efda801e7 P 2ae4014bed4a4a0e949dba3ae0fb5d7d [term 0 FOLLOWER]: Starting pre-election with config: opid_index: -1 OBSOLETE_local: false peers { permanent_uuid: "1b5a747068ef4675a3f7138365206015" member_type: VOTER last_known_addr { host: "127.12.112.131" port: 38667 } } peers { permanent_uuid: "2ae4014bed4a4a0e949dba3ae0fb5d7d" member_type: VOTER last_known_addr { host: "127.12.112.129" port: 38119 } } peers { permanent_uuid: "f5e7c1a5da7540e2bd016725820fbcf6" member_type: VOTER last_known_addr { host: "127.12.112.130" port: 38067 } }
I20260608 12:43:10.914028 15538 leader_election.cc:290] T c16ffc2816e644c89fec8c1efda801e7 P 2ae4014bed4a4a0e949dba3ae0fb5d7d [CANDIDATE]: Term 1 pre-election: Requested pre-vote from peers 1b5a747068ef4675a3f7138365206015 (127.12.112.131:38667), f5e7c1a5da7540e2bd016725820fbcf6 (127.12.112.130:38067)
I20260608 12:43:10.914840 15486 tablet_service.cc:1917] Received RequestConsensusVote() RPC: tablet_id: "c16ffc2816e644c89fec8c1efda801e7" candidate_uuid: "2ae4014bed4a4a0e949dba3ae0fb5d7d" candidate_term: 1 candidate_status { last_received { term: 0 index: 0 } } ignore_live_leader: false dest_uuid: "1b5a747068ef4675a3f7138365206015" is_pre_election: true
I20260608 12:43:10.915277 15413 tablet_service.cc:1917] Received RequestConsensusVote() RPC: tablet_id: "c16ffc2816e644c89fec8c1efda801e7" candidate_uuid: "2ae4014bed4a4a0e949dba3ae0fb5d7d" candidate_term: 1 candidate_status { last_received { term: 0 index: 0 } } ignore_live_leader: false dest_uuid: "f5e7c1a5da7540e2bd016725820fbcf6" is_pre_election: true
I20260608 12:43:10.915457 15486 raft_consensus.cc:2468] T c16ffc2816e644c89fec8c1efda801e7 P 1b5a747068ef4675a3f7138365206015 [term 0 FOLLOWER]: Leader pre-election vote request: Granting yes vote for candidate 2ae4014bed4a4a0e949dba3ae0fb5d7d in term 0.
I20260608 12:43:10.915803 15413 raft_consensus.cc:2468] T c16ffc2816e644c89fec8c1efda801e7 P f5e7c1a5da7540e2bd016725820fbcf6 [term 0 FOLLOWER]: Leader pre-election vote request: Granting yes vote for candidate 2ae4014bed4a4a0e949dba3ae0fb5d7d in term 0.
I20260608 12:43:10.916596 15303 leader_election.cc:304] T c16ffc2816e644c89fec8c1efda801e7 P 2ae4014bed4a4a0e949dba3ae0fb5d7d [CANDIDATE]: Term 1 pre-election: Election decided. Result: candidate won. Election summary: received 2 responses out of 3 voters: 2 yes votes; 0 no votes. yes voters: 1b5a747068ef4675a3f7138365206015, 2ae4014bed4a4a0e949dba3ae0fb5d7d; no voters: 
I20260608 12:43:10.917339 15538 raft_consensus.cc:2804] T c16ffc2816e644c89fec8c1efda801e7 P 2ae4014bed4a4a0e949dba3ae0fb5d7d [term 0 FOLLOWER]: Leader pre-election won for term 1
I20260608 12:43:10.917675 15538 raft_consensus.cc:493] T c16ffc2816e644c89fec8c1efda801e7 P 2ae4014bed4a4a0e949dba3ae0fb5d7d [term 0 FOLLOWER]: Starting leader election (no leader contacted us within the election timeout)
I20260608 12:43:10.917912 15538 raft_consensus.cc:3060] T c16ffc2816e644c89fec8c1efda801e7 P 2ae4014bed4a4a0e949dba3ae0fb5d7d [term 0 FOLLOWER]: Advancing to term 1
I20260608 12:43:10.923061 15538 raft_consensus.cc:515] T c16ffc2816e644c89fec8c1efda801e7 P 2ae4014bed4a4a0e949dba3ae0fb5d7d [term 1 FOLLOWER]: Starting leader election with config: opid_index: -1 OBSOLETE_local: false peers { permanent_uuid: "1b5a747068ef4675a3f7138365206015" member_type: VOTER last_known_addr { host: "127.12.112.131" port: 38667 } } peers { permanent_uuid: "2ae4014bed4a4a0e949dba3ae0fb5d7d" member_type: VOTER last_known_addr { host: "127.12.112.129" port: 38119 } } peers { permanent_uuid: "f5e7c1a5da7540e2bd016725820fbcf6" member_type: VOTER last_known_addr { host: "127.12.112.130" port: 38067 } }
I20260608 12:43:10.924803 15538 leader_election.cc:290] T c16ffc2816e644c89fec8c1efda801e7 P 2ae4014bed4a4a0e949dba3ae0fb5d7d [CANDIDATE]: Term 1 election: Requested vote from peers 1b5a747068ef4675a3f7138365206015 (127.12.112.131:38667), f5e7c1a5da7540e2bd016725820fbcf6 (127.12.112.130:38067)
I20260608 12:43:10.925475 15486 tablet_service.cc:1917] Received RequestConsensusVote() RPC: tablet_id: "c16ffc2816e644c89fec8c1efda801e7" candidate_uuid: "2ae4014bed4a4a0e949dba3ae0fb5d7d" candidate_term: 1 candidate_status { last_received { term: 0 index: 0 } } ignore_live_leader: false dest_uuid: "1b5a747068ef4675a3f7138365206015"
I20260608 12:43:10.925781 15413 tablet_service.cc:1917] Received RequestConsensusVote() RPC: tablet_id: "c16ffc2816e644c89fec8c1efda801e7" candidate_uuid: "2ae4014bed4a4a0e949dba3ae0fb5d7d" candidate_term: 1 candidate_status { last_received { term: 0 index: 0 } } ignore_live_leader: false dest_uuid: "f5e7c1a5da7540e2bd016725820fbcf6"
I20260608 12:43:10.926080 15486 raft_consensus.cc:3060] T c16ffc2816e644c89fec8c1efda801e7 P 1b5a747068ef4675a3f7138365206015 [term 0 FOLLOWER]: Advancing to term 1
I20260608 12:43:10.926379 15413 raft_consensus.cc:3060] T c16ffc2816e644c89fec8c1efda801e7 P f5e7c1a5da7540e2bd016725820fbcf6 [term 0 FOLLOWER]: Advancing to term 1
I20260608 12:43:10.932866 15413 raft_consensus.cc:2468] T c16ffc2816e644c89fec8c1efda801e7 P f5e7c1a5da7540e2bd016725820fbcf6 [term 1 FOLLOWER]: Leader election vote request: Granting yes vote for candidate 2ae4014bed4a4a0e949dba3ae0fb5d7d in term 1.
I20260608 12:43:10.932866 15486 raft_consensus.cc:2468] T c16ffc2816e644c89fec8c1efda801e7 P 1b5a747068ef4675a3f7138365206015 [term 1 FOLLOWER]: Leader election vote request: Granting yes vote for candidate 2ae4014bed4a4a0e949dba3ae0fb5d7d in term 1.
I20260608 12:43:10.934350 15301 leader_election.cc:304] T c16ffc2816e644c89fec8c1efda801e7 P 2ae4014bed4a4a0e949dba3ae0fb5d7d [CANDIDATE]: Term 1 election: Election decided. Result: candidate won. Election summary: received 2 responses out of 3 voters: 2 yes votes; 0 no votes. yes voters: 2ae4014bed4a4a0e949dba3ae0fb5d7d, f5e7c1a5da7540e2bd016725820fbcf6; no voters: 
I20260608 12:43:10.935031 15538 raft_consensus.cc:2804] T c16ffc2816e644c89fec8c1efda801e7 P 2ae4014bed4a4a0e949dba3ae0fb5d7d [term 1 FOLLOWER]: Leader election won for term 1
I20260608 12:43:10.935637 15538 raft_consensus.cc:697] T c16ffc2816e644c89fec8c1efda801e7 P 2ae4014bed4a4a0e949dba3ae0fb5d7d [term 1 LEADER]: Becoming Leader. State: Replica: 2ae4014bed4a4a0e949dba3ae0fb5d7d, State: Running, Role: LEADER
I20260608 12:43:10.936534 15538 consensus_queue.cc:237] T c16ffc2816e644c89fec8c1efda801e7 P 2ae4014bed4a4a0e949dba3ae0fb5d7d [LEADER]: Queue going to LEADER mode. State: All replicated index: 0, Majority replicated index: 0, Committed index: 0, Last appended: 0.0, Last appended by leader: 0, Current term: 1, Majority size: 2, State: 0, Mode: LEADER, active raft config: opid_index: -1 OBSOLETE_local: false peers { permanent_uuid: "1b5a747068ef4675a3f7138365206015" member_type: VOTER last_known_addr { host: "127.12.112.131" port: 38667 } } peers { permanent_uuid: "2ae4014bed4a4a0e949dba3ae0fb5d7d" member_type: VOTER last_known_addr { host: "127.12.112.129" port: 38119 } } peers { permanent_uuid: "f5e7c1a5da7540e2bd016725820fbcf6" member_type: VOTER last_known_addr { host: "127.12.112.130" port: 38067 } }
I20260608 12:43:10.944442 15236 catalog_manager.cc:5696] T c16ffc2816e644c89fec8c1efda801e7 P 2ae4014bed4a4a0e949dba3ae0fb5d7d reported cstate change: term changed from 0 to 1, leader changed from <none> to 2ae4014bed4a4a0e949dba3ae0fb5d7d (127.12.112.129). New cstate: current_term: 1 leader_uuid: "2ae4014bed4a4a0e949dba3ae0fb5d7d" committed_config { opid_index: -1 OBSOLETE_local: false peers { permanent_uuid: "1b5a747068ef4675a3f7138365206015" member_type: VOTER last_known_addr { host: "127.12.112.131" port: 38667 } health_report { overall_health: UNKNOWN } } peers { permanent_uuid: "2ae4014bed4a4a0e949dba3ae0fb5d7d" member_type: VOTER last_known_addr { host: "127.12.112.129" port: 38119 } health_report { overall_health: HEALTHY } } peers { permanent_uuid: "f5e7c1a5da7540e2bd016725820fbcf6" member_type: VOTER last_known_addr { host: "127.12.112.130" port: 38067 } health_report { overall_health: UNKNOWN } } }
W20260608 12:43:10.997538 15284 auto_rebalancer.cc:259] Could not retrieve cluster info: Service unavailable: Tablet not running
I20260608 12:43:11.000295 15289 auto_leader_rebalancer.cc:140] leader rebalance for table range_aware_auto_rebalancer_test
W20260608 12:43:11.002846 15289 auto_leader_rebalancer.cc:460] the master instance isn't leader: Service unavailable: Tablet not running
I20260608 12:43:11.022500 15541 raft_consensus.cc:493] T d04635e1b762457686a3e329e1584ae4 P f5e7c1a5da7540e2bd016725820fbcf6 [term 0 FOLLOWER]: Starting pre-election (no leader contacted us within the election timeout)
I20260608 12:43:11.023032 15541 raft_consensus.cc:515] T d04635e1b762457686a3e329e1584ae4 P f5e7c1a5da7540e2bd016725820fbcf6 [term 0 FOLLOWER]: Starting pre-election with config: opid_index: -1 OBSOLETE_local: false peers { permanent_uuid: "2ae4014bed4a4a0e949dba3ae0fb5d7d" member_type: VOTER last_known_addr { host: "127.12.112.129" port: 38119 } } peers { permanent_uuid: "f5e7c1a5da7540e2bd016725820fbcf6" member_type: VOTER last_known_addr { host: "127.12.112.130" port: 38067 } } peers { permanent_uuid: "1b5a747068ef4675a3f7138365206015" member_type: VOTER last_known_addr { host: "127.12.112.131" port: 38667 } }
I20260608 12:43:11.024830 15541 leader_election.cc:290] T d04635e1b762457686a3e329e1584ae4 P f5e7c1a5da7540e2bd016725820fbcf6 [CANDIDATE]: Term 1 pre-election: Requested pre-vote from peers 2ae4014bed4a4a0e949dba3ae0fb5d7d (127.12.112.129:38119), 1b5a747068ef4675a3f7138365206015 (127.12.112.131:38667)
I20260608 12:43:11.025789 15338 tablet_service.cc:1917] Received RequestConsensusVote() RPC: tablet_id: "d04635e1b762457686a3e329e1584ae4" candidate_uuid: "f5e7c1a5da7540e2bd016725820fbcf6" candidate_term: 1 candidate_status { last_received { term: 0 index: 0 } } ignore_live_leader: false dest_uuid: "2ae4014bed4a4a0e949dba3ae0fb5d7d" is_pre_election: true
I20260608 12:43:11.026010 15486 tablet_service.cc:1917] Received RequestConsensusVote() RPC: tablet_id: "d04635e1b762457686a3e329e1584ae4" candidate_uuid: "f5e7c1a5da7540e2bd016725820fbcf6" candidate_term: 1 candidate_status { last_received { term: 0 index: 0 } } ignore_live_leader: false dest_uuid: "1b5a747068ef4675a3f7138365206015" is_pre_election: true
I20260608 12:43:11.026489 15338 raft_consensus.cc:2468] T d04635e1b762457686a3e329e1584ae4 P 2ae4014bed4a4a0e949dba3ae0fb5d7d [term 0 FOLLOWER]: Leader pre-election vote request: Granting yes vote for candidate f5e7c1a5da7540e2bd016725820fbcf6 in term 0.
I20260608 12:43:11.026566 15486 raft_consensus.cc:2468] T d04635e1b762457686a3e329e1584ae4 P 1b5a747068ef4675a3f7138365206015 [term 0 FOLLOWER]: Leader pre-election vote request: Granting yes vote for candidate f5e7c1a5da7540e2bd016725820fbcf6 in term 0.
I20260608 12:43:11.027891 15378 leader_election.cc:304] T d04635e1b762457686a3e329e1584ae4 P f5e7c1a5da7540e2bd016725820fbcf6 [CANDIDATE]: Term 1 pre-election: Election decided. Result: candidate won. Election summary: received 2 responses out of 3 voters: 2 yes votes; 0 no votes. yes voters: 1b5a747068ef4675a3f7138365206015, f5e7c1a5da7540e2bd016725820fbcf6; no voters: 
I20260608 12:43:11.028604 15541 raft_consensus.cc:2804] T d04635e1b762457686a3e329e1584ae4 P f5e7c1a5da7540e2bd016725820fbcf6 [term 0 FOLLOWER]: Leader pre-election won for term 1
I20260608 12:43:11.028998 15541 raft_consensus.cc:493] T d04635e1b762457686a3e329e1584ae4 P f5e7c1a5da7540e2bd016725820fbcf6 [term 0 FOLLOWER]: Starting leader election (no leader contacted us within the election timeout)
I20260608 12:43:11.029356 15541 raft_consensus.cc:3060] T d04635e1b762457686a3e329e1584ae4 P f5e7c1a5da7540e2bd016725820fbcf6 [term 0 FOLLOWER]: Advancing to term 1
I20260608 12:43:11.034389 15541 raft_consensus.cc:515] T d04635e1b762457686a3e329e1584ae4 P f5e7c1a5da7540e2bd016725820fbcf6 [term 1 FOLLOWER]: Starting leader election with config: opid_index: -1 OBSOLETE_local: false peers { permanent_uuid: "2ae4014bed4a4a0e949dba3ae0fb5d7d" member_type: VOTER last_known_addr { host: "127.12.112.129" port: 38119 } } peers { permanent_uuid: "f5e7c1a5da7540e2bd016725820fbcf6" member_type: VOTER last_known_addr { host: "127.12.112.130" port: 38067 } } peers { permanent_uuid: "1b5a747068ef4675a3f7138365206015" member_type: VOTER last_known_addr { host: "127.12.112.131" port: 38667 } }
I20260608 12:43:11.036178 15541 leader_election.cc:290] T d04635e1b762457686a3e329e1584ae4 P f5e7c1a5da7540e2bd016725820fbcf6 [CANDIDATE]: Term 1 election: Requested vote from peers 2ae4014bed4a4a0e949dba3ae0fb5d7d (127.12.112.129:38119), 1b5a747068ef4675a3f7138365206015 (127.12.112.131:38667)
I20260608 12:43:11.037186 15338 tablet_service.cc:1917] Received RequestConsensusVote() RPC: tablet_id: "d04635e1b762457686a3e329e1584ae4" candidate_uuid: "f5e7c1a5da7540e2bd016725820fbcf6" candidate_term: 1 candidate_status { last_received { term: 0 index: 0 } } ignore_live_leader: false dest_uuid: "2ae4014bed4a4a0e949dba3ae0fb5d7d"
I20260608 12:43:11.037271 15486 tablet_service.cc:1917] Received RequestConsensusVote() RPC: tablet_id: "d04635e1b762457686a3e329e1584ae4" candidate_uuid: "f5e7c1a5da7540e2bd016725820fbcf6" candidate_term: 1 candidate_status { last_received { term: 0 index: 0 } } ignore_live_leader: false dest_uuid: "1b5a747068ef4675a3f7138365206015"
I20260608 12:43:11.037808 15338 raft_consensus.cc:3060] T d04635e1b762457686a3e329e1584ae4 P 2ae4014bed4a4a0e949dba3ae0fb5d7d [term 0 FOLLOWER]: Advancing to term 1
I20260608 12:43:11.037859 15486 raft_consensus.cc:3060] T d04635e1b762457686a3e329e1584ae4 P 1b5a747068ef4675a3f7138365206015 [term 0 FOLLOWER]: Advancing to term 1
I20260608 12:43:11.042507 15338 raft_consensus.cc:2468] T d04635e1b762457686a3e329e1584ae4 P 2ae4014bed4a4a0e949dba3ae0fb5d7d [term 1 FOLLOWER]: Leader election vote request: Granting yes vote for candidate f5e7c1a5da7540e2bd016725820fbcf6 in term 1.
I20260608 12:43:11.042510 15486 raft_consensus.cc:2468] T d04635e1b762457686a3e329e1584ae4 P 1b5a747068ef4675a3f7138365206015 [term 1 FOLLOWER]: Leader election vote request: Granting yes vote for candidate f5e7c1a5da7540e2bd016725820fbcf6 in term 1.
I20260608 12:43:11.043927 15376 leader_election.cc:304] T d04635e1b762457686a3e329e1584ae4 P f5e7c1a5da7540e2bd016725820fbcf6 [CANDIDATE]: Term 1 election: Election decided. Result: candidate won. Election summary: received 2 responses out of 3 voters: 2 yes votes; 0 no votes. yes voters: 2ae4014bed4a4a0e949dba3ae0fb5d7d, f5e7c1a5da7540e2bd016725820fbcf6; no voters: 
I20260608 12:43:11.044651 15541 raft_consensus.cc:2804] T d04635e1b762457686a3e329e1584ae4 P f5e7c1a5da7540e2bd016725820fbcf6 [term 1 FOLLOWER]: Leader election won for term 1
I20260608 12:43:11.045118 15541 raft_consensus.cc:697] T d04635e1b762457686a3e329e1584ae4 P f5e7c1a5da7540e2bd016725820fbcf6 [term 1 LEADER]: Becoming Leader. State: Replica: f5e7c1a5da7540e2bd016725820fbcf6, State: Running, Role: LEADER
I20260608 12:43:11.045768 15541 consensus_queue.cc:237] T d04635e1b762457686a3e329e1584ae4 P f5e7c1a5da7540e2bd016725820fbcf6 [LEADER]: Queue going to LEADER mode. State: All replicated index: 0, Majority replicated index: 0, Committed index: 0, Last appended: 0.0, Last appended by leader: 0, Current term: 1, Majority size: 2, State: 0, Mode: LEADER, active raft config: opid_index: -1 OBSOLETE_local: false peers { permanent_uuid: "2ae4014bed4a4a0e949dba3ae0fb5d7d" member_type: VOTER last_known_addr { host: "127.12.112.129" port: 38119 } } peers { permanent_uuid: "f5e7c1a5da7540e2bd016725820fbcf6" member_type: VOTER last_known_addr { host: "127.12.112.130" port: 38067 } } peers { permanent_uuid: "1b5a747068ef4675a3f7138365206015" member_type: VOTER last_known_addr { host: "127.12.112.131" port: 38667 } }
I20260608 12:43:11.053471 15236 catalog_manager.cc:5696] T d04635e1b762457686a3e329e1584ae4 P f5e7c1a5da7540e2bd016725820fbcf6 reported cstate change: term changed from 0 to 1, leader changed from <none> to f5e7c1a5da7540e2bd016725820fbcf6 (127.12.112.130). New cstate: current_term: 1 leader_uuid: "f5e7c1a5da7540e2bd016725820fbcf6" committed_config { opid_index: -1 OBSOLETE_local: false peers { permanent_uuid: "2ae4014bed4a4a0e949dba3ae0fb5d7d" member_type: VOTER last_known_addr { host: "127.12.112.129" port: 38119 } health_report { overall_health: UNKNOWN } } peers { permanent_uuid: "f5e7c1a5da7540e2bd016725820fbcf6" member_type: VOTER last_known_addr { host: "127.12.112.130" port: 38067 } health_report { overall_health: HEALTHY } } peers { permanent_uuid: "1b5a747068ef4675a3f7138365206015" member_type: VOTER last_known_addr { host: "127.12.112.131" port: 38667 } health_report { overall_health: UNKNOWN } } }
I20260608 12:43:11.138481 12738 tablet_server.cc:179] TabletServer@127.12.112.129:0 shutting down...
I20260608 12:43:11.156883 12738 ts_tablet_manager.cc:1507] Shutting down tablet manager...
I20260608 12:43:11.158126 12738 tablet_replica.cc:333] T f9f216037bd84b4aa1e844f9fc3de886 P 2ae4014bed4a4a0e949dba3ae0fb5d7d: stopping tablet replica
I20260608 12:43:11.158754 12738 raft_consensus.cc:2243] T f9f216037bd84b4aa1e844f9fc3de886 P 2ae4014bed4a4a0e949dba3ae0fb5d7d [term 1 LEADER]: Raft consensus shutting down.
I20260608 12:43:11.159441 12738 pending_rounds.cc:70] T f9f216037bd84b4aa1e844f9fc3de886 P 2ae4014bed4a4a0e949dba3ae0fb5d7d: Trying to abort 1 pending ops.
I20260608 12:43:11.159657 12738 pending_rounds.cc:77] T f9f216037bd84b4aa1e844f9fc3de886 P 2ae4014bed4a4a0e949dba3ae0fb5d7d: Aborting op as it isn't in flight: id { term: 1 index: 1 } timestamp: 7294658932294389760 op_type: NO_OP noop_request { }
I20260608 12:43:11.160065 12738 raft_consensus.cc:2889] T f9f216037bd84b4aa1e844f9fc3de886 P 2ae4014bed4a4a0e949dba3ae0fb5d7d [term 1 LEADER]: NO_OP replication failed: Aborted: Op aborted
I20260608 12:43:11.160415 12738 raft_consensus.cc:2272] T f9f216037bd84b4aa1e844f9fc3de886 P 2ae4014bed4a4a0e949dba3ae0fb5d7d [term 1 FOLLOWER]: Raft consensus is shut down!
I20260608 12:43:11.162858 12738 tablet_replica.cc:333] T d04635e1b762457686a3e329e1584ae4 P 2ae4014bed4a4a0e949dba3ae0fb5d7d: stopping tablet replica
I20260608 12:43:11.163623 12738 raft_consensus.cc:2243] T d04635e1b762457686a3e329e1584ae4 P 2ae4014bed4a4a0e949dba3ae0fb5d7d [term 1 FOLLOWER]: Raft consensus shutting down.
I20260608 12:43:11.163975 12738 raft_consensus.cc:2272] T d04635e1b762457686a3e329e1584ae4 P 2ae4014bed4a4a0e949dba3ae0fb5d7d [term 1 FOLLOWER]: Raft consensus is shut down!
I20260608 12:43:11.165723 12738 tablet_replica.cc:333] T 35465871f2444b8082bd7a849c393dfd P 2ae4014bed4a4a0e949dba3ae0fb5d7d: stopping tablet replica
I20260608 12:43:11.166164 12738 raft_consensus.cc:2243] T 35465871f2444b8082bd7a849c393dfd P 2ae4014bed4a4a0e949dba3ae0fb5d7d [term 1 FOLLOWER]: Raft consensus shutting down.
I20260608 12:43:11.166465 12738 raft_consensus.cc:2272] T 35465871f2444b8082bd7a849c393dfd P 2ae4014bed4a4a0e949dba3ae0fb5d7d [term 1 FOLLOWER]: Raft consensus is shut down!
I20260608 12:43:11.168247 12738 tablet_replica.cc:333] T c16ffc2816e644c89fec8c1efda801e7 P 2ae4014bed4a4a0e949dba3ae0fb5d7d: stopping tablet replica
I20260608 12:43:11.168663 12738 raft_consensus.cc:2243] T c16ffc2816e644c89fec8c1efda801e7 P 2ae4014bed4a4a0e949dba3ae0fb5d7d [term 1 LEADER]: Raft consensus shutting down.
I20260608 12:43:11.169158 12738 pending_rounds.cc:70] T c16ffc2816e644c89fec8c1efda801e7 P 2ae4014bed4a4a0e949dba3ae0fb5d7d: Trying to abort 1 pending ops.
I20260608 12:43:11.169310 12738 pending_rounds.cc:77] T c16ffc2816e644c89fec8c1efda801e7 P 2ae4014bed4a4a0e949dba3ae0fb5d7d: Aborting op as it isn't in flight: id { term: 1 index: 1 } timestamp: 7294658932484272128 op_type: NO_OP noop_request { }
I20260608 12:43:11.169533 12738 raft_consensus.cc:2889] T c16ffc2816e644c89fec8c1efda801e7 P 2ae4014bed4a4a0e949dba3ae0fb5d7d [term 1 LEADER]: NO_OP replication failed: Aborted: Op aborted
I20260608 12:43:11.169754 12738 raft_consensus.cc:2272] T c16ffc2816e644c89fec8c1efda801e7 P 2ae4014bed4a4a0e949dba3ae0fb5d7d [term 1 FOLLOWER]: Raft consensus is shut down!
I20260608 12:43:11.192665 12738 tablet_server.cc:196] TabletServer@127.12.112.129:0 shutdown complete.
I20260608 12:43:11.203419 12738 tablet_server.cc:179] TabletServer@127.12.112.130:0 shutting down...
I20260608 12:43:11.221046 12738 ts_tablet_manager.cc:1507] Shutting down tablet manager...
I20260608 12:43:11.221884 12738 tablet_replica.cc:333] T c16ffc2816e644c89fec8c1efda801e7 P f5e7c1a5da7540e2bd016725820fbcf6: stopping tablet replica
I20260608 12:43:11.222570 12738 raft_consensus.cc:2243] T c16ffc2816e644c89fec8c1efda801e7 P f5e7c1a5da7540e2bd016725820fbcf6 [term 1 FOLLOWER]: Raft consensus shutting down.
I20260608 12:43:11.222992 12738 raft_consensus.cc:2272] T c16ffc2816e644c89fec8c1efda801e7 P f5e7c1a5da7540e2bd016725820fbcf6 [term 1 FOLLOWER]: Raft consensus is shut down!
I20260608 12:43:11.225093 12738 tablet_replica.cc:333] T f9f216037bd84b4aa1e844f9fc3de886 P f5e7c1a5da7540e2bd016725820fbcf6: stopping tablet replica
I20260608 12:43:11.225643 12738 raft_consensus.cc:2243] T f9f216037bd84b4aa1e844f9fc3de886 P f5e7c1a5da7540e2bd016725820fbcf6 [term 1 FOLLOWER]: Raft consensus shutting down.
I20260608 12:43:11.226027 12738 raft_consensus.cc:2272] T f9f216037bd84b4aa1e844f9fc3de886 P f5e7c1a5da7540e2bd016725820fbcf6 [term 1 FOLLOWER]: Raft consensus is shut down!
I20260608 12:43:11.227835 12738 tablet_replica.cc:333] T d04635e1b762457686a3e329e1584ae4 P f5e7c1a5da7540e2bd016725820fbcf6: stopping tablet replica
I20260608 12:43:11.228336 12738 raft_consensus.cc:2243] T d04635e1b762457686a3e329e1584ae4 P f5e7c1a5da7540e2bd016725820fbcf6 [term 1 LEADER]: Raft consensus shutting down.
I20260608 12:43:11.229007 12738 pending_rounds.cc:70] T d04635e1b762457686a3e329e1584ae4 P f5e7c1a5da7540e2bd016725820fbcf6: Trying to abort 1 pending ops.
I20260608 12:43:11.229234 12738 pending_rounds.cc:77] T d04635e1b762457686a3e329e1584ae4 P f5e7c1a5da7540e2bd016725820fbcf6: Aborting op as it isn't in flight: id { term: 1 index: 1 } timestamp: 7294658932930830336 op_type: NO_OP noop_request { }
I20260608 12:43:11.229563 12738 raft_consensus.cc:2889] T d04635e1b762457686a3e329e1584ae4 P f5e7c1a5da7540e2bd016725820fbcf6 [term 1 LEADER]: NO_OP replication failed: Aborted: Op aborted
I20260608 12:43:11.229866 12738 raft_consensus.cc:2272] T d04635e1b762457686a3e329e1584ae4 P f5e7c1a5da7540e2bd016725820fbcf6 [term 1 FOLLOWER]: Raft consensus is shut down!
I20260608 12:43:11.232102 12738 tablet_replica.cc:333] T 35465871f2444b8082bd7a849c393dfd P f5e7c1a5da7540e2bd016725820fbcf6: stopping tablet replica
I20260608 12:43:11.232576 12738 raft_consensus.cc:2243] T 35465871f2444b8082bd7a849c393dfd P f5e7c1a5da7540e2bd016725820fbcf6 [term 1 LEADER]: Raft consensus shutting down.
I20260608 12:43:11.233096 12738 pending_rounds.cc:70] T 35465871f2444b8082bd7a849c393dfd P f5e7c1a5da7540e2bd016725820fbcf6: Trying to abort 1 pending ops.
I20260608 12:43:11.233284 12738 pending_rounds.cc:77] T 35465871f2444b8082bd7a849c393dfd P f5e7c1a5da7540e2bd016725820fbcf6: Aborting op as it isn't in flight: id { term: 1 index: 1 } timestamp: 7294658932294967296 op_type: NO_OP noop_request { }
I20260608 12:43:11.233551 12738 raft_consensus.cc:2889] T 35465871f2444b8082bd7a849c393dfd P f5e7c1a5da7540e2bd016725820fbcf6 [term 1 LEADER]: NO_OP replication failed: Aborted: Op aborted
I20260608 12:43:11.233820 12738 raft_consensus.cc:2272] T 35465871f2444b8082bd7a849c393dfd P f5e7c1a5da7540e2bd016725820fbcf6 [term 1 FOLLOWER]: Raft consensus is shut down!
I20260608 12:43:11.255517 12738 tablet_server.cc:196] TabletServer@127.12.112.130:0 shutdown complete.
I20260608 12:43:11.266075 12738 tablet_server.cc:179] TabletServer@127.12.112.131:0 shutting down...
I20260608 12:43:11.282131 12738 ts_tablet_manager.cc:1507] Shutting down tablet manager...
I20260608 12:43:11.282958 12738 tablet_replica.cc:333] T d04635e1b762457686a3e329e1584ae4 P 1b5a747068ef4675a3f7138365206015: stopping tablet replica
I20260608 12:43:11.283668 12738 raft_consensus.cc:2243] T d04635e1b762457686a3e329e1584ae4 P 1b5a747068ef4675a3f7138365206015 [term 1 FOLLOWER]: Raft consensus shutting down.
I20260608 12:43:11.284087 12738 raft_consensus.cc:2272] T d04635e1b762457686a3e329e1584ae4 P 1b5a747068ef4675a3f7138365206015 [term 1 FOLLOWER]: Raft consensus is shut down!
I20260608 12:43:11.286185 12738 tablet_replica.cc:333] T c16ffc2816e644c89fec8c1efda801e7 P 1b5a747068ef4675a3f7138365206015: stopping tablet replica
I20260608 12:43:11.286695 12738 raft_consensus.cc:2243] T c16ffc2816e644c89fec8c1efda801e7 P 1b5a747068ef4675a3f7138365206015 [term 1 FOLLOWER]: Raft consensus shutting down.
I20260608 12:43:11.287060 12738 raft_consensus.cc:2272] T c16ffc2816e644c89fec8c1efda801e7 P 1b5a747068ef4675a3f7138365206015 [term 1 FOLLOWER]: Raft consensus is shut down!
I20260608 12:43:11.288674 12738 tablet_replica.cc:333] T f9f216037bd84b4aa1e844f9fc3de886 P 1b5a747068ef4675a3f7138365206015: stopping tablet replica
I20260608 12:43:11.289142 12738 raft_consensus.cc:2243] T f9f216037bd84b4aa1e844f9fc3de886 P 1b5a747068ef4675a3f7138365206015 [term 1 FOLLOWER]: Raft consensus shutting down.
I20260608 12:43:11.289502 12738 raft_consensus.cc:2272] T f9f216037bd84b4aa1e844f9fc3de886 P 1b5a747068ef4675a3f7138365206015 [term 1 FOLLOWER]: Raft consensus is shut down!
I20260608 12:43:11.291023 12738 tablet_replica.cc:333] T 35465871f2444b8082bd7a849c393dfd P 1b5a747068ef4675a3f7138365206015: stopping tablet replica
I20260608 12:43:11.291635 12738 raft_consensus.cc:2243] T 35465871f2444b8082bd7a849c393dfd P 1b5a747068ef4675a3f7138365206015 [term 1 FOLLOWER]: Raft consensus shutting down.
I20260608 12:43:11.292004 12738 raft_consensus.cc:2272] T 35465871f2444b8082bd7a849c393dfd P 1b5a747068ef4675a3f7138365206015 [term 1 FOLLOWER]: Raft consensus is shut down!
I20260608 12:43:11.313299 12738 tablet_server.cc:196] TabletServer@127.12.112.131:0 shutdown complete.
I20260608 12:43:11.324653 12738 master.cc:562] Master@127.12.112.190:34597 shutting down...
I20260608 12:43:11.338191 12738 raft_consensus.cc:2243] T 00000000000000000000000000000000 P 961ecaefb75c4efca59a5c9290c014c6 [term 1 LEADER]: Raft consensus shutting down.
I20260608 12:43:11.338735 12738 raft_consensus.cc:2272] T 00000000000000000000000000000000 P 961ecaefb75c4efca59a5c9290c014c6 [term 1 FOLLOWER]: Raft consensus is shut down!
I20260608 12:43:11.339059 12738 tablet_replica.cc:333] T 00000000000000000000000000000000 P 961ecaefb75c4efca59a5c9290c014c6: stopping tablet replica
I20260608 12:43:11.356930 12738 master.cc:584] Master@127.12.112.190:34597 shutdown complete.
[       OK ] AutoRebalancerTest.RangeAwareBuildClusterInfoGroupsByRange (2530 ms)
[ RUN      ] AutoRebalancerTest.RangeAwareRebalancesNewRangeReplicas
I20260608 12:43:11.388170 12738 internal_mini_cluster.cc:156] Creating distributed mini masters. Addrs: 127.12.112.190:46441
I20260608 12:43:11.389284 12738 file_cache.cc:492] Constructed file cache file cache with capacity 419430
W20260608 12:43:11.394680 15562 instance_detector.cc:116] could not retrieve Azure instance metadata: Network error: curl error: HTTP response code said error: The requested URL returned error: 404
W20260608 12:43:11.394930 15561 instance_detector.cc:116] could not retrieve AWS instance metadata: Network error: curl error: HTTP response code said error: The requested URL returned error: 404
W20260608 12:43:11.395861 15564 instance_detector.cc:116] could not retrieve OpenStack instance metadata: Network error: curl error: HTTP response code said error: The requested URL returned error: 404
I20260608 12:43:11.396644 12738 server_base.cc:1061] running on GCE node
I20260608 12:43:11.397541 12738 hybrid_clock.cc:584] initializing the hybrid clock with 'system_unsync' time source
W20260608 12:43:11.397713 12738 system_unsync_time.cc:38] NTP support is disabled. Clock error bounds will not be accurate. This configuration is not suitable for distributed clusters.
I20260608 12:43:11.397927 12738 hybrid_clock.cc:648] HybridClock initialized: now 1780922591397893 us; error 0 us; skew 500 ppm
I20260608 12:43:11.398514 12738 server_base.cc:861] Flag tcmalloc_max_total_thread_cache_bytes is not working since tcmalloc is not enabled.
I20260608 12:43:11.401065 12738 webserver.cc:533] Webserver started at http://127.12.112.190:43131/ using document root <none> and password file <none>
I20260608 12:43:11.401597 12738 fs_manager.cc:362] Metadata directory not provided
I20260608 12:43:11.401784 12738 fs_manager.cc:368] Using write-ahead log directory (fs_wal_dir) as metadata directory
I20260608 12:43:11.402078 12738 server_base.cc:909] This appears to be a new deployment of Kudu; creating new FS layout
I20260608 12:43:11.403167 12738 fs_manager.cc:1068] Generated new instance metadata in path /tmp/dist-test-taskj96nwm/test-tmp/auto_rebalancer-test.0.AutoRebalancerTest.RangeAwareRebalancesNewRangeReplicas.1780922514987783-12738-0/minicluster-data/master-0-root/instance:
uuid: "77dd4a6718ea4121bab20a99c2d4d0c9"
format_stamp: "Formatted at 2026-06-08 12:43:11 on dist-test-slave-24fc"
I20260608 12:43:11.407737 12738 fs_manager.cc:696] Time spent creating directory manager: real 0.004s	user 0.004s	sys 0.000s
I20260608 12:43:11.411319 15569 log_block_manager.cc:4031] Time spent loading block containers with low live blocks: real 0.000s	user 0.000s	sys 0.000s
I20260608 12:43:11.412029 12738 fs_manager.cc:730] Time spent opening block manager: real 0.002s	user 0.002s	sys 0.001s
I20260608 12:43:11.412334 12738 fs_manager.cc:647] Opened local filesystem: /tmp/dist-test-taskj96nwm/test-tmp/auto_rebalancer-test.0.AutoRebalancerTest.RangeAwareRebalancesNewRangeReplicas.1780922514987783-12738-0/minicluster-data/master-0-root
uuid: "77dd4a6718ea4121bab20a99c2d4d0c9"
format_stamp: "Formatted at 2026-06-08 12:43:11 on dist-test-slave-24fc"
I20260608 12:43:11.412612 12738 fs_report.cc:389] FS layout report
--------------------
wal directory: /tmp/dist-test-taskj96nwm/test-tmp/auto_rebalancer-test.0.AutoRebalancerTest.RangeAwareRebalancesNewRangeReplicas.1780922514987783-12738-0/minicluster-data/master-0-root
metadata directory: /tmp/dist-test-taskj96nwm/test-tmp/auto_rebalancer-test.0.AutoRebalancerTest.RangeAwareRebalancesNewRangeReplicas.1780922514987783-12738-0/minicluster-data/master-0-root
1 data directories: /tmp/dist-test-taskj96nwm/test-tmp/auto_rebalancer-test.0.AutoRebalancerTest.RangeAwareRebalancesNewRangeReplicas.1780922514987783-12738-0/minicluster-data/master-0-root/data
Total live blocks: 0
Total live bytes: 0
Total live bytes (after alignment): 0
Total number of LBM containers: 0 (0 full)
Did not check for missing blocks
Did not check for orphaned blocks
Total full LBM containers with extra space: 0 (0 repaired)
Total full LBM container extra space in bytes: 0 (0 repaired)
Total incomplete LBM containers: 0 (0 repaired)
Total LBM partial records: 0 (0 repaired)
Total corrupted LBM metadata records in RocksDB: 0 (0 repaired)
I20260608 12:43:11.437443 12738 rpc_server.cc:225] running with OpenSSL 1.1.1  11 Sep 2018
I20260608 12:43:11.438488 12738 kserver.cc:163] Server-wide thread pool size limit: 3276
I20260608 12:43:11.473301 12738 rpc_server.cc:307] RPC server started. Bound to: 127.12.112.190:46441
I20260608 12:43:11.473423 15620 acceptor_pool.cc:272] collecting diagnostics on the listening RPC socket 127.12.112.190:46441 every 8 connection(s)
I20260608 12:43:11.477375 15621 data_dirs.cc:400] Could only allocate 1 dirs of requested 3 for tablet 00000000000000000000000000000000. 1 dirs total, 0 dirs full, 0 dirs failed
I20260608 12:43:11.487193 15621 tablet_bootstrap.cc:492] T 00000000000000000000000000000000 P 77dd4a6718ea4121bab20a99c2d4d0c9: Bootstrap starting.
I20260608 12:43:11.491645 15621 tablet_bootstrap.cc:654] T 00000000000000000000000000000000 P 77dd4a6718ea4121bab20a99c2d4d0c9: Neither blocks nor log segments found. Creating new log.
I20260608 12:43:11.495834 15621 tablet_bootstrap.cc:492] T 00000000000000000000000000000000 P 77dd4a6718ea4121bab20a99c2d4d0c9: No bootstrap required, opened a new log
I20260608 12:43:11.497946 15621 raft_consensus.cc:359] T 00000000000000000000000000000000 P 77dd4a6718ea4121bab20a99c2d4d0c9 [term 0 FOLLOWER]: Replica starting. Triggering 0 pending ops. Active config: opid_index: -1 OBSOLETE_local: true peers { permanent_uuid: "77dd4a6718ea4121bab20a99c2d4d0c9" member_type: VOTER }
I20260608 12:43:11.498318 15621 raft_consensus.cc:385] T 00000000000000000000000000000000 P 77dd4a6718ea4121bab20a99c2d4d0c9 [term 0 FOLLOWER]: Consensus starting up: Expiring failure detector timer to make a prompt election more likely
I20260608 12:43:11.498497 15621 raft_consensus.cc:740] T 00000000000000000000000000000000 P 77dd4a6718ea4121bab20a99c2d4d0c9 [term 0 FOLLOWER]: Becoming Follower/Learner. State: Replica: 77dd4a6718ea4121bab20a99c2d4d0c9, State: Initialized, Role: FOLLOWER
I20260608 12:43:11.499233 15621 consensus_queue.cc:260] T 00000000000000000000000000000000 P 77dd4a6718ea4121bab20a99c2d4d0c9 [NON_LEADER]: Queue going to NON_LEADER mode. State: All replicated index: 0, Majority replicated index: 0, Committed index: 0, Last appended: 0.0, Last appended by leader: 0, Current term: 0, Majority size: -1, State: 0, Mode: NON_LEADER, active raft config: opid_index: -1 OBSOLETE_local: true peers { permanent_uuid: "77dd4a6718ea4121bab20a99c2d4d0c9" member_type: VOTER }
I20260608 12:43:11.499662 15621 raft_consensus.cc:399] T 00000000000000000000000000000000 P 77dd4a6718ea4121bab20a99c2d4d0c9 [term 0 FOLLOWER]: Only one voter in the Raft config. Triggering election immediately
I20260608 12:43:11.499866 15621 raft_consensus.cc:493] T 00000000000000000000000000000000 P 77dd4a6718ea4121bab20a99c2d4d0c9 [term 0 FOLLOWER]: Starting leader election (initial election of a single-replica configuration)
I20260608 12:43:11.500079 15621 raft_consensus.cc:3060] T 00000000000000000000000000000000 P 77dd4a6718ea4121bab20a99c2d4d0c9 [term 0 FOLLOWER]: Advancing to term 1
I20260608 12:43:11.504312 15621 raft_consensus.cc:515] T 00000000000000000000000000000000 P 77dd4a6718ea4121bab20a99c2d4d0c9 [term 1 FOLLOWER]: Starting leader election with config: opid_index: -1 OBSOLETE_local: true peers { permanent_uuid: "77dd4a6718ea4121bab20a99c2d4d0c9" member_type: VOTER }
I20260608 12:43:11.504801 15621 leader_election.cc:304] T 00000000000000000000000000000000 P 77dd4a6718ea4121bab20a99c2d4d0c9 [CANDIDATE]: Term 1 election: Election decided. Result: candidate won. Election summary: received 1 responses out of 1 voters: 1 yes votes; 0 no votes. yes voters: 77dd4a6718ea4121bab20a99c2d4d0c9; no voters: 
I20260608 12:43:11.505954 15621 leader_election.cc:290] T 00000000000000000000000000000000 P 77dd4a6718ea4121bab20a99c2d4d0c9 [CANDIDATE]: Term 1 election: Requested vote from peers 
I20260608 12:43:11.506325 15624 raft_consensus.cc:2804] T 00000000000000000000000000000000 P 77dd4a6718ea4121bab20a99c2d4d0c9 [term 1 FOLLOWER]: Leader election won for term 1
I20260608 12:43:11.507755 15624 raft_consensus.cc:697] T 00000000000000000000000000000000 P 77dd4a6718ea4121bab20a99c2d4d0c9 [term 1 LEADER]: Becoming Leader. State: Replica: 77dd4a6718ea4121bab20a99c2d4d0c9, State: Running, Role: LEADER
I20260608 12:43:11.508462 15624 consensus_queue.cc:237] T 00000000000000000000000000000000 P 77dd4a6718ea4121bab20a99c2d4d0c9 [LEADER]: Queue going to LEADER mode. State: All replicated index: 0, Majority replicated index: 0, Committed index: 0, Last appended: 0.0, Last appended by leader: 0, Current term: 1, Majority size: 1, State: 0, Mode: LEADER, active raft config: opid_index: -1 OBSOLETE_local: true peers { permanent_uuid: "77dd4a6718ea4121bab20a99c2d4d0c9" member_type: VOTER }
I20260608 12:43:11.508987 15621 sys_catalog.cc:565] T 00000000000000000000000000000000 P 77dd4a6718ea4121bab20a99c2d4d0c9 [sys.catalog]: configured and running, proceeding with master startup.
I20260608 12:43:11.511336 15625 sys_catalog.cc:455] T 00000000000000000000000000000000 P 77dd4a6718ea4121bab20a99c2d4d0c9 [sys.catalog]: SysCatalogTable state changed. Reason: RaftConsensus started. Latest consensus state: current_term: 1 leader_uuid: "77dd4a6718ea4121bab20a99c2d4d0c9" committed_config { opid_index: -1 OBSOLETE_local: true peers { permanent_uuid: "77dd4a6718ea4121bab20a99c2d4d0c9" member_type: VOTER } }
I20260608 12:43:11.512054 15625 sys_catalog.cc:458] T 00000000000000000000000000000000 P 77dd4a6718ea4121bab20a99c2d4d0c9 [sys.catalog]: This master's current role is: LEADER
I20260608 12:43:11.511368 15626 sys_catalog.cc:455] T 00000000000000000000000000000000 P 77dd4a6718ea4121bab20a99c2d4d0c9 [sys.catalog]: SysCatalogTable state changed. Reason: New leader 77dd4a6718ea4121bab20a99c2d4d0c9. Latest consensus state: current_term: 1 leader_uuid: "77dd4a6718ea4121bab20a99c2d4d0c9" committed_config { opid_index: -1 OBSOLETE_local: true peers { permanent_uuid: "77dd4a6718ea4121bab20a99c2d4d0c9" member_type: VOTER } }
I20260608 12:43:11.512894 15626 sys_catalog.cc:458] T 00000000000000000000000000000000 P 77dd4a6718ea4121bab20a99c2d4d0c9 [sys.catalog]: This master's current role is: LEADER
I20260608 12:43:11.516274 15629 catalog_manager.cc:1510] Loading table and tablet metadata into memory...
I20260608 12:43:11.521337 15629 catalog_manager.cc:1519] Initializing Kudu cluster ID...
I20260608 12:43:11.525126 12738 internal_mini_cluster.cc:184] Waiting to initialize catalog manager on master 0
I20260608 12:43:11.530896 15629 catalog_manager.cc:1382] Generated new cluster ID: e343de60c5374f868c967474bcbbd240
I20260608 12:43:11.531183 15629 catalog_manager.cc:1530] Initializing Kudu internal certificate authority...
I20260608 12:43:11.547922 15629 catalog_manager.cc:1405] Generated new certificate authority record
I20260608 12:43:11.549186 15629 catalog_manager.cc:1539] Loading token signing keys...
I20260608 12:43:11.571491 15629 catalog_manager.cc:6069] T 00000000000000000000000000000000 P 77dd4a6718ea4121bab20a99c2d4d0c9: Generated new TSK 0
I20260608 12:43:11.572114 15629 catalog_manager.cc:1549] Initializing in-progress tserver states...
I20260608 12:43:11.592060 12738 file_cache.cc:492] Constructed file cache file cache with capacity 419430
W20260608 12:43:11.598098 15642 instance_detector.cc:116] could not retrieve AWS instance metadata: Network error: curl error: HTTP response code said error: The requested URL returned error: 404
W20260608 12:43:11.599558 15643 instance_detector.cc:116] could not retrieve Azure instance metadata: Network error: curl error: HTTP response code said error: The requested URL returned error: 404
W20260608 12:43:11.601415 15645 instance_detector.cc:116] could not retrieve OpenStack instance metadata: Network error: curl error: HTTP response code said error: The requested URL returned error: 404
I20260608 12:43:11.601552 12738 server_base.cc:1061] running on GCE node
I20260608 12:43:11.602458 12738 hybrid_clock.cc:584] initializing the hybrid clock with 'system_unsync' time source
W20260608 12:43:11.602638 12738 system_unsync_time.cc:38] NTP support is disabled. Clock error bounds will not be accurate. This configuration is not suitable for distributed clusters.
I20260608 12:43:11.602859 12738 hybrid_clock.cc:648] HybridClock initialized: now 1780922591602835 us; error 0 us; skew 500 ppm
I20260608 12:43:11.603829 12738 server_base.cc:861] Flag tcmalloc_max_total_thread_cache_bytes is not working since tcmalloc is not enabled.
I20260608 12:43:11.607381 12738 webserver.cc:533] Webserver started at http://127.12.112.129:45189/ using document root <none> and password file <none>
I20260608 12:43:11.608084 12738 fs_manager.cc:362] Metadata directory not provided
I20260608 12:43:11.608345 12738 fs_manager.cc:368] Using write-ahead log directory (fs_wal_dir) as metadata directory
I20260608 12:43:11.608722 12738 server_base.cc:909] This appears to be a new deployment of Kudu; creating new FS layout
I20260608 12:43:11.610143 12738 fs_manager.cc:1068] Generated new instance metadata in path /tmp/dist-test-taskj96nwm/test-tmp/auto_rebalancer-test.0.AutoRebalancerTest.RangeAwareRebalancesNewRangeReplicas.1780922514987783-12738-0/minicluster-data/ts-0-root/instance:
uuid: "8fbee23328ac49a8947f1145073326fc"
format_stamp: "Formatted at 2026-06-08 12:43:11 on dist-test-slave-24fc"
I20260608 12:43:11.615350 12738 fs_manager.cc:696] Time spent creating directory manager: real 0.004s	user 0.007s	sys 0.000s
