I20260608 12:41:58.962052 13596 consensus_queue.cc:237] T 79e4bb32cecb4a21ac4b449d20eca57f P e83dcd662cb1449981313d7db453e5c2 [LEADER]: Queue going to LEADER mode. State: All replicated index: 0, Majority replicated index: 0, Committed index: 0, Last appended: 0.0, Last appended by leader: 0, Current term: 1, Majority size: 2, State: 0, Mode: LEADER, active raft config: opid_index: -1 OBSOLETE_local: false peers { permanent_uuid: "62d73bc062fd4a13967d6c48cfddd9cd" member_type: VOTER last_known_addr { host: "127.12.102.129" port: 35905 } } peers { permanent_uuid: "e83dcd662cb1449981313d7db453e5c2" member_type: VOTER last_known_addr { host: "127.12.102.130" port: 43789 } } peers { permanent_uuid: "f1c1721ddf864048ab3d167ae8144ad7" member_type: VOTER last_known_addr { host: "127.12.102.131" port: 40295 } }
I20260608 12:41:58.963821 13567 tablet_bootstrap.cc:492] T 3db463864b49473cafcbabc5ac7665f8 P e83dcd662cb1449981313d7db453e5c2: No bootstrap required, opened a new log
I20260608 12:41:58.964377 13567 ts_tablet_manager.cc:1403] T 3db463864b49473cafcbabc5ac7665f8 P e83dcd662cb1449981313d7db453e5c2: Time spent bootstrapping tablet: real 0.068s	user 0.014s	sys 0.010s
I20260608 12:41:58.966944 13520 tablet_service.cc:1917] Received RequestConsensusVote() RPC: tablet_id: "19656f949c0c479e8f4ae80d1ce4355a" candidate_uuid: "62d73bc062fd4a13967d6c48cfddd9cd" candidate_term: 1 candidate_status { last_received { term: 0 index: 0 } } ignore_live_leader: false dest_uuid: "f1c1721ddf864048ab3d167ae8144ad7" is_pre_election: true
I20260608 12:41:58.967686 13520 raft_consensus.cc:2468] T 19656f949c0c479e8f4ae80d1ce4355a P f1c1721ddf864048ab3d167ae8144ad7 [term 0 FOLLOWER]: Leader pre-election vote request: Granting yes vote for candidate 62d73bc062fd4a13967d6c48cfddd9cd in term 0.
I20260608 12:41:58.967418 13567 raft_consensus.cc:359] T 3db463864b49473cafcbabc5ac7665f8 P e83dcd662cb1449981313d7db453e5c2 [term 0 FOLLOWER]: Replica starting. Triggering 0 pending ops. Active config: opid_index: -1 OBSOLETE_local: false peers { permanent_uuid: "62d73bc062fd4a13967d6c48cfddd9cd" member_type: VOTER last_known_addr { host: "127.12.102.129" port: 35905 } } peers { permanent_uuid: "e83dcd662cb1449981313d7db453e5c2" member_type: VOTER last_known_addr { host: "127.12.102.130" port: 43789 } } peers { permanent_uuid: "f1c1721ddf864048ab3d167ae8144ad7" member_type: VOTER last_known_addr { host: "127.12.102.131" port: 40295 } }
I20260608 12:41:58.968526 13567 raft_consensus.cc:385] T 3db463864b49473cafcbabc5ac7665f8 P e83dcd662cb1449981313d7db453e5c2 [term 0 FOLLOWER]: Consensus starting up: Expiring failure detector timer to make a prompt election more likely
I20260608 12:41:58.968900 13567 raft_consensus.cc:740] T 3db463864b49473cafcbabc5ac7665f8 P e83dcd662cb1449981313d7db453e5c2 [term 0 FOLLOWER]: Becoming Follower/Learner. State: Replica: e83dcd662cb1449981313d7db453e5c2, State: Initialized, Role: FOLLOWER
I20260608 12:41:58.969863 13520 tablet_service.cc:1917] Received RequestConsensusVote() RPC: tablet_id: "a519bbb451fc4d9d9a60e3e1b8527542" candidate_uuid: "62d73bc062fd4a13967d6c48cfddd9cd" candidate_term: 1 candidate_status { last_received { term: 0 index: 0 } } ignore_live_leader: false dest_uuid: "f1c1721ddf864048ab3d167ae8144ad7" is_pre_election: true
I20260608 12:41:58.969715 13567 consensus_queue.cc:260] T 3db463864b49473cafcbabc5ac7665f8 P e83dcd662cb1449981313d7db453e5c2 [NON_LEADER]: Queue going to NON_LEADER mode. State: All replicated index: 0, Majority replicated index: 0, Committed index: 0, Last appended: 0.0, Last appended by leader: 0, Current term: 0, Majority size: -1, State: 0, Mode: NON_LEADER, active raft config: opid_index: -1 OBSOLETE_local: false peers { permanent_uuid: "62d73bc062fd4a13967d6c48cfddd9cd" member_type: VOTER last_known_addr { host: "127.12.102.129" port: 35905 } } peers { permanent_uuid: "e83dcd662cb1449981313d7db453e5c2" member_type: VOTER last_known_addr { host: "127.12.102.130" port: 43789 } } peers { permanent_uuid: "f1c1721ddf864048ab3d167ae8144ad7" member_type: VOTER last_known_addr { host: "127.12.102.131" port: 40295 } }
I20260608 12:41:58.970465 13520 raft_consensus.cc:2468] T a519bbb451fc4d9d9a60e3e1b8527542 P f1c1721ddf864048ab3d167ae8144ad7 [term 0 FOLLOWER]: Leader pre-election vote request: Granting yes vote for candidate 62d73bc062fd4a13967d6c48cfddd9cd in term 0.
I20260608 12:41:58.970796 13572 raft_consensus.cc:493] T a519bbb451fc4d9d9a60e3e1b8527542 P e83dcd662cb1449981313d7db453e5c2 [term 0 FOLLOWER]: Starting pre-election (no leader contacted us within the election timeout)
I20260608 12:41:58.971335 13572 raft_consensus.cc:515] T a519bbb451fc4d9d9a60e3e1b8527542 P e83dcd662cb1449981313d7db453e5c2 [term 0 FOLLOWER]: Starting pre-election with config: opid_index: -1 OBSOLETE_local: false peers { permanent_uuid: "62d73bc062fd4a13967d6c48cfddd9cd" member_type: VOTER last_known_addr { host: "127.12.102.129" port: 35905 } } peers { permanent_uuid: "e83dcd662cb1449981313d7db453e5c2" member_type: VOTER last_known_addr { host: "127.12.102.130" port: 43789 } } peers { permanent_uuid: "f1c1721ddf864048ab3d167ae8144ad7" member_type: VOTER last_known_addr { host: "127.12.102.131" port: 40295 } }
I20260608 12:41:58.971935 13567 ts_tablet_manager.cc:1434] T 3db463864b49473cafcbabc5ac7665f8 P e83dcd662cb1449981313d7db453e5c2: Time spent starting tablet: real 0.007s	user 0.008s	sys 0.000s
I20260608 12:41:58.972968 13576 raft_consensus.cc:493] T 3db463864b49473cafcbabc5ac7665f8 P f1c1721ddf864048ab3d167ae8144ad7 [term 0 FOLLOWER]: Starting pre-election (no leader contacted us within the election timeout)
I20260608 12:41:58.972412 13335 leader_election.cc:304] T 19656f949c0c479e8f4ae80d1ce4355a P 62d73bc062fd4a13967d6c48cfddd9cd [CANDIDATE]: Term 1 pre-election: Election decided. Result: candidate won. Election summary: received 2 responses out of 3 voters: 2 yes votes; 0 no votes. yes voters: 62d73bc062fd4a13967d6c48cfddd9cd, f1c1721ddf864048ab3d167ae8144ad7; no voters: 
I20260608 12:41:58.973457 13576 raft_consensus.cc:515] T 3db463864b49473cafcbabc5ac7665f8 P f1c1721ddf864048ab3d167ae8144ad7 [term 0 FOLLOWER]: Starting pre-election with config: opid_index: -1 OBSOLETE_local: false peers { permanent_uuid: "62d73bc062fd4a13967d6c48cfddd9cd" member_type: VOTER last_known_addr { host: "127.12.102.129" port: 35905 } } peers { permanent_uuid: "e83dcd662cb1449981313d7db453e5c2" member_type: VOTER last_known_addr { host: "127.12.102.130" port: 43789 } } peers { permanent_uuid: "f1c1721ddf864048ab3d167ae8144ad7" member_type: VOTER last_known_addr { host: "127.12.102.131" port: 40295 } }
I20260608 12:41:58.974113 13335 leader_election.cc:304] T a519bbb451fc4d9d9a60e3e1b8527542 P 62d73bc062fd4a13967d6c48cfddd9cd [CANDIDATE]: Term 1 pre-election: Election decided. Result: candidate won. Election summary: received 2 responses out of 3 voters: 2 yes votes; 0 no votes. yes voters: 62d73bc062fd4a13967d6c48cfddd9cd, f1c1721ddf864048ab3d167ae8144ad7; no voters: 
I20260608 12:41:58.976037 13572 leader_election.cc:290] T a519bbb451fc4d9d9a60e3e1b8527542 P e83dcd662cb1449981313d7db453e5c2 [CANDIDATE]: Term 1 pre-election: Requested pre-vote from peers 62d73bc062fd4a13967d6c48cfddd9cd (127.12.102.129:35905), f1c1721ddf864048ab3d167ae8144ad7 (127.12.102.131:40295)
I20260608 12:41:58.976738 13575 raft_consensus.cc:2804] T 19656f949c0c479e8f4ae80d1ce4355a P 62d73bc062fd4a13967d6c48cfddd9cd [term 0 FOLLOWER]: Leader pre-election won for term 1
I20260608 12:41:58.977267 13575 raft_consensus.cc:493] T 19656f949c0c479e8f4ae80d1ce4355a P 62d73bc062fd4a13967d6c48cfddd9cd [term 0 FOLLOWER]: Starting leader election (no leader contacted us within the election timeout)
I20260608 12:41:58.977924 13575 raft_consensus.cc:3060] T 19656f949c0c479e8f4ae80d1ce4355a P 62d73bc062fd4a13967d6c48cfddd9cd [term 0 FOLLOWER]: Advancing to term 1
I20260608 12:41:58.977308 13267 catalog_manager.cc:5696] T 35519c5410304da1854c567b7582e1b2 P e83dcd662cb1449981313d7db453e5c2 reported cstate change: term changed from 0 to 1, leader changed from <none> to e83dcd662cb1449981313d7db453e5c2 (127.12.102.130). New cstate: current_term: 1 leader_uuid: "e83dcd662cb1449981313d7db453e5c2" committed_config { opid_index: -1 OBSOLETE_local: false peers { permanent_uuid: "e83dcd662cb1449981313d7db453e5c2" member_type: VOTER last_known_addr { host: "127.12.102.130" port: 43789 } health_report { overall_health: HEALTHY } } peers { permanent_uuid: "f1c1721ddf864048ab3d167ae8144ad7" member_type: VOTER last_known_addr { host: "127.12.102.131" port: 40295 } health_report { overall_health: UNKNOWN } } peers { permanent_uuid: "62d73bc062fd4a13967d6c48cfddd9cd" member_type: VOTER last_known_addr { host: "127.12.102.129" port: 35905 } health_report { overall_health: UNKNOWN } } }
I20260608 12:41:58.979015 13267 catalog_manager.cc:5696] T 3d7222ba05ea4c718113fe740ce975c9 P e83dcd662cb1449981313d7db453e5c2 reported cstate change: term changed from 0 to 1, leader changed from <none> to e83dcd662cb1449981313d7db453e5c2 (127.12.102.130). New cstate: current_term: 1 leader_uuid: "e83dcd662cb1449981313d7db453e5c2" committed_config { opid_index: -1 OBSOLETE_local: false peers { permanent_uuid: "62d73bc062fd4a13967d6c48cfddd9cd" member_type: VOTER last_known_addr { host: "127.12.102.129" port: 35905 } health_report { overall_health: UNKNOWN } } peers { permanent_uuid: "e83dcd662cb1449981313d7db453e5c2" member_type: VOTER last_known_addr { host: "127.12.102.130" port: 43789 } health_report { overall_health: HEALTHY } } peers { permanent_uuid: "f1c1721ddf864048ab3d167ae8144ad7" member_type: VOTER last_known_addr { host: "127.12.102.131" port: 40295 } health_report { overall_health: UNKNOWN } } }
I20260608 12:41:58.980391 13520 tablet_service.cc:1917] Received RequestConsensusVote() RPC: tablet_id: "a519bbb451fc4d9d9a60e3e1b8527542" candidate_uuid: "e83dcd662cb1449981313d7db453e5c2" candidate_term: 1 candidate_status { last_received { term: 0 index: 0 } } ignore_live_leader: false dest_uuid: "f1c1721ddf864048ab3d167ae8144ad7" is_pre_election: true
I20260608 12:41:58.980713 13267 catalog_manager.cc:5696] T 73116efcea794c81826ac022851d1db6 P e83dcd662cb1449981313d7db453e5c2 reported cstate change: term changed from 0 to 1, leader changed from <none> to e83dcd662cb1449981313d7db453e5c2 (127.12.102.130). New cstate: current_term: 1 leader_uuid: "e83dcd662cb1449981313d7db453e5c2" committed_config { opid_index: -1 OBSOLETE_local: false peers { permanent_uuid: "62d73bc062fd4a13967d6c48cfddd9cd" member_type: VOTER last_known_addr { host: "127.12.102.129" port: 35905 } health_report { overall_health: UNKNOWN } } peers { permanent_uuid: "e83dcd662cb1449981313d7db453e5c2" member_type: VOTER last_known_addr { host: "127.12.102.130" port: 43789 } health_report { overall_health: HEALTHY } } peers { permanent_uuid: "f1c1721ddf864048ab3d167ae8144ad7" member_type: VOTER last_known_addr { host: "127.12.102.131" port: 40295 } health_report { overall_health: UNKNOWN } } }
I20260608 12:41:58.981963 13520 raft_consensus.cc:2468] T a519bbb451fc4d9d9a60e3e1b8527542 P f1c1721ddf864048ab3d167ae8144ad7 [term 0 FOLLOWER]: Leader pre-election vote request: Granting yes vote for candidate e83dcd662cb1449981313d7db453e5c2 in term 0.
I20260608 12:41:58.982554 13371 tablet_service.cc:1917] Received RequestConsensusVote() RPC: tablet_id: "3db463864b49473cafcbabc5ac7665f8" candidate_uuid: "f1c1721ddf864048ab3d167ae8144ad7" candidate_term: 1 candidate_status { last_received { term: 0 index: 0 } } ignore_live_leader: false dest_uuid: "62d73bc062fd4a13967d6c48cfddd9cd" is_pre_election: true
I20260608 12:41:58.983273 13410 leader_election.cc:304] T a519bbb451fc4d9d9a60e3e1b8527542 P e83dcd662cb1449981313d7db453e5c2 [CANDIDATE]: Term 1 pre-election: Election decided. Result: candidate won. Election summary: received 2 responses out of 3 voters: 2 yes votes; 0 no votes. yes voters: e83dcd662cb1449981313d7db453e5c2, f1c1721ddf864048ab3d167ae8144ad7; no voters: 
I20260608 12:41:58.982626 13267 catalog_manager.cc:5696] T 79e4bb32cecb4a21ac4b449d20eca57f P e83dcd662cb1449981313d7db453e5c2 reported cstate change: term changed from 0 to 1, leader changed from <none> to e83dcd662cb1449981313d7db453e5c2 (127.12.102.130). New cstate: current_term: 1 leader_uuid: "e83dcd662cb1449981313d7db453e5c2" committed_config { opid_index: -1 OBSOLETE_local: false peers { permanent_uuid: "62d73bc062fd4a13967d6c48cfddd9cd" member_type: VOTER last_known_addr { host: "127.12.102.129" port: 35905 } health_report { overall_health: UNKNOWN } } peers { permanent_uuid: "e83dcd662cb1449981313d7db453e5c2" member_type: VOTER last_known_addr { host: "127.12.102.130" port: 43789 } health_report { overall_health: HEALTHY } } peers { permanent_uuid: "f1c1721ddf864048ab3d167ae8144ad7" member_type: VOTER last_known_addr { host: "127.12.102.131" port: 40295 } health_report { overall_health: UNKNOWN } } }
I20260608 12:41:58.983695 13371 raft_consensus.cc:2468] T 3db463864b49473cafcbabc5ac7665f8 P 62d73bc062fd4a13967d6c48cfddd9cd [term 0 FOLLOWER]: Leader pre-election vote request: Granting yes vote for candidate f1c1721ddf864048ab3d167ae8144ad7 in term 0.
I20260608 12:41:58.984438 13596 raft_consensus.cc:2804] T a519bbb451fc4d9d9a60e3e1b8527542 P e83dcd662cb1449981313d7db453e5c2 [term 0 FOLLOWER]: Leader pre-election won for term 1
I20260608 12:41:58.984833 13596 raft_consensus.cc:493] T a519bbb451fc4d9d9a60e3e1b8527542 P e83dcd662cb1449981313d7db453e5c2 [term 0 FOLLOWER]: Starting leader election (no leader contacted us within the election timeout)
I20260608 12:41:58.985193 13596 raft_consensus.cc:3060] T a519bbb451fc4d9d9a60e3e1b8527542 P e83dcd662cb1449981313d7db453e5c2 [term 0 FOLLOWER]: Advancing to term 1
I20260608 12:41:58.980883 13447 tablet_service.cc:1917] Received RequestConsensusVote() RPC: tablet_id: "3db463864b49473cafcbabc5ac7665f8" candidate_uuid: "f1c1721ddf864048ab3d167ae8144ad7" candidate_term: 1 candidate_status { last_received { term: 0 index: 0 } } ignore_live_leader: false dest_uuid: "e83dcd662cb1449981313d7db453e5c2" is_pre_election: true
I20260608 12:41:58.985956 13447 raft_consensus.cc:2468] T 3db463864b49473cafcbabc5ac7665f8 P e83dcd662cb1449981313d7db453e5c2 [term 0 FOLLOWER]: Leader pre-election vote request: Granting yes vote for candidate f1c1721ddf864048ab3d167ae8144ad7 in term 0.
I20260608 12:41:58.988174 13484 leader_election.cc:304] T 3db463864b49473cafcbabc5ac7665f8 P f1c1721ddf864048ab3d167ae8144ad7 [CANDIDATE]: Term 1 pre-election: Election decided. Result: candidate won. Election summary: received 2 responses out of 3 voters: 2 yes votes; 0 no votes. yes voters: e83dcd662cb1449981313d7db453e5c2, f1c1721ddf864048ab3d167ae8144ad7; no voters: 
I20260608 12:41:58.981398 13576 leader_election.cc:290] T 3db463864b49473cafcbabc5ac7665f8 P f1c1721ddf864048ab3d167ae8144ad7 [CANDIDATE]: Term 1 pre-election: Requested pre-vote from peers 62d73bc062fd4a13967d6c48cfddd9cd (127.12.102.129:35905), e83dcd662cb1449981313d7db453e5c2 (127.12.102.130:43789)
I20260608 12:41:58.992730 13596 raft_consensus.cc:515] T a519bbb451fc4d9d9a60e3e1b8527542 P e83dcd662cb1449981313d7db453e5c2 [term 1 FOLLOWER]: Starting leader election with config: opid_index: -1 OBSOLETE_local: false peers { permanent_uuid: "62d73bc062fd4a13967d6c48cfddd9cd" member_type: VOTER last_known_addr { host: "127.12.102.129" port: 35905 } } peers { permanent_uuid: "e83dcd662cb1449981313d7db453e5c2" member_type: VOTER last_known_addr { host: "127.12.102.130" port: 43789 } } peers { permanent_uuid: "f1c1721ddf864048ab3d167ae8144ad7" member_type: VOTER last_known_addr { host: "127.12.102.131" port: 40295 } }
I20260608 12:41:58.992758 13576 raft_consensus.cc:2804] T 3db463864b49473cafcbabc5ac7665f8 P f1c1721ddf864048ab3d167ae8144ad7 [term 0 FOLLOWER]: Leader pre-election won for term 1
I20260608 12:41:58.994131 13576 raft_consensus.cc:493] T 3db463864b49473cafcbabc5ac7665f8 P f1c1721ddf864048ab3d167ae8144ad7 [term 0 FOLLOWER]: Starting leader election (no leader contacted us within the election timeout)
I20260608 12:41:58.995038 13576 raft_consensus.cc:3060] T 3db463864b49473cafcbabc5ac7665f8 P f1c1721ddf864048ab3d167ae8144ad7 [term 0 FOLLOWER]: Advancing to term 1
I20260608 12:41:58.996107 13616 raft_consensus.cc:2804] T a519bbb451fc4d9d9a60e3e1b8527542 P 62d73bc062fd4a13967d6c48cfddd9cd [term 0 FOLLOWER]: Leader pre-election won for term 1
I20260608 12:41:58.996552 13616 raft_consensus.cc:493] T a519bbb451fc4d9d9a60e3e1b8527542 P 62d73bc062fd4a13967d6c48cfddd9cd [term 0 FOLLOWER]: Starting leader election (no leader contacted us within the election timeout)
I20260608 12:41:58.996701 13447 tablet_service.cc:1917] Received RequestConsensusVote() RPC: tablet_id: "19656f949c0c479e8f4ae80d1ce4355a" candidate_uuid: "62d73bc062fd4a13967d6c48cfddd9cd" candidate_term: 1 candidate_status { last_received { term: 0 index: 0 } } ignore_live_leader: false dest_uuid: "e83dcd662cb1449981313d7db453e5c2" is_pre_election: true
I20260608 12:41:58.997566 13446 tablet_service.cc:1917] Received RequestConsensusVote() RPC: tablet_id: "a519bbb451fc4d9d9a60e3e1b8527542" candidate_uuid: "62d73bc062fd4a13967d6c48cfddd9cd" candidate_term: 1 candidate_status { last_received { term: 0 index: 0 } } ignore_live_leader: false dest_uuid: "e83dcd662cb1449981313d7db453e5c2" is_pre_election: true
I20260608 12:41:58.997653 13447 raft_consensus.cc:2468] T 19656f949c0c479e8f4ae80d1ce4355a P e83dcd662cb1449981313d7db453e5c2 [term 0 FOLLOWER]: Leader pre-election vote request: Granting yes vote for candidate 62d73bc062fd4a13967d6c48cfddd9cd in term 0.
I20260608 12:41:58.998618 13446 raft_consensus.cc:2393] T a519bbb451fc4d9d9a60e3e1b8527542 P e83dcd662cb1449981313d7db453e5c2 [term 1 FOLLOWER]: Leader pre-election vote request: Denying vote to candidate 62d73bc062fd4a13967d6c48cfddd9cd in current term 1: Already voted for candidate e83dcd662cb1449981313d7db453e5c2 in this term.
I20260608 12:41:58.998347 13371 tablet_service.cc:1917] Received RequestConsensusVote() RPC: tablet_id: "a519bbb451fc4d9d9a60e3e1b8527542" candidate_uuid: "e83dcd662cb1449981313d7db453e5c2" candidate_term: 1 candidate_status { last_received { term: 0 index: 0 } } ignore_live_leader: false dest_uuid: "62d73bc062fd4a13967d6c48cfddd9cd" is_pre_election: true
I20260608 12:41:58.999084 13520 tablet_service.cc:1917] Received RequestConsensusVote() RPC: tablet_id: "a519bbb451fc4d9d9a60e3e1b8527542" candidate_uuid: "e83dcd662cb1449981313d7db453e5c2" candidate_term: 1 candidate_status { last_received { term: 0 index: 0 } } ignore_live_leader: false dest_uuid: "f1c1721ddf864048ab3d167ae8144ad7"
I20260608 12:41:58.999650 13520 raft_consensus.cc:3060] T a519bbb451fc4d9d9a60e3e1b8527542 P f1c1721ddf864048ab3d167ae8144ad7 [term 0 FOLLOWER]: Advancing to term 1
I20260608 12:41:58.999643 13372 tablet_service.cc:1917] Received RequestConsensusVote() RPC: tablet_id: "a519bbb451fc4d9d9a60e3e1b8527542" candidate_uuid: "e83dcd662cb1449981313d7db453e5c2" candidate_term: 1 candidate_status { last_received { term: 0 index: 0 } } ignore_live_leader: false dest_uuid: "62d73bc062fd4a13967d6c48cfddd9cd"
I20260608 12:41:59.003021 13575 raft_consensus.cc:515] T 19656f949c0c479e8f4ae80d1ce4355a P 62d73bc062fd4a13967d6c48cfddd9cd [term 1 FOLLOWER]: Starting leader election with config: opid_index: -1 OBSOLETE_local: false peers { permanent_uuid: "62d73bc062fd4a13967d6c48cfddd9cd" member_type: VOTER last_known_addr { host: "127.12.102.129" port: 35905 } } peers { permanent_uuid: "e83dcd662cb1449981313d7db453e5c2" member_type: VOTER last_known_addr { host: "127.12.102.130" port: 43789 } } peers { permanent_uuid: "f1c1721ddf864048ab3d167ae8144ad7" member_type: VOTER last_known_addr { host: "127.12.102.131" port: 40295 } }
I20260608 12:41:59.005720 13575 leader_election.cc:290] T 19656f949c0c479e8f4ae80d1ce4355a P 62d73bc062fd4a13967d6c48cfddd9cd [CANDIDATE]: Term 1 election: Requested vote from peers e83dcd662cb1449981313d7db453e5c2 (127.12.102.130:43789), f1c1721ddf864048ab3d167ae8144ad7 (127.12.102.131:40295)
I20260608 12:41:59.010309 13520 raft_consensus.cc:2468] T a519bbb451fc4d9d9a60e3e1b8527542 P f1c1721ddf864048ab3d167ae8144ad7 [term 1 FOLLOWER]: Leader election vote request: Granting yes vote for candidate e83dcd662cb1449981313d7db453e5c2 in term 1.
I20260608 12:41:58.997009 13616 raft_consensus.cc:3060] T a519bbb451fc4d9d9a60e3e1b8527542 P 62d73bc062fd4a13967d6c48cfddd9cd [term 0 FOLLOWER]: Advancing to term 1
I20260608 12:41:59.011698 13410 leader_election.cc:304] T a519bbb451fc4d9d9a60e3e1b8527542 P e83dcd662cb1449981313d7db453e5c2 [CANDIDATE]: Term 1 election: Election decided. Result: candidate won. Election summary: received 3 responses out of 3 voters: 2 yes votes; 1 no votes. yes voters: e83dcd662cb1449981313d7db453e5c2, f1c1721ddf864048ab3d167ae8144ad7; no voters: 62d73bc062fd4a13967d6c48cfddd9cd
I20260608 12:41:59.012652 13572 raft_consensus.cc:2804] T a519bbb451fc4d9d9a60e3e1b8527542 P e83dcd662cb1449981313d7db453e5c2 [term 1 FOLLOWER]: Leader election won for term 1
I20260608 12:41:59.012518 13521 tablet_service.cc:1917] Received RequestConsensusVote() RPC: tablet_id: "19656f949c0c479e8f4ae80d1ce4355a" candidate_uuid: "62d73bc062fd4a13967d6c48cfddd9cd" candidate_term: 1 candidate_status { last_received { term: 0 index: 0 } } ignore_live_leader: false dest_uuid: "f1c1721ddf864048ab3d167ae8144ad7"
I20260608 12:41:59.013314 13572 raft_consensus.cc:697] T a519bbb451fc4d9d9a60e3e1b8527542 P e83dcd662cb1449981313d7db453e5c2 [term 1 LEADER]: Becoming Leader. State: Replica: e83dcd662cb1449981313d7db453e5c2, State: Running, Role: LEADER
I20260608 12:41:59.013482 13521 raft_consensus.cc:3060] T 19656f949c0c479e8f4ae80d1ce4355a P f1c1721ddf864048ab3d167ae8144ad7 [term 0 FOLLOWER]: Advancing to term 1
I20260608 12:41:59.014220 13572 consensus_queue.cc:237] T a519bbb451fc4d9d9a60e3e1b8527542 P e83dcd662cb1449981313d7db453e5c2 [LEADER]: Queue going to LEADER mode. State: All replicated index: 0, Majority replicated index: 0, Committed index: 0, Last appended: 0.0, Last appended by leader: 0, Current term: 1, Majority size: 2, State: 0, Mode: LEADER, active raft config: opid_index: -1 OBSOLETE_local: false peers { permanent_uuid: "62d73bc062fd4a13967d6c48cfddd9cd" member_type: VOTER last_known_addr { host: "127.12.102.129" port: 35905 } } peers { permanent_uuid: "e83dcd662cb1449981313d7db453e5c2" member_type: VOTER last_known_addr { host: "127.12.102.130" port: 43789 } } peers { permanent_uuid: "f1c1721ddf864048ab3d167ae8144ad7" member_type: VOTER last_known_addr { host: "127.12.102.131" port: 40295 } }
I20260608 12:41:59.011236 13446 tablet_service.cc:1917] Received RequestConsensusVote() RPC: tablet_id: "19656f949c0c479e8f4ae80d1ce4355a" candidate_uuid: "62d73bc062fd4a13967d6c48cfddd9cd" candidate_term: 1 candidate_status { last_received { term: 0 index: 0 } } ignore_live_leader: false dest_uuid: "e83dcd662cb1449981313d7db453e5c2"
I20260608 12:41:59.015098 13446 raft_consensus.cc:3060] T 19656f949c0c479e8f4ae80d1ce4355a P e83dcd662cb1449981313d7db453e5c2 [term 0 FOLLOWER]: Advancing to term 1
I20260608 12:41:59.016134 13596 leader_election.cc:290] T a519bbb451fc4d9d9a60e3e1b8527542 P e83dcd662cb1449981313d7db453e5c2 [CANDIDATE]: Term 1 election: Requested vote from peers 62d73bc062fd4a13967d6c48cfddd9cd (127.12.102.129:35905), f1c1721ddf864048ab3d167ae8144ad7 (127.12.102.131:40295)
I20260608 12:41:59.022624 13616 raft_consensus.cc:515] T a519bbb451fc4d9d9a60e3e1b8527542 P 62d73bc062fd4a13967d6c48cfddd9cd [term 1 FOLLOWER]: Starting leader election with config: opid_index: -1 OBSOLETE_local: false peers { permanent_uuid: "62d73bc062fd4a13967d6c48cfddd9cd" member_type: VOTER last_known_addr { host: "127.12.102.129" port: 35905 } } peers { permanent_uuid: "e83dcd662cb1449981313d7db453e5c2" member_type: VOTER last_known_addr { host: "127.12.102.130" port: 43789 } } peers { permanent_uuid: "f1c1721ddf864048ab3d167ae8144ad7" member_type: VOTER last_known_addr { host: "127.12.102.131" port: 40295 } }
I20260608 12:41:59.023197 13446 raft_consensus.cc:2468] T 19656f949c0c479e8f4ae80d1ce4355a P e83dcd662cb1449981313d7db453e5c2 [term 1 FOLLOWER]: Leader election vote request: Granting yes vote for candidate 62d73bc062fd4a13967d6c48cfddd9cd in term 1.
I20260608 12:41:59.024001 13371 raft_consensus.cc:2393] T a519bbb451fc4d9d9a60e3e1b8527542 P 62d73bc062fd4a13967d6c48cfddd9cd [term 1 FOLLOWER]: Leader pre-election vote request: Denying vote to candidate e83dcd662cb1449981313d7db453e5c2 in current term 1: Already voted for candidate 62d73bc062fd4a13967d6c48cfddd9cd in this term.
I20260608 12:41:59.024732 13335 leader_election.cc:304] T 19656f949c0c479e8f4ae80d1ce4355a P 62d73bc062fd4a13967d6c48cfddd9cd [CANDIDATE]: Term 1 election: Election decided. Result: candidate won. Election summary: received 2 responses out of 3 voters: 2 yes votes; 0 no votes. yes voters: 62d73bc062fd4a13967d6c48cfddd9cd, e83dcd662cb1449981313d7db453e5c2; no voters: 
I20260608 12:41:59.024477 13267 catalog_manager.cc:5696] T a519bbb451fc4d9d9a60e3e1b8527542 P e83dcd662cb1449981313d7db453e5c2 reported cstate change: term changed from 0 to 1, leader changed from <none> to e83dcd662cb1449981313d7db453e5c2 (127.12.102.130). New cstate: current_term: 1 leader_uuid: "e83dcd662cb1449981313d7db453e5c2" committed_config { opid_index: -1 OBSOLETE_local: false peers { permanent_uuid: "62d73bc062fd4a13967d6c48cfddd9cd" member_type: VOTER last_known_addr { host: "127.12.102.129" port: 35905 } health_report { overall_health: UNKNOWN } } peers { permanent_uuid: "e83dcd662cb1449981313d7db453e5c2" member_type: VOTER last_known_addr { host: "127.12.102.130" port: 43789 } health_report { overall_health: HEALTHY } } peers { permanent_uuid: "f1c1721ddf864048ab3d167ae8144ad7" member_type: VOTER last_known_addr { host: "127.12.102.131" port: 40295 } health_report { overall_health: UNKNOWN } } }
I20260608 12:41:59.025861 13575 raft_consensus.cc:2804] T 19656f949c0c479e8f4ae80d1ce4355a P 62d73bc062fd4a13967d6c48cfddd9cd [term 1 FOLLOWER]: Leader election won for term 1
I20260608 12:41:59.026696 13521 raft_consensus.cc:2468] T 19656f949c0c479e8f4ae80d1ce4355a P f1c1721ddf864048ab3d167ae8144ad7 [term 1 FOLLOWER]: Leader election vote request: Granting yes vote for candidate 62d73bc062fd4a13967d6c48cfddd9cd in term 1.
I20260608 12:41:59.028530 13616 leader_election.cc:290] T a519bbb451fc4d9d9a60e3e1b8527542 P 62d73bc062fd4a13967d6c48cfddd9cd [CANDIDATE]: Term 1 election: Requested vote from peers e83dcd662cb1449981313d7db453e5c2 (127.12.102.130:43789), f1c1721ddf864048ab3d167ae8144ad7 (127.12.102.131:40295)
I20260608 12:41:59.028618 13576 raft_consensus.cc:515] T 3db463864b49473cafcbabc5ac7665f8 P f1c1721ddf864048ab3d167ae8144ad7 [term 1 FOLLOWER]: Starting leader election with config: opid_index: -1 OBSOLETE_local: false peers { permanent_uuid: "62d73bc062fd4a13967d6c48cfddd9cd" member_type: VOTER last_known_addr { host: "127.12.102.129" port: 35905 } } peers { permanent_uuid: "e83dcd662cb1449981313d7db453e5c2" member_type: VOTER last_known_addr { host: "127.12.102.130" port: 43789 } } peers { permanent_uuid: "f1c1721ddf864048ab3d167ae8144ad7" member_type: VOTER last_known_addr { host: "127.12.102.131" port: 40295 } }
I20260608 12:41:59.030931 13447 tablet_service.cc:1917] Received RequestConsensusVote() RPC: tablet_id: "a519bbb451fc4d9d9a60e3e1b8527542" candidate_uuid: "62d73bc062fd4a13967d6c48cfddd9cd" candidate_term: 1 candidate_status { last_received { term: 0 index: 0 } } ignore_live_leader: false dest_uuid: "e83dcd662cb1449981313d7db453e5c2"
I20260608 12:41:59.031637 13576 leader_election.cc:290] T 3db463864b49473cafcbabc5ac7665f8 P f1c1721ddf864048ab3d167ae8144ad7 [CANDIDATE]: Term 1 election: Requested vote from peers 62d73bc062fd4a13967d6c48cfddd9cd (127.12.102.129:35905), e83dcd662cb1449981313d7db453e5c2 (127.12.102.130:43789)
I20260608 12:41:59.033301 13447 tablet_service.cc:1917] Received RequestConsensusVote() RPC: tablet_id: "3db463864b49473cafcbabc5ac7665f8" candidate_uuid: "f1c1721ddf864048ab3d167ae8144ad7" candidate_term: 1 candidate_status { last_received { term: 0 index: 0 } } ignore_live_leader: false dest_uuid: "e83dcd662cb1449981313d7db453e5c2"
I20260608 12:41:59.034394 13447 raft_consensus.cc:3060] T 3db463864b49473cafcbabc5ac7665f8 P e83dcd662cb1449981313d7db453e5c2 [term 0 FOLLOWER]: Advancing to term 1
I20260608 12:41:59.034618 13371 tablet_service.cc:1917] Received RequestConsensusVote() RPC: tablet_id: "3db463864b49473cafcbabc5ac7665f8" candidate_uuid: "f1c1721ddf864048ab3d167ae8144ad7" candidate_term: 1 candidate_status { last_received { term: 0 index: 0 } } ignore_live_leader: false dest_uuid: "62d73bc062fd4a13967d6c48cfddd9cd"
I20260608 12:41:59.035398 13371 raft_consensus.cc:3060] T 3db463864b49473cafcbabc5ac7665f8 P 62d73bc062fd4a13967d6c48cfddd9cd [term 0 FOLLOWER]: Advancing to term 1
I20260608 12:41:59.037242 13575 raft_consensus.cc:697] T 19656f949c0c479e8f4ae80d1ce4355a P 62d73bc062fd4a13967d6c48cfddd9cd [term 1 LEADER]: Becoming Leader. State: Replica: 62d73bc062fd4a13967d6c48cfddd9cd, State: Running, Role: LEADER
I20260608 12:41:59.038010 13521 tablet_service.cc:1917] Received RequestConsensusVote() RPC: tablet_id: "a519bbb451fc4d9d9a60e3e1b8527542" candidate_uuid: "62d73bc062fd4a13967d6c48cfddd9cd" candidate_term: 1 candidate_status { last_received { term: 0 index: 0 } } ignore_live_leader: false dest_uuid: "f1c1721ddf864048ab3d167ae8144ad7"
I20260608 12:41:59.038237 13575 consensus_queue.cc:237] T 19656f949c0c479e8f4ae80d1ce4355a P 62d73bc062fd4a13967d6c48cfddd9cd [LEADER]: Queue going to LEADER mode. State: All replicated index: 0, Majority replicated index: 0, Committed index: 0, Last appended: 0.0, Last appended by leader: 0, Current term: 1, Majority size: 2, State: 0, Mode: LEADER, active raft config: opid_index: -1 OBSOLETE_local: false peers { permanent_uuid: "62d73bc062fd4a13967d6c48cfddd9cd" member_type: VOTER last_known_addr { host: "127.12.102.129" port: 35905 } } peers { permanent_uuid: "e83dcd662cb1449981313d7db453e5c2" member_type: VOTER last_known_addr { host: "127.12.102.130" port: 43789 } } peers { permanent_uuid: "f1c1721ddf864048ab3d167ae8144ad7" member_type: VOTER last_known_addr { host: "127.12.102.131" port: 40295 } }
I20260608 12:41:59.038867 13521 raft_consensus.cc:2393] T a519bbb451fc4d9d9a60e3e1b8527542 P f1c1721ddf864048ab3d167ae8144ad7 [term 1 FOLLOWER]: Leader election vote request: Denying vote to candidate 62d73bc062fd4a13967d6c48cfddd9cd in current term 1: Already voted for candidate e83dcd662cb1449981313d7db453e5c2 in this term.
I20260608 12:41:59.040307 13335 leader_election.cc:304] T a519bbb451fc4d9d9a60e3e1b8527542 P 62d73bc062fd4a13967d6c48cfddd9cd [CANDIDATE]: Term 1 election: Election decided. Result: candidate lost. Election summary: received 3 responses out of 3 voters: 1 yes votes; 2 no votes. yes voters: 62d73bc062fd4a13967d6c48cfddd9cd; no voters: e83dcd662cb1449981313d7db453e5c2, f1c1721ddf864048ab3d167ae8144ad7
I20260608 12:41:59.041719 13619 raft_consensus.cc:2749] T a519bbb451fc4d9d9a60e3e1b8527542 P 62d73bc062fd4a13967d6c48cfddd9cd [term 1 FOLLOWER]: Leader election lost for term 1. Reason: could not achieve majority
I20260608 12:41:59.042434 13447 raft_consensus.cc:2468] T 3db463864b49473cafcbabc5ac7665f8 P e83dcd662cb1449981313d7db453e5c2 [term 1 FOLLOWER]: Leader election vote request: Granting yes vote for candidate f1c1721ddf864048ab3d167ae8144ad7 in term 1.
I20260608 12:41:59.043874 13484 leader_election.cc:304] T 3db463864b49473cafcbabc5ac7665f8 P f1c1721ddf864048ab3d167ae8144ad7 [CANDIDATE]: Term 1 election: Election decided. Result: candidate won. Election summary: received 2 responses out of 3 voters: 2 yes votes; 0 no votes. yes voters: e83dcd662cb1449981313d7db453e5c2, f1c1721ddf864048ab3d167ae8144ad7; no voters: 
I20260608 12:41:59.044876 13576 raft_consensus.cc:2804] T 3db463864b49473cafcbabc5ac7665f8 P f1c1721ddf864048ab3d167ae8144ad7 [term 1 FOLLOWER]: Leader election won for term 1
I20260608 12:41:59.044986 13371 raft_consensus.cc:2468] T 3db463864b49473cafcbabc5ac7665f8 P 62d73bc062fd4a13967d6c48cfddd9cd [term 1 FOLLOWER]: Leader election vote request: Granting yes vote for candidate f1c1721ddf864048ab3d167ae8144ad7 in term 1.
I20260608 12:41:59.045423 13576 raft_consensus.cc:697] T 3db463864b49473cafcbabc5ac7665f8 P f1c1721ddf864048ab3d167ae8144ad7 [term 1 LEADER]: Becoming Leader. State: Replica: f1c1721ddf864048ab3d167ae8144ad7, State: Running, Role: LEADER
I20260608 12:41:59.046311 13576 consensus_queue.cc:237] T 3db463864b49473cafcbabc5ac7665f8 P f1c1721ddf864048ab3d167ae8144ad7 [LEADER]: Queue going to LEADER mode. State: All replicated index: 0, Majority replicated index: 0, Committed index: 0, Last appended: 0.0, Last appended by leader: 0, Current term: 1, Majority size: 2, State: 0, Mode: LEADER, active raft config: opid_index: -1 OBSOLETE_local: false peers { permanent_uuid: "62d73bc062fd4a13967d6c48cfddd9cd" member_type: VOTER last_known_addr { host: "127.12.102.129" port: 35905 } } peers { permanent_uuid: "e83dcd662cb1449981313d7db453e5c2" member_type: VOTER last_known_addr { host: "127.12.102.130" port: 43789 } } peers { permanent_uuid: "f1c1721ddf864048ab3d167ae8144ad7" member_type: VOTER last_known_addr { host: "127.12.102.131" port: 40295 } }
I20260608 12:41:59.049185 13267 catalog_manager.cc:5696] T 19656f949c0c479e8f4ae80d1ce4355a P 62d73bc062fd4a13967d6c48cfddd9cd reported cstate change: term changed from 0 to 1, leader changed from <none> to 62d73bc062fd4a13967d6c48cfddd9cd (127.12.102.129). New cstate: current_term: 1 leader_uuid: "62d73bc062fd4a13967d6c48cfddd9cd" committed_config { opid_index: -1 OBSOLETE_local: false peers { permanent_uuid: "62d73bc062fd4a13967d6c48cfddd9cd" member_type: VOTER last_known_addr { host: "127.12.102.129" port: 35905 } health_report { overall_health: HEALTHY } } peers { permanent_uuid: "e83dcd662cb1449981313d7db453e5c2" member_type: VOTER last_known_addr { host: "127.12.102.130" port: 43789 } health_report { overall_health: UNKNOWN } } peers { permanent_uuid: "f1c1721ddf864048ab3d167ae8144ad7" member_type: VOTER last_known_addr { host: "127.12.102.131" port: 40295 } health_report { overall_health: UNKNOWN } } }
I20260608 12:41:59.055112 13269 catalog_manager.cc:5696] T 3db463864b49473cafcbabc5ac7665f8 P f1c1721ddf864048ab3d167ae8144ad7 reported cstate change: term changed from 0 to 1, leader changed from <none> to f1c1721ddf864048ab3d167ae8144ad7 (127.12.102.131). New cstate: current_term: 1 leader_uuid: "f1c1721ddf864048ab3d167ae8144ad7" committed_config { opid_index: -1 OBSOLETE_local: false peers { permanent_uuid: "62d73bc062fd4a13967d6c48cfddd9cd" member_type: VOTER last_known_addr { host: "127.12.102.129" port: 35905 } health_report { overall_health: UNKNOWN } } peers { permanent_uuid: "e83dcd662cb1449981313d7db453e5c2" member_type: VOTER last_known_addr { host: "127.12.102.130" port: 43789 } health_report { overall_health: UNKNOWN } } peers { permanent_uuid: "f1c1721ddf864048ab3d167ae8144ad7" member_type: VOTER last_known_addr { host: "127.12.102.131" port: 40295 } health_report { overall_health: HEALTHY } } }
I20260608 12:41:59.067116 12698 file_cache.cc:492] Constructed file cache file cache with capacity 419430
W20260608 12:41:59.074331 13622 instance_detector.cc:116] could not retrieve AWS instance metadata: Network error: curl error: HTTP response code said error: The requested URL returned error: 404
W20260608 12:41:59.074613 13623 instance_detector.cc:116] could not retrieve Azure instance metadata: Network error: curl error: HTTP response code said error: The requested URL returned error: 404
W20260608 12:41:59.076220 13625 instance_detector.cc:116] could not retrieve OpenStack instance metadata: Network error: curl error: HTTP response code said error: The requested URL returned error: 404
I20260608 12:41:59.077417 12698 server_base.cc:1061] running on GCE node
I20260608 12:41:59.078531 12698 hybrid_clock.cc:584] initializing the hybrid clock with 'system_unsync' time source
W20260608 12:41:59.078739 12698 system_unsync_time.cc:38] NTP support is disabled. Clock error bounds will not be accurate. This configuration is not suitable for distributed clusters.
I20260608 12:41:59.078894 12698 hybrid_clock.cc:648] HybridClock initialized: now 1780922519078882 us; error 0 us; skew 500 ppm
I20260608 12:41:59.079438 12698 server_base.cc:861] Flag tcmalloc_max_total_thread_cache_bytes is not working since tcmalloc is not enabled.
I20260608 12:41:59.082250 12698 webserver.cc:533] Webserver started at http://127.12.102.132:36959/ using document root <none> and password file <none>
I20260608 12:41:59.082755 12698 fs_manager.cc:362] Metadata directory not provided
I20260608 12:41:59.083000 12698 fs_manager.cc:368] Using write-ahead log directory (fs_wal_dir) as metadata directory
I20260608 12:41:59.083329 12698 server_base.cc:909] This appears to be a new deployment of Kudu; creating new FS layout
I20260608 12:41:59.084241 13575 raft_consensus.cc:493] T ae84380ce76345dfb222f70995bcfc18 P 62d73bc062fd4a13967d6c48cfddd9cd [term 0 FOLLOWER]: Starting pre-election (no leader contacted us within the election timeout)
I20260608 12:41:59.084790 13575 raft_consensus.cc:515] T ae84380ce76345dfb222f70995bcfc18 P 62d73bc062fd4a13967d6c48cfddd9cd [term 0 FOLLOWER]: Starting pre-election with config: opid_index: -1 OBSOLETE_local: false peers { permanent_uuid: "62d73bc062fd4a13967d6c48cfddd9cd" member_type: VOTER last_known_addr { host: "127.12.102.129" port: 35905 } } peers { permanent_uuid: "e83dcd662cb1449981313d7db453e5c2" member_type: VOTER last_known_addr { host: "127.12.102.130" port: 43789 } } peers { permanent_uuid: "f1c1721ddf864048ab3d167ae8144ad7" member_type: VOTER last_known_addr { host: "127.12.102.131" port: 40295 } }
I20260608 12:41:59.086270 12698 fs_manager.cc:1068] Generated new instance metadata in path /tmp/dist-test-taskdHse8k/test-tmp/auto_rebalancer-test.0.AutoRebalancerTest.AutoRebalancingTurnOffAndOn.1780922507173957-12698-0/minicluster-data/ts-3-root/instance:
uuid: "c9681b7235324edbad19d5c29b1b6459"
format_stamp: "Formatted at 2026-06-08 12:41:59 on dist-test-slave-zch2"
I20260608 12:41:59.087419 13575 leader_election.cc:290] T ae84380ce76345dfb222f70995bcfc18 P 62d73bc062fd4a13967d6c48cfddd9cd [CANDIDATE]: Term 1 pre-election: Requested pre-vote from peers e83dcd662cb1449981313d7db453e5c2 (127.12.102.130:43789), f1c1721ddf864048ab3d167ae8144ad7 (127.12.102.131:40295)
I20260608 12:41:59.088279 13447 tablet_service.cc:1917] Received RequestConsensusVote() RPC: tablet_id: "ae84380ce76345dfb222f70995bcfc18" candidate_uuid: "62d73bc062fd4a13967d6c48cfddd9cd" candidate_term: 1 candidate_status { last_received { term: 0 index: 0 } } ignore_live_leader: false dest_uuid: "e83dcd662cb1449981313d7db453e5c2" is_pre_election: true
I20260608 12:41:59.088680 13521 tablet_service.cc:1917] Received RequestConsensusVote() RPC: tablet_id: "ae84380ce76345dfb222f70995bcfc18" candidate_uuid: "62d73bc062fd4a13967d6c48cfddd9cd" candidate_term: 1 candidate_status { last_received { term: 0 index: 0 } } ignore_live_leader: false dest_uuid: "f1c1721ddf864048ab3d167ae8144ad7" is_pre_election: true
I20260608 12:41:59.089485 13521 raft_consensus.cc:2393] T ae84380ce76345dfb222f70995bcfc18 P f1c1721ddf864048ab3d167ae8144ad7 [term 1 FOLLOWER]: Leader pre-election vote request: Denying vote to candidate 62d73bc062fd4a13967d6c48cfddd9cd in current term 1: Already voted for candidate e83dcd662cb1449981313d7db453e5c2 in this term.
I20260608 12:41:59.090545 13335 leader_election.cc:304] T ae84380ce76345dfb222f70995bcfc18 P 62d73bc062fd4a13967d6c48cfddd9cd [CANDIDATE]: Term 1 pre-election: Election decided. Result: candidate lost. Election summary: received 3 responses out of 3 voters: 1 yes votes; 2 no votes. yes voters: 62d73bc062fd4a13967d6c48cfddd9cd; no voters: e83dcd662cb1449981313d7db453e5c2, f1c1721ddf864048ab3d167ae8144ad7
I20260608 12:41:59.091254 13575 raft_consensus.cc:3060] T ae84380ce76345dfb222f70995bcfc18 P 62d73bc062fd4a13967d6c48cfddd9cd [term 0 FOLLOWER]: Advancing to term 1
I20260608 12:41:59.093400 12698 fs_manager.cc:696] Time spent creating directory manager: real 0.006s	user 0.006s	sys 0.000s
I20260608 12:41:59.098778 13575 raft_consensus.cc:2749] T ae84380ce76345dfb222f70995bcfc18 P 62d73bc062fd4a13967d6c48cfddd9cd [term 1 FOLLOWER]: Leader pre-election lost for term 1. Reason: could not achieve majority
I20260608 12:41:59.098994 13630 log_block_manager.cc:4031] Time spent loading block containers with low live blocks: real 0.000s	user 0.000s	sys 0.000s
I20260608 12:41:59.100206 12698 fs_manager.cc:730] Time spent opening block manager: real 0.003s	user 0.003s	sys 0.000s
I20260608 12:41:59.100581 12698 fs_manager.cc:647] Opened local filesystem: /tmp/dist-test-taskdHse8k/test-tmp/auto_rebalancer-test.0.AutoRebalancerTest.AutoRebalancingTurnOffAndOn.1780922507173957-12698-0/minicluster-data/ts-3-root
uuid: "c9681b7235324edbad19d5c29b1b6459"
format_stamp: "Formatted at 2026-06-08 12:41:59 on dist-test-slave-zch2"
I20260608 12:41:59.100907 12698 fs_report.cc:389] FS layout report
--------------------
wal directory: /tmp/dist-test-taskdHse8k/test-tmp/auto_rebalancer-test.0.AutoRebalancerTest.AutoRebalancingTurnOffAndOn.1780922507173957-12698-0/minicluster-data/ts-3-root
metadata directory: /tmp/dist-test-taskdHse8k/test-tmp/auto_rebalancer-test.0.AutoRebalancerTest.AutoRebalancingTurnOffAndOn.1780922507173957-12698-0/minicluster-data/ts-3-root
1 data directories: /tmp/dist-test-taskdHse8k/test-tmp/auto_rebalancer-test.0.AutoRebalancerTest.AutoRebalancingTurnOffAndOn.1780922507173957-12698-0/minicluster-data/ts-3-root/data
Total live blocks: 0
Total live bytes: 0
Total live bytes (after alignment): 0
Total number of LBM containers: 0 (0 full)
Did not check for missing blocks
Did not check for orphaned blocks
Total full LBM containers with extra space: 0 (0 repaired)
Total full LBM container extra space in bytes: 0 (0 repaired)
Total incomplete LBM containers: 0 (0 repaired)
Total LBM partial records: 0 (0 repaired)
Total corrupted LBM metadata records in RocksDB: 0 (0 repaired)
I20260608 12:41:59.118248 12698 rpc_server.cc:225] running with OpenSSL 1.1.1  11 Sep 2018
I20260608 12:41:59.119895 12698 kserver.cc:163] Server-wide thread pool size limit: 3276
I20260608 12:41:59.121827 12698 txn_system_client.cc:432] TxnSystemClient initialization is disabled...
I20260608 12:41:59.124894 12698 ts_tablet_manager.cc:585] Loaded tablet metadata (0 total tablets, 0 live tablets)
I20260608 12:41:59.125159 12698 ts_tablet_manager.cc:531] Time spent load tablet metadata: real 0.000s	user 0.000s	sys 0.000s
I20260608 12:41:59.125481 12698 ts_tablet_manager.cc:616] Registered 0 tablets
I20260608 12:41:59.125669 12698 ts_tablet_manager.cc:595] Time spent register tablets: real 0.000s	user 0.000s	sys 0.000s
I20260608 12:41:59.175971 12698 rpc_server.cc:307] RPC server started. Bound to: 127.12.102.132:42629
I20260608 12:41:59.176081 13692 acceptor_pool.cc:272] collecting diagnostics on the listening RPC socket 127.12.102.132:42629 every 8 connection(s)
I20260608 12:41:59.205566 13693 heartbeater.cc:344] Connected to a master server at 127.12.102.190:46749
I20260608 12:41:59.205993 13693 heartbeater.cc:461] Registering TS with master...
I20260608 12:41:59.206835 13693 heartbeater.cc:507] Master 127.12.102.190:46749 requested a full tablet report, sending...
I20260608 12:41:59.209007 13269 ts_manager.cc:194] Registered new tserver with Master: c9681b7235324edbad19d5c29b1b6459 (127.12.102.132:42629)
I20260608 12:41:59.210649 13269 master_service.cc:502] Signed X509 certificate for tserver {username='slave'} at 127.0.0.1:58044
I20260608 12:41:59.261255 13572 consensus_queue.cc:1048] T ae84380ce76345dfb222f70995bcfc18 P e83dcd662cb1449981313d7db453e5c2 [LEADER]: Connected to new peer: Peer: permanent_uuid: "62d73bc062fd4a13967d6c48cfddd9cd" member_type: VOTER last_known_addr { host: "127.12.102.129" port: 35905 }, Status: LMP_MISMATCH, Last received: 0.0, Next index: 1, Last known committed idx: 0, Time since last communication: 0.000s
I20260608 12:41:59.273731 13596 consensus_queue.cc:1048] T ae84380ce76345dfb222f70995bcfc18 P e83dcd662cb1449981313d7db453e5c2 [LEADER]: Connected to new peer: Peer: permanent_uuid: "f1c1721ddf864048ab3d167ae8144ad7" member_type: VOTER last_known_addr { host: "127.12.102.131" port: 40295 }, Status: LMP_MISMATCH, Last received: 0.0, Next index: 1, Last known committed idx: 0, Time since last communication: 0.000s
I20260608 12:41:59.350294 13596 consensus_queue.cc:1048] T 73116efcea794c81826ac022851d1db6 P e83dcd662cb1449981313d7db453e5c2 [LEADER]: Connected to new peer: Peer: permanent_uuid: "62d73bc062fd4a13967d6c48cfddd9cd" member_type: VOTER last_known_addr { host: "127.12.102.129" port: 35905 }, Status: LMP_MISMATCH, Last received: 0.0, Next index: 1, Last known committed idx: 0, Time since last communication: 0.000s
I20260608 12:41:59.356954 13596 consensus_queue.cc:1048] T 73116efcea794c81826ac022851d1db6 P e83dcd662cb1449981313d7db453e5c2 [LEADER]: Connected to new peer: Peer: permanent_uuid: "f1c1721ddf864048ab3d167ae8144ad7" member_type: VOTER last_known_addr { host: "127.12.102.131" port: 40295 }, Status: LMP_MISMATCH, Last received: 0.0, Next index: 1, Last known committed idx: 0, Time since last communication: 0.001s
I20260608 12:41:59.380595 13591 consensus_queue.cc:1048] T 3d7222ba05ea4c718113fe740ce975c9 P e83dcd662cb1449981313d7db453e5c2 [LEADER]: Connected to new peer: Peer: permanent_uuid: "62d73bc062fd4a13967d6c48cfddd9cd" member_type: VOTER last_known_addr { host: "127.12.102.129" port: 35905 }, Status: LMP_MISMATCH, Last received: 0.0, Next index: 1, Last known committed idx: 0, Time since last communication: 0.000s
I20260608 12:41:59.389483 13591 consensus_queue.cc:1048] T 79e4bb32cecb4a21ac4b449d20eca57f P e83dcd662cb1449981313d7db453e5c2 [LEADER]: Connected to new peer: Peer: permanent_uuid: "62d73bc062fd4a13967d6c48cfddd9cd" member_type: VOTER last_known_addr { host: "127.12.102.129" port: 35905 }, Status: LMP_MISMATCH, Last received: 0.0, Next index: 1, Last known committed idx: 0, Time since last communication: 0.001s
I20260608 12:41:59.402801 13572 consensus_queue.cc:1048] T 3d7222ba05ea4c718113fe740ce975c9 P e83dcd662cb1449981313d7db453e5c2 [LEADER]: Connected to new peer: Peer: permanent_uuid: "f1c1721ddf864048ab3d167ae8144ad7" member_type: VOTER last_known_addr { host: "127.12.102.131" port: 40295 }, Status: LMP_MISMATCH, Last received: 0.0, Next index: 1, Last known committed idx: 0, Time since last communication: 0.000s
I20260608 12:41:59.409874 13572 consensus_queue.cc:1048] T 35519c5410304da1854c567b7582e1b2 P e83dcd662cb1449981313d7db453e5c2 [LEADER]: Connected to new peer: Peer: permanent_uuid: "f1c1721ddf864048ab3d167ae8144ad7" member_type: VOTER last_known_addr { host: "127.12.102.131" port: 40295 }, Status: LMP_MISMATCH, Last received: 0.0, Next index: 1, Last known committed idx: 0, Time since last communication: 0.000s
I20260608 12:41:59.411144 13596 consensus_queue.cc:1048] T 79e4bb32cecb4a21ac4b449d20eca57f P e83dcd662cb1449981313d7db453e5c2 [LEADER]: Connected to new peer: Peer: permanent_uuid: "f1c1721ddf864048ab3d167ae8144ad7" member_type: VOTER last_known_addr { host: "127.12.102.131" port: 40295 }, Status: LMP_MISMATCH, Last received: 0.0, Next index: 1, Last known committed idx: 0, Time since last communication: 0.000s
I20260608 12:41:59.419958 13572 consensus_queue.cc:1048] T 35519c5410304da1854c567b7582e1b2 P e83dcd662cb1449981313d7db453e5c2 [LEADER]: Connected to new peer: Peer: permanent_uuid: "62d73bc062fd4a13967d6c48cfddd9cd" member_type: VOTER last_known_addr { host: "127.12.102.129" port: 35905 }, Status: LMP_MISMATCH, Last received: 0.0, Next index: 1, Last known committed idx: 0, Time since last communication: 0.000s
I20260608 12:41:59.436309 13575 consensus_queue.cc:1048] T 19656f949c0c479e8f4ae80d1ce4355a P 62d73bc062fd4a13967d6c48cfddd9cd [LEADER]: Connected to new peer: Peer: permanent_uuid: "e83dcd662cb1449981313d7db453e5c2" member_type: VOTER last_known_addr { host: "127.12.102.130" port: 43789 }, Status: LMP_MISMATCH, Last received: 0.0, Next index: 1, Last known committed idx: 0, Time since last communication: 0.000s
I20260608 12:41:59.465301 13619 consensus_queue.cc:1048] T 19656f949c0c479e8f4ae80d1ce4355a P 62d73bc062fd4a13967d6c48cfddd9cd [LEADER]: Connected to new peer: Peer: permanent_uuid: "f1c1721ddf864048ab3d167ae8144ad7" member_type: VOTER last_known_addr { host: "127.12.102.131" port: 40295 }, Status: LMP_MISMATCH, Last received: 0.0, Next index: 1, Last known committed idx: 0, Time since last communication: 0.000s
I20260608 12:41:59.517132 13572 consensus_queue.cc:1048] T a519bbb451fc4d9d9a60e3e1b8527542 P e83dcd662cb1449981313d7db453e5c2 [LEADER]: Connected to new peer: Peer: permanent_uuid: "62d73bc062fd4a13967d6c48cfddd9cd" member_type: VOTER last_known_addr { host: "127.12.102.129" port: 35905 }, Status: LMP_MISMATCH, Last received: 0.0, Next index: 1, Last known committed idx: 0, Time since last communication: 0.000s
I20260608 12:41:59.529325 13596 consensus_queue.cc:1048] T a519bbb451fc4d9d9a60e3e1b8527542 P e83dcd662cb1449981313d7db453e5c2 [LEADER]: Connected to new peer: Peer: permanent_uuid: "f1c1721ddf864048ab3d167ae8144ad7" member_type: VOTER last_known_addr { host: "127.12.102.131" port: 40295 }, Status: LMP_MISMATCH, Last received: 0.0, Next index: 1, Last known committed idx: 0, Time since last communication: 0.000s
I20260608 12:41:59.603677 13576 consensus_queue.cc:1048] T 3db463864b49473cafcbabc5ac7665f8 P f1c1721ddf864048ab3d167ae8144ad7 [LEADER]: Connected to new peer: Peer: permanent_uuid: "e83dcd662cb1449981313d7db453e5c2" member_type: VOTER last_known_addr { host: "127.12.102.130" port: 43789 }, Status: LMP_MISMATCH, Last received: 0.0, Next index: 1, Last known committed idx: 0, Time since last communication: 0.000s
