I20260608 12:38:08.651222  3842 ts_tablet_manager.cc:1434] T 5bc520535d9f43848c0c48c880809e7d P 42a56f2b60424e11a546c83ad8a0a45c: Time spent starting tablet: real 0.043s	user 0.007s	sys 0.000s
W20260608 12:38:08.650317  3440 auto_leader_rebalancer.cc:460] the master instance isn't leader: Service unavailable: Tablet not running
I20260608 12:38:08.651767  3846 raft_consensus.cc:2749] T 2865e21ba29445a9b0eb533e474d716b P 95f3933cd80346b7a2ab98ae77d22661 [term 1 FOLLOWER]: Leader election lost for term 1. Reason: could not achieve majority
I20260608 12:38:08.660112  3847 raft_consensus.cc:515] T 43a7b9421a1847859dad3cc2727f5fd7 P 95f3933cd80346b7a2ab98ae77d22661 [term 2 FOLLOWER]: Starting leader election with config: opid_index: -1 OBSOLETE_local: false peers { permanent_uuid: "42a56f2b60424e11a546c83ad8a0a45c" member_type: VOTER last_known_addr { host: "127.0.107.196" port: 39031 } } peers { permanent_uuid: "95f3933cd80346b7a2ab98ae77d22661" member_type: VOTER last_known_addr { host: "127.0.107.193" port: 45689 } } peers { permanent_uuid: "4175117858e04abaab071caf358a0abd" member_type: VOTER last_known_addr { host: "127.0.107.195" port: 32867 } }
I20260608 12:38:08.662130  3850 consensus_queue.cc:1048] T 3ccde156d283487aa261f789fbf62efa P 42a56f2b60424e11a546c83ad8a0a45c [LEADER]: Connected to new peer: Peer: permanent_uuid: "4175117858e04abaab071caf358a0abd" member_type: VOTER last_known_addr { host: "127.0.107.195" port: 32867 }, Status: LMP_MISMATCH, Last received: 0.0, Next index: 1, Last known committed idx: 0, Time since last communication: 0.006s
I20260608 12:38:08.669088  3847 leader_election.cc:290] T 43a7b9421a1847859dad3cc2727f5fd7 P 95f3933cd80346b7a2ab98ae77d22661 [CANDIDATE]: Term 2 election: Requested vote from peers 42a56f2b60424e11a546c83ad8a0a45c (127.0.107.196:39031), 4175117858e04abaab071caf358a0abd (127.0.107.195:32867)
I20260608 12:38:08.659124  3842 tablet_bootstrap.cc:492] T 44dd8b5dd46843c18257f9729f98aa52 P 42a56f2b60424e11a546c83ad8a0a45c: Bootstrap starting.
I20260608 12:38:08.671845  3636 tablet_service.cc:1917] Received RequestConsensusVote() RPC: tablet_id: "43a7b9421a1847859dad3cc2727f5fd7" candidate_uuid: "95f3933cd80346b7a2ab98ae77d22661" candidate_term: 2 candidate_status { last_received { term: 0 index: 0 } } ignore_live_leader: false dest_uuid: "4175117858e04abaab071caf358a0abd"
I20260608 12:38:08.674207  3788 tablet_service.cc:1917] Received RequestConsensusVote() RPC: tablet_id: "43a7b9421a1847859dad3cc2727f5fd7" candidate_uuid: "95f3933cd80346b7a2ab98ae77d22661" candidate_term: 2 candidate_status { last_received { term: 0 index: 0 } } ignore_live_leader: false dest_uuid: "42a56f2b60424e11a546c83ad8a0a45c"
I20260608 12:38:08.674852  3788 raft_consensus.cc:3060] T 43a7b9421a1847859dad3cc2727f5fd7 P 42a56f2b60424e11a546c83ad8a0a45c [term 1 FOLLOWER]: Advancing to term 2
W20260608 12:38:08.676311  3527 consensus_peers.cc:597] T 5d756cf646b34953945bdcf8b083b0bd P 46332705ad374dddad3487ba799b8418 -> Peer 42a56f2b60424e11a546c83ad8a0a45c (127.0.107.196:39031): Couldn't send request to peer 42a56f2b60424e11a546c83ad8a0a45c. Error code: TABLET_NOT_RUNNING (12). Status: Illegal state: Tablet not RUNNING: INITIALIZED. This is attempt 1: this message will repeat every 5th retry.
I20260608 12:38:08.677470  3842 tablet_bootstrap.cc:654] T 44dd8b5dd46843c18257f9729f98aa52 P 42a56f2b60424e11a546c83ad8a0a45c: Neither blocks nor log segments found. Creating new log.
I20260608 12:38:08.688778  3385 catalog_manager.cc:5696] T 44dd8b5dd46843c18257f9729f98aa52 P 4175117858e04abaab071caf358a0abd reported cstate change: term changed from 0 to 1, leader changed from <none> to 4175117858e04abaab071caf358a0abd (127.0.107.195). New cstate: current_term: 1 leader_uuid: "4175117858e04abaab071caf358a0abd" committed_config { opid_index: -1 OBSOLETE_local: false peers { permanent_uuid: "42a56f2b60424e11a546c83ad8a0a45c" member_type: VOTER last_known_addr { host: "127.0.107.196" port: 39031 } health_report { overall_health: UNKNOWN } } peers { permanent_uuid: "4175117858e04abaab071caf358a0abd" member_type: VOTER last_known_addr { host: "127.0.107.195" port: 32867 } health_report { overall_health: HEALTHY } } peers { permanent_uuid: "95f3933cd80346b7a2ab98ae77d22661" member_type: VOTER last_known_addr { host: "127.0.107.193" port: 45689 } health_report { overall_health: UNKNOWN } } }
I20260608 12:38:08.696869  3788 raft_consensus.cc:2468] T 43a7b9421a1847859dad3cc2727f5fd7 P 42a56f2b60424e11a546c83ad8a0a45c [term 2 FOLLOWER]: Leader election vote request: Granting yes vote for candidate 95f3933cd80346b7a2ab98ae77d22661 in term 2.
I20260608 12:38:08.699891  3452 leader_election.cc:304] T 43a7b9421a1847859dad3cc2727f5fd7 P 95f3933cd80346b7a2ab98ae77d22661 [CANDIDATE]: Term 2 election: Election decided. Result: candidate won. Election summary: received 3 responses out of 3 voters: 2 yes votes; 1 no votes. yes voters: 42a56f2b60424e11a546c83ad8a0a45c, 95f3933cd80346b7a2ab98ae77d22661; no voters: 4175117858e04abaab071caf358a0abd
I20260608 12:38:08.701746  3847 raft_consensus.cc:2804] T 43a7b9421a1847859dad3cc2727f5fd7 P 95f3933cd80346b7a2ab98ae77d22661 [term 2 FOLLOWER]: Leader election won for term 2
I20260608 12:38:08.702334  3847 raft_consensus.cc:697] T 43a7b9421a1847859dad3cc2727f5fd7 P 95f3933cd80346b7a2ab98ae77d22661 [term 2 LEADER]: Becoming Leader. State: Replica: 95f3933cd80346b7a2ab98ae77d22661, State: Running, Role: LEADER
I20260608 12:38:08.703105  3847 consensus_queue.cc:237] T 43a7b9421a1847859dad3cc2727f5fd7 P 95f3933cd80346b7a2ab98ae77d22661 [LEADER]: Queue going to LEADER mode. State: All replicated index: 0, Majority replicated index: 0, Committed index: 0, Last appended: 0.0, Last appended by leader: 0, Current term: 2, Majority size: 2, State: 0, Mode: LEADER, active raft config: opid_index: -1 OBSOLETE_local: false peers { permanent_uuid: "42a56f2b60424e11a546c83ad8a0a45c" member_type: VOTER last_known_addr { host: "127.0.107.196" port: 39031 } } peers { permanent_uuid: "95f3933cd80346b7a2ab98ae77d22661" member_type: VOTER last_known_addr { host: "127.0.107.193" port: 45689 } } peers { permanent_uuid: "4175117858e04abaab071caf358a0abd" member_type: VOTER last_known_addr { host: "127.0.107.195" port: 32867 } }
I20260608 12:38:08.705346  3486 raft_consensus.cc:3060] T 3ccde156d283487aa261f789fbf62efa P 95f3933cd80346b7a2ab98ae77d22661 [term 0 FOLLOWER]: Advancing to term 1
I20260608 12:38:08.715261  3880 consensus_queue.cc:1048] T 3ccde156d283487aa261f789fbf62efa P 42a56f2b60424e11a546c83ad8a0a45c [LEADER]: Connected to new peer: Peer: permanent_uuid: "95f3933cd80346b7a2ab98ae77d22661" member_type: VOTER last_known_addr { host: "127.0.107.193" port: 45689 }, Status: LMP_MISMATCH, Last received: 0.0, Next index: 1, Last known committed idx: 0, Time since last communication: 0.001s
I20260608 12:38:08.724632  3842 tablet_bootstrap.cc:492] T 44dd8b5dd46843c18257f9729f98aa52 P 42a56f2b60424e11a546c83ad8a0a45c: No bootstrap required, opened a new log
I20260608 12:38:08.725155  3842 ts_tablet_manager.cc:1403] T 44dd8b5dd46843c18257f9729f98aa52 P 42a56f2b60424e11a546c83ad8a0a45c: Time spent bootstrapping tablet: real 0.066s	user 0.021s	sys 0.031s
I20260608 12:38:08.728111  3842 raft_consensus.cc:359] T 44dd8b5dd46843c18257f9729f98aa52 P 42a56f2b60424e11a546c83ad8a0a45c [term 0 FOLLOWER]: Replica starting. Triggering 0 pending ops. Active config: opid_index: -1 OBSOLETE_local: false peers { permanent_uuid: "42a56f2b60424e11a546c83ad8a0a45c" member_type: VOTER last_known_addr { host: "127.0.107.196" port: 39031 } } peers { permanent_uuid: "4175117858e04abaab071caf358a0abd" member_type: VOTER last_known_addr { host: "127.0.107.195" port: 32867 } } peers { permanent_uuid: "95f3933cd80346b7a2ab98ae77d22661" member_type: VOTER last_known_addr { host: "127.0.107.193" port: 45689 } }
I20260608 12:38:08.728821  3842 raft_consensus.cc:385] T 44dd8b5dd46843c18257f9729f98aa52 P 42a56f2b60424e11a546c83ad8a0a45c [term 0 FOLLOWER]: Consensus starting up: Expiring failure detector timer to make a prompt election more likely
I20260608 12:38:08.729121  3842 raft_consensus.cc:740] T 44dd8b5dd46843c18257f9729f98aa52 P 42a56f2b60424e11a546c83ad8a0a45c [term 0 FOLLOWER]: Becoming Follower/Learner. State: Replica: 42a56f2b60424e11a546c83ad8a0a45c, State: Initialized, Role: FOLLOWER
I20260608 12:38:08.730003  3842 consensus_queue.cc:260] T 44dd8b5dd46843c18257f9729f98aa52 P 42a56f2b60424e11a546c83ad8a0a45c [NON_LEADER]: Queue going to NON_LEADER mode. State: All replicated index: 0, Majority replicated index: 0, Committed index: 0, Last appended: 0.0, Last appended by leader: 0, Current term: 0, Majority size: -1, State: 0, Mode: NON_LEADER, active raft config: opid_index: -1 OBSOLETE_local: false peers { permanent_uuid: "42a56f2b60424e11a546c83ad8a0a45c" member_type: VOTER last_known_addr { host: "127.0.107.196" port: 39031 } } peers { permanent_uuid: "4175117858e04abaab071caf358a0abd" member_type: VOTER last_known_addr { host: "127.0.107.195" port: 32867 } } peers { permanent_uuid: "95f3933cd80346b7a2ab98ae77d22661" member_type: VOTER last_known_addr { host: "127.0.107.193" port: 45689 } }
I20260608 12:38:08.731624  3710 consensus_queue.cc:1048] T 5d756cf646b34953945bdcf8b083b0bd P 46332705ad374dddad3487ba799b8418 [LEADER]: Connected to new peer: Peer: permanent_uuid: "95f3933cd80346b7a2ab98ae77d22661" member_type: VOTER last_known_addr { host: "127.0.107.193" port: 45689 }, Status: LMP_MISMATCH, Last received: 0.0, Next index: 1, Last known committed idx: 0, Time since last communication: 0.000s
I20260608 12:38:08.735031  3842 ts_tablet_manager.cc:1434] T 44dd8b5dd46843c18257f9729f98aa52 P 42a56f2b60424e11a546c83ad8a0a45c: Time spent starting tablet: real 0.010s	user 0.007s	sys 0.001s
I20260608 12:38:08.736052  3842 tablet_bootstrap.cc:492] T a7dbb18c3b7d47bebe610d26cd247a2c P 42a56f2b60424e11a546c83ad8a0a45c: Bootstrap starting.
I20260608 12:38:08.743494  3842 tablet_bootstrap.cc:654] T a7dbb18c3b7d47bebe610d26cd247a2c P 42a56f2b60424e11a546c83ad8a0a45c: Neither blocks nor log segments found. Creating new log.
I20260608 12:38:08.758512  3842 tablet_bootstrap.cc:492] T a7dbb18c3b7d47bebe610d26cd247a2c P 42a56f2b60424e11a546c83ad8a0a45c: No bootstrap required, opened a new log
I20260608 12:38:08.759012  3842 ts_tablet_manager.cc:1403] T a7dbb18c3b7d47bebe610d26cd247a2c P 42a56f2b60424e11a546c83ad8a0a45c: Time spent bootstrapping tablet: real 0.023s	user 0.014s	sys 0.005s
I20260608 12:38:08.762957  3842 raft_consensus.cc:359] T a7dbb18c3b7d47bebe610d26cd247a2c P 42a56f2b60424e11a546c83ad8a0a45c [term 0 FOLLOWER]: Replica starting. Triggering 0 pending ops. Active config: opid_index: -1 OBSOLETE_local: false peers { permanent_uuid: "42a56f2b60424e11a546c83ad8a0a45c" member_type: VOTER last_known_addr { host: "127.0.107.196" port: 39031 } } peers { permanent_uuid: "46332705ad374dddad3487ba799b8418" member_type: VOTER last_known_addr { host: "127.0.107.194" port: 34071 } } peers { permanent_uuid: "4175117858e04abaab071caf358a0abd" member_type: VOTER last_known_addr { host: "127.0.107.195" port: 32867 } }
I20260608 12:38:08.763747  3842 raft_consensus.cc:385] T a7dbb18c3b7d47bebe610d26cd247a2c P 42a56f2b60424e11a546c83ad8a0a45c [term 0 FOLLOWER]: Consensus starting up: Expiring failure detector timer to make a prompt election more likely
I20260608 12:38:08.764106  3842 raft_consensus.cc:740] T a7dbb18c3b7d47bebe610d26cd247a2c P 42a56f2b60424e11a546c83ad8a0a45c [term 0 FOLLOWER]: Becoming Follower/Learner. State: Replica: 42a56f2b60424e11a546c83ad8a0a45c, State: Initialized, Role: FOLLOWER
I20260608 12:38:08.764986  3842 consensus_queue.cc:260] T a7dbb18c3b7d47bebe610d26cd247a2c P 42a56f2b60424e11a546c83ad8a0a45c [NON_LEADER]: Queue going to NON_LEADER mode. State: All replicated index: 0, Majority replicated index: 0, Committed index: 0, Last appended: 0.0, Last appended by leader: 0, Current term: 0, Majority size: -1, State: 0, Mode: NON_LEADER, active raft config: opid_index: -1 OBSOLETE_local: false peers { permanent_uuid: "42a56f2b60424e11a546c83ad8a0a45c" member_type: VOTER last_known_addr { host: "127.0.107.196" port: 39031 } } peers { permanent_uuid: "46332705ad374dddad3487ba799b8418" member_type: VOTER last_known_addr { host: "127.0.107.194" port: 34071 } } peers { permanent_uuid: "4175117858e04abaab071caf358a0abd" member_type: VOTER last_known_addr { host: "127.0.107.195" port: 32867 } }
I20260608 12:38:08.769135  3842 ts_tablet_manager.cc:1434] T a7dbb18c3b7d47bebe610d26cd247a2c P 42a56f2b60424e11a546c83ad8a0a45c: Time spent starting tablet: real 0.009s	user 0.005s	sys 0.000s
I20260608 12:38:08.770500  3842 tablet_bootstrap.cc:492] T 5d756cf646b34953945bdcf8b083b0bd P 42a56f2b60424e11a546c83ad8a0a45c: Bootstrap starting.
I20260608 12:38:08.776615  3842 tablet_bootstrap.cc:654] T 5d756cf646b34953945bdcf8b083b0bd P 42a56f2b60424e11a546c83ad8a0a45c: Neither blocks nor log segments found. Creating new log.
I20260608 12:38:08.779021  3386 catalog_manager.cc:5696] T 43a7b9421a1847859dad3cc2727f5fd7 P 95f3933cd80346b7a2ab98ae77d22661 reported cstate change: term changed from 1 to 2, leader changed from 4175117858e04abaab071caf358a0abd (127.0.107.195) to 95f3933cd80346b7a2ab98ae77d22661 (127.0.107.193). New cstate: current_term: 2 leader_uuid: "95f3933cd80346b7a2ab98ae77d22661" committed_config { opid_index: -1 OBSOLETE_local: false peers { permanent_uuid: "42a56f2b60424e11a546c83ad8a0a45c" member_type: VOTER last_known_addr { host: "127.0.107.196" port: 39031 } health_report { overall_health: UNKNOWN } } peers { permanent_uuid: "95f3933cd80346b7a2ab98ae77d22661" member_type: VOTER last_known_addr { host: "127.0.107.193" port: 45689 } health_report { overall_health: HEALTHY } } peers { permanent_uuid: "4175117858e04abaab071caf358a0abd" member_type: VOTER last_known_addr { host: "127.0.107.195" port: 32867 } health_report { overall_health: UNKNOWN } } }
I20260608 12:38:08.781173  3842 tablet_bootstrap.cc:492] T 5d756cf646b34953945bdcf8b083b0bd P 42a56f2b60424e11a546c83ad8a0a45c: No bootstrap required, opened a new log
I20260608 12:38:08.781626  3842 ts_tablet_manager.cc:1403] T 5d756cf646b34953945bdcf8b083b0bd P 42a56f2b60424e11a546c83ad8a0a45c: Time spent bootstrapping tablet: real 0.011s	user 0.010s	sys 0.000s
I20260608 12:38:08.785117  3842 raft_consensus.cc:359] T 5d756cf646b34953945bdcf8b083b0bd P 42a56f2b60424e11a546c83ad8a0a45c [term 0 FOLLOWER]: Replica starting. Triggering 0 pending ops. Active config: opid_index: -1 OBSOLETE_local: false peers { permanent_uuid: "95f3933cd80346b7a2ab98ae77d22661" member_type: VOTER last_known_addr { host: "127.0.107.193" port: 45689 } } peers { permanent_uuid: "42a56f2b60424e11a546c83ad8a0a45c" member_type: VOTER last_known_addr { host: "127.0.107.196" port: 39031 } } peers { permanent_uuid: "46332705ad374dddad3487ba799b8418" member_type: VOTER last_known_addr { host: "127.0.107.194" port: 34071 } }
I20260608 12:38:08.785647  3842 raft_consensus.cc:385] T 5d756cf646b34953945bdcf8b083b0bd P 42a56f2b60424e11a546c83ad8a0a45c [term 0 FOLLOWER]: Consensus starting up: Expiring failure detector timer to make a prompt election more likely
I20260608 12:38:08.785914  3842 raft_consensus.cc:740] T 5d756cf646b34953945bdcf8b083b0bd P 42a56f2b60424e11a546c83ad8a0a45c [term 0 FOLLOWER]: Becoming Follower/Learner. State: Replica: 42a56f2b60424e11a546c83ad8a0a45c, State: Initialized, Role: FOLLOWER
I20260608 12:38:08.786614  3842 consensus_queue.cc:260] T 5d756cf646b34953945bdcf8b083b0bd P 42a56f2b60424e11a546c83ad8a0a45c [NON_LEADER]: Queue going to NON_LEADER mode. State: All replicated index: 0, Majority replicated index: 0, Committed index: 0, Last appended: 0.0, Last appended by leader: 0, Current term: 0, Majority size: -1, State: 0, Mode: NON_LEADER, active raft config: opid_index: -1 OBSOLETE_local: false peers { permanent_uuid: "95f3933cd80346b7a2ab98ae77d22661" member_type: VOTER last_known_addr { host: "127.0.107.193" port: 45689 } } peers { permanent_uuid: "42a56f2b60424e11a546c83ad8a0a45c" member_type: VOTER last_known_addr { host: "127.0.107.196" port: 39031 } } peers { permanent_uuid: "46332705ad374dddad3487ba799b8418" member_type: VOTER last_known_addr { host: "127.0.107.194" port: 34071 } }
I20260608 12:38:08.788427  3842 ts_tablet_manager.cc:1434] T 5d756cf646b34953945bdcf8b083b0bd P 42a56f2b60424e11a546c83ad8a0a45c: Time spent starting tablet: real 0.007s	user 0.004s	sys 0.000s
I20260608 12:38:08.823598  3710 consensus_queue.cc:1048] T 2865e21ba29445a9b0eb533e474d716b P 46332705ad374dddad3487ba799b8418 [LEADER]: Connected to new peer: Peer: permanent_uuid: "42a56f2b60424e11a546c83ad8a0a45c" member_type: VOTER last_known_addr { host: "127.0.107.196" port: 39031 }, Status: LMP_MISMATCH, Last received: 0.0, Next index: 1, Last known committed idx: 0, Time since last communication: 0.001s
I20260608 12:38:08.834949  3893 consensus_queue.cc:1048] T 2865e21ba29445a9b0eb533e474d716b P 46332705ad374dddad3487ba799b8418 [LEADER]: Connected to new peer: Peer: permanent_uuid: "95f3933cd80346b7a2ab98ae77d22661" member_type: VOTER last_known_addr { host: "127.0.107.193" port: 45689 }, Status: LMP_MISMATCH, Last received: 0.0, Next index: 1, Last known committed idx: 0, Time since last communication: 0.000s
I20260608 12:38:08.842015  3788 raft_consensus.cc:1240] T 43a7b9421a1847859dad3cc2727f5fd7 P 42a56f2b60424e11a546c83ad8a0a45c [term 2 FOLLOWER]: Rejecting Update request from peer 4175117858e04abaab071caf358a0abd for earlier term 1. Current term is 2. Ops: []
I20260608 12:38:08.843591  3876 consensus_queue.cc:1059] T 43a7b9421a1847859dad3cc2727f5fd7 P 4175117858e04abaab071caf358a0abd [LEADER]: Peer responded invalid term: Peer: permanent_uuid: "42a56f2b60424e11a546c83ad8a0a45c" member_type: VOTER last_known_addr { host: "127.0.107.196" port: 39031 }, Status: INVALID_TERM, Last received: 0.0, Next index: 1, Last known committed idx: 0, Time since last communication: 0.000s
I20260608 12:38:08.844352  3734 raft_consensus.cc:3055] T 43a7b9421a1847859dad3cc2727f5fd7 P 4175117858e04abaab071caf358a0abd [term 1 LEADER]: Stepping down as leader of term 1
I20260608 12:38:08.844720  3734 raft_consensus.cc:740] T 43a7b9421a1847859dad3cc2727f5fd7 P 4175117858e04abaab071caf358a0abd [term 1 LEADER]: Becoming Follower/Learner. State: Replica: 4175117858e04abaab071caf358a0abd, State: Running, Role: LEADER
I20260608 12:38:08.845587  3734 consensus_queue.cc:260] T 43a7b9421a1847859dad3cc2727f5fd7 P 4175117858e04abaab071caf358a0abd [NON_LEADER]: Queue going to NON_LEADER mode. State: All replicated index: 0, Majority replicated index: 0, Committed index: 0, Last appended: 1.1, Last appended by leader: 1, Current term: 1, Majority size: -1, State: 0, Mode: NON_LEADER, active raft config: opid_index: -1 OBSOLETE_local: false peers { permanent_uuid: "42a56f2b60424e11a546c83ad8a0a45c" member_type: VOTER last_known_addr { host: "127.0.107.196" port: 39031 } } peers { permanent_uuid: "95f3933cd80346b7a2ab98ae77d22661" member_type: VOTER last_known_addr { host: "127.0.107.193" port: 45689 } } peers { permanent_uuid: "4175117858e04abaab071caf358a0abd" member_type: VOTER last_known_addr { host: "127.0.107.195" port: 32867 } }
I20260608 12:38:08.846961  3734 raft_consensus.cc:3060] T 43a7b9421a1847859dad3cc2727f5fd7 P 4175117858e04abaab071caf358a0abd [term 1 FOLLOWER]: Advancing to term 2
I20260608 12:38:08.868448  3788 raft_consensus.cc:3060] T 5bc520535d9f43848c0c48c880809e7d P 42a56f2b60424e11a546c83ad8a0a45c [term 0 FOLLOWER]: Advancing to term 1
I20260608 12:38:08.908085  3893 raft_consensus.cc:493] T a7dbb18c3b7d47bebe610d26cd247a2c P 46332705ad374dddad3487ba799b8418 [term 0 FOLLOWER]: Starting pre-election (no leader contacted us within the election timeout)
I20260608 12:38:08.908545  3893 raft_consensus.cc:515] T a7dbb18c3b7d47bebe610d26cd247a2c P 46332705ad374dddad3487ba799b8418 [term 0 FOLLOWER]: Starting pre-election with config: opid_index: -1 OBSOLETE_local: false peers { permanent_uuid: "42a56f2b60424e11a546c83ad8a0a45c" member_type: VOTER last_known_addr { host: "127.0.107.196" port: 39031 } } peers { permanent_uuid: "46332705ad374dddad3487ba799b8418" member_type: VOTER last_known_addr { host: "127.0.107.194" port: 34071 } } peers { permanent_uuid: "4175117858e04abaab071caf358a0abd" member_type: VOTER last_known_addr { host: "127.0.107.195" port: 32867 } }
I20260608 12:38:08.910741  3893 leader_election.cc:290] T a7dbb18c3b7d47bebe610d26cd247a2c P 46332705ad374dddad3487ba799b8418 [CANDIDATE]: Term 1 pre-election: Requested pre-vote from peers 42a56f2b60424e11a546c83ad8a0a45c (127.0.107.196:39031), 4175117858e04abaab071caf358a0abd (127.0.107.195:32867)
I20260608 12:38:08.911747  3788 tablet_service.cc:1917] Received RequestConsensusVote() RPC: tablet_id: "a7dbb18c3b7d47bebe610d26cd247a2c" candidate_uuid: "46332705ad374dddad3487ba799b8418" candidate_term: 1 candidate_status { last_received { term: 0 index: 0 } } ignore_live_leader: false dest_uuid: "42a56f2b60424e11a546c83ad8a0a45c" is_pre_election: true
I20260608 12:38:08.911890  3634 tablet_service.cc:1917] Received RequestConsensusVote() RPC: tablet_id: "a7dbb18c3b7d47bebe610d26cd247a2c" candidate_uuid: "46332705ad374dddad3487ba799b8418" candidate_term: 1 candidate_status { last_received { term: 0 index: 0 } } ignore_live_leader: false dest_uuid: "4175117858e04abaab071caf358a0abd" is_pre_election: true
I20260608 12:38:08.912595  3634 raft_consensus.cc:2468] T a7dbb18c3b7d47bebe610d26cd247a2c P 4175117858e04abaab071caf358a0abd [term 0 FOLLOWER]: Leader pre-election vote request: Granting yes vote for candidate 46332705ad374dddad3487ba799b8418 in term 0.
I20260608 12:38:08.912420  3788 raft_consensus.cc:2468] T a7dbb18c3b7d47bebe610d26cd247a2c P 42a56f2b60424e11a546c83ad8a0a45c [term 0 FOLLOWER]: Leader pre-election vote request: Granting yes vote for candidate 46332705ad374dddad3487ba799b8418 in term 0.
I20260608 12:38:08.913767  3527 leader_election.cc:304] T a7dbb18c3b7d47bebe610d26cd247a2c P 46332705ad374dddad3487ba799b8418 [CANDIDATE]: Term 1 pre-election: Election decided. Result: candidate won. Election summary: received 2 responses out of 3 voters: 2 yes votes; 0 no votes. yes voters: 4175117858e04abaab071caf358a0abd, 46332705ad374dddad3487ba799b8418; no voters: 
I20260608 12:38:08.914533  3893 raft_consensus.cc:2804] T a7dbb18c3b7d47bebe610d26cd247a2c P 46332705ad374dddad3487ba799b8418 [term 0 FOLLOWER]: Leader pre-election won for term 1
I20260608 12:38:08.914820  3893 raft_consensus.cc:493] T a7dbb18c3b7d47bebe610d26cd247a2c P 46332705ad374dddad3487ba799b8418 [term 0 FOLLOWER]: Starting leader election (no leader contacted us within the election timeout)
I20260608 12:38:08.915089  3893 raft_consensus.cc:3060] T a7dbb18c3b7d47bebe610d26cd247a2c P 46332705ad374dddad3487ba799b8418 [term 0 FOLLOWER]: Advancing to term 1
I20260608 12:38:08.919526  3893 raft_consensus.cc:515] T a7dbb18c3b7d47bebe610d26cd247a2c P 46332705ad374dddad3487ba799b8418 [term 1 FOLLOWER]: Starting leader election with config: opid_index: -1 OBSOLETE_local: false peers { permanent_uuid: "42a56f2b60424e11a546c83ad8a0a45c" member_type: VOTER last_known_addr { host: "127.0.107.196" port: 39031 } } peers { permanent_uuid: "46332705ad374dddad3487ba799b8418" member_type: VOTER last_known_addr { host: "127.0.107.194" port: 34071 } } peers { permanent_uuid: "4175117858e04abaab071caf358a0abd" member_type: VOTER last_known_addr { host: "127.0.107.195" port: 32867 } }
I20260608 12:38:08.921118  3893 leader_election.cc:290] T a7dbb18c3b7d47bebe610d26cd247a2c P 46332705ad374dddad3487ba799b8418 [CANDIDATE]: Term 1 election: Requested vote from peers 42a56f2b60424e11a546c83ad8a0a45c (127.0.107.196:39031), 4175117858e04abaab071caf358a0abd (127.0.107.195:32867)
I20260608 12:38:08.921857  3788 tablet_service.cc:1917] Received RequestConsensusVote() RPC: tablet_id: "a7dbb18c3b7d47bebe610d26cd247a2c" candidate_uuid: "46332705ad374dddad3487ba799b8418" candidate_term: 1 candidate_status { last_received { term: 0 index: 0 } } ignore_live_leader: false dest_uuid: "42a56f2b60424e11a546c83ad8a0a45c"
I20260608 12:38:08.922209  3634 tablet_service.cc:1917] Received RequestConsensusVote() RPC: tablet_id: "a7dbb18c3b7d47bebe610d26cd247a2c" candidate_uuid: "46332705ad374dddad3487ba799b8418" candidate_term: 1 candidate_status { last_received { term: 0 index: 0 } } ignore_live_leader: false dest_uuid: "4175117858e04abaab071caf358a0abd"
I20260608 12:38:08.922365  3788 raft_consensus.cc:3060] T a7dbb18c3b7d47bebe610d26cd247a2c P 42a56f2b60424e11a546c83ad8a0a45c [term 0 FOLLOWER]: Advancing to term 1
I20260608 12:38:08.922726  3634 raft_consensus.cc:3060] T a7dbb18c3b7d47bebe610d26cd247a2c P 4175117858e04abaab071caf358a0abd [term 0 FOLLOWER]: Advancing to term 1
I20260608 12:38:08.927264  3788 raft_consensus.cc:2468] T a7dbb18c3b7d47bebe610d26cd247a2c P 42a56f2b60424e11a546c83ad8a0a45c [term 1 FOLLOWER]: Leader election vote request: Granting yes vote for candidate 46332705ad374dddad3487ba799b8418 in term 1.
I20260608 12:38:08.927546  3634 raft_consensus.cc:2468] T a7dbb18c3b7d47bebe610d26cd247a2c P 4175117858e04abaab071caf358a0abd [term 1 FOLLOWER]: Leader election vote request: Granting yes vote for candidate 46332705ad374dddad3487ba799b8418 in term 1.
I20260608 12:38:08.928208  3527 leader_election.cc:304] T a7dbb18c3b7d47bebe610d26cd247a2c P 46332705ad374dddad3487ba799b8418 [CANDIDATE]: Term 1 election: Election decided. Result: candidate won. Election summary: received 2 responses out of 3 voters: 2 yes votes; 0 no votes. yes voters: 42a56f2b60424e11a546c83ad8a0a45c, 46332705ad374dddad3487ba799b8418; no voters: 
I20260608 12:38:08.928890  3893 raft_consensus.cc:2804] T a7dbb18c3b7d47bebe610d26cd247a2c P 46332705ad374dddad3487ba799b8418 [term 1 FOLLOWER]: Leader election won for term 1
I20260608 12:38:08.929337  3893 raft_consensus.cc:697] T a7dbb18c3b7d47bebe610d26cd247a2c P 46332705ad374dddad3487ba799b8418 [term 1 LEADER]: Becoming Leader. State: Replica: 46332705ad374dddad3487ba799b8418, State: Running, Role: LEADER
I20260608 12:38:08.929941  3893 consensus_queue.cc:237] T a7dbb18c3b7d47bebe610d26cd247a2c P 46332705ad374dddad3487ba799b8418 [LEADER]: Queue going to LEADER mode. State: All replicated index: 0, Majority replicated index: 0, Committed index: 0, Last appended: 0.0, Last appended by leader: 0, Current term: 1, Majority size: 2, State: 0, Mode: LEADER, active raft config: opid_index: -1 OBSOLETE_local: false peers { permanent_uuid: "42a56f2b60424e11a546c83ad8a0a45c" member_type: VOTER last_known_addr { host: "127.0.107.196" port: 39031 } } peers { permanent_uuid: "46332705ad374dddad3487ba799b8418" member_type: VOTER last_known_addr { host: "127.0.107.194" port: 34071 } } peers { permanent_uuid: "4175117858e04abaab071caf358a0abd" member_type: VOTER last_known_addr { host: "127.0.107.195" port: 32867 } }
I20260608 12:38:08.936630  3385 catalog_manager.cc:5696] T a7dbb18c3b7d47bebe610d26cd247a2c P 46332705ad374dddad3487ba799b8418 reported cstate change: term changed from 0 to 1, leader changed from <none> to 46332705ad374dddad3487ba799b8418 (127.0.107.194). New cstate: current_term: 1 leader_uuid: "46332705ad374dddad3487ba799b8418" committed_config { opid_index: -1 OBSOLETE_local: false peers { permanent_uuid: "42a56f2b60424e11a546c83ad8a0a45c" member_type: VOTER last_known_addr { host: "127.0.107.196" port: 39031 } health_report { overall_health: UNKNOWN } } peers { permanent_uuid: "46332705ad374dddad3487ba799b8418" member_type: VOTER last_known_addr { host: "127.0.107.194" port: 34071 } health_report { overall_health: HEALTHY } } peers { permanent_uuid: "4175117858e04abaab071caf358a0abd" member_type: VOTER last_known_addr { host: "127.0.107.195" port: 32867 } health_report { overall_health: UNKNOWN } } }
I20260608 12:38:09.027652  3850 raft_consensus.cc:493] T 44dd8b5dd46843c18257f9729f98aa52 P 42a56f2b60424e11a546c83ad8a0a45c [term 0 FOLLOWER]: Starting pre-election (no leader contacted us within the election timeout)
I20260608 12:38:09.028254  3850 raft_consensus.cc:515] T 44dd8b5dd46843c18257f9729f98aa52 P 42a56f2b60424e11a546c83ad8a0a45c [term 0 FOLLOWER]: Starting pre-election with config: opid_index: -1 OBSOLETE_local: false peers { permanent_uuid: "42a56f2b60424e11a546c83ad8a0a45c" member_type: VOTER last_known_addr { host: "127.0.107.196" port: 39031 } } peers { permanent_uuid: "4175117858e04abaab071caf358a0abd" member_type: VOTER last_known_addr { host: "127.0.107.195" port: 32867 } } peers { permanent_uuid: "95f3933cd80346b7a2ab98ae77d22661" member_type: VOTER last_known_addr { host: "127.0.107.193" port: 45689 } }
I20260608 12:38:09.030018  3850 leader_election.cc:290] T 44dd8b5dd46843c18257f9729f98aa52 P 42a56f2b60424e11a546c83ad8a0a45c [CANDIDATE]: Term 1 pre-election: Requested pre-vote from peers 4175117858e04abaab071caf358a0abd (127.0.107.195:32867), 95f3933cd80346b7a2ab98ae77d22661 (127.0.107.193:45689)
I20260608 12:38:09.031231  3638 tablet_service.cc:1917] Received RequestConsensusVote() RPC: tablet_id: "44dd8b5dd46843c18257f9729f98aa52" candidate_uuid: "42a56f2b60424e11a546c83ad8a0a45c" candidate_term: 1 candidate_status { last_received { term: 0 index: 0 } } ignore_live_leader: false dest_uuid: "4175117858e04abaab071caf358a0abd" is_pre_election: true
I20260608 12:38:09.031243  3487 tablet_service.cc:1917] Received RequestConsensusVote() RPC: tablet_id: "44dd8b5dd46843c18257f9729f98aa52" candidate_uuid: "42a56f2b60424e11a546c83ad8a0a45c" candidate_term: 1 candidate_status { last_received { term: 0 index: 0 } } ignore_live_leader: false dest_uuid: "95f3933cd80346b7a2ab98ae77d22661" is_pre_election: true
I20260608 12:38:09.032195  3487 raft_consensus.cc:2393] T 44dd8b5dd46843c18257f9729f98aa52 P 95f3933cd80346b7a2ab98ae77d22661 [term 1 FOLLOWER]: Leader pre-election vote request: Denying vote to candidate 42a56f2b60424e11a546c83ad8a0a45c in current term 1: Already voted for candidate 4175117858e04abaab071caf358a0abd in this term.
I20260608 12:38:09.033288  3754 leader_election.cc:304] T 44dd8b5dd46843c18257f9729f98aa52 P 42a56f2b60424e11a546c83ad8a0a45c [CANDIDATE]: Term 1 pre-election: Election decided. Result: candidate lost. Election summary: received 3 responses out of 3 voters: 1 yes votes; 2 no votes. yes voters: 42a56f2b60424e11a546c83ad8a0a45c; no voters: 4175117858e04abaab071caf358a0abd, 95f3933cd80346b7a2ab98ae77d22661
I20260608 12:38:09.033984  3850 raft_consensus.cc:3060] T 44dd8b5dd46843c18257f9729f98aa52 P 42a56f2b60424e11a546c83ad8a0a45c [term 0 FOLLOWER]: Advancing to term 1
I20260608 12:38:09.039981  3850 raft_consensus.cc:2749] T 44dd8b5dd46843c18257f9729f98aa52 P 42a56f2b60424e11a546c83ad8a0a45c [term 1 FOLLOWER]: Leader pre-election lost for term 1. Reason: could not achieve majority
I20260608 12:38:09.046440  3734 consensus_queue.cc:1048] T 44dd8b5dd46843c18257f9729f98aa52 P 4175117858e04abaab071caf358a0abd [LEADER]: Connected to new peer: Peer: permanent_uuid: "42a56f2b60424e11a546c83ad8a0a45c" member_type: VOTER last_known_addr { host: "127.0.107.196" port: 39031 }, Status: LMP_MISMATCH, Last received: 0.0, Next index: 1, Last known committed idx: 0, Time since last communication: 0.000s
I20260608 12:38:09.056869  3691 consensus_queue.cc:1048] T 44dd8b5dd46843c18257f9729f98aa52 P 4175117858e04abaab071caf358a0abd [LEADER]: Connected to new peer: Peer: permanent_uuid: "95f3933cd80346b7a2ab98ae77d22661" member_type: VOTER last_known_addr { host: "127.0.107.193" port: 45689 }, Status: LMP_MISMATCH, Last received: 0.0, Next index: 1, Last known committed idx: 0, Time since last communication: 0.000s
I20260608 12:38:09.165794  3638 raft_consensus.cc:1275] T 43a7b9421a1847859dad3cc2727f5fd7 P 4175117858e04abaab071caf358a0abd [term 2 FOLLOWER]: Refusing update from remote peer 95f3933cd80346b7a2ab98ae77d22661: Log matching property violated. Preceding OpId in replica: term: 1 index: 1. Preceding OpId from leader: term: 2 index: 1. (term mismatch)
I20260608 12:38:09.166112  3638 pending_rounds.cc:85] T 43a7b9421a1847859dad3cc2727f5fd7 P 4175117858e04abaab071caf358a0abd: Aborting all ops after (but not including) 0
I20260608 12:38:09.166298  3638 pending_rounds.cc:107] T 43a7b9421a1847859dad3cc2727f5fd7 P 4175117858e04abaab071caf358a0abd: Aborting uncommitted NO_OP operation due to leader change: 1.1
I20260608 12:38:09.166465  3638 raft_consensus.cc:2889] T 43a7b9421a1847859dad3cc2727f5fd7 P 4175117858e04abaab071caf358a0abd [term 2 FOLLOWER]: NO_OP replication failed: Aborted: Op aborted by new leader
I20260608 12:38:09.167620  3847 consensus_queue.cc:1048] T 43a7b9421a1847859dad3cc2727f5fd7 P 95f3933cd80346b7a2ab98ae77d22661 [LEADER]: Connected to new peer: Peer: permanent_uuid: "4175117858e04abaab071caf358a0abd" member_type: VOTER last_known_addr { host: "127.0.107.195" port: 32867 }, Status: LMP_MISMATCH, Last received: 0.0, Next index: 1, Last known committed idx: 0, Time since last communication: 0.000s
I20260608 12:38:09.173868  3788 raft_consensus.cc:3060] T 5d756cf646b34953945bdcf8b083b0bd P 42a56f2b60424e11a546c83ad8a0a45c [term 0 FOLLOWER]: Advancing to term 1
I20260608 12:38:09.176157  3787 raft_consensus.cc:1275] T 43a7b9421a1847859dad3cc2727f5fd7 P 42a56f2b60424e11a546c83ad8a0a45c [term 2 FOLLOWER]: Refusing update from remote peer 95f3933cd80346b7a2ab98ae77d22661: Log matching property violated. Preceding OpId in replica: term: 0 index: 0. Preceding OpId from leader: term: 2 index: 1. (index mismatch)
I20260608 12:38:09.180308  3847 consensus_queue.cc:1048] T 43a7b9421a1847859dad3cc2727f5fd7 P 95f3933cd80346b7a2ab98ae77d22661 [LEADER]: Connected to new peer: Peer: permanent_uuid: "42a56f2b60424e11a546c83ad8a0a45c" member_type: VOTER last_known_addr { host: "127.0.107.196" port: 39031 }, Status: LMP_MISMATCH, Last received: 0.0, Next index: 1, Last known committed idx: 0, Time since last communication: 0.000s
I20260608 12:38:09.188582  3850 raft_consensus.cc:493] T 5d756cf646b34953945bdcf8b083b0bd P 42a56f2b60424e11a546c83ad8a0a45c [term 1 FOLLOWER]: Starting pre-election (detected failure of leader 46332705ad374dddad3487ba799b8418)
I20260608 12:38:09.189399  3850 raft_consensus.cc:515] T 5d756cf646b34953945bdcf8b083b0bd P 42a56f2b60424e11a546c83ad8a0a45c [term 1 FOLLOWER]: Starting pre-election with config: opid_index: -1 OBSOLETE_local: false peers { permanent_uuid: "95f3933cd80346b7a2ab98ae77d22661" member_type: VOTER last_known_addr { host: "127.0.107.193" port: 45689 } } peers { permanent_uuid: "42a56f2b60424e11a546c83ad8a0a45c" member_type: VOTER last_known_addr { host: "127.0.107.196" port: 39031 } } peers { permanent_uuid: "46332705ad374dddad3487ba799b8418" member_type: VOTER last_known_addr { host: "127.0.107.194" port: 34071 } }
I20260608 12:38:09.195972  3850 leader_election.cc:290] T 5d756cf646b34953945bdcf8b083b0bd P 42a56f2b60424e11a546c83ad8a0a45c [CANDIDATE]: Term 2 pre-election: Requested pre-vote from peers 95f3933cd80346b7a2ab98ae77d22661 (127.0.107.193:45689), 46332705ad374dddad3487ba799b8418 (127.0.107.194:34071)
I20260608 12:38:09.197518  3563 tablet_service.cc:1917] Received RequestConsensusVote() RPC: tablet_id: "5d756cf646b34953945bdcf8b083b0bd" candidate_uuid: "42a56f2b60424e11a546c83ad8a0a45c" candidate_term: 2 candidate_status { last_received { term: 1 index: 1 } } ignore_live_leader: false dest_uuid: "46332705ad374dddad3487ba799b8418" is_pre_election: true
I20260608 12:38:09.198702  3487 tablet_service.cc:1917] Received RequestConsensusVote() RPC: tablet_id: "5d756cf646b34953945bdcf8b083b0bd" candidate_uuid: "42a56f2b60424e11a546c83ad8a0a45c" candidate_term: 2 candidate_status { last_received { term: 1 index: 1 } } ignore_live_leader: false dest_uuid: "95f3933cd80346b7a2ab98ae77d22661" is_pre_election: true
I20260608 12:38:09.200147  3754 leader_election.cc:304] T 5d756cf646b34953945bdcf8b083b0bd P 42a56f2b60424e11a546c83ad8a0a45c [CANDIDATE]: Term 2 pre-election: Election decided. Result: candidate lost. Election summary: received 3 responses out of 3 voters: 1 yes votes; 2 no votes. yes voters: 42a56f2b60424e11a546c83ad8a0a45c; no voters: 46332705ad374dddad3487ba799b8418, 95f3933cd80346b7a2ab98ae77d22661
I20260608 12:38:09.200937  3850 raft_consensus.cc:2749] T 5d756cf646b34953945bdcf8b083b0bd P 42a56f2b60424e11a546c83ad8a0a45c [term 1 FOLLOWER]: Leader pre-election lost for term 2. Reason: could not achieve majority
I20260608 12:38:09.430229  3710 consensus_queue.cc:1048] T a7dbb18c3b7d47bebe610d26cd247a2c P 46332705ad374dddad3487ba799b8418 [LEADER]: Connected to new peer: Peer: permanent_uuid: "42a56f2b60424e11a546c83ad8a0a45c" member_type: VOTER last_known_addr { host: "127.0.107.196" port: 39031 }, Status: LMP_MISMATCH, Last received: 0.0, Next index: 1, Last known committed idx: 0, Time since last communication: 0.000s
I20260608 12:38:09.444233  3710 consensus_queue.cc:1048] T a7dbb18c3b7d47bebe610d26cd247a2c P 46332705ad374dddad3487ba799b8418 [LEADER]: Connected to new peer: Peer: permanent_uuid: "4175117858e04abaab071caf358a0abd" member_type: VOTER last_known_addr { host: "127.0.107.195" port: 32867 }, Status: LMP_MISMATCH, Last received: 0.0, Next index: 1, Last known committed idx: 0, Time since last communication: 0.000s
I20260608 12:38:09.673862  3634 consensus_queue.cc:237] T b4e2286692d84be6a3bfdc02c73ef7e7 P 4175117858e04abaab071caf358a0abd [LEADER]: Queue going to LEADER mode. State: All replicated index: 0, Majority replicated index: 1, Committed index: 1, Last appended: 1.1, Last appended by leader: 0, Current term: 1, Majority size: 2, State: 0, Mode: LEADER, active raft config: opid_index: 2 OBSOLETE_local: false peers { permanent_uuid: "46332705ad374dddad3487ba799b8418" member_type: VOTER last_known_addr { host: "127.0.107.194" port: 34071 } } peers { permanent_uuid: "95f3933cd80346b7a2ab98ae77d22661" member_type: VOTER last_known_addr { host: "127.0.107.193" port: 45689 } attrs { replace: true } } peers { permanent_uuid: "4175117858e04abaab071caf358a0abd" member_type: VOTER last_known_addr { host: "127.0.107.195" port: 32867 } } peers { permanent_uuid: "42a56f2b60424e11a546c83ad8a0a45c" member_type: NON_VOTER last_known_addr { host: "127.0.107.196" port: 39031 } attrs { promote: true } }
W20260608 12:38:09.680516  3601 consensus_peers.cc:597] T b4e2286692d84be6a3bfdc02c73ef7e7 P 4175117858e04abaab071caf358a0abd -> Peer 42a56f2b60424e11a546c83ad8a0a45c (127.0.107.196:39031): Couldn't send request to peer 42a56f2b60424e11a546c83ad8a0a45c. Error code: TABLET_NOT_FOUND (6). Status: Not found: Tablet not found: b4e2286692d84be6a3bfdc02c73ef7e7. This is attempt 1: this message will repeat every 5th retry.
I20260608 12:38:09.681103  3487 raft_consensus.cc:1275] T b4e2286692d84be6a3bfdc02c73ef7e7 P 95f3933cd80346b7a2ab98ae77d22661 [term 1 FOLLOWER]: Refusing update from remote peer 4175117858e04abaab071caf358a0abd: Log matching property violated. Preceding OpId in replica: term: 1 index: 1. Preceding OpId from leader: term: 1 index: 2. (index mismatch)
I20260608 12:38:09.682225  3563 raft_consensus.cc:1275] T b4e2286692d84be6a3bfdc02c73ef7e7 P 46332705ad374dddad3487ba799b8418 [term 1 FOLLOWER]: Refusing update from remote peer 4175117858e04abaab071caf358a0abd: Log matching property violated. Preceding OpId in replica: term: 1 index: 1. Preceding OpId from leader: term: 1 index: 2. (index mismatch)
I20260608 12:38:09.682586  3920 consensus_queue.cc:1048] T b4e2286692d84be6a3bfdc02c73ef7e7 P 4175117858e04abaab071caf358a0abd [LEADER]: Connected to new peer: Peer: permanent_uuid: "95f3933cd80346b7a2ab98ae77d22661" member_type: VOTER last_known_addr { host: "127.0.107.193" port: 45689 } attrs { replace: true }, Status: LMP_MISMATCH, Last received: 0.0, Next index: 2, Last known committed idx: 1, Time since last communication: 0.000s
I20260608 12:38:09.683669  3691 consensus_queue.cc:1048] T b4e2286692d84be6a3bfdc02c73ef7e7 P 4175117858e04abaab071caf358a0abd [LEADER]: Connected to new peer: Peer: permanent_uuid: "46332705ad374dddad3487ba799b8418" member_type: VOTER last_known_addr { host: "127.0.107.194" port: 34071 }, Status: LMP_MISMATCH, Last received: 0.0, Next index: 2, Last known committed idx: 1, Time since last communication: 0.000s
I20260608 12:38:09.691613  3920 raft_consensus.cc:2955] T b4e2286692d84be6a3bfdc02c73ef7e7 P 4175117858e04abaab071caf358a0abd [term 1 LEADER]: Committing config change with OpId 1.2: config changed from index -1 to 2, NON_VOTER 42a56f2b60424e11a546c83ad8a0a45c (127.0.107.196) added. New config: { opid_index: 2 OBSOLETE_local: false peers { permanent_uuid: "46332705ad374dddad3487ba799b8418" member_type: VOTER last_known_addr { host: "127.0.107.194" port: 34071 } } peers { permanent_uuid: "95f3933cd80346b7a2ab98ae77d22661" member_type: VOTER last_known_addr { host: "127.0.107.193" port: 45689 } attrs { replace: true } } peers { permanent_uuid: "4175117858e04abaab071caf358a0abd" member_type: VOTER last_known_addr { host: "127.0.107.195" port: 32867 } } peers { permanent_uuid: "42a56f2b60424e11a546c83ad8a0a45c" member_type: NON_VOTER last_known_addr { host: "127.0.107.196" port: 39031 } attrs { promote: true } } }
I20260608 12:38:09.693358  3562 raft_consensus.cc:2955] T b4e2286692d84be6a3bfdc02c73ef7e7 P 46332705ad374dddad3487ba799b8418 [term 1 FOLLOWER]: Committing config change with OpId 1.2: config changed from index -1 to 2, NON_VOTER 42a56f2b60424e11a546c83ad8a0a45c (127.0.107.196) added. New config: { opid_index: 2 OBSOLETE_local: false peers { permanent_uuid: "46332705ad374dddad3487ba799b8418" member_type: VOTER last_known_addr { host: "127.0.107.194" port: 34071 } } peers { permanent_uuid: "95f3933cd80346b7a2ab98ae77d22661" member_type: VOTER last_known_addr { host: "127.0.107.193" port: 45689 } attrs { replace: true } } peers { permanent_uuid: "4175117858e04abaab071caf358a0abd" member_type: VOTER last_known_addr { host: "127.0.107.195" port: 32867 } } peers { permanent_uuid: "42a56f2b60424e11a546c83ad8a0a45c" member_type: NON_VOTER last_known_addr { host: "127.0.107.196" port: 39031 } attrs { promote: true } } }
I20260608 12:38:09.693508  3487 raft_consensus.cc:2955] T b4e2286692d84be6a3bfdc02c73ef7e7 P 95f3933cd80346b7a2ab98ae77d22661 [term 1 FOLLOWER]: Committing config change with OpId 1.2: config changed from index -1 to 2, NON_VOTER 42a56f2b60424e11a546c83ad8a0a45c (127.0.107.196) added. New config: { opid_index: 2 OBSOLETE_local: false peers { permanent_uuid: "46332705ad374dddad3487ba799b8418" member_type: VOTER last_known_addr { host: "127.0.107.194" port: 34071 } } peers { permanent_uuid: "95f3933cd80346b7a2ab98ae77d22661" member_type: VOTER last_known_addr { host: "127.0.107.193" port: 45689 } attrs { replace: true } } peers { permanent_uuid: "4175117858e04abaab071caf358a0abd" member_type: VOTER last_known_addr { host: "127.0.107.195" port: 32867 } } peers { permanent_uuid: "42a56f2b60424e11a546c83ad8a0a45c" member_type: NON_VOTER last_known_addr { host: "127.0.107.196" port: 39031 } attrs { promote: true } } }
I20260608 12:38:09.711325  3386 catalog_manager.cc:5696] T b4e2286692d84be6a3bfdc02c73ef7e7 P 4175117858e04abaab071caf358a0abd reported cstate change: config changed from index -1 to 2, NON_VOTER 42a56f2b60424e11a546c83ad8a0a45c (127.0.107.196) added. New cstate: current_term: 1 leader_uuid: "4175117858e04abaab071caf358a0abd" committed_config { opid_index: 2 OBSOLETE_local: false peers { permanent_uuid: "46332705ad374dddad3487ba799b8418" member_type: VOTER last_known_addr { host: "127.0.107.194" port: 34071 } health_report { overall_health: HEALTHY } } peers { permanent_uuid: "95f3933cd80346b7a2ab98ae77d22661" member_type: VOTER last_known_addr { host: "127.0.107.193" port: 45689 } attrs { replace: true } health_report { overall_health: HEALTHY } } peers { permanent_uuid: "4175117858e04abaab071caf358a0abd" member_type: VOTER last_known_addr { host: "127.0.107.195" port: 32867 } health_report { overall_health: HEALTHY } } peers { permanent_uuid: "42a56f2b60424e11a546c83ad8a0a45c" member_type: NON_VOTER last_known_addr { host: "127.0.107.196" port: 39031 } attrs { promote: true } health_report { overall_health: UNKNOWN } } }
I20260608 12:38:09.722400  3488 consensus_queue.cc:237] T 7b0189190d1e40718c5c03b6d0c9692f P 95f3933cd80346b7a2ab98ae77d22661 [LEADER]: Queue going to LEADER mode. State: All replicated index: 0, Majority replicated index: 1, Committed index: 1, Last appended: 1.1, Last appended by leader: 0, Current term: 1, Majority size: 2, State: 0, Mode: LEADER, active raft config: opid_index: 2 OBSOLETE_local: false peers { permanent_uuid: "46332705ad374dddad3487ba799b8418" member_type: VOTER last_known_addr { host: "127.0.107.194" port: 34071 } attrs { replace: true } } peers { permanent_uuid: "95f3933cd80346b7a2ab98ae77d22661" member_type: VOTER last_known_addr { host: "127.0.107.193" port: 45689 } } peers { permanent_uuid: "4175117858e04abaab071caf358a0abd" member_type: VOTER last_known_addr { host: "127.0.107.195" port: 32867 } } peers { permanent_uuid: "42a56f2b60424e11a546c83ad8a0a45c" member_type: NON_VOTER last_known_addr { host: "127.0.107.196" port: 39031 } attrs { promote: true } }
W20260608 12:38:09.737164  3452 consensus_peers.cc:597] T 7b0189190d1e40718c5c03b6d0c9692f P 95f3933cd80346b7a2ab98ae77d22661 -> Peer 42a56f2b60424e11a546c83ad8a0a45c (127.0.107.196:39031): Couldn't send request to peer 42a56f2b60424e11a546c83ad8a0a45c. Error code: TABLET_NOT_FOUND (6). Status: Not found: Tablet not found: 7b0189190d1e40718c5c03b6d0c9692f. This is attempt 1: this message will repeat every 5th retry.
I20260608 12:38:09.741150  3634 raft_consensus.cc:1275] T 7b0189190d1e40718c5c03b6d0c9692f P 4175117858e04abaab071caf358a0abd [term 1 FOLLOWER]: Refusing update from remote peer 95f3933cd80346b7a2ab98ae77d22661: Log matching property violated. Preceding OpId in replica: term: 1 index: 1. Preceding OpId from leader: term: 1 index: 2. (index mismatch)
I20260608 12:38:09.742122  3562 raft_consensus.cc:1275] T 7b0189190d1e40718c5c03b6d0c9692f P 46332705ad374dddad3487ba799b8418 [term 1 FOLLOWER]: Refusing update from remote peer 95f3933cd80346b7a2ab98ae77d22661: Log matching property violated. Preceding OpId in replica: term: 1 index: 1. Preceding OpId from leader: term: 1 index: 2. (index mismatch)
I20260608 12:38:09.743393  3847 consensus_queue.cc:1048] T 7b0189190d1e40718c5c03b6d0c9692f P 95f3933cd80346b7a2ab98ae77d22661 [LEADER]: Connected to new peer: Peer: permanent_uuid: "4175117858e04abaab071caf358a0abd" member_type: VOTER last_known_addr { host: "127.0.107.195" port: 32867 }, Status: LMP_MISMATCH, Last received: 0.0, Next index: 2, Last known committed idx: 1, Time since last communication: 0.000s
I20260608 12:38:09.745226  3847 consensus_queue.cc:1048] T 7b0189190d1e40718c5c03b6d0c9692f P 95f3933cd80346b7a2ab98ae77d22661 [LEADER]: Connected to new peer: Peer: permanent_uuid: "46332705ad374dddad3487ba799b8418" member_type: VOTER last_known_addr { host: "127.0.107.194" port: 34071 } attrs { replace: true }, Status: LMP_MISMATCH, Last received: 0.0, Next index: 2, Last known committed idx: 1, Time since last communication: 0.000s
I20260608 12:38:09.753127  3932 raft_consensus.cc:2955] T 7b0189190d1e40718c5c03b6d0c9692f P 95f3933cd80346b7a2ab98ae77d22661 [term 1 LEADER]: Committing config change with OpId 1.2: config changed from index -1 to 2, NON_VOTER 42a56f2b60424e11a546c83ad8a0a45c (127.0.107.196) added. New config: { opid_index: 2 OBSOLETE_local: false peers { permanent_uuid: "46332705ad374dddad3487ba799b8418" member_type: VOTER last_known_addr { host: "127.0.107.194" port: 34071 } attrs { replace: true } } peers { permanent_uuid: "95f3933cd80346b7a2ab98ae77d22661" member_type: VOTER last_known_addr { host: "127.0.107.193" port: 45689 } } peers { permanent_uuid: "4175117858e04abaab071caf358a0abd" member_type: VOTER last_known_addr { host: "127.0.107.195" port: 32867 } } peers { permanent_uuid: "42a56f2b60424e11a546c83ad8a0a45c" member_type: NON_VOTER last_known_addr { host: "127.0.107.196" port: 39031 } attrs { promote: true } } }
I20260608 12:38:09.755457  3634 raft_consensus.cc:2955] T 7b0189190d1e40718c5c03b6d0c9692f P 4175117858e04abaab071caf358a0abd [term 1 FOLLOWER]: Committing config change with OpId 1.2: config changed from index -1 to 2, NON_VOTER 42a56f2b60424e11a546c83ad8a0a45c (127.0.107.196) added. New config: { opid_index: 2 OBSOLETE_local: false peers { permanent_uuid: "46332705ad374dddad3487ba799b8418" member_type: VOTER last_known_addr { host: "127.0.107.194" port: 34071 } attrs { replace: true } } peers { permanent_uuid: "95f3933cd80346b7a2ab98ae77d22661" member_type: VOTER last_known_addr { host: "127.0.107.193" port: 45689 } } peers { permanent_uuid: "4175117858e04abaab071caf358a0abd" member_type: VOTER last_known_addr { host: "127.0.107.195" port: 32867 } } peers { permanent_uuid: "42a56f2b60424e11a546c83ad8a0a45c" member_type: NON_VOTER last_known_addr { host: "127.0.107.196" port: 39031 } attrs { promote: true } } }
I20260608 12:38:09.756680  3562 raft_consensus.cc:2955] T 7b0189190d1e40718c5c03b6d0c9692f P 46332705ad374dddad3487ba799b8418 [term 1 FOLLOWER]: Committing config change with OpId 1.2: config changed from index -1 to 2, NON_VOTER 42a56f2b60424e11a546c83ad8a0a45c (127.0.107.196) added. New config: { opid_index: 2 OBSOLETE_local: false peers { permanent_uuid: "46332705ad374dddad3487ba799b8418" member_type: VOTER last_known_addr { host: "127.0.107.194" port: 34071 } attrs { replace: true } } peers { permanent_uuid: "95f3933cd80346b7a2ab98ae77d22661" member_type: VOTER last_known_addr { host: "127.0.107.193" port: 45689 } } peers { permanent_uuid: "4175117858e04abaab071caf358a0abd" member_type: VOTER last_known_addr { host: "127.0.107.195" port: 32867 } } peers { permanent_uuid: "42a56f2b60424e11a546c83ad8a0a45c" member_type: NON_VOTER last_known_addr { host: "127.0.107.196" port: 39031 } attrs { promote: true } } }
