W20260608 12:43:46.312268 17209 leader_election.cc:343] T 6deea88582284aa4b28712dd2bf6d3a0 P 022c117823c040fb891e75abbe5a9ae2 [CANDIDATE]: Term 1 pre-election: Tablet error from VoteRequest() call to peer 6805b93edb1142f99a81215802ca3eda (127.12.90.3:38799): Illegal state: must be running to vote when last-logged opid is not known
I20260608 12:43:46.320672 17170 tablet_service.cc:1917] Received RequestConsensusVote() RPC: tablet_id: "6deea88582284aa4b28712dd2bf6d3a0" candidate_uuid: "022c117823c040fb891e75abbe5a9ae2" candidate_term: 1 candidate_status { last_received { term: 0 index: 0 } } ignore_live_leader: false dest_uuid: "3e877275317448c9a9e0756c6e0f0e84" is_pre_election: true
W20260608 12:43:46.322719 17208 leader_election.cc:343] T 6deea88582284aa4b28712dd2bf6d3a0 P 022c117823c040fb891e75abbe5a9ae2 [CANDIDATE]: Term 1 pre-election: Tablet error from VoteRequest() call to peer 3e877275317448c9a9e0756c6e0f0e84 (127.12.90.1:35391): Illegal state: must be running to vote when last-logged opid is not known
I20260608 12:43:46.323261 17208 leader_election.cc:304] T 6deea88582284aa4b28712dd2bf6d3a0 P 022c117823c040fb891e75abbe5a9ae2 [CANDIDATE]: Term 1 pre-election: Election decided. Result: candidate lost. Election summary: received 3 responses out of 3 voters: 1 yes votes; 2 no votes. yes voters: 022c117823c040fb891e75abbe5a9ae2; no voters: 3e877275317448c9a9e0756c6e0f0e84, 6805b93edb1142f99a81215802ca3eda
I20260608 12:43:46.324575 17370 raft_consensus.cc:2749] T 6deea88582284aa4b28712dd2bf6d3a0 P 022c117823c040fb891e75abbe5a9ae2 [term 0 FOLLOWER]: Leader pre-election lost for term 1. Reason: could not achieve majority
I20260608 12:43:46.323537 17368 tablet_bootstrap.cc:492] T 06571319a588481a9b6fcb2ef1ed7e46 P 3e877275317448c9a9e0756c6e0f0e84: Bootstrap starting.
I20260608 12:43:46.332396 17368 tablet_bootstrap.cc:654] T 06571319a588481a9b6fcb2ef1ed7e46 P 3e877275317448c9a9e0756c6e0f0e84: Neither blocks nor log segments found. Creating new log.
I20260608 12:43:46.337201 17365 tablet_bootstrap.cc:492] T 737084a58efa472aa66611b70234aeeb P 022c117823c040fb891e75abbe5a9ae2: No bootstrap required, opened a new log
I20260608 12:43:46.337760 17365 ts_tablet_manager.cc:1403] T 737084a58efa472aa66611b70234aeeb P 022c117823c040fb891e75abbe5a9ae2: Time spent bootstrapping tablet: real 0.042s	user 0.025s	sys 0.016s
I20260608 12:43:46.337994 17366 tablet_bootstrap.cc:492] T 06571319a588481a9b6fcb2ef1ed7e46 P 6805b93edb1142f99a81215802ca3eda: No bootstrap required, opened a new log
I20260608 12:43:46.338485 17366 ts_tablet_manager.cc:1403] T 06571319a588481a9b6fcb2ef1ed7e46 P 6805b93edb1142f99a81215802ca3eda: Time spent bootstrapping tablet: real 0.041s	user 0.016s	sys 0.021s
I20260608 12:43:46.338855 17368 tablet_bootstrap.cc:492] T 06571319a588481a9b6fcb2ef1ed7e46 P 3e877275317448c9a9e0756c6e0f0e84: No bootstrap required, opened a new log
I20260608 12:43:46.339387 17368 ts_tablet_manager.cc:1403] T 06571319a588481a9b6fcb2ef1ed7e46 P 3e877275317448c9a9e0756c6e0f0e84: Time spent bootstrapping tablet: real 0.016s	user 0.007s	sys 0.005s
I20260608 12:43:46.340860 17371 raft_consensus.cc:493] T 737084a58efa472aa66611b70234aeeb P 6805b93edb1142f99a81215802ca3eda [term 0 FOLLOWER]: Starting pre-election (no leader contacted us within the election timeout)
I20260608 12:43:46.340919 17365 raft_consensus.cc:359] T 737084a58efa472aa66611b70234aeeb P 022c117823c040fb891e75abbe5a9ae2 [term 0 FOLLOWER]: Replica starting. Triggering 0 pending ops. Active config: opid_index: -1 OBSOLETE_local: false peers { permanent_uuid: "3e877275317448c9a9e0756c6e0f0e84" member_type: VOTER last_known_addr { host: "127.12.90.1" port: 35391 } } peers { permanent_uuid: "022c117823c040fb891e75abbe5a9ae2" member_type: VOTER last_known_addr { host: "127.12.90.2" port: 42173 } } peers { permanent_uuid: "6805b93edb1142f99a81215802ca3eda" member_type: VOTER last_known_addr { host: "127.12.90.3" port: 38799 } }
I20260608 12:43:46.341661 17382 raft_consensus.cc:493] T dfba81bd8ca4425e84c7d43b5f99a777 P 6805b93edb1142f99a81215802ca3eda [term 0 FOLLOWER]: Starting pre-election (no leader contacted us within the election timeout)
I20260608 12:43:46.341849 17365 raft_consensus.cc:385] T 737084a58efa472aa66611b70234aeeb P 022c117823c040fb891e75abbe5a9ae2 [term 0 FOLLOWER]: Consensus starting up: Expiring failure detector timer to make a prompt election more likely
I20260608 12:43:46.341588 17371 raft_consensus.cc:515] T 737084a58efa472aa66611b70234aeeb P 6805b93edb1142f99a81215802ca3eda [term 0 FOLLOWER]: Starting pre-election with config: opid_index: -1 OBSOLETE_local: false peers { permanent_uuid: "3e877275317448c9a9e0756c6e0f0e84" member_type: VOTER last_known_addr { host: "127.12.90.1" port: 35391 } } peers { permanent_uuid: "022c117823c040fb891e75abbe5a9ae2" member_type: VOTER last_known_addr { host: "127.12.90.2" port: 42173 } } peers { permanent_uuid: "6805b93edb1142f99a81215802ca3eda" member_type: VOTER last_known_addr { host: "127.12.90.3" port: 38799 } }
I20260608 12:43:46.342582 17365 raft_consensus.cc:740] T 737084a58efa472aa66611b70234aeeb P 022c117823c040fb891e75abbe5a9ae2 [term 0 FOLLOWER]: Becoming Follower/Learner. State: Replica: 022c117823c040fb891e75abbe5a9ae2, State: Initialized, Role: FOLLOWER
I20260608 12:43:46.342550 17368 raft_consensus.cc:359] T 06571319a588481a9b6fcb2ef1ed7e46 P 3e877275317448c9a9e0756c6e0f0e84 [term 0 FOLLOWER]: Replica starting. Triggering 0 pending ops. Active config: opid_index: -1 OBSOLETE_local: false peers { permanent_uuid: "3e877275317448c9a9e0756c6e0f0e84" member_type: VOTER last_known_addr { host: "127.12.90.1" port: 35391 } } peers { permanent_uuid: "022c117823c040fb891e75abbe5a9ae2" member_type: VOTER last_known_addr { host: "127.12.90.2" port: 42173 } } peers { permanent_uuid: "6805b93edb1142f99a81215802ca3eda" member_type: VOTER last_known_addr { host: "127.12.90.3" port: 38799 } }
I20260608 12:43:46.342712 17382 raft_consensus.cc:515] T dfba81bd8ca4425e84c7d43b5f99a777 P 6805b93edb1142f99a81215802ca3eda [term 0 FOLLOWER]: Starting pre-election with config: opid_index: -1 OBSOLETE_local: false peers { permanent_uuid: "3e877275317448c9a9e0756c6e0f0e84" member_type: VOTER last_known_addr { host: "127.12.90.1" port: 35391 } } peers { permanent_uuid: "022c117823c040fb891e75abbe5a9ae2" member_type: VOTER last_known_addr { host: "127.12.90.2" port: 42173 } } peers { permanent_uuid: "6805b93edb1142f99a81215802ca3eda" member_type: VOTER last_known_addr { host: "127.12.90.3" port: 38799 } }
I20260608 12:43:46.343876 17368 raft_consensus.cc:385] T 06571319a588481a9b6fcb2ef1ed7e46 P 3e877275317448c9a9e0756c6e0f0e84 [term 0 FOLLOWER]: Consensus starting up: Expiring failure detector timer to make a prompt election more likely
I20260608 12:43:46.344274 17368 raft_consensus.cc:740] T 06571319a588481a9b6fcb2ef1ed7e46 P 3e877275317448c9a9e0756c6e0f0e84 [term 0 FOLLOWER]: Becoming Follower/Learner. State: Replica: 3e877275317448c9a9e0756c6e0f0e84, State: Initialized, Role: FOLLOWER
I20260608 12:43:46.344102 17365 consensus_queue.cc:260] T 737084a58efa472aa66611b70234aeeb P 022c117823c040fb891e75abbe5a9ae2 [NON_LEADER]: Queue going to NON_LEADER mode. State: All replicated index: 0, Majority replicated index: 0, Committed index: 0, Last appended: 0.0, Last appended by leader: 0, Current term: 0, Majority size: -1, State: 0, Mode: NON_LEADER, active raft config: opid_index: -1 OBSOLETE_local: false peers { permanent_uuid: "3e877275317448c9a9e0756c6e0f0e84" member_type: VOTER last_known_addr { host: "127.12.90.1" port: 35391 } } peers { permanent_uuid: "022c117823c040fb891e75abbe5a9ae2" member_type: VOTER last_known_addr { host: "127.12.90.2" port: 42173 } } peers { permanent_uuid: "6805b93edb1142f99a81215802ca3eda" member_type: VOTER last_known_addr { host: "127.12.90.3" port: 38799 } }
I20260608 12:43:46.345464 17368 consensus_queue.cc:260] T 06571319a588481a9b6fcb2ef1ed7e46 P 3e877275317448c9a9e0756c6e0f0e84 [NON_LEADER]: Queue going to NON_LEADER mode. State: All replicated index: 0, Majority replicated index: 0, Committed index: 0, Last appended: 0.0, Last appended by leader: 0, Current term: 0, Majority size: -1, State: 0, Mode: NON_LEADER, active raft config: opid_index: -1 OBSOLETE_local: false peers { permanent_uuid: "3e877275317448c9a9e0756c6e0f0e84" member_type: VOTER last_known_addr { host: "127.12.90.1" port: 35391 } } peers { permanent_uuid: "022c117823c040fb891e75abbe5a9ae2" member_type: VOTER last_known_addr { host: "127.12.90.2" port: 42173 } } peers { permanent_uuid: "6805b93edb1142f99a81215802ca3eda" member_type: VOTER last_known_addr { host: "127.12.90.3" port: 38799 } }
I20260608 12:43:46.347849 17371 leader_election.cc:290] T 737084a58efa472aa66611b70234aeeb P 6805b93edb1142f99a81215802ca3eda [CANDIDATE]: Term 1 pre-election: Requested pre-vote from peers 3e877275317448c9a9e0756c6e0f0e84 (127.12.90.1:35391), 022c117823c040fb891e75abbe5a9ae2 (127.12.90.2:42173)
I20260608 12:43:46.348717 17365 ts_tablet_manager.cc:1434] T 737084a58efa472aa66611b70234aeeb P 022c117823c040fb891e75abbe5a9ae2: Time spent starting tablet: real 0.011s	user 0.006s	sys 0.003s
I20260608 12:43:46.349925 17365 tablet_bootstrap.cc:492] T 85f0e2d80978493088b1d98ae7fe16bc P 022c117823c040fb891e75abbe5a9ae2: Bootstrap starting.
I20260608 12:43:46.354352 17366 raft_consensus.cc:359] T 06571319a588481a9b6fcb2ef1ed7e46 P 6805b93edb1142f99a81215802ca3eda [term 0 FOLLOWER]: Replica starting. Triggering 0 pending ops. Active config: opid_index: -1 OBSOLETE_local: false peers { permanent_uuid: "3e877275317448c9a9e0756c6e0f0e84" member_type: VOTER last_known_addr { host: "127.12.90.1" port: 35391 } } peers { permanent_uuid: "022c117823c040fb891e75abbe5a9ae2" member_type: VOTER last_known_addr { host: "127.12.90.2" port: 42173 } } peers { permanent_uuid: "6805b93edb1142f99a81215802ca3eda" member_type: VOTER last_known_addr { host: "127.12.90.3" port: 38799 } }
I20260608 12:43:46.355059 17366 raft_consensus.cc:385] T 06571319a588481a9b6fcb2ef1ed7e46 P 6805b93edb1142f99a81215802ca3eda [term 0 FOLLOWER]: Consensus starting up: Expiring failure detector timer to make a prompt election more likely
I20260608 12:43:46.355345 17366 raft_consensus.cc:740] T 06571319a588481a9b6fcb2ef1ed7e46 P 6805b93edb1142f99a81215802ca3eda [term 0 FOLLOWER]: Becoming Follower/Learner. State: Replica: 6805b93edb1142f99a81215802ca3eda, State: Initialized, Role: FOLLOWER
I20260608 12:43:46.356055 17366 consensus_queue.cc:260] T 06571319a588481a9b6fcb2ef1ed7e46 P 6805b93edb1142f99a81215802ca3eda [NON_LEADER]: Queue going to NON_LEADER mode. State: All replicated index: 0, Majority replicated index: 0, Committed index: 0, Last appended: 0.0, Last appended by leader: 0, Current term: 0, Majority size: -1, State: 0, Mode: NON_LEADER, active raft config: opid_index: -1 OBSOLETE_local: false peers { permanent_uuid: "3e877275317448c9a9e0756c6e0f0e84" member_type: VOTER last_known_addr { host: "127.12.90.1" port: 35391 } } peers { permanent_uuid: "022c117823c040fb891e75abbe5a9ae2" member_type: VOTER last_known_addr { host: "127.12.90.2" port: 42173 } } peers { permanent_uuid: "6805b93edb1142f99a81215802ca3eda" member_type: VOTER last_known_addr { host: "127.12.90.3" port: 38799 } }
I20260608 12:43:46.356830 17365 tablet_bootstrap.cc:654] T 85f0e2d80978493088b1d98ae7fe16bc P 022c117823c040fb891e75abbe5a9ae2: Neither blocks nor log segments found. Creating new log.
I20260608 12:43:46.360554 17382 leader_election.cc:290] T dfba81bd8ca4425e84c7d43b5f99a777 P 6805b93edb1142f99a81215802ca3eda [CANDIDATE]: Term 1 pre-election: Requested pre-vote from peers 3e877275317448c9a9e0756c6e0f0e84 (127.12.90.1:35391), 022c117823c040fb891e75abbe5a9ae2 (127.12.90.2:42173)
I20260608 12:43:46.368237 17366 ts_tablet_manager.cc:1434] T 06571319a588481a9b6fcb2ef1ed7e46 P 6805b93edb1142f99a81215802ca3eda: Time spent starting tablet: real 0.029s	user 0.009s	sys 0.000s
I20260608 12:43:46.369299 17365 tablet_bootstrap.cc:492] T 85f0e2d80978493088b1d98ae7fe16bc P 022c117823c040fb891e75abbe5a9ae2: No bootstrap required, opened a new log
I20260608 12:43:46.369823 17365 ts_tablet_manager.cc:1403] T 85f0e2d80978493088b1d98ae7fe16bc P 022c117823c040fb891e75abbe5a9ae2: Time spent bootstrapping tablet: real 0.020s	user 0.012s	sys 0.006s
I20260608 12:43:46.369915 17366 tablet_bootstrap.cc:492] T c43ba6b2ba6a484abbc761ef7e24d6b8 P 6805b93edb1142f99a81215802ca3eda: Bootstrap starting.
W20260608 12:43:46.372637 17115 auto_rebalancer.cc:259] Could not retrieve cluster info: Service unavailable: Tablet not running
I20260608 12:43:46.373145 17365 raft_consensus.cc:359] T 85f0e2d80978493088b1d98ae7fe16bc P 022c117823c040fb891e75abbe5a9ae2 [term 0 FOLLOWER]: Replica starting. Triggering 0 pending ops. Active config: opid_index: -1 OBSOLETE_local: false peers { permanent_uuid: "3e877275317448c9a9e0756c6e0f0e84" member_type: VOTER last_known_addr { host: "127.12.90.1" port: 35391 } } peers { permanent_uuid: "022c117823c040fb891e75abbe5a9ae2" member_type: VOTER last_known_addr { host: "127.12.90.2" port: 42173 } } peers { permanent_uuid: "6805b93edb1142f99a81215802ca3eda" member_type: VOTER last_known_addr { host: "127.12.90.3" port: 38799 } }
I20260608 12:43:46.373857 17365 raft_consensus.cc:385] T 85f0e2d80978493088b1d98ae7fe16bc P 022c117823c040fb891e75abbe5a9ae2 [term 0 FOLLOWER]: Consensus starting up: Expiring failure detector timer to make a prompt election more likely
I20260608 12:43:46.374155 17365 raft_consensus.cc:740] T 85f0e2d80978493088b1d98ae7fe16bc P 022c117823c040fb891e75abbe5a9ae2 [term 0 FOLLOWER]: Becoming Follower/Learner. State: Replica: 022c117823c040fb891e75abbe5a9ae2, State: Initialized, Role: FOLLOWER
I20260608 12:43:46.375236 17365 consensus_queue.cc:260] T 85f0e2d80978493088b1d98ae7fe16bc P 022c117823c040fb891e75abbe5a9ae2 [NON_LEADER]: Queue going to NON_LEADER mode. State: All replicated index: 0, Majority replicated index: 0, Committed index: 0, Last appended: 0.0, Last appended by leader: 0, Current term: 0, Majority size: -1, State: 0, Mode: NON_LEADER, active raft config: opid_index: -1 OBSOLETE_local: false peers { permanent_uuid: "3e877275317448c9a9e0756c6e0f0e84" member_type: VOTER last_known_addr { host: "127.12.90.1" port: 35391 } } peers { permanent_uuid: "022c117823c040fb891e75abbe5a9ae2" member_type: VOTER last_known_addr { host: "127.12.90.2" port: 42173 } } peers { permanent_uuid: "6805b93edb1142f99a81215802ca3eda" member_type: VOTER last_known_addr { host: "127.12.90.3" port: 38799 } }
I20260608 12:43:46.381255 17170 tablet_service.cc:1917] Received RequestConsensusVote() RPC: tablet_id: "737084a58efa472aa66611b70234aeeb" candidate_uuid: "6805b93edb1142f99a81215802ca3eda" candidate_term: 1 candidate_status { last_received { term: 0 index: 0 } } ignore_live_leader: false dest_uuid: "3e877275317448c9a9e0756c6e0f0e84" is_pre_election: true
I20260608 12:43:46.382081 17368 ts_tablet_manager.cc:1434] T 06571319a588481a9b6fcb2ef1ed7e46 P 3e877275317448c9a9e0756c6e0f0e84: Time spent starting tablet: real 0.042s	user 0.007s	sys 0.004s
I20260608 12:43:46.382124 17169 tablet_service.cc:1917] Received RequestConsensusVote() RPC: tablet_id: "dfba81bd8ca4425e84c7d43b5f99a777" candidate_uuid: "6805b93edb1142f99a81215802ca3eda" candidate_term: 1 candidate_status { last_received { term: 0 index: 0 } } ignore_live_leader: false dest_uuid: "3e877275317448c9a9e0756c6e0f0e84" is_pre_election: true
W20260608 12:43:46.382994 17282 leader_election.cc:343] T 737084a58efa472aa66611b70234aeeb P 6805b93edb1142f99a81215802ca3eda [CANDIDATE]: Term 1 pre-election: Tablet error from VoteRequest() call to peer 3e877275317448c9a9e0756c6e0f0e84 (127.12.90.1:35391): Illegal state: must be running to vote when last-logged opid is not known
I20260608 12:43:46.383577 17368 tablet_bootstrap.cc:492] T fce75464a4a448309bf8fc1e7529cfe4 P 3e877275317448c9a9e0756c6e0f0e84: Bootstrap starting.
I20260608 12:43:46.385269 17365 ts_tablet_manager.cc:1434] T 85f0e2d80978493088b1d98ae7fe16bc P 022c117823c040fb891e75abbe5a9ae2: Time spent starting tablet: real 0.015s	user 0.006s	sys 0.002s
I20260608 12:43:46.389171 17366 tablet_bootstrap.cc:654] T c43ba6b2ba6a484abbc761ef7e24d6b8 P 6805b93edb1142f99a81215802ca3eda: Neither blocks nor log segments found. Creating new log.
I20260608 12:43:46.391444 17368 tablet_bootstrap.cc:654] T fce75464a4a448309bf8fc1e7529cfe4 P 3e877275317448c9a9e0756c6e0f0e84: Neither blocks nor log segments found. Creating new log.
W20260608 12:43:46.392045 17282 leader_election.cc:343] T dfba81bd8ca4425e84c7d43b5f99a777 P 6805b93edb1142f99a81215802ca3eda [CANDIDATE]: Term 1 pre-election: Tablet error from VoteRequest() call to peer 3e877275317448c9a9e0756c6e0f0e84 (127.12.90.1:35391): Illegal state: must be running to vote when last-logged opid is not known
I20260608 12:43:46.393306 17365 tablet_bootstrap.cc:492] T 787d23d3701749c989b215e27314b683 P 022c117823c040fb891e75abbe5a9ae2: Bootstrap starting.
I20260608 12:43:46.397603 17366 tablet_bootstrap.cc:492] T c43ba6b2ba6a484abbc761ef7e24d6b8 P 6805b93edb1142f99a81215802ca3eda: No bootstrap required, opened a new log
I20260608 12:43:46.398157 17366 ts_tablet_manager.cc:1403] T c43ba6b2ba6a484abbc761ef7e24d6b8 P 6805b93edb1142f99a81215802ca3eda: Time spent bootstrapping tablet: real 0.029s	user 0.011s	sys 0.000s
I20260608 12:43:46.398362 17245 tablet_service.cc:1917] Received RequestConsensusVote() RPC: tablet_id: "dfba81bd8ca4425e84c7d43b5f99a777" candidate_uuid: "6805b93edb1142f99a81215802ca3eda" candidate_term: 1 candidate_status { last_received { term: 0 index: 0 } } ignore_live_leader: false dest_uuid: "022c117823c040fb891e75abbe5a9ae2" is_pre_election: true
I20260608 12:43:46.400665 17365 tablet_bootstrap.cc:654] T 787d23d3701749c989b215e27314b683 P 022c117823c040fb891e75abbe5a9ae2: Neither blocks nor log segments found. Creating new log.
I20260608 12:43:46.401613 17366 raft_consensus.cc:359] T c43ba6b2ba6a484abbc761ef7e24d6b8 P 6805b93edb1142f99a81215802ca3eda [term 0 FOLLOWER]: Replica starting. Triggering 0 pending ops. Active config: opid_index: -1 OBSOLETE_local: false peers { permanent_uuid: "3e877275317448c9a9e0756c6e0f0e84" member_type: VOTER last_known_addr { host: "127.12.90.1" port: 35391 } } peers { permanent_uuid: "022c117823c040fb891e75abbe5a9ae2" member_type: VOTER last_known_addr { host: "127.12.90.2" port: 42173 } } peers { permanent_uuid: "6805b93edb1142f99a81215802ca3eda" member_type: VOTER last_known_addr { host: "127.12.90.3" port: 38799 } }
W20260608 12:43:46.402099 17284 leader_election.cc:343] T dfba81bd8ca4425e84c7d43b5f99a777 P 6805b93edb1142f99a81215802ca3eda [CANDIDATE]: Term 1 pre-election: Tablet error from VoteRequest() call to peer 022c117823c040fb891e75abbe5a9ae2 (127.12.90.2:42173): Illegal state: must be running to vote when last-logged opid is not known
I20260608 12:43:46.402398 17366 raft_consensus.cc:385] T c43ba6b2ba6a484abbc761ef7e24d6b8 P 6805b93edb1142f99a81215802ca3eda [term 0 FOLLOWER]: Consensus starting up: Expiring failure detector timer to make a prompt election more likely
I20260608 12:43:46.402776 17366 raft_consensus.cc:740] T c43ba6b2ba6a484abbc761ef7e24d6b8 P 6805b93edb1142f99a81215802ca3eda [term 0 FOLLOWER]: Becoming Follower/Learner. State: Replica: 6805b93edb1142f99a81215802ca3eda, State: Initialized, Role: FOLLOWER
I20260608 12:43:46.400854 17244 tablet_service.cc:1917] Received RequestConsensusVote() RPC: tablet_id: "737084a58efa472aa66611b70234aeeb" candidate_uuid: "6805b93edb1142f99a81215802ca3eda" candidate_term: 1 candidate_status { last_received { term: 0 index: 0 } } ignore_live_leader: false dest_uuid: "022c117823c040fb891e75abbe5a9ae2" is_pre_election: true
I20260608 12:43:46.404085 17244 raft_consensus.cc:2468] T 737084a58efa472aa66611b70234aeeb P 022c117823c040fb891e75abbe5a9ae2 [term 0 FOLLOWER]: Leader pre-election vote request: Granting yes vote for candidate 6805b93edb1142f99a81215802ca3eda in term 0.
I20260608 12:43:46.402757 17284 leader_election.cc:304] T dfba81bd8ca4425e84c7d43b5f99a777 P 6805b93edb1142f99a81215802ca3eda [CANDIDATE]: Term 1 pre-election: Election decided. Result: candidate lost. Election summary: received 3 responses out of 3 voters: 1 yes votes; 2 no votes. yes voters: 6805b93edb1142f99a81215802ca3eda; no voters: 022c117823c040fb891e75abbe5a9ae2, 3e877275317448c9a9e0756c6e0f0e84
I20260608 12:43:46.405902 17371 raft_consensus.cc:2749] T dfba81bd8ca4425e84c7d43b5f99a777 P 6805b93edb1142f99a81215802ca3eda [term 0 FOLLOWER]: Leader pre-election lost for term 1. Reason: could not achieve majority
I20260608 12:43:46.406602 17284 leader_election.cc:304] T 737084a58efa472aa66611b70234aeeb P 6805b93edb1142f99a81215802ca3eda [CANDIDATE]: Term 1 pre-election: Election decided. Result: candidate won. Election summary: received 3 responses out of 3 voters: 2 yes votes; 1 no votes. yes voters: 022c117823c040fb891e75abbe5a9ae2, 6805b93edb1142f99a81215802ca3eda; no voters: 3e877275317448c9a9e0756c6e0f0e84
I20260608 12:43:46.407526 17371 raft_consensus.cc:2804] T 737084a58efa472aa66611b70234aeeb P 6805b93edb1142f99a81215802ca3eda [term 0 FOLLOWER]: Leader pre-election won for term 1
I20260608 12:43:46.407972 17371 raft_consensus.cc:493] T 737084a58efa472aa66611b70234aeeb P 6805b93edb1142f99a81215802ca3eda [term 0 FOLLOWER]: Starting leader election (no leader contacted us within the election timeout)
I20260608 12:43:46.404093 17366 consensus_queue.cc:260] T c43ba6b2ba6a484abbc761ef7e24d6b8 P 6805b93edb1142f99a81215802ca3eda [NON_LEADER]: Queue going to NON_LEADER mode. State: All replicated index: 0, Majority replicated index: 0, Committed index: 0, Last appended: 0.0, Last appended by leader: 0, Current term: 0, Majority size: -1, State: 0, Mode: NON_LEADER, active raft config: opid_index: -1 OBSOLETE_local: false peers { permanent_uuid: "3e877275317448c9a9e0756c6e0f0e84" member_type: VOTER last_known_addr { host: "127.12.90.1" port: 35391 } } peers { permanent_uuid: "022c117823c040fb891e75abbe5a9ae2" member_type: VOTER last_known_addr { host: "127.12.90.2" port: 42173 } } peers { permanent_uuid: "6805b93edb1142f99a81215802ca3eda" member_type: VOTER last_known_addr { host: "127.12.90.3" port: 38799 } }
I20260608 12:43:46.408545 17371 raft_consensus.cc:3060] T 737084a58efa472aa66611b70234aeeb P 6805b93edb1142f99a81215802ca3eda [term 0 FOLLOWER]: Advancing to term 1
I20260608 12:43:46.411957 17366 ts_tablet_manager.cc:1434] T c43ba6b2ba6a484abbc761ef7e24d6b8 P 6805b93edb1142f99a81215802ca3eda: Time spent starting tablet: real 0.013s	user 0.009s	sys 0.000s
I20260608 12:43:46.413218 17366 tablet_bootstrap.cc:492] T 85f0e2d80978493088b1d98ae7fe16bc P 6805b93edb1142f99a81215802ca3eda: Bootstrap starting.
I20260608 12:43:46.416292 17370 raft_consensus.cc:493] T 06571319a588481a9b6fcb2ef1ed7e46 P 022c117823c040fb891e75abbe5a9ae2 [term 0 FOLLOWER]: Starting pre-election (no leader contacted us within the election timeout)
I20260608 12:43:46.416934 17370 raft_consensus.cc:515] T 06571319a588481a9b6fcb2ef1ed7e46 P 022c117823c040fb891e75abbe5a9ae2 [term 0 FOLLOWER]: Starting pre-election with config: opid_index: -1 OBSOLETE_local: false peers { permanent_uuid: "3e877275317448c9a9e0756c6e0f0e84" member_type: VOTER last_known_addr { host: "127.12.90.1" port: 35391 } } peers { permanent_uuid: "022c117823c040fb891e75abbe5a9ae2" member_type: VOTER last_known_addr { host: "127.12.90.2" port: 42173 } } peers { permanent_uuid: "6805b93edb1142f99a81215802ca3eda" member_type: VOTER last_known_addr { host: "127.12.90.3" port: 38799 } }
I20260608 12:43:46.417318 17371 raft_consensus.cc:515] T 737084a58efa472aa66611b70234aeeb P 6805b93edb1142f99a81215802ca3eda [term 1 FOLLOWER]: Starting leader election with config: opid_index: -1 OBSOLETE_local: false peers { permanent_uuid: "3e877275317448c9a9e0756c6e0f0e84" member_type: VOTER last_known_addr { host: "127.12.90.1" port: 35391 } } peers { permanent_uuid: "022c117823c040fb891e75abbe5a9ae2" member_type: VOTER last_known_addr { host: "127.12.90.2" port: 42173 } } peers { permanent_uuid: "6805b93edb1142f99a81215802ca3eda" member_type: VOTER last_known_addr { host: "127.12.90.3" port: 38799 } }
I20260608 12:43:46.408655 17368 tablet_bootstrap.cc:492] T fce75464a4a448309bf8fc1e7529cfe4 P 3e877275317448c9a9e0756c6e0f0e84: No bootstrap required, opened a new log
I20260608 12:43:46.420375 17368 ts_tablet_manager.cc:1403] T fce75464a4a448309bf8fc1e7529cfe4 P 3e877275317448c9a9e0756c6e0f0e84: Time spent bootstrapping tablet: real 0.037s	user 0.020s	sys 0.003s
I20260608 12:43:46.420451 17370 leader_election.cc:290] T 06571319a588481a9b6fcb2ef1ed7e46 P 022c117823c040fb891e75abbe5a9ae2 [CANDIDATE]: Term 1 pre-election: Requested pre-vote from peers 3e877275317448c9a9e0756c6e0f0e84 (127.12.90.1:35391), 6805b93edb1142f99a81215802ca3eda (127.12.90.3:38799)
I20260608 12:43:46.422070 17319 tablet_service.cc:1917] Received RequestConsensusVote() RPC: tablet_id: "06571319a588481a9b6fcb2ef1ed7e46" candidate_uuid: "022c117823c040fb891e75abbe5a9ae2" candidate_term: 1 candidate_status { last_received { term: 0 index: 0 } } ignore_live_leader: false dest_uuid: "6805b93edb1142f99a81215802ca3eda" is_pre_election: true
I20260608 12:43:46.423009 17319 raft_consensus.cc:2468] T 06571319a588481a9b6fcb2ef1ed7e46 P 6805b93edb1142f99a81215802ca3eda [term 0 FOLLOWER]: Leader pre-election vote request: Granting yes vote for candidate 022c117823c040fb891e75abbe5a9ae2 in term 0.
I20260608 12:43:46.423919 17368 raft_consensus.cc:359] T fce75464a4a448309bf8fc1e7529cfe4 P 3e877275317448c9a9e0756c6e0f0e84 [term 0 FOLLOWER]: Replica starting. Triggering 0 pending ops. Active config: opid_index: -1 OBSOLETE_local: false peers { permanent_uuid: "3e877275317448c9a9e0756c6e0f0e84" member_type: VOTER last_known_addr { host: "127.12.90.1" port: 35391 } } peers { permanent_uuid: "022c117823c040fb891e75abbe5a9ae2" member_type: VOTER last_known_addr { host: "127.12.90.2" port: 42173 } } peers { permanent_uuid: "6805b93edb1142f99a81215802ca3eda" member_type: VOTER last_known_addr { host: "127.12.90.3" port: 38799 } }
I20260608 12:43:46.424707 17368 raft_consensus.cc:385] T fce75464a4a448309bf8fc1e7529cfe4 P 3e877275317448c9a9e0756c6e0f0e84 [term 0 FOLLOWER]: Consensus starting up: Expiring failure detector timer to make a prompt election more likely
I20260608 12:43:46.425096 17368 raft_consensus.cc:740] T fce75464a4a448309bf8fc1e7529cfe4 P 3e877275317448c9a9e0756c6e0f0e84 [term 0 FOLLOWER]: Becoming Follower/Learner. State: Replica: 3e877275317448c9a9e0756c6e0f0e84, State: Initialized, Role: FOLLOWER
I20260608 12:43:46.424471 17169 tablet_service.cc:1917] Received RequestConsensusVote() RPC: tablet_id: "737084a58efa472aa66611b70234aeeb" candidate_uuid: "6805b93edb1142f99a81215802ca3eda" candidate_term: 1 candidate_status { last_received { term: 0 index: 0 } } ignore_live_leader: false dest_uuid: "3e877275317448c9a9e0756c6e0f0e84"
I20260608 12:43:46.426051 17368 consensus_queue.cc:260] T fce75464a4a448309bf8fc1e7529cfe4 P 3e877275317448c9a9e0756c6e0f0e84 [NON_LEADER]: Queue going to NON_LEADER mode. State: All replicated index: 0, Majority replicated index: 0, Committed index: 0, Last appended: 0.0, Last appended by leader: 0, Current term: 0, Majority size: -1, State: 0, Mode: NON_LEADER, active raft config: opid_index: -1 OBSOLETE_local: false peers { permanent_uuid: "3e877275317448c9a9e0756c6e0f0e84" member_type: VOTER last_known_addr { host: "127.12.90.1" port: 35391 } } peers { permanent_uuid: "022c117823c040fb891e75abbe5a9ae2" member_type: VOTER last_known_addr { host: "127.12.90.2" port: 42173 } } peers { permanent_uuid: "6805b93edb1142f99a81215802ca3eda" member_type: VOTER last_known_addr { host: "127.12.90.3" port: 38799 } }
W20260608 12:43:46.427798 17282 leader_election.cc:343] T 737084a58efa472aa66611b70234aeeb P 6805b93edb1142f99a81215802ca3eda [CANDIDATE]: Term 1 election: Tablet error from VoteRequest() call to peer 3e877275317448c9a9e0756c6e0f0e84 (127.12.90.1:35391): Illegal state: must be running to vote when last-logged opid is not known
I20260608 12:43:46.429085 17244 tablet_service.cc:1917] Received RequestConsensusVote() RPC: tablet_id: "737084a58efa472aa66611b70234aeeb" candidate_uuid: "6805b93edb1142f99a81215802ca3eda" candidate_term: 1 candidate_status { last_received { term: 0 index: 0 } } ignore_live_leader: false dest_uuid: "022c117823c040fb891e75abbe5a9ae2"
I20260608 12:43:46.429132 17209 leader_election.cc:304] T 06571319a588481a9b6fcb2ef1ed7e46 P 022c117823c040fb891e75abbe5a9ae2 [CANDIDATE]: Term 1 pre-election: Election decided. Result: candidate won. Election summary: received 2 responses out of 3 voters: 2 yes votes; 0 no votes. yes voters: 022c117823c040fb891e75abbe5a9ae2, 6805b93edb1142f99a81215802ca3eda; no voters: 
I20260608 12:43:46.425117 17170 tablet_service.cc:1917] Received RequestConsensusVote() RPC: tablet_id: "06571319a588481a9b6fcb2ef1ed7e46" candidate_uuid: "022c117823c040fb891e75abbe5a9ae2" candidate_term: 1 candidate_status { last_received { term: 0 index: 0 } } ignore_live_leader: false dest_uuid: "3e877275317448c9a9e0756c6e0f0e84" is_pre_election: true
I20260608 12:43:46.429852 17244 raft_consensus.cc:3060] T 737084a58efa472aa66611b70234aeeb P 022c117823c040fb891e75abbe5a9ae2 [term 0 FOLLOWER]: Advancing to term 1
I20260608 12:43:46.430183 17170 raft_consensus.cc:2468] T 06571319a588481a9b6fcb2ef1ed7e46 P 3e877275317448c9a9e0756c6e0f0e84 [term 0 FOLLOWER]: Leader pre-election vote request: Granting yes vote for candidate 022c117823c040fb891e75abbe5a9ae2 in term 0.
I20260608 12:43:46.430181 17370 raft_consensus.cc:2804] T 06571319a588481a9b6fcb2ef1ed7e46 P 022c117823c040fb891e75abbe5a9ae2 [term 0 FOLLOWER]: Leader pre-election won for term 1
I20260608 12:43:46.431468 17370 raft_consensus.cc:493] T 06571319a588481a9b6fcb2ef1ed7e46 P 022c117823c040fb891e75abbe5a9ae2 [term 0 FOLLOWER]: Starting leader election (no leader contacted us within the election timeout)
I20260608 12:43:46.431895 17365 tablet_bootstrap.cc:492] T 787d23d3701749c989b215e27314b683 P 022c117823c040fb891e75abbe5a9ae2: No bootstrap required, opened a new log
I20260608 12:43:46.432469 17365 ts_tablet_manager.cc:1403] T 787d23d3701749c989b215e27314b683 P 022c117823c040fb891e75abbe5a9ae2: Time spent bootstrapping tablet: real 0.039s	user 0.018s	sys 0.016s
I20260608 12:43:46.431838 17370 raft_consensus.cc:3060] T 06571319a588481a9b6fcb2ef1ed7e46 P 022c117823c040fb891e75abbe5a9ae2 [term 0 FOLLOWER]: Advancing to term 1
I20260608 12:43:46.435751 17365 raft_consensus.cc:359] T 787d23d3701749c989b215e27314b683 P 022c117823c040fb891e75abbe5a9ae2 [term 0 FOLLOWER]: Replica starting. Triggering 0 pending ops. Active config: opid_index: -1 OBSOLETE_local: false peers { permanent_uuid: "3e877275317448c9a9e0756c6e0f0e84" member_type: VOTER last_known_addr { host: "127.12.90.1" port: 35391 } } peers { permanent_uuid: "022c117823c040fb891e75abbe5a9ae2" member_type: VOTER last_known_addr { host: "127.12.90.2" port: 42173 } } peers { permanent_uuid: "6805b93edb1142f99a81215802ca3eda" member_type: VOTER last_known_addr { host: "127.12.90.3" port: 38799 } }
I20260608 12:43:46.436470 17365 raft_consensus.cc:385] T 787d23d3701749c989b215e27314b683 P 022c117823c040fb891e75abbe5a9ae2 [term 0 FOLLOWER]: Consensus starting up: Expiring failure detector timer to make a prompt election more likely
I20260608 12:43:46.436878 17365 raft_consensus.cc:740] T 787d23d3701749c989b215e27314b683 P 022c117823c040fb891e75abbe5a9ae2 [term 0 FOLLOWER]: Becoming Follower/Learner. State: Replica: 022c117823c040fb891e75abbe5a9ae2, State: Initialized, Role: FOLLOWER
I20260608 12:43:46.437566 17244 raft_consensus.cc:2468] T 737084a58efa472aa66611b70234aeeb P 022c117823c040fb891e75abbe5a9ae2 [term 1 FOLLOWER]: Leader election vote request: Granting yes vote for candidate 6805b93edb1142f99a81215802ca3eda in term 1.
I20260608 12:43:46.437683 17365 consensus_queue.cc:260] T 787d23d3701749c989b215e27314b683 P 022c117823c040fb891e75abbe5a9ae2 [NON_LEADER]: Queue going to NON_LEADER mode. State: All replicated index: 0, Majority replicated index: 0, Committed index: 0, Last appended: 0.0, Last appended by leader: 0, Current term: 0, Majority size: -1, State: 0, Mode: NON_LEADER, active raft config: opid_index: -1 OBSOLETE_local: false peers { permanent_uuid: "3e877275317448c9a9e0756c6e0f0e84" member_type: VOTER last_known_addr { host: "127.12.90.1" port: 35391 } } peers { permanent_uuid: "022c117823c040fb891e75abbe5a9ae2" member_type: VOTER last_known_addr { host: "127.12.90.2" port: 42173 } } peers { permanent_uuid: "6805b93edb1142f99a81215802ca3eda" member_type: VOTER last_known_addr { host: "127.12.90.3" port: 38799 } }
I20260608 12:43:46.438958 17284 leader_election.cc:304] T 737084a58efa472aa66611b70234aeeb P 6805b93edb1142f99a81215802ca3eda [CANDIDATE]: Term 1 election: Election decided. Result: candidate won. Election summary: received 3 responses out of 3 voters: 2 yes votes; 1 no votes. yes voters: 022c117823c040fb891e75abbe5a9ae2, 6805b93edb1142f99a81215802ca3eda; no voters: 3e877275317448c9a9e0756c6e0f0e84
I20260608 12:43:46.439980 17382 raft_consensus.cc:2804] T 737084a58efa472aa66611b70234aeeb P 6805b93edb1142f99a81215802ca3eda [term 1 FOLLOWER]: Leader election won for term 1
I20260608 12:43:46.440811 17365 ts_tablet_manager.cc:1434] T 787d23d3701749c989b215e27314b683 P 022c117823c040fb891e75abbe5a9ae2: Time spent starting tablet: real 0.008s	user 0.008s	sys 0.000s
I20260608 12:43:46.441787 17370 raft_consensus.cc:515] T 06571319a588481a9b6fcb2ef1ed7e46 P 022c117823c040fb891e75abbe5a9ae2 [term 1 FOLLOWER]: Starting leader election with config: opid_index: -1 OBSOLETE_local: false peers { permanent_uuid: "3e877275317448c9a9e0756c6e0f0e84" member_type: VOTER last_known_addr { host: "127.12.90.1" port: 35391 } } peers { permanent_uuid: "022c117823c040fb891e75abbe5a9ae2" member_type: VOTER last_known_addr { host: "127.12.90.2" port: 42173 } } peers { permanent_uuid: "6805b93edb1142f99a81215802ca3eda" member_type: VOTER last_known_addr { host: "127.12.90.3" port: 38799 } }
I20260608 12:43:46.442194 17365 tablet_bootstrap.cc:492] T 28e5dce86ec74c77bfa030b533760093 P 022c117823c040fb891e75abbe5a9ae2: Bootstrap starting.
I20260608 12:43:46.445087 17170 tablet_service.cc:1917] Received RequestConsensusVote() RPC: tablet_id: "06571319a588481a9b6fcb2ef1ed7e46" candidate_uuid: "022c117823c040fb891e75abbe5a9ae2" candidate_term: 1 candidate_status { last_received { term: 0 index: 0 } } ignore_live_leader: false dest_uuid: "3e877275317448c9a9e0756c6e0f0e84"
I20260608 12:43:46.445736 17170 raft_consensus.cc:3060] T 06571319a588481a9b6fcb2ef1ed7e46 P 3e877275317448c9a9e0756c6e0f0e84 [term 0 FOLLOWER]: Advancing to term 1
I20260608 12:43:46.435894 17371 leader_election.cc:290] T 737084a58efa472aa66611b70234aeeb P 6805b93edb1142f99a81215802ca3eda [CANDIDATE]: Term 1 election: Requested vote from peers 3e877275317448c9a9e0756c6e0f0e84 (127.12.90.1:35391), 022c117823c040fb891e75abbe5a9ae2 (127.12.90.2:42173)
I20260608 12:43:46.450110 17365 tablet_bootstrap.cc:654] T 28e5dce86ec74c77bfa030b533760093 P 022c117823c040fb891e75abbe5a9ae2: Neither blocks nor log segments found. Creating new log.
I20260608 12:43:46.452347 17368 ts_tablet_manager.cc:1434] T fce75464a4a448309bf8fc1e7529cfe4 P 3e877275317448c9a9e0756c6e0f0e84: Time spent starting tablet: real 0.032s	user 0.003s	sys 0.003s
I20260608 12:43:46.454587 17382 raft_consensus.cc:697] T 737084a58efa472aa66611b70234aeeb P 6805b93edb1142f99a81215802ca3eda [term 1 LEADER]: Becoming Leader. State: Replica: 6805b93edb1142f99a81215802ca3eda, State: Running, Role: LEADER
I20260608 12:43:46.455755 17382 consensus_queue.cc:237] T 737084a58efa472aa66611b70234aeeb P 6805b93edb1142f99a81215802ca3eda [LEADER]: Queue going to LEADER mode. State: All replicated index: 0, Majority replicated index: 0, Committed index: 0, Last appended: 0.0, Last appended by leader: 0, Current term: 1, Majority size: 2, State: 0, Mode: LEADER, active raft config: opid_index: -1 OBSOLETE_local: false peers { permanent_uuid: "3e877275317448c9a9e0756c6e0f0e84" member_type: VOTER last_known_addr { host: "127.12.90.1" port: 35391 } } peers { permanent_uuid: "022c117823c040fb891e75abbe5a9ae2" member_type: VOTER last_known_addr { host: "127.12.90.2" port: 42173 } } peers { permanent_uuid: "6805b93edb1142f99a81215802ca3eda" member_type: VOTER last_known_addr { host: "127.12.90.3" port: 38799 } }
I20260608 12:43:46.428040 17366 tablet_bootstrap.cc:654] T 85f0e2d80978493088b1d98ae7fe16bc P 6805b93edb1142f99a81215802ca3eda: Neither blocks nor log segments found. Creating new log.
I20260608 12:43:46.454867 17170 raft_consensus.cc:2468] T 06571319a588481a9b6fcb2ef1ed7e46 P 3e877275317448c9a9e0756c6e0f0e84 [term 1 FOLLOWER]: Leader election vote request: Granting yes vote for candidate 022c117823c040fb891e75abbe5a9ae2 in term 1.
I20260608 12:43:46.458729 17208 leader_election.cc:304] T 06571319a588481a9b6fcb2ef1ed7e46 P 022c117823c040fb891e75abbe5a9ae2 [CANDIDATE]: Term 1 election: Election decided. Result: candidate won. Election summary: received 2 responses out of 3 voters: 2 yes votes; 0 no votes. yes voters: 022c117823c040fb891e75abbe5a9ae2, 3e877275317448c9a9e0756c6e0f0e84; no voters: 
I20260608 12:43:46.460841 17368 tablet_bootstrap.cc:492] T 737084a58efa472aa66611b70234aeeb P 3e877275317448c9a9e0756c6e0f0e84: Bootstrap starting.
I20260608 12:43:46.457213 17319 tablet_service.cc:1917] Received RequestConsensusVote() RPC: tablet_id: "06571319a588481a9b6fcb2ef1ed7e46" candidate_uuid: "022c117823c040fb891e75abbe5a9ae2" candidate_term: 1 candidate_status { last_received { term: 0 index: 0 } } ignore_live_leader: false dest_uuid: "6805b93edb1142f99a81215802ca3eda"
I20260608 12:43:46.462141 17319 raft_consensus.cc:3060] T 06571319a588481a9b6fcb2ef1ed7e46 P 6805b93edb1142f99a81215802ca3eda [term 0 FOLLOWER]: Advancing to term 1
I20260608 12:43:46.456868 17370 leader_election.cc:290] T 06571319a588481a9b6fcb2ef1ed7e46 P 022c117823c040fb891e75abbe5a9ae2 [CANDIDATE]: Term 1 election: Requested vote from peers 3e877275317448c9a9e0756c6e0f0e84 (127.12.90.1:35391), 6805b93edb1142f99a81215802ca3eda (127.12.90.3:38799)
I20260608 12:43:46.465548 17370 raft_consensus.cc:2804] T 06571319a588481a9b6fcb2ef1ed7e46 P 022c117823c040fb891e75abbe5a9ae2 [term 1 FOLLOWER]: Leader election won for term 1
I20260608 12:43:46.466100 17370 raft_consensus.cc:697] T 06571319a588481a9b6fcb2ef1ed7e46 P 022c117823c040fb891e75abbe5a9ae2 [term 1 LEADER]: Becoming Leader. State: Replica: 022c117823c040fb891e75abbe5a9ae2, State: Running, Role: LEADER
I20260608 12:43:46.467024 17370 consensus_queue.cc:237] T 06571319a588481a9b6fcb2ef1ed7e46 P 022c117823c040fb891e75abbe5a9ae2 [LEADER]: Queue going to LEADER mode. State: All replicated index: 0, Majority replicated index: 0, Committed index: 0, Last appended: 0.0, Last appended by leader: 0, Current term: 1, Majority size: 2, State: 0, Mode: LEADER, active raft config: opid_index: -1 OBSOLETE_local: false peers { permanent_uuid: "3e877275317448c9a9e0756c6e0f0e84" member_type: VOTER last_known_addr { host: "127.12.90.1" port: 35391 } } peers { permanent_uuid: "022c117823c040fb891e75abbe5a9ae2" member_type: VOTER last_known_addr { host: "127.12.90.2" port: 42173 } } peers { permanent_uuid: "6805b93edb1142f99a81215802ca3eda" member_type: VOTER last_known_addr { host: "127.12.90.3" port: 38799 } }
I20260608 12:43:46.474613 17368 tablet_bootstrap.cc:654] T 737084a58efa472aa66611b70234aeeb P 3e877275317448c9a9e0756c6e0f0e84: Neither blocks nor log segments found. Creating new log.
I20260608 12:43:46.483758 17368 tablet_bootstrap.cc:492] T 737084a58efa472aa66611b70234aeeb P 3e877275317448c9a9e0756c6e0f0e84: No bootstrap required, opened a new log
I20260608 12:43:46.484376 17368 ts_tablet_manager.cc:1403] T 737084a58efa472aa66611b70234aeeb P 3e877275317448c9a9e0756c6e0f0e84: Time spent bootstrapping tablet: real 0.025s	user 0.011s	sys 0.003s
I20260608 12:43:46.485114 17066 catalog_manager.cc:5696] T 737084a58efa472aa66611b70234aeeb P 6805b93edb1142f99a81215802ca3eda reported cstate change: term changed from 0 to 1, leader changed from <none> to 6805b93edb1142f99a81215802ca3eda (127.12.90.3). New cstate: current_term: 1 leader_uuid: "6805b93edb1142f99a81215802ca3eda" committed_config { opid_index: -1 OBSOLETE_local: false peers { permanent_uuid: "3e877275317448c9a9e0756c6e0f0e84" member_type: VOTER last_known_addr { host: "127.12.90.1" port: 35391 } health_report { overall_health: UNKNOWN } } peers { permanent_uuid: "022c117823c040fb891e75abbe5a9ae2" member_type: VOTER last_known_addr { host: "127.12.90.2" port: 42173 } health_report { overall_health: UNKNOWN } } peers { permanent_uuid: "6805b93edb1142f99a81215802ca3eda" member_type: VOTER last_known_addr { host: "127.12.90.3" port: 38799 } health_report { overall_health: HEALTHY } } }
I20260608 12:43:46.486269 17382 raft_consensus.cc:493] T 7d4440b2623641a09bf3bbebbb62f44f P 6805b93edb1142f99a81215802ca3eda [term 0 FOLLOWER]: Starting pre-election (no leader contacted us within the election timeout)
I20260608 12:43:46.486905 17382 raft_consensus.cc:515] T 7d4440b2623641a09bf3bbebbb62f44f P 6805b93edb1142f99a81215802ca3eda [term 0 FOLLOWER]: Starting pre-election with config: opid_index: -1 OBSOLETE_local: false peers { permanent_uuid: "3e877275317448c9a9e0756c6e0f0e84" member_type: VOTER last_known_addr { host: "127.12.90.1" port: 35391 } } peers { permanent_uuid: "022c117823c040fb891e75abbe5a9ae2" member_type: VOTER last_known_addr { host: "127.12.90.2" port: 42173 } } peers { permanent_uuid: "6805b93edb1142f99a81215802ca3eda" member_type: VOTER last_known_addr { host: "127.12.90.3" port: 38799 } }
I20260608 12:43:46.489514 17392 raft_consensus.cc:493] T 787d23d3701749c989b215e27314b683 P 022c117823c040fb891e75abbe5a9ae2 [term 0 FOLLOWER]: Starting pre-election (no leader contacted us within the election timeout)
I20260608 12:43:46.491294 17244 tablet_service.cc:1917] Received RequestConsensusVote() RPC: tablet_id: "7d4440b2623641a09bf3bbebbb62f44f" candidate_uuid: "6805b93edb1142f99a81215802ca3eda" candidate_term: 1 candidate_status { last_received { term: 0 index: 0 } } ignore_live_leader: false dest_uuid: "022c117823c040fb891e75abbe5a9ae2" is_pre_election: true
I20260608 12:43:46.490084 17392 raft_consensus.cc:515] T 787d23d3701749c989b215e27314b683 P 022c117823c040fb891e75abbe5a9ae2 [term 0 FOLLOWER]: Starting pre-election with config: opid_index: -1 OBSOLETE_local: false peers { permanent_uuid: "3e877275317448c9a9e0756c6e0f0e84" member_type: VOTER last_known_addr { host: "127.12.90.1" port: 35391 } } peers { permanent_uuid: "022c117823c040fb891e75abbe5a9ae2" member_type: VOTER last_known_addr { host: "127.12.90.2" port: 42173 } } peers { permanent_uuid: "6805b93edb1142f99a81215802ca3eda" member_type: VOTER last_known_addr { host: "127.12.90.3" port: 38799 } }
W20260608 12:43:46.493065 17284 leader_election.cc:343] T 7d4440b2623641a09bf3bbebbb62f44f P 6805b93edb1142f99a81215802ca3eda [CANDIDATE]: Term 1 pre-election: Tablet error from VoteRequest() call to peer 022c117823c040fb891e75abbe5a9ae2 (127.12.90.2:42173): Illegal state: must be running to vote when last-logged opid is not known
I20260608 12:43:46.493707 17382 leader_election.cc:290] T 7d4440b2623641a09bf3bbebbb62f44f P 6805b93edb1142f99a81215802ca3eda [CANDIDATE]: Term 1 pre-election: Requested pre-vote from peers 3e877275317448c9a9e0756c6e0f0e84 (127.12.90.1:35391), 022c117823c040fb891e75abbe5a9ae2 (127.12.90.2:42173)
I20260608 12:43:46.491212 17170 tablet_service.cc:1917] Received RequestConsensusVote() RPC: tablet_id: "7d4440b2623641a09bf3bbebbb62f44f" candidate_uuid: "6805b93edb1142f99a81215802ca3eda" candidate_term: 1 candidate_status { last_received { term: 0 index: 0 } } ignore_live_leader: false dest_uuid: "3e877275317448c9a9e0756c6e0f0e84" is_pre_election: true
I20260608 12:43:46.494894 17169 tablet_service.cc:1917] Received RequestConsensusVote() RPC: tablet_id: "787d23d3701749c989b215e27314b683" candidate_uuid: "022c117823c040fb891e75abbe5a9ae2" candidate_term: 1 candidate_status { last_received { term: 0 index: 0 } } ignore_live_leader: false dest_uuid: "3e877275317448c9a9e0756c6e0f0e84" is_pre_election: true
W20260608 12:43:46.495726 17282 leader_election.cc:343] T 7d4440b2623641a09bf3bbebbb62f44f P 6805b93edb1142f99a81215802ca3eda [CANDIDATE]: Term 1 pre-election: Tablet error from VoteRequest() call to peer 3e877275317448c9a9e0756c6e0f0e84 (127.12.90.1:35391): Illegal state: must be running to vote when last-logged opid is not known
W20260608 12:43:46.496549 17208 leader_election.cc:343] T 787d23d3701749c989b215e27314b683 P 022c117823c040fb891e75abbe5a9ae2 [CANDIDATE]: Term 1 pre-election: Tablet error from VoteRequest() call to peer 3e877275317448c9a9e0756c6e0f0e84 (127.12.90.1:35391): Illegal state: must be running to vote when last-logged opid is not known
I20260608 12:43:46.496219 17282 leader_election.cc:304] T 7d4440b2623641a09bf3bbebbb62f44f P 6805b93edb1142f99a81215802ca3eda [CANDIDATE]: Term 1 pre-election: Election decided. Result: candidate lost. Election summary: received 3 responses out of 3 voters: 1 yes votes; 2 no votes. yes voters: 6805b93edb1142f99a81215802ca3eda; no voters: 022c117823c040fb891e75abbe5a9ae2, 3e877275317448c9a9e0756c6e0f0e84
I20260608 12:43:46.496201 17368 raft_consensus.cc:359] T 737084a58efa472aa66611b70234aeeb P 3e877275317448c9a9e0756c6e0f0e84 [term 0 FOLLOWER]: Replica starting. Triggering 0 pending ops. Active config: opid_index: -1 OBSOLETE_local: false peers { permanent_uuid: "3e877275317448c9a9e0756c6e0f0e84" member_type: VOTER last_known_addr { host: "127.12.90.1" port: 35391 } } peers { permanent_uuid: "022c117823c040fb891e75abbe5a9ae2" member_type: VOTER last_known_addr { host: "127.12.90.2" port: 42173 } } peers { permanent_uuid: "6805b93edb1142f99a81215802ca3eda" member_type: VOTER last_known_addr { host: "127.12.90.3" port: 38799 } }
I20260608 12:43:46.497421 17368 raft_consensus.cc:385] T 737084a58efa472aa66611b70234aeeb P 3e877275317448c9a9e0756c6e0f0e84 [term 0 FOLLOWER]: Consensus starting up: Expiring failure detector timer to make a prompt election more likely
I20260608 12:43:46.497756 17368 raft_consensus.cc:740] T 737084a58efa472aa66611b70234aeeb P 3e877275317448c9a9e0756c6e0f0e84 [term 0 FOLLOWER]: Becoming Follower/Learner. State: Replica: 3e877275317448c9a9e0756c6e0f0e84, State: Initialized, Role: FOLLOWER
I20260608 12:43:46.498054 17382 raft_consensus.cc:2749] T 7d4440b2623641a09bf3bbebbb62f44f P 6805b93edb1142f99a81215802ca3eda [term 0 FOLLOWER]: Leader pre-election lost for term 1. Reason: could not achieve majority
I20260608 12:43:46.498881 17368 consensus_queue.cc:260] T 737084a58efa472aa66611b70234aeeb P 3e877275317448c9a9e0756c6e0f0e84 [NON_LEADER]: Queue going to NON_LEADER mode. State: All replicated index: 0, Majority replicated index: 0, Committed index: 0, Last appended: 0.0, Last appended by leader: 0, Current term: 0, Majority size: -1, State: 0, Mode: NON_LEADER, active raft config: opid_index: -1 OBSOLETE_local: false peers { permanent_uuid: "3e877275317448c9a9e0756c6e0f0e84" member_type: VOTER last_known_addr { host: "127.12.90.1" port: 35391 } } peers { permanent_uuid: "022c117823c040fb891e75abbe5a9ae2" member_type: VOTER last_known_addr { host: "127.12.90.2" port: 42173 } } peers { permanent_uuid: "6805b93edb1142f99a81215802ca3eda" member_type: VOTER last_known_addr { host: "127.12.90.3" port: 38799 } }
I20260608 12:43:46.500339 17319 raft_consensus.cc:2468] T 06571319a588481a9b6fcb2ef1ed7e46 P 6805b93edb1142f99a81215802ca3eda [term 1 FOLLOWER]: Leader election vote request: Granting yes vote for candidate 022c117823c040fb891e75abbe5a9ae2 in term 1.
I20260608 12:43:46.502414 17392 leader_election.cc:290] T 787d23d3701749c989b215e27314b683 P 022c117823c040fb891e75abbe5a9ae2 [CANDIDATE]: Term 1 pre-election: Requested pre-vote from peers 3e877275317448c9a9e0756c6e0f0e84 (127.12.90.1:35391), 6805b93edb1142f99a81215802ca3eda (127.12.90.3:38799)
I20260608 12:43:46.504670 17366 tablet_bootstrap.cc:492] T 85f0e2d80978493088b1d98ae7fe16bc P 6805b93edb1142f99a81215802ca3eda: No bootstrap required, opened a new log
I20260608 12:43:46.505977 17319 tablet_service.cc:1917] Received RequestConsensusVote() RPC: tablet_id: "787d23d3701749c989b215e27314b683" candidate_uuid: "022c117823c040fb891e75abbe5a9ae2" candidate_term: 1 candidate_status { last_received { term: 0 index: 0 } } ignore_live_leader: false dest_uuid: "6805b93edb1142f99a81215802ca3eda" is_pre_election: true
I20260608 12:43:46.506595 17366 ts_tablet_manager.cc:1403] T 85f0e2d80978493088b1d98ae7fe16bc P 6805b93edb1142f99a81215802ca3eda: Time spent bootstrapping tablet: real 0.094s	user 0.016s	sys 0.003s
W20260608 12:43:46.507349 17209 leader_election.cc:343] T 787d23d3701749c989b215e27314b683 P 022c117823c040fb891e75abbe5a9ae2 [CANDIDATE]: Term 1 pre-election: Tablet error from VoteRequest() call to peer 6805b93edb1142f99a81215802ca3eda (127.12.90.3:38799): Illegal state: must be running to vote when last-logged opid is not known
I20260608 12:43:46.507853 17209 leader_election.cc:304] T 787d23d3701749c989b215e27314b683 P 022c117823c040fb891e75abbe5a9ae2 [CANDIDATE]: Term 1 pre-election: Election decided. Result: candidate lost. Election summary: received 3 responses out of 3 voters: 1 yes votes; 2 no votes. yes voters: 022c117823c040fb891e75abbe5a9ae2; no voters: 3e877275317448c9a9e0756c6e0f0e84, 6805b93edb1142f99a81215802ca3eda
I20260608 12:43:46.508584 17365 tablet_bootstrap.cc:492] T 28e5dce86ec74c77bfa030b533760093 P 022c117823c040fb891e75abbe5a9ae2: No bootstrap required, opened a new log
I20260608 12:43:46.509115 17365 ts_tablet_manager.cc:1403] T 28e5dce86ec74c77bfa030b533760093 P 022c117823c040fb891e75abbe5a9ae2: Time spent bootstrapping tablet: real 0.067s	user 0.023s	sys 0.042s
I20260608 12:43:46.510426 17368 ts_tablet_manager.cc:1434] T 737084a58efa472aa66611b70234aeeb P 3e877275317448c9a9e0756c6e0f0e84: Time spent starting tablet: real 0.026s	user 0.002s	sys 0.007s
