I20260608 12:43:08.925971 15900 raft_consensus.cc:515] T 4d3ed1f657204894a821ab198253437f P e9eb0da1edce41f4a15e68ba7c0e9709 [term 1 FOLLOWER]: Starting leader election with config: opid_index: -1 OBSOLETE_local: false peers { permanent_uuid: "e9eb0da1edce41f4a15e68ba7c0e9709" member_type: VOTER last_known_addr { host: "127.12.90.2" port: 46527 } } peers { permanent_uuid: "9b35ea1956d6481db11289827b8f7977" member_type: VOTER last_known_addr { host: "127.12.90.1" port: 46387 } } peers { permanent_uuid: "80c2133b431441f5a8e3fbc583ea1df9" member_type: VOTER last_known_addr { host: "127.12.90.3" port: 43131 } }
I20260608 12:43:08.927062 15874 ts_tablet_manager.cc:1434] T b6144d27dfd745688422196da5f77fff P 80c2133b431441f5a8e3fbc583ea1df9: Time spent starting tablet: real 0.015s	user 0.008s	sys 0.000s
I20260608 12:43:08.927320 15876 tablet_bootstrap.cc:492] T 1d0cb782b11342de8fee2a54125ecfc7 P e9eb0da1edce41f4a15e68ba7c0e9709: Bootstrap starting.
I20260608 12:43:08.928095 15874 tablet_bootstrap.cc:492] T 1d0cb782b11342de8fee2a54125ecfc7 P 80c2133b431441f5a8e3fbc583ea1df9: Bootstrap starting.
I20260608 12:43:08.928335 15900 leader_election.cc:290] T 4d3ed1f657204894a821ab198253437f P e9eb0da1edce41f4a15e68ba7c0e9709 [CANDIDATE]: Term 1 election: Requested vote from peers 9b35ea1956d6481db11289827b8f7977 (127.12.90.1:46387), 80c2133b431441f5a8e3fbc583ea1df9 (127.12.90.3:43131)
I20260608 12:43:08.931744 15828 tablet_service.cc:1917] Received RequestConsensusVote() RPC: tablet_id: "f6df8581c28e4f4cb0afa8a785fcc8cd" candidate_uuid: "e9eb0da1edce41f4a15e68ba7c0e9709" candidate_term: 1 candidate_status { last_received { term: 0 index: 0 } } ignore_live_leader: false dest_uuid: "80c2133b431441f5a8e3fbc583ea1df9"
I20260608 12:43:08.932447 15828 raft_consensus.cc:3060] T f6df8581c28e4f4cb0afa8a785fcc8cd P 80c2133b431441f5a8e3fbc583ea1df9 [term 0 FOLLOWER]: Advancing to term 1
I20260608 12:43:08.934175 15874 tablet_bootstrap.cc:654] T 1d0cb782b11342de8fee2a54125ecfc7 P 80c2133b431441f5a8e3fbc583ea1df9: Neither blocks nor log segments found. Creating new log.
I20260608 12:43:08.938814 15827 tablet_service.cc:1917] Received RequestConsensusVote() RPC: tablet_id: "4d3ed1f657204894a821ab198253437f" candidate_uuid: "e9eb0da1edce41f4a15e68ba7c0e9709" candidate_term: 1 candidate_status { last_received { term: 0 index: 0 } } ignore_live_leader: false dest_uuid: "80c2133b431441f5a8e3fbc583ea1df9"
I20260608 12:43:08.939262 15876 tablet_bootstrap.cc:654] T 1d0cb782b11342de8fee2a54125ecfc7 P e9eb0da1edce41f4a15e68ba7c0e9709: Neither blocks nor log segments found. Creating new log.
I20260608 12:43:08.939424 15827 raft_consensus.cc:3060] T 4d3ed1f657204894a821ab198253437f P 80c2133b431441f5a8e3fbc583ea1df9 [term 0 FOLLOWER]: Advancing to term 1
I20260608 12:43:08.944487 15828 raft_consensus.cc:2468] T f6df8581c28e4f4cb0afa8a785fcc8cd P 80c2133b431441f5a8e3fbc583ea1df9 [term 1 FOLLOWER]: Leader election vote request: Granting yes vote for candidate e9eb0da1edce41f4a15e68ba7c0e9709 in term 1.
I20260608 12:43:08.944923 15876 tablet_bootstrap.cc:492] T 1d0cb782b11342de8fee2a54125ecfc7 P e9eb0da1edce41f4a15e68ba7c0e9709: No bootstrap required, opened a new log
I20260608 12:43:08.945494 15876 ts_tablet_manager.cc:1403] T 1d0cb782b11342de8fee2a54125ecfc7 P e9eb0da1edce41f4a15e68ba7c0e9709: Time spent bootstrapping tablet: real 0.018s	user 0.012s	sys 0.000s
I20260608 12:43:08.946550 15678 tablet_service.cc:1917] Received RequestConsensusVote() RPC: tablet_id: "f6df8581c28e4f4cb0afa8a785fcc8cd" candidate_uuid: "e9eb0da1edce41f4a15e68ba7c0e9709" candidate_term: 1 candidate_status { last_received { term: 0 index: 0 } } ignore_live_leader: false dest_uuid: "9b35ea1956d6481db11289827b8f7977"
I20260608 12:43:08.947387 15678 raft_consensus.cc:3060] T f6df8581c28e4f4cb0afa8a785fcc8cd P 9b35ea1956d6481db11289827b8f7977 [term 0 FOLLOWER]: Advancing to term 1
I20260608 12:43:08.948426 15876 raft_consensus.cc:359] T 1d0cb782b11342de8fee2a54125ecfc7 P e9eb0da1edce41f4a15e68ba7c0e9709 [term 0 FOLLOWER]: Replica starting. Triggering 0 pending ops. Active config: opid_index: -1 OBSOLETE_local: false peers { permanent_uuid: "9b35ea1956d6481db11289827b8f7977" member_type: VOTER last_known_addr { host: "127.12.90.1" port: 46387 } } peers { permanent_uuid: "e9eb0da1edce41f4a15e68ba7c0e9709" member_type: VOTER last_known_addr { host: "127.12.90.2" port: 46527 } } peers { permanent_uuid: "80c2133b431441f5a8e3fbc583ea1df9" member_type: VOTER last_known_addr { host: "127.12.90.3" port: 43131 } }
I20260608 12:43:08.949203 15876 raft_consensus.cc:385] T 1d0cb782b11342de8fee2a54125ecfc7 P e9eb0da1edce41f4a15e68ba7c0e9709 [term 0 FOLLOWER]: Consensus starting up: Expiring failure detector timer to make a prompt election more likely
I20260608 12:43:08.949514 15876 raft_consensus.cc:740] T 1d0cb782b11342de8fee2a54125ecfc7 P e9eb0da1edce41f4a15e68ba7c0e9709 [term 0 FOLLOWER]: Becoming Follower/Learner. State: Replica: e9eb0da1edce41f4a15e68ba7c0e9709, State: Initialized, Role: FOLLOWER
I20260608 12:43:08.950314 15876 consensus_queue.cc:260] T 1d0cb782b11342de8fee2a54125ecfc7 P e9eb0da1edce41f4a15e68ba7c0e9709 [NON_LEADER]: Queue going to NON_LEADER mode. State: All replicated index: 0, Majority replicated index: 0, Committed index: 0, Last appended: 0.0, Last appended by leader: 0, Current term: 0, Majority size: -1, State: 0, Mode: NON_LEADER, active raft config: opid_index: -1 OBSOLETE_local: false peers { permanent_uuid: "9b35ea1956d6481db11289827b8f7977" member_type: VOTER last_known_addr { host: "127.12.90.1" port: 46387 } } peers { permanent_uuid: "e9eb0da1edce41f4a15e68ba7c0e9709" member_type: VOTER last_known_addr { host: "127.12.90.2" port: 46527 } } peers { permanent_uuid: "80c2133b431441f5a8e3fbc583ea1df9" member_type: VOTER last_known_addr { host: "127.12.90.3" port: 43131 } }
I20260608 12:43:08.952225 15827 raft_consensus.cc:2468] T 4d3ed1f657204894a821ab198253437f P 80c2133b431441f5a8e3fbc583ea1df9 [term 1 FOLLOWER]: Leader election vote request: Granting yes vote for candidate e9eb0da1edce41f4a15e68ba7c0e9709 in term 1.
I20260608 12:43:08.952919 15876 ts_tablet_manager.cc:1434] T 1d0cb782b11342de8fee2a54125ecfc7 P e9eb0da1edce41f4a15e68ba7c0e9709: Time spent starting tablet: real 0.007s	user 0.008s	sys 0.000s
I20260608 12:43:08.953552 15720 leader_election.cc:304] T 4d3ed1f657204894a821ab198253437f P e9eb0da1edce41f4a15e68ba7c0e9709 [CANDIDATE]: Term 1 election: Election decided. Result: candidate won. Election summary: received 2 responses out of 3 voters: 2 yes votes; 0 no votes. yes voters: 80c2133b431441f5a8e3fbc583ea1df9, e9eb0da1edce41f4a15e68ba7c0e9709; no voters: 
I20260608 12:43:08.953967 15876 tablet_bootstrap.cc:492] T 55c9728870bd4d0e9643225a055b8940 P e9eb0da1edce41f4a15e68ba7c0e9709: Bootstrap starting.
I20260608 12:43:08.954499 15882 raft_consensus.cc:2804] T 4d3ed1f657204894a821ab198253437f P e9eb0da1edce41f4a15e68ba7c0e9709 [term 1 FOLLOWER]: Leader election won for term 1
I20260608 12:43:08.954979 15882 raft_consensus.cc:697] T 4d3ed1f657204894a821ab198253437f P e9eb0da1edce41f4a15e68ba7c0e9709 [term 1 LEADER]: Becoming Leader. State: Replica: e9eb0da1edce41f4a15e68ba7c0e9709, State: Running, Role: LEADER
I20260608 12:43:08.955601 15874 tablet_bootstrap.cc:492] T 1d0cb782b11342de8fee2a54125ecfc7 P 80c2133b431441f5a8e3fbc583ea1df9: No bootstrap required, opened a new log
I20260608 12:43:08.956233 15874 ts_tablet_manager.cc:1403] T 1d0cb782b11342de8fee2a54125ecfc7 P 80c2133b431441f5a8e3fbc583ea1df9: Time spent bootstrapping tablet: real 0.028s	user 0.006s	sys 0.005s
I20260608 12:43:08.955811 15882 consensus_queue.cc:237] T 4d3ed1f657204894a821ab198253437f P e9eb0da1edce41f4a15e68ba7c0e9709 [LEADER]: Queue going to LEADER mode. State: All replicated index: 0, Majority replicated index: 0, Committed index: 0, Last appended: 0.0, Last appended by leader: 0, Current term: 1, Majority size: 2, State: 0, Mode: LEADER, active raft config: opid_index: -1 OBSOLETE_local: false peers { permanent_uuid: "e9eb0da1edce41f4a15e68ba7c0e9709" member_type: VOTER last_known_addr { host: "127.12.90.2" port: 46527 } } peers { permanent_uuid: "9b35ea1956d6481db11289827b8f7977" member_type: VOTER last_known_addr { host: "127.12.90.1" port: 46387 } } peers { permanent_uuid: "80c2133b431441f5a8e3fbc583ea1df9" member_type: VOTER last_known_addr { host: "127.12.90.3" port: 43131 } }
I20260608 12:43:08.960013 15874 raft_consensus.cc:359] T 1d0cb782b11342de8fee2a54125ecfc7 P 80c2133b431441f5a8e3fbc583ea1df9 [term 0 FOLLOWER]: Replica starting. Triggering 0 pending ops. Active config: opid_index: -1 OBSOLETE_local: false peers { permanent_uuid: "9b35ea1956d6481db11289827b8f7977" member_type: VOTER last_known_addr { host: "127.12.90.1" port: 46387 } } peers { permanent_uuid: "e9eb0da1edce41f4a15e68ba7c0e9709" member_type: VOTER last_known_addr { host: "127.12.90.2" port: 46527 } } peers { permanent_uuid: "80c2133b431441f5a8e3fbc583ea1df9" member_type: VOTER last_known_addr { host: "127.12.90.3" port: 43131 } }
I20260608 12:43:08.960647 15876 tablet_bootstrap.cc:654] T 55c9728870bd4d0e9643225a055b8940 P e9eb0da1edce41f4a15e68ba7c0e9709: Neither blocks nor log segments found. Creating new log.
I20260608 12:43:08.960961 15874 raft_consensus.cc:385] T 1d0cb782b11342de8fee2a54125ecfc7 P 80c2133b431441f5a8e3fbc583ea1df9 [term 0 FOLLOWER]: Consensus starting up: Expiring failure detector timer to make a prompt election more likely
I20260608 12:43:08.961357 15874 raft_consensus.cc:740] T 1d0cb782b11342de8fee2a54125ecfc7 P 80c2133b431441f5a8e3fbc583ea1df9 [term 0 FOLLOWER]: Becoming Follower/Learner. State: Replica: 80c2133b431441f5a8e3fbc583ea1df9, State: Initialized, Role: FOLLOWER
I20260608 12:43:08.962185 15881 raft_consensus.cc:493] T ce7e2b33c510486baec34a08f9ebc999 P 9b35ea1956d6481db11289827b8f7977 [term 0 FOLLOWER]: Starting pre-election (no leader contacted us within the election timeout)
I20260608 12:43:08.962313 15874 consensus_queue.cc:260] T 1d0cb782b11342de8fee2a54125ecfc7 P 80c2133b431441f5a8e3fbc583ea1df9 [NON_LEADER]: Queue going to NON_LEADER mode. State: All replicated index: 0, Majority replicated index: 0, Committed index: 0, Last appended: 0.0, Last appended by leader: 0, Current term: 0, Majority size: -1, State: 0, Mode: NON_LEADER, active raft config: opid_index: -1 OBSOLETE_local: false peers { permanent_uuid: "9b35ea1956d6481db11289827b8f7977" member_type: VOTER last_known_addr { host: "127.12.90.1" port: 46387 } } peers { permanent_uuid: "e9eb0da1edce41f4a15e68ba7c0e9709" member_type: VOTER last_known_addr { host: "127.12.90.2" port: 46527 } } peers { permanent_uuid: "80c2133b431441f5a8e3fbc583ea1df9" member_type: VOTER last_known_addr { host: "127.12.90.3" port: 43131 } }
I20260608 12:43:08.962749 15881 raft_consensus.cc:515] T ce7e2b33c510486baec34a08f9ebc999 P 9b35ea1956d6481db11289827b8f7977 [term 0 FOLLOWER]: Starting pre-election with config: opid_index: -1 OBSOLETE_local: false peers { permanent_uuid: "e9eb0da1edce41f4a15e68ba7c0e9709" member_type: VOTER last_known_addr { host: "127.12.90.2" port: 46527 } } peers { permanent_uuid: "9b35ea1956d6481db11289827b8f7977" member_type: VOTER last_known_addr { host: "127.12.90.1" port: 46387 } } peers { permanent_uuid: "80c2133b431441f5a8e3fbc583ea1df9" member_type: VOTER last_known_addr { host: "127.12.90.3" port: 43131 } }
I20260608 12:43:08.964838 15874 ts_tablet_manager.cc:1434] T 1d0cb782b11342de8fee2a54125ecfc7 P 80c2133b431441f5a8e3fbc583ea1df9: Time spent starting tablet: real 0.008s	user 0.007s	sys 0.001s
I20260608 12:43:08.965348 15679 tablet_service.cc:1917] Received RequestConsensusVote() RPC: tablet_id: "4d3ed1f657204894a821ab198253437f" candidate_uuid: "e9eb0da1edce41f4a15e68ba7c0e9709" candidate_term: 1 candidate_status { last_received { term: 0 index: 0 } } ignore_live_leader: false dest_uuid: "9b35ea1956d6481db11289827b8f7977"
I20260608 12:43:08.965961 15679 raft_consensus.cc:3060] T 4d3ed1f657204894a821ab198253437f P 9b35ea1956d6481db11289827b8f7977 [term 0 FOLLOWER]: Advancing to term 1
I20260608 12:43:08.969319 15881 leader_election.cc:290] T ce7e2b33c510486baec34a08f9ebc999 P 9b35ea1956d6481db11289827b8f7977 [CANDIDATE]: Term 1 pre-election: Requested pre-vote from peers e9eb0da1edce41f4a15e68ba7c0e9709 (127.12.90.2:46527), 80c2133b431441f5a8e3fbc583ea1df9 (127.12.90.3:43131)
I20260608 12:43:08.973672 15900 raft_consensus.cc:493] T 8cda8947b8664f5fb08a6741a2ffc844 P e9eb0da1edce41f4a15e68ba7c0e9709 [term 0 FOLLOWER]: Starting pre-election (no leader contacted us within the election timeout)
I20260608 12:43:08.974352 15900 raft_consensus.cc:515] T 8cda8947b8664f5fb08a6741a2ffc844 P e9eb0da1edce41f4a15e68ba7c0e9709 [term 0 FOLLOWER]: Starting pre-election with config: opid_index: -1 OBSOLETE_local: false peers { permanent_uuid: "9b35ea1956d6481db11289827b8f7977" member_type: VOTER last_known_addr { host: "127.12.90.1" port: 46387 } } peers { permanent_uuid: "e9eb0da1edce41f4a15e68ba7c0e9709" member_type: VOTER last_known_addr { host: "127.12.90.2" port: 46527 } } peers { permanent_uuid: "80c2133b431441f5a8e3fbc583ea1df9" member_type: VOTER last_known_addr { host: "127.12.90.3" port: 43131 } }
I20260608 12:43:08.977029 15900 leader_election.cc:290] T 8cda8947b8664f5fb08a6741a2ffc844 P e9eb0da1edce41f4a15e68ba7c0e9709 [CANDIDATE]: Term 1 pre-election: Requested pre-vote from peers 9b35ea1956d6481db11289827b8f7977 (127.12.90.1:46387), 80c2133b431441f5a8e3fbc583ea1df9 (127.12.90.3:43131)
I20260608 12:43:08.980687 15679 raft_consensus.cc:2468] T 4d3ed1f657204894a821ab198253437f P 9b35ea1956d6481db11289827b8f7977 [term 1 FOLLOWER]: Leader election vote request: Granting yes vote for candidate e9eb0da1edce41f4a15e68ba7c0e9709 in term 1.
I20260608 12:43:08.982571 15827 tablet_service.cc:1917] Received RequestConsensusVote() RPC: tablet_id: "8cda8947b8664f5fb08a6741a2ffc844" candidate_uuid: "e9eb0da1edce41f4a15e68ba7c0e9709" candidate_term: 1 candidate_status { last_received { term: 0 index: 0 } } ignore_live_leader: false dest_uuid: "80c2133b431441f5a8e3fbc583ea1df9" is_pre_election: true
I20260608 12:43:08.983284 15827 raft_consensus.cc:2468] T 8cda8947b8664f5fb08a6741a2ffc844 P 80c2133b431441f5a8e3fbc583ea1df9 [term 0 FOLLOWER]: Leader pre-election vote request: Granting yes vote for candidate e9eb0da1edce41f4a15e68ba7c0e9709 in term 0.
I20260608 12:43:08.984578 15720 leader_election.cc:304] T 8cda8947b8664f5fb08a6741a2ffc844 P e9eb0da1edce41f4a15e68ba7c0e9709 [CANDIDATE]: Term 1 pre-election: Election decided. Result: candidate won. Election summary: received 2 responses out of 3 voters: 2 yes votes; 0 no votes. yes voters: 80c2133b431441f5a8e3fbc583ea1df9, e9eb0da1edce41f4a15e68ba7c0e9709; no voters: 
I20260608 12:43:08.987246 15678 raft_consensus.cc:2468] T f6df8581c28e4f4cb0afa8a785fcc8cd P 9b35ea1956d6481db11289827b8f7977 [term 1 FOLLOWER]: Leader election vote request: Granting yes vote for candidate e9eb0da1edce41f4a15e68ba7c0e9709 in term 1.
I20260608 12:43:08.990425 15900 raft_consensus.cc:2804] T 8cda8947b8664f5fb08a6741a2ffc844 P e9eb0da1edce41f4a15e68ba7c0e9709 [term 0 FOLLOWER]: Leader pre-election won for term 1
I20260608 12:43:08.990916 15900 raft_consensus.cc:493] T 8cda8947b8664f5fb08a6741a2ffc844 P e9eb0da1edce41f4a15e68ba7c0e9709 [term 0 FOLLOWER]: Starting leader election (no leader contacted us within the election timeout)
I20260608 12:43:08.991288 15900 raft_consensus.cc:3060] T 8cda8947b8664f5fb08a6741a2ffc844 P e9eb0da1edce41f4a15e68ba7c0e9709 [term 0 FOLLOWER]: Advancing to term 1
I20260608 12:43:08.986091 15720 leader_election.cc:304] T f6df8581c28e4f4cb0afa8a785fcc8cd P e9eb0da1edce41f4a15e68ba7c0e9709 [CANDIDATE]: Term 1 election: Election decided. Result: candidate won. Election summary: received 2 responses out of 3 voters: 2 yes votes; 0 no votes. yes voters: 80c2133b431441f5a8e3fbc583ea1df9, e9eb0da1edce41f4a15e68ba7c0e9709; no voters: 
I20260608 12:43:08.997000 15882 raft_consensus.cc:2804] T f6df8581c28e4f4cb0afa8a785fcc8cd P e9eb0da1edce41f4a15e68ba7c0e9709 [term 1 FOLLOWER]: Leader election won for term 1
I20260608 12:43:08.998325 15678 tablet_service.cc:1917] Received RequestConsensusVote() RPC: tablet_id: "8cda8947b8664f5fb08a6741a2ffc844" candidate_uuid: "e9eb0da1edce41f4a15e68ba7c0e9709" candidate_term: 1 candidate_status { last_received { term: 0 index: 0 } } ignore_live_leader: false dest_uuid: "9b35ea1956d6481db11289827b8f7977" is_pre_election: true
I20260608 12:43:08.999022 15882 raft_consensus.cc:697] T f6df8581c28e4f4cb0afa8a785fcc8cd P e9eb0da1edce41f4a15e68ba7c0e9709 [term 1 LEADER]: Becoming Leader. State: Replica: e9eb0da1edce41f4a15e68ba7c0e9709, State: Running, Role: LEADER
I20260608 12:43:08.999145 15678 raft_consensus.cc:2468] T 8cda8947b8664f5fb08a6741a2ffc844 P 9b35ea1956d6481db11289827b8f7977 [term 0 FOLLOWER]: Leader pre-election vote request: Granting yes vote for candidate e9eb0da1edce41f4a15e68ba7c0e9709 in term 0.
I20260608 12:43:09.000370 15882 consensus_queue.cc:237] T f6df8581c28e4f4cb0afa8a785fcc8cd P e9eb0da1edce41f4a15e68ba7c0e9709 [LEADER]: Queue going to LEADER mode. State: All replicated index: 0, Majority replicated index: 0, Committed index: 0, Last appended: 0.0, Last appended by leader: 0, Current term: 1, Majority size: 2, State: 0, Mode: LEADER, active raft config: opid_index: -1 OBSOLETE_local: false peers { permanent_uuid: "80c2133b431441f5a8e3fbc583ea1df9" member_type: VOTER last_known_addr { host: "127.12.90.3" port: 43131 } } peers { permanent_uuid: "9b35ea1956d6481db11289827b8f7977" member_type: VOTER last_known_addr { host: "127.12.90.1" port: 46387 } } peers { permanent_uuid: "e9eb0da1edce41f4a15e68ba7c0e9709" member_type: VOTER last_known_addr { host: "127.12.90.2" port: 46527 } }
I20260608 12:43:09.001478 15574 catalog_manager.cc:5696] T 4d3ed1f657204894a821ab198253437f P e9eb0da1edce41f4a15e68ba7c0e9709 reported cstate change: term changed from 0 to 1, leader changed from <none> to e9eb0da1edce41f4a15e68ba7c0e9709 (127.12.90.2). New cstate: current_term: 1 leader_uuid: "e9eb0da1edce41f4a15e68ba7c0e9709" committed_config { opid_index: -1 OBSOLETE_local: false peers { permanent_uuid: "e9eb0da1edce41f4a15e68ba7c0e9709" member_type: VOTER last_known_addr { host: "127.12.90.2" port: 46527 } health_report { overall_health: HEALTHY } } peers { permanent_uuid: "9b35ea1956d6481db11289827b8f7977" member_type: VOTER last_known_addr { host: "127.12.90.1" port: 46387 } health_report { overall_health: UNKNOWN } } peers { permanent_uuid: "80c2133b431441f5a8e3fbc583ea1df9" member_type: VOTER last_known_addr { host: "127.12.90.3" port: 43131 } health_report { overall_health: UNKNOWN } } }
I20260608 12:43:09.005326 15881 raft_consensus.cc:493] T b6144d27dfd745688422196da5f77fff P 9b35ea1956d6481db11289827b8f7977 [term 0 FOLLOWER]: Starting pre-election (no leader contacted us within the election timeout)
I20260608 12:43:09.005466 15876 tablet_bootstrap.cc:492] T 55c9728870bd4d0e9643225a055b8940 P e9eb0da1edce41f4a15e68ba7c0e9709: No bootstrap required, opened a new log
I20260608 12:43:09.005263 15827 tablet_service.cc:1917] Received RequestConsensusVote() RPC: tablet_id: "ce7e2b33c510486baec34a08f9ebc999" candidate_uuid: "9b35ea1956d6481db11289827b8f7977" candidate_term: 1 candidate_status { last_received { term: 0 index: 0 } } ignore_live_leader: false dest_uuid: "80c2133b431441f5a8e3fbc583ea1df9" is_pre_election: true
I20260608 12:43:09.006608 15876 ts_tablet_manager.cc:1403] T 55c9728870bd4d0e9643225a055b8940 P e9eb0da1edce41f4a15e68ba7c0e9709: Time spent bootstrapping tablet: real 0.053s	user 0.021s	sys 0.024s
I20260608 12:43:09.006290 15881 raft_consensus.cc:515] T b6144d27dfd745688422196da5f77fff P 9b35ea1956d6481db11289827b8f7977 [term 0 FOLLOWER]: Starting pre-election with config: opid_index: -1 OBSOLETE_local: false peers { permanent_uuid: "9b35ea1956d6481db11289827b8f7977" member_type: VOTER last_known_addr { host: "127.12.90.1" port: 46387 } } peers { permanent_uuid: "e9eb0da1edce41f4a15e68ba7c0e9709" member_type: VOTER last_known_addr { host: "127.12.90.2" port: 46527 } } peers { permanent_uuid: "80c2133b431441f5a8e3fbc583ea1df9" member_type: VOTER last_known_addr { host: "127.12.90.3" port: 43131 } }
I20260608 12:43:09.006703 15827 raft_consensus.cc:2468] T ce7e2b33c510486baec34a08f9ebc999 P 80c2133b431441f5a8e3fbc583ea1df9 [term 0 FOLLOWER]: Leader pre-election vote request: Granting yes vote for candidate 9b35ea1956d6481db11289827b8f7977 in term 0.
I20260608 12:43:09.008370 15878 raft_consensus.cc:493] T c103fbccc8bf4734a7f43b416e6fb8c7 P 80c2133b431441f5a8e3fbc583ea1df9 [term 0 FOLLOWER]: Starting pre-election (no leader contacted us within the election timeout)
I20260608 12:43:09.008898 15878 raft_consensus.cc:515] T c103fbccc8bf4734a7f43b416e6fb8c7 P 80c2133b431441f5a8e3fbc583ea1df9 [term 0 FOLLOWER]: Starting pre-election with config: opid_index: -1 OBSOLETE_local: false peers { permanent_uuid: "9b35ea1956d6481db11289827b8f7977" member_type: VOTER last_known_addr { host: "127.12.90.1" port: 46387 } } peers { permanent_uuid: "e9eb0da1edce41f4a15e68ba7c0e9709" member_type: VOTER last_known_addr { host: "127.12.90.2" port: 46527 } } peers { permanent_uuid: "80c2133b431441f5a8e3fbc583ea1df9" member_type: VOTER last_known_addr { host: "127.12.90.3" port: 43131 } }
I20260608 12:43:09.009688 15876 raft_consensus.cc:359] T 55c9728870bd4d0e9643225a055b8940 P e9eb0da1edce41f4a15e68ba7c0e9709 [term 0 FOLLOWER]: Replica starting. Triggering 0 pending ops. Active config: opid_index: -1 OBSOLETE_local: false peers { permanent_uuid: "e9eb0da1edce41f4a15e68ba7c0e9709" member_type: VOTER last_known_addr { host: "127.12.90.2" port: 46527 } } peers { permanent_uuid: "9b35ea1956d6481db11289827b8f7977" member_type: VOTER last_known_addr { host: "127.12.90.1" port: 46387 } } peers { permanent_uuid: "80c2133b431441f5a8e3fbc583ea1df9" member_type: VOTER last_known_addr { host: "127.12.90.3" port: 43131 } }
I20260608 12:43:09.010423 15876 raft_consensus.cc:385] T 55c9728870bd4d0e9643225a055b8940 P e9eb0da1edce41f4a15e68ba7c0e9709 [term 0 FOLLOWER]: Consensus starting up: Expiring failure detector timer to make a prompt election more likely
I20260608 12:43:09.010730 15876 raft_consensus.cc:740] T 55c9728870bd4d0e9643225a055b8940 P e9eb0da1edce41f4a15e68ba7c0e9709 [term 0 FOLLOWER]: Becoming Follower/Learner. State: Replica: e9eb0da1edce41f4a15e68ba7c0e9709, State: Initialized, Role: FOLLOWER
I20260608 12:43:09.011474 15876 consensus_queue.cc:260] T 55c9728870bd4d0e9643225a055b8940 P e9eb0da1edce41f4a15e68ba7c0e9709 [NON_LEADER]: Queue going to NON_LEADER mode. State: All replicated index: 0, Majority replicated index: 0, Committed index: 0, Last appended: 0.0, Last appended by leader: 0, Current term: 0, Majority size: -1, State: 0, Mode: NON_LEADER, active raft config: opid_index: -1 OBSOLETE_local: false peers { permanent_uuid: "e9eb0da1edce41f4a15e68ba7c0e9709" member_type: VOTER last_known_addr { host: "127.12.90.2" port: 46527 } } peers { permanent_uuid: "9b35ea1956d6481db11289827b8f7977" member_type: VOTER last_known_addr { host: "127.12.90.1" port: 46387 } } peers { permanent_uuid: "80c2133b431441f5a8e3fbc583ea1df9" member_type: VOTER last_known_addr { host: "127.12.90.3" port: 43131 } }
I20260608 12:43:09.013919 15645 leader_election.cc:304] T ce7e2b33c510486baec34a08f9ebc999 P 9b35ea1956d6481db11289827b8f7977 [CANDIDATE]: Term 1 pre-election: Election decided. Result: candidate won. Election summary: received 2 responses out of 3 voters: 2 yes votes; 0 no votes. yes voters: 80c2133b431441f5a8e3fbc583ea1df9, 9b35ea1956d6481db11289827b8f7977; no voters: 
I20260608 12:43:09.014127 15900 raft_consensus.cc:515] T 8cda8947b8664f5fb08a6741a2ffc844 P e9eb0da1edce41f4a15e68ba7c0e9709 [term 1 FOLLOWER]: Starting leader election with config: opid_index: -1 OBSOLETE_local: false peers { permanent_uuid: "9b35ea1956d6481db11289827b8f7977" member_type: VOTER last_known_addr { host: "127.12.90.1" port: 46387 } } peers { permanent_uuid: "e9eb0da1edce41f4a15e68ba7c0e9709" member_type: VOTER last_known_addr { host: "127.12.90.2" port: 46527 } } peers { permanent_uuid: "80c2133b431441f5a8e3fbc583ea1df9" member_type: VOTER last_known_addr { host: "127.12.90.3" port: 43131 } }
I20260608 12:43:09.017252 15876 ts_tablet_manager.cc:1434] T 55c9728870bd4d0e9643225a055b8940 P e9eb0da1edce41f4a15e68ba7c0e9709: Time spent starting tablet: real 0.010s	user 0.005s	sys 0.001s
I20260608 12:43:09.018441 15827 tablet_service.cc:1917] Received RequestConsensusVote() RPC: tablet_id: "8cda8947b8664f5fb08a6741a2ffc844" candidate_uuid: "e9eb0da1edce41f4a15e68ba7c0e9709" candidate_term: 1 candidate_status { last_received { term: 0 index: 0 } } ignore_live_leader: false dest_uuid: "80c2133b431441f5a8e3fbc583ea1df9"
I20260608 12:43:09.019268 15827 raft_consensus.cc:3060] T 8cda8947b8664f5fb08a6741a2ffc844 P 80c2133b431441f5a8e3fbc583ea1df9 [term 0 FOLLOWER]: Advancing to term 1
I20260608 12:43:09.018608 15881 leader_election.cc:290] T b6144d27dfd745688422196da5f77fff P 9b35ea1956d6481db11289827b8f7977 [CANDIDATE]: Term 1 pre-election: Requested pre-vote from peers e9eb0da1edce41f4a15e68ba7c0e9709 (127.12.90.2:46527), 80c2133b431441f5a8e3fbc583ea1df9 (127.12.90.3:43131)
I20260608 12:43:09.020012 15881 raft_consensus.cc:2804] T ce7e2b33c510486baec34a08f9ebc999 P 9b35ea1956d6481db11289827b8f7977 [term 0 FOLLOWER]: Leader pre-election won for term 1
I20260608 12:43:09.020303 15881 raft_consensus.cc:493] T ce7e2b33c510486baec34a08f9ebc999 P 9b35ea1956d6481db11289827b8f7977 [term 0 FOLLOWER]: Starting leader election (no leader contacted us within the election timeout)
I20260608 12:43:09.020581 15881 raft_consensus.cc:3060] T ce7e2b33c510486baec34a08f9ebc999 P 9b35ea1956d6481db11289827b8f7977 [term 0 FOLLOWER]: Advancing to term 1
I20260608 12:43:09.021350 15878 leader_election.cc:290] T c103fbccc8bf4734a7f43b416e6fb8c7 P 80c2133b431441f5a8e3fbc583ea1df9 [CANDIDATE]: Term 1 pre-election: Requested pre-vote from peers 9b35ea1956d6481db11289827b8f7977 (127.12.90.1:46387), e9eb0da1edce41f4a15e68ba7c0e9709 (127.12.90.2:46527)
I20260608 12:43:09.025012 15754 tablet_service.cc:1917] Received RequestConsensusVote() RPC: tablet_id: "ce7e2b33c510486baec34a08f9ebc999" candidate_uuid: "9b35ea1956d6481db11289827b8f7977" candidate_term: 1 candidate_status { last_received { term: 0 index: 0 } } ignore_live_leader: false dest_uuid: "e9eb0da1edce41f4a15e68ba7c0e9709" is_pre_election: true
I20260608 12:43:09.026034 15754 raft_consensus.cc:2468] T ce7e2b33c510486baec34a08f9ebc999 P e9eb0da1edce41f4a15e68ba7c0e9709 [term 0 FOLLOWER]: Leader pre-election vote request: Granting yes vote for candidate 9b35ea1956d6481db11289827b8f7977 in term 0.
I20260608 12:43:09.027690 15753 tablet_service.cc:1917] Received RequestConsensusVote() RPC: tablet_id: "b6144d27dfd745688422196da5f77fff" candidate_uuid: "9b35ea1956d6481db11289827b8f7977" candidate_term: 1 candidate_status { last_received { term: 0 index: 0 } } ignore_live_leader: false dest_uuid: "e9eb0da1edce41f4a15e68ba7c0e9709" is_pre_election: true
I20260608 12:43:09.028456 15753 raft_consensus.cc:2468] T b6144d27dfd745688422196da5f77fff P e9eb0da1edce41f4a15e68ba7c0e9709 [term 0 FOLLOWER]: Leader pre-election vote request: Granting yes vote for candidate 9b35ea1956d6481db11289827b8f7977 in term 0.
I20260608 12:43:09.029034 15881 raft_consensus.cc:515] T ce7e2b33c510486baec34a08f9ebc999 P 9b35ea1956d6481db11289827b8f7977 [term 1 FOLLOWER]: Starting leader election with config: opid_index: -1 OBSOLETE_local: false peers { permanent_uuid: "e9eb0da1edce41f4a15e68ba7c0e9709" member_type: VOTER last_known_addr { host: "127.12.90.2" port: 46527 } } peers { permanent_uuid: "9b35ea1956d6481db11289827b8f7977" member_type: VOTER last_known_addr { host: "127.12.90.1" port: 46387 } } peers { permanent_uuid: "80c2133b431441f5a8e3fbc583ea1df9" member_type: VOTER last_known_addr { host: "127.12.90.3" port: 43131 } }
I20260608 12:43:09.030570 15900 leader_election.cc:290] T 8cda8947b8664f5fb08a6741a2ffc844 P e9eb0da1edce41f4a15e68ba7c0e9709 [CANDIDATE]: Term 1 election: Requested vote from peers 9b35ea1956d6481db11289827b8f7977 (127.12.90.1:46387), 80c2133b431441f5a8e3fbc583ea1df9 (127.12.90.3:43131)
I20260608 12:43:09.032409 15878 raft_consensus.cc:493] T 55c9728870bd4d0e9643225a055b8940 P 80c2133b431441f5a8e3fbc583ea1df9 [term 0 FOLLOWER]: Starting pre-election (no leader contacted us within the election timeout)
I20260608 12:43:09.032825 15826 tablet_service.cc:1917] Received RequestConsensusVote() RPC: tablet_id: "ce7e2b33c510486baec34a08f9ebc999" candidate_uuid: "9b35ea1956d6481db11289827b8f7977" candidate_term: 1 candidate_status { last_received { term: 0 index: 0 } } ignore_live_leader: false dest_uuid: "80c2133b431441f5a8e3fbc583ea1df9"
I20260608 12:43:09.033026 15878 raft_consensus.cc:515] T 55c9728870bd4d0e9643225a055b8940 P 80c2133b431441f5a8e3fbc583ea1df9 [term 0 FOLLOWER]: Starting pre-election with config: opid_index: -1 OBSOLETE_local: false peers { permanent_uuid: "e9eb0da1edce41f4a15e68ba7c0e9709" member_type: VOTER last_known_addr { host: "127.12.90.2" port: 46527 } } peers { permanent_uuid: "9b35ea1956d6481db11289827b8f7977" member_type: VOTER last_known_addr { host: "127.12.90.1" port: 46387 } } peers { permanent_uuid: "80c2133b431441f5a8e3fbc583ea1df9" member_type: VOTER last_known_addr { host: "127.12.90.3" port: 43131 } }
I20260608 12:43:09.033569 15826 raft_consensus.cc:3060] T ce7e2b33c510486baec34a08f9ebc999 P 80c2133b431441f5a8e3fbc583ea1df9 [term 0 FOLLOWER]: Advancing to term 1
I20260608 12:43:09.034469 15827 raft_consensus.cc:2468] T 8cda8947b8664f5fb08a6741a2ffc844 P 80c2133b431441f5a8e3fbc583ea1df9 [term 1 FOLLOWER]: Leader election vote request: Granting yes vote for candidate e9eb0da1edce41f4a15e68ba7c0e9709 in term 1.
I20260608 12:43:09.035931 15720 leader_election.cc:304] T 8cda8947b8664f5fb08a6741a2ffc844 P e9eb0da1edce41f4a15e68ba7c0e9709 [CANDIDATE]: Term 1 election: Election decided. Result: candidate won. Election summary: received 2 responses out of 3 voters: 2 yes votes; 0 no votes. yes voters: 80c2133b431441f5a8e3fbc583ea1df9, e9eb0da1edce41f4a15e68ba7c0e9709; no voters: 
I20260608 12:43:09.036255 15878 leader_election.cc:290] T 55c9728870bd4d0e9643225a055b8940 P 80c2133b431441f5a8e3fbc583ea1df9 [CANDIDATE]: Term 1 pre-election: Requested pre-vote from peers e9eb0da1edce41f4a15e68ba7c0e9709 (127.12.90.2:46527), 9b35ea1956d6481db11289827b8f7977 (127.12.90.1:46387)
I20260608 12:43:09.032994 15881 leader_election.cc:290] T ce7e2b33c510486baec34a08f9ebc999 P 9b35ea1956d6481db11289827b8f7977 [CANDIDATE]: Term 1 election: Requested vote from peers e9eb0da1edce41f4a15e68ba7c0e9709 (127.12.90.2:46527), 80c2133b431441f5a8e3fbc583ea1df9 (127.12.90.3:43131)
I20260608 12:43:09.037022 15900 raft_consensus.cc:2804] T 8cda8947b8664f5fb08a6741a2ffc844 P e9eb0da1edce41f4a15e68ba7c0e9709 [term 1 FOLLOWER]: Leader election won for term 1
I20260608 12:43:09.036969 15828 tablet_service.cc:1917] Received RequestConsensusVote() RPC: tablet_id: "b6144d27dfd745688422196da5f77fff" candidate_uuid: "9b35ea1956d6481db11289827b8f7977" candidate_term: 1 candidate_status { last_received { term: 0 index: 0 } } ignore_live_leader: false dest_uuid: "80c2133b431441f5a8e3fbc583ea1df9" is_pre_election: true
I20260608 12:43:09.037926 15900 raft_consensus.cc:697] T 8cda8947b8664f5fb08a6741a2ffc844 P e9eb0da1edce41f4a15e68ba7c0e9709 [term 1 LEADER]: Becoming Leader. State: Replica: e9eb0da1edce41f4a15e68ba7c0e9709, State: Running, Role: LEADER
I20260608 12:43:09.037943 15828 raft_consensus.cc:2468] T b6144d27dfd745688422196da5f77fff P 80c2133b431441f5a8e3fbc583ea1df9 [term 0 FOLLOWER]: Leader pre-election vote request: Granting yes vote for candidate 9b35ea1956d6481db11289827b8f7977 in term 0.
I20260608 12:43:09.039009 15900 consensus_queue.cc:237] T 8cda8947b8664f5fb08a6741a2ffc844 P e9eb0da1edce41f4a15e68ba7c0e9709 [LEADER]: Queue going to LEADER mode. State: All replicated index: 0, Majority replicated index: 0, Committed index: 0, Last appended: 0.0, Last appended by leader: 0, Current term: 1, Majority size: 2, State: 0, Mode: LEADER, active raft config: opid_index: -1 OBSOLETE_local: false peers { permanent_uuid: "9b35ea1956d6481db11289827b8f7977" member_type: VOTER last_known_addr { host: "127.12.90.1" port: 46387 } } peers { permanent_uuid: "e9eb0da1edce41f4a15e68ba7c0e9709" member_type: VOTER last_known_addr { host: "127.12.90.2" port: 46527 } } peers { permanent_uuid: "80c2133b431441f5a8e3fbc583ea1df9" member_type: VOTER last_known_addr { host: "127.12.90.3" port: 43131 } }
I20260608 12:43:09.039844 15645 leader_election.cc:304] T b6144d27dfd745688422196da5f77fff P 9b35ea1956d6481db11289827b8f7977 [CANDIDATE]: Term 1 pre-election: Election decided. Result: candidate won. Election summary: received 2 responses out of 3 voters: 2 yes votes; 0 no votes. yes voters: 80c2133b431441f5a8e3fbc583ea1df9, 9b35ea1956d6481db11289827b8f7977; no voters: 
I20260608 12:43:09.040830 15826 raft_consensus.cc:2468] T ce7e2b33c510486baec34a08f9ebc999 P 80c2133b431441f5a8e3fbc583ea1df9 [term 1 FOLLOWER]: Leader election vote request: Granting yes vote for candidate 9b35ea1956d6481db11289827b8f7977 in term 1.
I20260608 12:43:09.042224 15645 leader_election.cc:304] T ce7e2b33c510486baec34a08f9ebc999 P 9b35ea1956d6481db11289827b8f7977 [CANDIDATE]: Term 1 election: Election decided. Result: candidate won. Election summary: received 2 responses out of 3 voters: 2 yes votes; 0 no votes. yes voters: 80c2133b431441f5a8e3fbc583ea1df9, 9b35ea1956d6481db11289827b8f7977; no voters: 
I20260608 12:43:09.043313 15882 raft_consensus.cc:493] T c103fbccc8bf4734a7f43b416e6fb8c7 P e9eb0da1edce41f4a15e68ba7c0e9709 [term 0 FOLLOWER]: Starting pre-election (no leader contacted us within the election timeout)
I20260608 12:43:09.040894 15881 raft_consensus.cc:2804] T b6144d27dfd745688422196da5f77fff P 9b35ea1956d6481db11289827b8f7977 [term 0 FOLLOWER]: Leader pre-election won for term 1
I20260608 12:43:09.044015 15882 raft_consensus.cc:515] T c103fbccc8bf4734a7f43b416e6fb8c7 P e9eb0da1edce41f4a15e68ba7c0e9709 [term 0 FOLLOWER]: Starting pre-election with config: opid_index: -1 OBSOLETE_local: false peers { permanent_uuid: "9b35ea1956d6481db11289827b8f7977" member_type: VOTER last_known_addr { host: "127.12.90.1" port: 46387 } } peers { permanent_uuid: "e9eb0da1edce41f4a15e68ba7c0e9709" member_type: VOTER last_known_addr { host: "127.12.90.2" port: 46527 } } peers { permanent_uuid: "80c2133b431441f5a8e3fbc583ea1df9" member_type: VOTER last_known_addr { host: "127.12.90.3" port: 43131 } }
I20260608 12:43:09.044147 15881 raft_consensus.cc:493] T b6144d27dfd745688422196da5f77fff P 9b35ea1956d6481db11289827b8f7977 [term 0 FOLLOWER]: Starting leader election (no leader contacted us within the election timeout)
I20260608 12:43:09.045146 15881 raft_consensus.cc:3060] T b6144d27dfd745688422196da5f77fff P 9b35ea1956d6481db11289827b8f7977 [term 0 FOLLOWER]: Advancing to term 1
I20260608 12:43:09.046237 15753 tablet_service.cc:1917] Received RequestConsensusVote() RPC: tablet_id: "ce7e2b33c510486baec34a08f9ebc999" candidate_uuid: "9b35ea1956d6481db11289827b8f7977" candidate_term: 1 candidate_status { last_received { term: 0 index: 0 } } ignore_live_leader: false dest_uuid: "e9eb0da1edce41f4a15e68ba7c0e9709"
I20260608 12:43:09.046344 15678 tablet_service.cc:1917] Received RequestConsensusVote() RPC: tablet_id: "8cda8947b8664f5fb08a6741a2ffc844" candidate_uuid: "e9eb0da1edce41f4a15e68ba7c0e9709" candidate_term: 1 candidate_status { last_received { term: 0 index: 0 } } ignore_live_leader: false dest_uuid: "9b35ea1956d6481db11289827b8f7977"
I20260608 12:43:09.046882 15753 raft_consensus.cc:3060] T ce7e2b33c510486baec34a08f9ebc999 P e9eb0da1edce41f4a15e68ba7c0e9709 [term 0 FOLLOWER]: Advancing to term 1
I20260608 12:43:09.046872 15882 leader_election.cc:290] T c103fbccc8bf4734a7f43b416e6fb8c7 P e9eb0da1edce41f4a15e68ba7c0e9709 [CANDIDATE]: Term 1 pre-election: Requested pre-vote from peers 9b35ea1956d6481db11289827b8f7977 (127.12.90.1:46387), 80c2133b431441f5a8e3fbc583ea1df9 (127.12.90.3:43131)
I20260608 12:43:09.048662 15679 tablet_service.cc:1917] Received RequestConsensusVote() RPC: tablet_id: "c103fbccc8bf4734a7f43b416e6fb8c7" candidate_uuid: "e9eb0da1edce41f4a15e68ba7c0e9709" candidate_term: 1 candidate_status { last_received { term: 0 index: 0 } } ignore_live_leader: false dest_uuid: "9b35ea1956d6481db11289827b8f7977" is_pre_election: true
I20260608 12:43:09.049497 15679 raft_consensus.cc:2468] T c103fbccc8bf4734a7f43b416e6fb8c7 P 9b35ea1956d6481db11289827b8f7977 [term 0 FOLLOWER]: Leader pre-election vote request: Granting yes vote for candidate e9eb0da1edce41f4a15e68ba7c0e9709 in term 0.
I20260608 12:43:09.051796 15881 raft_consensus.cc:515] T b6144d27dfd745688422196da5f77fff P 9b35ea1956d6481db11289827b8f7977 [term 1 FOLLOWER]: Starting leader election with config: opid_index: -1 OBSOLETE_local: false peers { permanent_uuid: "9b35ea1956d6481db11289827b8f7977" member_type: VOTER last_known_addr { host: "127.12.90.1" port: 46387 } } peers { permanent_uuid: "e9eb0da1edce41f4a15e68ba7c0e9709" member_type: VOTER last_known_addr { host: "127.12.90.2" port: 46527 } } peers { permanent_uuid: "80c2133b431441f5a8e3fbc583ea1df9" member_type: VOTER last_known_addr { host: "127.12.90.3" port: 43131 } }
I20260608 12:43:09.047047 15678 raft_consensus.cc:3060] T 8cda8947b8664f5fb08a6741a2ffc844 P 9b35ea1956d6481db11289827b8f7977 [term 0 FOLLOWER]: Advancing to term 1
I20260608 12:43:09.054932 15826 tablet_service.cc:1917] Received RequestConsensusVote() RPC: tablet_id: "c103fbccc8bf4734a7f43b416e6fb8c7" candidate_uuid: "e9eb0da1edce41f4a15e68ba7c0e9709" candidate_term: 1 candidate_status { last_received { term: 0 index: 0 } } ignore_live_leader: false dest_uuid: "80c2133b431441f5a8e3fbc583ea1df9" is_pre_election: true
I20260608 12:43:09.055747 15826 raft_consensus.cc:2468] T c103fbccc8bf4734a7f43b416e6fb8c7 P 80c2133b431441f5a8e3fbc583ea1df9 [term 0 FOLLOWER]: Leader pre-election vote request: Granting yes vote for candidate e9eb0da1edce41f4a15e68ba7c0e9709 in term 0.
I20260608 12:43:09.054313 15753 raft_consensus.cc:2468] T ce7e2b33c510486baec34a08f9ebc999 P e9eb0da1edce41f4a15e68ba7c0e9709 [term 1 FOLLOWER]: Leader election vote request: Granting yes vote for candidate 9b35ea1956d6481db11289827b8f7977 in term 1.
I20260608 12:43:09.051939 15718 leader_election.cc:304] T c103fbccc8bf4734a7f43b416e6fb8c7 P e9eb0da1edce41f4a15e68ba7c0e9709 [CANDIDATE]: Term 1 pre-election: Election decided. Result: candidate won. Election summary: received 2 responses out of 3 voters: 2 yes votes; 0 no votes. yes voters: 9b35ea1956d6481db11289827b8f7977, e9eb0da1edce41f4a15e68ba7c0e9709; no voters: 
I20260608 12:43:09.060344 15900 raft_consensus.cc:2804] T c103fbccc8bf4734a7f43b416e6fb8c7 P e9eb0da1edce41f4a15e68ba7c0e9709 [term 0 FOLLOWER]: Leader pre-election won for term 1
I20260608 12:43:09.060874 15900 raft_consensus.cc:493] T c103fbccc8bf4734a7f43b416e6fb8c7 P e9eb0da1edce41f4a15e68ba7c0e9709 [term 0 FOLLOWER]: Starting leader election (no leader contacted us within the election timeout)
I20260608 12:43:09.061934 15900 raft_consensus.cc:3060] T c103fbccc8bf4734a7f43b416e6fb8c7 P e9eb0da1edce41f4a15e68ba7c0e9709 [term 0 FOLLOWER]: Advancing to term 1
I20260608 12:43:09.064523 15753 tablet_service.cc:1917] Received RequestConsensusVote() RPC: tablet_id: "c103fbccc8bf4734a7f43b416e6fb8c7" candidate_uuid: "80c2133b431441f5a8e3fbc583ea1df9" candidate_term: 1 candidate_status { last_received { term: 0 index: 0 } } ignore_live_leader: false dest_uuid: "e9eb0da1edce41f4a15e68ba7c0e9709" is_pre_election: true
I20260608 12:43:09.061101 15914 raft_consensus.cc:2804] T ce7e2b33c510486baec34a08f9ebc999 P 9b35ea1956d6481db11289827b8f7977 [term 1 FOLLOWER]: Leader election won for term 1
I20260608 12:43:09.066234 15754 tablet_service.cc:1917] Received RequestConsensusVote() RPC: tablet_id: "b6144d27dfd745688422196da5f77fff" candidate_uuid: "9b35ea1956d6481db11289827b8f7977" candidate_term: 1 candidate_status { last_received { term: 0 index: 0 } } ignore_live_leader: false dest_uuid: "e9eb0da1edce41f4a15e68ba7c0e9709"
I20260608 12:43:09.066547 15881 leader_election.cc:290] T b6144d27dfd745688422196da5f77fff P 9b35ea1956d6481db11289827b8f7977 [CANDIDATE]: Term 1 election: Requested vote from peers e9eb0da1edce41f4a15e68ba7c0e9709 (127.12.90.2:46527), 80c2133b431441f5a8e3fbc583ea1df9 (127.12.90.3:43131)
I20260608 12:43:09.066805 15752 tablet_service.cc:1917] Received RequestConsensusVote() RPC: tablet_id: "55c9728870bd4d0e9643225a055b8940" candidate_uuid: "80c2133b431441f5a8e3fbc583ea1df9" candidate_term: 1 candidate_status { last_received { term: 0 index: 0 } } ignore_live_leader: false dest_uuid: "e9eb0da1edce41f4a15e68ba7c0e9709" is_pre_election: true
I20260608 12:43:09.067111 15754 raft_consensus.cc:3060] T b6144d27dfd745688422196da5f77fff P e9eb0da1edce41f4a15e68ba7c0e9709 [term 0 FOLLOWER]: Advancing to term 1
I20260608 12:43:09.067221 15826 tablet_service.cc:1917] Received RequestConsensusVote() RPC: tablet_id: "b6144d27dfd745688422196da5f77fff" candidate_uuid: "9b35ea1956d6481db11289827b8f7977" candidate_term: 1 candidate_status { last_received { term: 0 index: 0 } } ignore_live_leader: false dest_uuid: "80c2133b431441f5a8e3fbc583ea1df9"
I20260608 12:43:09.067983 15752 raft_consensus.cc:2468] T 55c9728870bd4d0e9643225a055b8940 P e9eb0da1edce41f4a15e68ba7c0e9709 [term 0 FOLLOWER]: Leader pre-election vote request: Granting yes vote for candidate 80c2133b431441f5a8e3fbc583ea1df9 in term 0.
I20260608 12:43:09.068390 15826 raft_consensus.cc:3060] T b6144d27dfd745688422196da5f77fff P 80c2133b431441f5a8e3fbc583ea1df9 [term 0 FOLLOWER]: Advancing to term 1
I20260608 12:43:09.071548 15914 raft_consensus.cc:697] T ce7e2b33c510486baec34a08f9ebc999 P 9b35ea1956d6481db11289827b8f7977 [term 1 LEADER]: Becoming Leader. State: Replica: 9b35ea1956d6481db11289827b8f7977, State: Running, Role: LEADER
I20260608 12:43:09.071836 15793 leader_election.cc:304] T 55c9728870bd4d0e9643225a055b8940 P 80c2133b431441f5a8e3fbc583ea1df9 [CANDIDATE]: Term 1 pre-election: Election decided. Result: candidate won. Election summary: received 2 responses out of 3 voters: 2 yes votes; 0 no votes. yes voters: 80c2133b431441f5a8e3fbc583ea1df9, e9eb0da1edce41f4a15e68ba7c0e9709; no voters: 
I20260608 12:43:09.072901 15878 raft_consensus.cc:2804] T 55c9728870bd4d0e9643225a055b8940 P 80c2133b431441f5a8e3fbc583ea1df9 [term 0 FOLLOWER]: Leader pre-election won for term 1
I20260608 12:43:09.072502 15914 consensus_queue.cc:237] T ce7e2b33c510486baec34a08f9ebc999 P 9b35ea1956d6481db11289827b8f7977 [LEADER]: Queue going to LEADER mode. State: All replicated index: 0, Majority replicated index: 0, Committed index: 0, Last appended: 0.0, Last appended by leader: 0, Current term: 1, Majority size: 2, State: 0, Mode: LEADER, active raft config: opid_index: -1 OBSOLETE_local: false peers { permanent_uuid: "e9eb0da1edce41f4a15e68ba7c0e9709" member_type: VOTER last_known_addr { host: "127.12.90.2" port: 46527 } } peers { permanent_uuid: "9b35ea1956d6481db11289827b8f7977" member_type: VOTER last_known_addr { host: "127.12.90.1" port: 46387 } } peers { permanent_uuid: "80c2133b431441f5a8e3fbc583ea1df9" member_type: VOTER last_known_addr { host: "127.12.90.3" port: 43131 } }
I20260608 12:43:09.073355 15878 raft_consensus.cc:493] T 55c9728870bd4d0e9643225a055b8940 P 80c2133b431441f5a8e3fbc583ea1df9 [term 0 FOLLOWER]: Starting leader election (no leader contacted us within the election timeout)
I20260608 12:43:09.073849 15878 raft_consensus.cc:3060] T 55c9728870bd4d0e9643225a055b8940 P 80c2133b431441f5a8e3fbc583ea1df9 [term 0 FOLLOWER]: Advancing to term 1
I20260608 12:43:09.075372 15900 raft_consensus.cc:515] T c103fbccc8bf4734a7f43b416e6fb8c7 P e9eb0da1edce41f4a15e68ba7c0e9709 [term 1 FOLLOWER]: Starting leader election with config: opid_index: -1 OBSOLETE_local: false peers { permanent_uuid: "9b35ea1956d6481db11289827b8f7977" member_type: VOTER last_known_addr { host: "127.12.90.1" port: 46387 } } peers { permanent_uuid: "e9eb0da1edce41f4a15e68ba7c0e9709" member_type: VOTER last_known_addr { host: "127.12.90.2" port: 46527 } } peers { permanent_uuid: "80c2133b431441f5a8e3fbc583ea1df9" member_type: VOTER last_known_addr { host: "127.12.90.3" port: 43131 } }
I20260608 12:43:09.076781 15753 raft_consensus.cc:2393] T c103fbccc8bf4734a7f43b416e6fb8c7 P e9eb0da1edce41f4a15e68ba7c0e9709 [term 1 FOLLOWER]: Leader pre-election vote request: Denying vote to candidate 80c2133b431441f5a8e3fbc583ea1df9 in current term 1: Already voted for candidate e9eb0da1edce41f4a15e68ba7c0e9709 in this term.
I20260608 12:43:09.078565 15900 leader_election.cc:290] T c103fbccc8bf4734a7f43b416e6fb8c7 P e9eb0da1edce41f4a15e68ba7c0e9709 [CANDIDATE]: Term 1 election: Requested vote from peers 9b35ea1956d6481db11289827b8f7977 (127.12.90.1:46387), 80c2133b431441f5a8e3fbc583ea1df9 (127.12.90.3:43131)
I20260608 12:43:09.076295 15826 raft_consensus.cc:2468] T b6144d27dfd745688422196da5f77fff P 80c2133b431441f5a8e3fbc583ea1df9 [term 1 FOLLOWER]: Leader election vote request: Granting yes vote for candidate 9b35ea1956d6481db11289827b8f7977 in term 1.
I20260608 12:43:09.079835 15827 tablet_service.cc:1917] Received RequestConsensusVote() RPC: tablet_id: "c103fbccc8bf4734a7f43b416e6fb8c7" candidate_uuid: "e9eb0da1edce41f4a15e68ba7c0e9709" candidate_term: 1 candidate_status { last_received { term: 0 index: 0 } } ignore_live_leader: false dest_uuid: "80c2133b431441f5a8e3fbc583ea1df9"
I20260608 12:43:09.080276 15645 leader_election.cc:304] T b6144d27dfd745688422196da5f77fff P 9b35ea1956d6481db11289827b8f7977 [CANDIDATE]: Term 1 election: Election decided. Result: candidate won. Election summary: received 2 responses out of 3 voters: 2 yes votes; 0 no votes. yes voters: 80c2133b431441f5a8e3fbc583ea1df9, 9b35ea1956d6481db11289827b8f7977; no voters: 
I20260608 12:43:09.080506 15827 raft_consensus.cc:3060] T c103fbccc8bf4734a7f43b416e6fb8c7 P 80c2133b431441f5a8e3fbc583ea1df9 [term 0 FOLLOWER]: Advancing to term 1
I20260608 12:43:09.081197 15679 tablet_service.cc:1917] Received RequestConsensusVote() RPC: tablet_id: "c103fbccc8bf4734a7f43b416e6fb8c7" candidate_uuid: "e9eb0da1edce41f4a15e68ba7c0e9709" candidate_term: 1 candidate_status { last_received { term: 0 index: 0 } } ignore_live_leader: false dest_uuid: "9b35ea1956d6481db11289827b8f7977"
I20260608 12:43:09.081377 15918 raft_consensus.cc:2804] T b6144d27dfd745688422196da5f77fff P 9b35ea1956d6481db11289827b8f7977 [term 1 FOLLOWER]: Leader election won for term 1
I20260608 12:43:09.081804 15679 raft_consensus.cc:3060] T c103fbccc8bf4734a7f43b416e6fb8c7 P 9b35ea1956d6481db11289827b8f7977 [term 0 FOLLOWER]: Advancing to term 1
I20260608 12:43:09.082206 15918 raft_consensus.cc:697] T b6144d27dfd745688422196da5f77fff P 9b35ea1956d6481db11289827b8f7977 [term 1 LEADER]: Becoming Leader. State: Replica: 9b35ea1956d6481db11289827b8f7977, State: Running, Role: LEADER
I20260608 12:43:09.082966 15881 raft_consensus.cc:493] T 1d0cb782b11342de8fee2a54125ecfc7 P 9b35ea1956d6481db11289827b8f7977 [term 0 FOLLOWER]: Starting pre-election (no leader contacted us within the election timeout)
I20260608 12:43:09.083618 15881 raft_consensus.cc:515] T 1d0cb782b11342de8fee2a54125ecfc7 P 9b35ea1956d6481db11289827b8f7977 [term 0 FOLLOWER]: Starting pre-election with config: opid_index: -1 OBSOLETE_local: false peers { permanent_uuid: "9b35ea1956d6481db11289827b8f7977" member_type: VOTER last_known_addr { host: "127.12.90.1" port: 46387 } } peers { permanent_uuid: "e9eb0da1edce41f4a15e68ba7c0e9709" member_type: VOTER last_known_addr { host: "127.12.90.2" port: 46527 } } peers { permanent_uuid: "80c2133b431441f5a8e3fbc583ea1df9" member_type: VOTER last_known_addr { host: "127.12.90.3" port: 43131 } }
I20260608 12:43:09.087903 15753 tablet_service.cc:1917] Received RequestConsensusVote() RPC: tablet_id: "1d0cb782b11342de8fee2a54125ecfc7" candidate_uuid: "9b35ea1956d6481db11289827b8f7977" candidate_term: 1 candidate_status { last_received { term: 0 index: 0 } } ignore_live_leader: false dest_uuid: "e9eb0da1edce41f4a15e68ba7c0e9709" is_pre_election: true
I20260608 12:43:09.088358 15827 raft_consensus.cc:2468] T c103fbccc8bf4734a7f43b416e6fb8c7 P 80c2133b431441f5a8e3fbc583ea1df9 [term 1 FOLLOWER]: Leader election vote request: Granting yes vote for candidate e9eb0da1edce41f4a15e68ba7c0e9709 in term 1.
I20260608 12:43:09.089442 15881 leader_election.cc:290] T 1d0cb782b11342de8fee2a54125ecfc7 P 9b35ea1956d6481db11289827b8f7977 [CANDIDATE]: Term 1 pre-election: Requested pre-vote from peers e9eb0da1edce41f4a15e68ba7c0e9709 (127.12.90.2:46527), 80c2133b431441f5a8e3fbc583ea1df9 (127.12.90.3:43131)
I20260608 12:43:09.090101 15720 leader_election.cc:304] T c103fbccc8bf4734a7f43b416e6fb8c7 P e9eb0da1edce41f4a15e68ba7c0e9709 [CANDIDATE]: Term 1 election: Election decided. Result: candidate won. Election summary: received 2 responses out of 3 voters: 2 yes votes; 0 no votes. yes voters: 80c2133b431441f5a8e3fbc583ea1df9, e9eb0da1edce41f4a15e68ba7c0e9709; no voters: 
I20260608 12:43:09.090538 15918 consensus_queue.cc:237] T b6144d27dfd745688422196da5f77fff P 9b35ea1956d6481db11289827b8f7977 [LEADER]: Queue going to LEADER mode. State: All replicated index: 0, Majority replicated index: 0, Committed index: 0, Last appended: 0.0, Last appended by leader: 0, Current term: 1, Majority size: 2, State: 0, Mode: LEADER, active raft config: opid_index: -1 OBSOLETE_local: false peers { permanent_uuid: "9b35ea1956d6481db11289827b8f7977" member_type: VOTER last_known_addr { host: "127.12.90.1" port: 46387 } } peers { permanent_uuid: "e9eb0da1edce41f4a15e68ba7c0e9709" member_type: VOTER last_known_addr { host: "127.12.90.2" port: 46527 } } peers { permanent_uuid: "80c2133b431441f5a8e3fbc583ea1df9" member_type: VOTER last_known_addr { host: "127.12.90.3" port: 43131 } }
