[==========] Running 24 tests from 2 test suites.
[----------] Global test environment set-up.
[----------] 22 tests from AutoRebalancerTest
[ RUN      ] AutoRebalancerTest.OnlyLeaderDoesAutoRebalancing
WARNING: Logging before InitGoogleLogging() is written to STDERR
I20260608 12:41:43.969110 12633 internal_mini_cluster.cc:156] Creating distributed mini masters. Addrs: 127.12.86.126:40975,127.12.86.125:43229,127.12.86.124:35893
I20260608 12:41:43.971052 12633 env_posix.cc:2267] Not raising this process' open files per process limit of 1048576; it is already as high as it can go
I20260608 12:41:43.972180 12633 file_cache.cc:492] Constructed file cache file cache with capacity 419430
W20260608 12:41:43.987401 12640 instance_detector.cc:116] could not retrieve Azure instance metadata: Network error: curl error: HTTP response code said error: The requested URL returned error: 404
W20260608 12:41:43.987699 12639 instance_detector.cc:116] could not retrieve AWS instance metadata: Network error: curl error: HTTP response code said error: The requested URL returned error: 404
W20260608 12:41:43.989502 12642 instance_detector.cc:116] could not retrieve OpenStack instance metadata: Network error: curl error: HTTP response code said error: The requested URL returned error: 404
I20260608 12:41:43.989945 12633 server_base.cc:1061] running on GCE node
I20260608 12:41:45.198987 12633 hybrid_clock.cc:584] initializing the hybrid clock with 'system_unsync' time source
W20260608 12:41:45.199226 12633 system_unsync_time.cc:38] NTP support is disabled. Clock error bounds will not be accurate. This configuration is not suitable for distributed clusters.
I20260608 12:41:45.199384 12633 hybrid_clock.cc:648] HybridClock initialized: now 1780922505199367 us; error 0 us; skew 500 ppm
I20260608 12:41:45.200333 12633 server_base.cc:861] Flag tcmalloc_max_total_thread_cache_bytes is not working since tcmalloc is not enabled.
I20260608 12:41:45.205751 12633 webserver.cc:533] Webserver started at http://127.12.86.126:41333/ using document root <none> and password file <none>
I20260608 12:41:45.206600 12633 fs_manager.cc:362] Metadata directory not provided
I20260608 12:41:45.206801 12633 fs_manager.cc:368] Using write-ahead log directory (fs_wal_dir) as metadata directory
I20260608 12:41:45.207231 12633 server_base.cc:909] This appears to be a new deployment of Kudu; creating new FS layout
I20260608 12:41:45.213145 12633 fs_manager.cc:1068] Generated new instance metadata in path /tmp/dist-test-taskgjNCME/test-tmp/auto_rebalancer-test.0.AutoRebalancerTest.OnlyLeaderDoesAutoRebalancing.1780922503799816-12633-0/minicluster-data/master-0-root/instance:
uuid: "107dec1463fe4a438d938c787e433aa6"
format_stamp: "Formatted at 2026-06-08 12:41:45 on dist-test-slave-rv2g"
I20260608 12:41:45.221287 12633 fs_manager.cc:696] Time spent creating directory manager: real 0.007s	user 0.007s	sys 0.001s
I20260608 12:41:45.226737 12648 log_block_manager.cc:4031] Time spent loading block containers with low live blocks: real 0.000s	user 0.000s	sys 0.000s
I20260608 12:41:45.228199 12633 fs_manager.cc:730] Time spent opening block manager: real 0.004s	user 0.005s	sys 0.000s
I20260608 12:41:45.228585 12633 fs_manager.cc:647] Opened local filesystem: /tmp/dist-test-taskgjNCME/test-tmp/auto_rebalancer-test.0.AutoRebalancerTest.OnlyLeaderDoesAutoRebalancing.1780922503799816-12633-0/minicluster-data/master-0-root
uuid: "107dec1463fe4a438d938c787e433aa6"
format_stamp: "Formatted at 2026-06-08 12:41:45 on dist-test-slave-rv2g"
I20260608 12:41:45.228930 12633 fs_report.cc:389] FS layout report
--------------------
wal directory: /tmp/dist-test-taskgjNCME/test-tmp/auto_rebalancer-test.0.AutoRebalancerTest.OnlyLeaderDoesAutoRebalancing.1780922503799816-12633-0/minicluster-data/master-0-root
metadata directory: /tmp/dist-test-taskgjNCME/test-tmp/auto_rebalancer-test.0.AutoRebalancerTest.OnlyLeaderDoesAutoRebalancing.1780922503799816-12633-0/minicluster-data/master-0-root
1 data directories: /tmp/dist-test-taskgjNCME/test-tmp/auto_rebalancer-test.0.AutoRebalancerTest.OnlyLeaderDoesAutoRebalancing.1780922503799816-12633-0/minicluster-data/master-0-root/data
Total live blocks: 0
Total live bytes: 0
Total live bytes (after alignment): 0
Total number of LBM containers: 0 (0 full)
Did not check for missing blocks
Did not check for orphaned blocks
Total full LBM containers with extra space: 0 (0 repaired)
Total full LBM container extra space in bytes: 0 (0 repaired)
Total incomplete LBM containers: 0 (0 repaired)
Total LBM partial records: 0 (0 repaired)
Total corrupted LBM metadata records in RocksDB: 0 (0 repaired)
I20260608 12:41:45.286602 12633 rpc_server.cc:225] running with OpenSSL 1.1.1  11 Sep 2018
I20260608 12:41:45.288265 12633 env_posix.cc:2267] Not raising this process' running threads per effective uid limit of 18446744073709551615; it is already as high as it can go
I20260608 12:41:45.288755 12633 kserver.cc:163] Server-wide thread pool size limit: 3276
I20260608 12:41:45.362947 12633 rpc_server.cc:307] RPC server started. Bound to: 127.12.86.126:40975
I20260608 12:41:45.363044 12699 acceptor_pool.cc:272] collecting diagnostics on the listening RPC socket 127.12.86.126:40975 every 8 connection(s)
I20260608 12:41:45.369706 12633 file_cache.cc:492] Constructed file cache file cache with capacity 419430
I20260608 12:41:45.371713 12700 data_dirs.cc:400] Could only allocate 1 dirs of requested 3 for tablet 00000000000000000000000000000000. 1 dirs total, 0 dirs full, 0 dirs failed
W20260608 12:41:45.376789 12702 instance_detector.cc:116] could not retrieve AWS instance metadata: Network error: curl error: HTTP response code said error: The requested URL returned error: 404
W20260608 12:41:45.378031 12703 instance_detector.cc:116] could not retrieve Azure instance metadata: Network error: curl error: HTTP response code said error: The requested URL returned error: 404
W20260608 12:41:45.382586 12705 instance_detector.cc:116] could not retrieve OpenStack instance metadata: Network error: curl error: HTTP response code said error: The requested URL returned error: 404
I20260608 12:41:45.383320 12633 server_base.cc:1061] running on GCE node
I20260608 12:41:45.384083 12633 hybrid_clock.cc:584] initializing the hybrid clock with 'system_unsync' time source
W20260608 12:41:45.384364 12633 system_unsync_time.cc:38] NTP support is disabled. Clock error bounds will not be accurate. This configuration is not suitable for distributed clusters.
I20260608 12:41:45.384562 12633 hybrid_clock.cc:648] HybridClock initialized: now 1780922505384543 us; error 0 us; skew 500 ppm
I20260608 12:41:45.385191 12633 server_base.cc:861] Flag tcmalloc_max_total_thread_cache_bytes is not working since tcmalloc is not enabled.
I20260608 12:41:45.388939 12633 webserver.cc:533] Webserver started at http://127.12.86.125:33439/ using document root <none> and password file <none>
I20260608 12:41:45.389525 12633 fs_manager.cc:362] Metadata directory not provided
I20260608 12:41:45.389755 12633 fs_manager.cc:368] Using write-ahead log directory (fs_wal_dir) as metadata directory
I20260608 12:41:45.390046 12633 server_base.cc:909] This appears to be a new deployment of Kudu; creating new FS layout
I20260608 12:41:45.391124 12633 fs_manager.cc:1068] Generated new instance metadata in path /tmp/dist-test-taskgjNCME/test-tmp/auto_rebalancer-test.0.AutoRebalancerTest.OnlyLeaderDoesAutoRebalancing.1780922503799816-12633-0/minicluster-data/master-1-root/instance:
uuid: "4871bdb90c6f4e82b308c9d36d333919"
format_stamp: "Formatted at 2026-06-08 12:41:45 on dist-test-slave-rv2g"
I20260608 12:41:45.393190 12700 sys_catalog.cc:422] member_type: VOTER last_known_addr { host: "127.12.86.126" port: 40975 } has no permanent_uuid. Determining permanent_uuid...
I20260608 12:41:45.396802 12633 fs_manager.cc:696] Time spent creating directory manager: real 0.005s	user 0.005s	sys 0.002s
I20260608 12:41:45.403836 12712 log_block_manager.cc:4031] Time spent loading block containers with low live blocks: real 0.000s	user 0.000s	sys 0.000s
I20260608 12:41:45.404906 12633 fs_manager.cc:730] Time spent opening block manager: real 0.005s	user 0.002s	sys 0.001s
I20260608 12:41:45.405218 12633 fs_manager.cc:647] Opened local filesystem: /tmp/dist-test-taskgjNCME/test-tmp/auto_rebalancer-test.0.AutoRebalancerTest.OnlyLeaderDoesAutoRebalancing.1780922503799816-12633-0/minicluster-data/master-1-root
uuid: "4871bdb90c6f4e82b308c9d36d333919"
format_stamp: "Formatted at 2026-06-08 12:41:45 on dist-test-slave-rv2g"
I20260608 12:41:45.405520 12633 fs_report.cc:389] FS layout report
--------------------
wal directory: /tmp/dist-test-taskgjNCME/test-tmp/auto_rebalancer-test.0.AutoRebalancerTest.OnlyLeaderDoesAutoRebalancing.1780922503799816-12633-0/minicluster-data/master-1-root
metadata directory: /tmp/dist-test-taskgjNCME/test-tmp/auto_rebalancer-test.0.AutoRebalancerTest.OnlyLeaderDoesAutoRebalancing.1780922503799816-12633-0/minicluster-data/master-1-root
1 data directories: /tmp/dist-test-taskgjNCME/test-tmp/auto_rebalancer-test.0.AutoRebalancerTest.OnlyLeaderDoesAutoRebalancing.1780922503799816-12633-0/minicluster-data/master-1-root/data
Total live blocks: 0
Total live bytes: 0
Total live bytes (after alignment): 0
Total number of LBM containers: 0 (0 full)
Did not check for missing blocks
Did not check for orphaned blocks
Total full LBM containers with extra space: 0 (0 repaired)
Total full LBM container extra space in bytes: 0 (0 repaired)
Total incomplete LBM containers: 0 (0 repaired)
Total LBM partial records: 0 (0 repaired)
Total corrupted LBM metadata records in RocksDB: 0 (0 repaired)
I20260608 12:41:45.426693 12700 sys_catalog.cc:422] member_type: VOTER last_known_addr { host: "127.12.86.125" port: 43229 } has no permanent_uuid. Determining permanent_uuid...
W20260608 12:41:45.429339 12652 proxy.cc:239] Call had error, refreshing address and retrying: Network error: Client connection negotiation failed: client connection to 127.12.86.125:43229: connect: Connection refused (error 111)
W20260608 12:41:45.433904 12700 consensus_peers.cc:760] Error getting permanent uuid from config peer 127.12.86.125:43229: Network error: Client connection negotiation failed: client connection to 127.12.86.125:43229: connect: Connection refused (error 111)
I20260608 12:41:45.443022 12633 rpc_server.cc:225] running with OpenSSL 1.1.1  11 Sep 2018
I20260608 12:41:45.444523 12633 kserver.cc:163] Server-wide thread pool size limit: 3276
I20260608 12:41:45.483529 12700 consensus_peers.cc:770] Retrying to get permanent uuid for remote peer: member_type: VOTER last_known_addr { host: "127.12.86.125" port: 43229 } attempt: 1
W20260608 12:41:45.490383 12700 consensus_peers.cc:760] Error getting permanent uuid from config peer 127.12.86.125:43229: Network error: Client connection negotiation failed: client connection to 127.12.86.125:43229: connect: Connection refused (error 111)
I20260608 12:41:45.516073 12633 rpc_server.cc:307] RPC server started. Bound to: 127.12.86.125:43229
I20260608 12:41:45.516331 12764 acceptor_pool.cc:272] collecting diagnostics on the listening RPC socket 127.12.86.125:43229 every 8 connection(s)
I20260608 12:41:45.521222 12765 data_dirs.cc:400] Could only allocate 1 dirs of requested 3 for tablet 00000000000000000000000000000000. 1 dirs total, 0 dirs full, 0 dirs failed
I20260608 12:41:45.522249 12633 file_cache.cc:492] Constructed file cache file cache with capacity 419430
I20260608 12:41:45.527969 12765 sys_catalog.cc:422] member_type: VOTER last_known_addr { host: "127.12.86.126" port: 40975 } has no permanent_uuid. Determining permanent_uuid...
W20260608 12:41:45.528697 12767 instance_detector.cc:116] could not retrieve AWS instance metadata: Network error: curl error: HTTP response code said error: The requested URL returned error: 404
W20260608 12:41:45.532598 12768 instance_detector.cc:116] could not retrieve Azure instance metadata: Network error: curl error: HTTP response code said error: The requested URL returned error: 404
W20260608 12:41:45.535562 12770 instance_detector.cc:116] could not retrieve OpenStack instance metadata: Network error: curl error: HTTP response code said error: The requested URL returned error: 404
I20260608 12:41:45.537010 12633 server_base.cc:1061] running on GCE node
I20260608 12:41:45.538136 12633 hybrid_clock.cc:584] initializing the hybrid clock with 'system_unsync' time source
W20260608 12:41:45.538393 12633 system_unsync_time.cc:38] NTP support is disabled. Clock error bounds will not be accurate. This configuration is not suitable for distributed clusters.
I20260608 12:41:45.538657 12633 hybrid_clock.cc:648] HybridClock initialized: now 1780922505538636 us; error 0 us; skew 500 ppm
I20260608 12:41:45.539556 12633 server_base.cc:861] Flag tcmalloc_max_total_thread_cache_bytes is not working since tcmalloc is not enabled.
I20260608 12:41:45.543599 12633 webserver.cc:533] Webserver started at http://127.12.86.124:34025/ using document root <none> and password file <none>
I20260608 12:41:45.544337 12633 fs_manager.cc:362] Metadata directory not provided
I20260608 12:41:45.544584 12633 fs_manager.cc:368] Using write-ahead log directory (fs_wal_dir) as metadata directory
I20260608 12:41:45.544888 12633 server_base.cc:909] This appears to be a new deployment of Kudu; creating new FS layout
I20260608 12:41:45.546208 12633 fs_manager.cc:1068] Generated new instance metadata in path /tmp/dist-test-taskgjNCME/test-tmp/auto_rebalancer-test.0.AutoRebalancerTest.OnlyLeaderDoesAutoRebalancing.1780922503799816-12633-0/minicluster-data/master-2-root/instance:
uuid: "c6bbd840b5c04fbaa6c231ce9a7441ac"
format_stamp: "Formatted at 2026-06-08 12:41:45 on dist-test-slave-rv2g"
I20260608 12:41:45.547735 12765 sys_catalog.cc:422] member_type: VOTER last_known_addr { host: "127.12.86.125" port: 43229 } has no permanent_uuid. Determining permanent_uuid...
I20260608 12:41:45.553232 12633 fs_manager.cc:696] Time spent creating directory manager: real 0.006s	user 0.008s	sys 0.000s
I20260608 12:41:45.558303 12777 log_block_manager.cc:4031] Time spent loading block containers with low live blocks: real 0.000s	user 0.000s	sys 0.000s
I20260608 12:41:45.558931 12700 consensus_peers.cc:770] Retrying to get permanent uuid for remote peer: member_type: VOTER last_known_addr { host: "127.12.86.125" port: 43229 } attempt: 2
I20260608 12:41:45.559283 12633 fs_manager.cc:730] Time spent opening block manager: real 0.004s	user 0.005s	sys 0.000s
I20260608 12:41:45.559670 12633 fs_manager.cc:647] Opened local filesystem: /tmp/dist-test-taskgjNCME/test-tmp/auto_rebalancer-test.0.AutoRebalancerTest.OnlyLeaderDoesAutoRebalancing.1780922503799816-12633-0/minicluster-data/master-2-root
uuid: "c6bbd840b5c04fbaa6c231ce9a7441ac"
format_stamp: "Formatted at 2026-06-08 12:41:45 on dist-test-slave-rv2g"
I20260608 12:41:45.560061 12633 fs_report.cc:389] FS layout report
--------------------
wal directory: /tmp/dist-test-taskgjNCME/test-tmp/auto_rebalancer-test.0.AutoRebalancerTest.OnlyLeaderDoesAutoRebalancing.1780922503799816-12633-0/minicluster-data/master-2-root
metadata directory: /tmp/dist-test-taskgjNCME/test-tmp/auto_rebalancer-test.0.AutoRebalancerTest.OnlyLeaderDoesAutoRebalancing.1780922503799816-12633-0/minicluster-data/master-2-root
1 data directories: /tmp/dist-test-taskgjNCME/test-tmp/auto_rebalancer-test.0.AutoRebalancerTest.OnlyLeaderDoesAutoRebalancing.1780922503799816-12633-0/minicluster-data/master-2-root/data
Total live blocks: 0
Total live bytes: 0
Total live bytes (after alignment): 0
Total number of LBM containers: 0 (0 full)
Did not check for missing blocks
Did not check for orphaned blocks
Total full LBM containers with extra space: 0 (0 repaired)
Total full LBM container extra space in bytes: 0 (0 repaired)
Total incomplete LBM containers: 0 (0 repaired)
Total LBM partial records: 0 (0 repaired)
Total corrupted LBM metadata records in RocksDB: 0 (0 repaired)
I20260608 12:41:45.562849 12765 sys_catalog.cc:422] member_type: VOTER last_known_addr { host: "127.12.86.124" port: 35893 } has no permanent_uuid. Determining permanent_uuid...
W20260608 12:41:45.573876 12765 consensus_peers.cc:760] Error getting permanent uuid from config peer 127.12.86.124:35893: Network error: Client connection negotiation failed: client connection to 127.12.86.124:35893: connect: Connection refused (error 111)
I20260608 12:41:45.573975 12700 sys_catalog.cc:422] member_type: VOTER last_known_addr { host: "127.12.86.124" port: 35893 } has no permanent_uuid. Determining permanent_uuid...
W20260608 12:41:45.578523 12700 consensus_peers.cc:760] Error getting permanent uuid from config peer 127.12.86.124:35893: Network error: Client connection negotiation failed: client connection to 127.12.86.124:35893: connect: Connection refused (error 111)
I20260608 12:41:45.591624 12633 rpc_server.cc:225] running with OpenSSL 1.1.1  11 Sep 2018
I20260608 12:41:45.592990 12633 kserver.cc:163] Server-wide thread pool size limit: 3276
I20260608 12:41:45.610014 12700 consensus_peers.cc:770] Retrying to get permanent uuid for remote peer: member_type: VOTER last_known_addr { host: "127.12.86.124" port: 35893 } attempt: 1
W20260608 12:41:45.614924 12700 consensus_peers.cc:760] Error getting permanent uuid from config peer 127.12.86.124:35893: Network error: Client connection negotiation failed: client connection to 127.12.86.124:35893: connect: Connection refused (error 111)
I20260608 12:41:45.617424 12765 consensus_peers.cc:770] Retrying to get permanent uuid for remote peer: member_type: VOTER last_known_addr { host: "127.12.86.124" port: 35893 } attempt: 1
W20260608 12:41:45.622991 12765 consensus_peers.cc:760] Error getting permanent uuid from config peer 127.12.86.124:35893: Network error: Client connection negotiation failed: client connection to 127.12.86.124:35893: connect: Connection refused (error 111)
I20260608 12:41:45.666637 12633 rpc_server.cc:307] RPC server started. Bound to: 127.12.86.124:35893
I20260608 12:41:45.666762 12829 acceptor_pool.cc:272] collecting diagnostics on the listening RPC socket 127.12.86.124:35893 every 8 connection(s)
I20260608 12:41:45.671371 12830 data_dirs.cc:400] Could only allocate 1 dirs of requested 3 for tablet 00000000000000000000000000000000. 1 dirs total, 0 dirs full, 0 dirs failed
I20260608 12:41:45.671274 12633 internal_mini_cluster.cc:184] Waiting to initialize catalog manager on master 0
I20260608 12:41:45.676910 12830 sys_catalog.cc:422] member_type: VOTER last_known_addr { host: "127.12.86.126" port: 40975 } has no permanent_uuid. Determining permanent_uuid...
I20260608 12:41:45.688993 12830 sys_catalog.cc:422] member_type: VOTER last_known_addr { host: "127.12.86.125" port: 43229 } has no permanent_uuid. Determining permanent_uuid...
I20260608 12:41:45.690433 12765 consensus_peers.cc:770] Retrying to get permanent uuid for remote peer: member_type: VOTER last_known_addr { host: "127.12.86.124" port: 35893 } attempt: 2
I20260608 12:41:45.690448 12700 consensus_peers.cc:770] Retrying to get permanent uuid for remote peer: member_type: VOTER last_known_addr { host: "127.12.86.124" port: 35893 } attempt: 2
I20260608 12:41:45.702752 12830 sys_catalog.cc:422] member_type: VOTER last_known_addr { host: "127.12.86.124" port: 35893 } has no permanent_uuid. Determining permanent_uuid...
I20260608 12:41:45.715799 12765 tablet_bootstrap.cc:492] T 00000000000000000000000000000000 P 4871bdb90c6f4e82b308c9d36d333919: Bootstrap starting.
I20260608 12:41:45.715799 12700 tablet_bootstrap.cc:492] T 00000000000000000000000000000000 P 107dec1463fe4a438d938c787e433aa6: Bootstrap starting.
I20260608 12:41:45.720858 12830 tablet_bootstrap.cc:492] T 00000000000000000000000000000000 P c6bbd840b5c04fbaa6c231ce9a7441ac: Bootstrap starting.
I20260608 12:41:45.722692 12765 tablet_bootstrap.cc:654] T 00000000000000000000000000000000 P 4871bdb90c6f4e82b308c9d36d333919: Neither blocks nor log segments found. Creating new log.
I20260608 12:41:45.723142 12700 tablet_bootstrap.cc:654] T 00000000000000000000000000000000 P 107dec1463fe4a438d938c787e433aa6: Neither blocks nor log segments found. Creating new log.
I20260608 12:41:45.725086 12765 log.cc:826] T 00000000000000000000000000000000 P 4871bdb90c6f4e82b308c9d36d333919: Log is configured to *not* fsync() on all Append() calls
I20260608 12:41:45.728181 12830 tablet_bootstrap.cc:654] T 00000000000000000000000000000000 P c6bbd840b5c04fbaa6c231ce9a7441ac: Neither blocks nor log segments found. Creating new log.
I20260608 12:41:45.731096 12700 tablet_bootstrap.cc:492] T 00000000000000000000000000000000 P 107dec1463fe4a438d938c787e433aa6: No bootstrap required, opened a new log
I20260608 12:41:45.731406 12765 tablet_bootstrap.cc:492] T 00000000000000000000000000000000 P 4871bdb90c6f4e82b308c9d36d333919: No bootstrap required, opened a new log
I20260608 12:41:45.734766 12830 tablet_bootstrap.cc:492] T 00000000000000000000000000000000 P c6bbd840b5c04fbaa6c231ce9a7441ac: No bootstrap required, opened a new log
I20260608 12:41:45.751778 12700 raft_consensus.cc:359] T 00000000000000000000000000000000 P 107dec1463fe4a438d938c787e433aa6 [term 0 FOLLOWER]: Replica starting. Triggering 0 pending ops. Active config: opid_index: -1 OBSOLETE_local: false peers { permanent_uuid: "107dec1463fe4a438d938c787e433aa6" member_type: VOTER last_known_addr { host: "127.12.86.126" port: 40975 } } peers { permanent_uuid: "4871bdb90c6f4e82b308c9d36d333919" member_type: VOTER last_known_addr { host: "127.12.86.125" port: 43229 } } peers { permanent_uuid: "c6bbd840b5c04fbaa6c231ce9a7441ac" member_type: VOTER last_known_addr { host: "127.12.86.124" port: 35893 } }
I20260608 12:41:45.751793 12830 raft_consensus.cc:359] T 00000000000000000000000000000000 P c6bbd840b5c04fbaa6c231ce9a7441ac [term 0 FOLLOWER]: Replica starting. Triggering 0 pending ops. Active config: opid_index: -1 OBSOLETE_local: false peers { permanent_uuid: "107dec1463fe4a438d938c787e433aa6" member_type: VOTER last_known_addr { host: "127.12.86.126" port: 40975 } } peers { permanent_uuid: "4871bdb90c6f4e82b308c9d36d333919" member_type: VOTER last_known_addr { host: "127.12.86.125" port: 43229 } } peers { permanent_uuid: "c6bbd840b5c04fbaa6c231ce9a7441ac" member_type: VOTER last_known_addr { host: "127.12.86.124" port: 35893 } }
I20260608 12:41:45.751791 12765 raft_consensus.cc:359] T 00000000000000000000000000000000 P 4871bdb90c6f4e82b308c9d36d333919 [term 0 FOLLOWER]: Replica starting. Triggering 0 pending ops. Active config: opid_index: -1 OBSOLETE_local: false peers { permanent_uuid: "107dec1463fe4a438d938c787e433aa6" member_type: VOTER last_known_addr { host: "127.12.86.126" port: 40975 } } peers { permanent_uuid: "4871bdb90c6f4e82b308c9d36d333919" member_type: VOTER last_known_addr { host: "127.12.86.125" port: 43229 } } peers { permanent_uuid: "c6bbd840b5c04fbaa6c231ce9a7441ac" member_type: VOTER last_known_addr { host: "127.12.86.124" port: 35893 } }
I20260608 12:41:45.752705 12700 raft_consensus.cc:385] T 00000000000000000000000000000000 P 107dec1463fe4a438d938c787e433aa6 [term 0 FOLLOWER]: Consensus starting up: Expiring failure detector timer to make a prompt election more likely
I20260608 12:41:45.752878 12765 raft_consensus.cc:385] T 00000000000000000000000000000000 P 4871bdb90c6f4e82b308c9d36d333919 [term 0 FOLLOWER]: Consensus starting up: Expiring failure detector timer to make a prompt election more likely
I20260608 12:41:45.752862 12830 raft_consensus.cc:385] T 00000000000000000000000000000000 P c6bbd840b5c04fbaa6c231ce9a7441ac [term 0 FOLLOWER]: Consensus starting up: Expiring failure detector timer to make a prompt election more likely
I20260608 12:41:45.753103 12700 raft_consensus.cc:740] T 00000000000000000000000000000000 P 107dec1463fe4a438d938c787e433aa6 [term 0 FOLLOWER]: Becoming Follower/Learner. State: Replica: 107dec1463fe4a438d938c787e433aa6, State: Initialized, Role: FOLLOWER
I20260608 12:41:45.753330 12765 raft_consensus.cc:740] T 00000000000000000000000000000000 P 4871bdb90c6f4e82b308c9d36d333919 [term 0 FOLLOWER]: Becoming Follower/Learner. State: Replica: 4871bdb90c6f4e82b308c9d36d333919, State: Initialized, Role: FOLLOWER
I20260608 12:41:45.753371 12830 raft_consensus.cc:740] T 00000000000000000000000000000000 P c6bbd840b5c04fbaa6c231ce9a7441ac [term 0 FOLLOWER]: Becoming Follower/Learner. State: Replica: c6bbd840b5c04fbaa6c231ce9a7441ac, State: Initialized, Role: FOLLOWER
I20260608 12:41:45.754292 12700 consensus_queue.cc:260] T 00000000000000000000000000000000 P 107dec1463fe4a438d938c787e433aa6 [NON_LEADER]: Queue going to NON_LEADER mode. State: All replicated index: 0, Majority replicated index: 0, Committed index: 0, Last appended: 0.0, Last appended by leader: 0, Current term: 0, Majority size: -1, State: 0, Mode: NON_LEADER, active raft config: opid_index: -1 OBSOLETE_local: false peers { permanent_uuid: "107dec1463fe4a438d938c787e433aa6" member_type: VOTER last_known_addr { host: "127.12.86.126" port: 40975 } } peers { permanent_uuid: "4871bdb90c6f4e82b308c9d36d333919" member_type: VOTER last_known_addr { host: "127.12.86.125" port: 43229 } } peers { permanent_uuid: "c6bbd840b5c04fbaa6c231ce9a7441ac" member_type: VOTER last_known_addr { host: "127.12.86.124" port: 35893 } }
I20260608 12:41:45.754325 12830 consensus_queue.cc:260] T 00000000000000000000000000000000 P c6bbd840b5c04fbaa6c231ce9a7441ac [NON_LEADER]: Queue going to NON_LEADER mode. State: All replicated index: 0, Majority replicated index: 0, Committed index: 0, Last appended: 0.0, Last appended by leader: 0, Current term: 0, Majority size: -1, State: 0, Mode: NON_LEADER, active raft config: opid_index: -1 OBSOLETE_local: false peers { permanent_uuid: "107dec1463fe4a438d938c787e433aa6" member_type: VOTER last_known_addr { host: "127.12.86.126" port: 40975 } } peers { permanent_uuid: "4871bdb90c6f4e82b308c9d36d333919" member_type: VOTER last_known_addr { host: "127.12.86.125" port: 43229 } } peers { permanent_uuid: "c6bbd840b5c04fbaa6c231ce9a7441ac" member_type: VOTER last_known_addr { host: "127.12.86.124" port: 35893 } }
I20260608 12:41:45.754302 12765 consensus_queue.cc:260] T 00000000000000000000000000000000 P 4871bdb90c6f4e82b308c9d36d333919 [NON_LEADER]: Queue going to NON_LEADER mode. State: All replicated index: 0, Majority replicated index: 0, Committed index: 0, Last appended: 0.0, Last appended by leader: 0, Current term: 0, Majority size: -1, State: 0, Mode: NON_LEADER, active raft config: opid_index: -1 OBSOLETE_local: false peers { permanent_uuid: "107dec1463fe4a438d938c787e433aa6" member_type: VOTER last_known_addr { host: "127.12.86.126" port: 40975 } } peers { permanent_uuid: "4871bdb90c6f4e82b308c9d36d333919" member_type: VOTER last_known_addr { host: "127.12.86.125" port: 43229 } } peers { permanent_uuid: "c6bbd840b5c04fbaa6c231ce9a7441ac" member_type: VOTER last_known_addr { host: "127.12.86.124" port: 35893 } }
I20260608 12:41:45.759130 12839 sys_catalog.cc:455] T 00000000000000000000000000000000 P c6bbd840b5c04fbaa6c231ce9a7441ac [sys.catalog]: SysCatalogTable state changed. Reason: RaftConsensus started. Latest consensus state: current_term: 0 committed_config { opid_index: -1 OBSOLETE_local: false peers { permanent_uuid: "107dec1463fe4a438d938c787e433aa6" member_type: VOTER last_known_addr { host: "127.12.86.126" port: 40975 } } peers { permanent_uuid: "4871bdb90c6f4e82b308c9d36d333919" member_type: VOTER last_known_addr { host: "127.12.86.125" port: 43229 } } peers { permanent_uuid: "c6bbd840b5c04fbaa6c231ce9a7441ac" member_type: VOTER last_known_addr { host: "127.12.86.124" port: 35893 } } }
I20260608 12:41:45.760306 12839 sys_catalog.cc:458] T 00000000000000000000000000000000 P c6bbd840b5c04fbaa6c231ce9a7441ac [sys.catalog]: This master's current role is: FOLLOWER
I20260608 12:41:45.762012 12830 sys_catalog.cc:565] T 00000000000000000000000000000000 P c6bbd840b5c04fbaa6c231ce9a7441ac [sys.catalog]: configured and running, proceeding with master startup.
I20260608 12:41:45.763463 12840 sys_catalog.cc:455] T 00000000000000000000000000000000 P 4871bdb90c6f4e82b308c9d36d333919 [sys.catalog]: SysCatalogTable state changed. Reason: RaftConsensus started. Latest consensus state: current_term: 0 committed_config { opid_index: -1 OBSOLETE_local: false peers { permanent_uuid: "107dec1463fe4a438d938c787e433aa6" member_type: VOTER last_known_addr { host: "127.12.86.126" port: 40975 } } peers { permanent_uuid: "4871bdb90c6f4e82b308c9d36d333919" member_type: VOTER last_known_addr { host: "127.12.86.125" port: 43229 } } peers { permanent_uuid: "c6bbd840b5c04fbaa6c231ce9a7441ac" member_type: VOTER last_known_addr { host: "127.12.86.124" port: 35893 } } }
I20260608 12:41:45.764310 12840 sys_catalog.cc:458] T 00000000000000000000000000000000 P 4871bdb90c6f4e82b308c9d36d333919 [sys.catalog]: This master's current role is: FOLLOWER
I20260608 12:41:45.765213 12765 sys_catalog.cc:565] T 00000000000000000000000000000000 P 4871bdb90c6f4e82b308c9d36d333919 [sys.catalog]: configured and running, proceeding with master startup.
I20260608 12:41:45.765973 12838 sys_catalog.cc:455] T 00000000000000000000000000000000 P 107dec1463fe4a438d938c787e433aa6 [sys.catalog]: SysCatalogTable state changed. Reason: RaftConsensus started. Latest consensus state: current_term: 0 committed_config { opid_index: -1 OBSOLETE_local: false peers { permanent_uuid: "107dec1463fe4a438d938c787e433aa6" member_type: VOTER last_known_addr { host: "127.12.86.126" port: 40975 } } peers { permanent_uuid: "4871bdb90c6f4e82b308c9d36d333919" member_type: VOTER last_known_addr { host: "127.12.86.125" port: 43229 } } peers { permanent_uuid: "c6bbd840b5c04fbaa6c231ce9a7441ac" member_type: VOTER last_known_addr { host: "127.12.86.124" port: 35893 } } }
I20260608 12:41:45.767221 12838 sys_catalog.cc:458] T 00000000000000000000000000000000 P 107dec1463fe4a438d938c787e433aa6 [sys.catalog]: This master's current role is: FOLLOWER
I20260608 12:41:45.767747 12700 sys_catalog.cc:565] T 00000000000000000000000000000000 P 107dec1463fe4a438d938c787e433aa6 [sys.catalog]: configured and running, proceeding with master startup.
W20260608 12:41:45.795944 12654 tablet.cc:2404] T 00000000000000000000000000000000 P 107dec1463fe4a438d938c787e433aa6: Can't schedule compaction. Clean time has not been advanced past its initial value.
I20260608 12:41:45.813249 12633 internal_mini_cluster.cc:184] Waiting to initialize catalog manager on master 1
I20260608 12:41:45.817706 12633 internal_mini_cluster.cc:184] Waiting to initialize catalog manager on master 2
I20260608 12:41:45.819335 12633 file_cache.cc:492] Constructed file cache file cache with capacity 419430
W20260608 12:41:45.820761 12868 catalog_manager.cc:1593] T 00000000000000000000000000000000 P c6bbd840b5c04fbaa6c231ce9a7441ac: loading cluster ID for follower catalog manager: Not found: cluster ID entry not found
W20260608 12:41:45.821115 12868 catalog_manager.cc:883] Not found: cluster ID entry not found: failed to prepare follower catalog manager, will retry
W20260608 12:41:45.826761 12872 catalog_manager.cc:1593] T 00000000000000000000000000000000 P 107dec1463fe4a438d938c787e433aa6: loading cluster ID for follower catalog manager: Not found: cluster ID entry not found
W20260608 12:41:45.827253 12872 catalog_manager.cc:883] Not found: cluster ID entry not found: failed to prepare follower catalog manager, will retry
W20260608 12:41:45.828693 12873 catalog_manager.cc:1593] T 00000000000000000000000000000000 P 4871bdb90c6f4e82b308c9d36d333919: loading cluster ID for follower catalog manager: Not found: cluster ID entry not found
W20260608 12:41:45.829097 12873 catalog_manager.cc:883] Not found: cluster ID entry not found: failed to prepare follower catalog manager, will retry
W20260608 12:41:45.831830 12875 instance_detector.cc:116] could not retrieve AWS instance metadata: Network error: curl error: HTTP response code said error: The requested URL returned error: 404
W20260608 12:41:45.838758 12876 instance_detector.cc:116] could not retrieve Azure instance metadata: Network error: curl error: HTTP response code said error: The requested URL returned error: 404
W20260608 12:41:45.842605 12878 instance_detector.cc:116] could not retrieve OpenStack instance metadata: Network error: curl error: HTTP response code said error: The requested URL returned error: 404
I20260608 12:41:45.845688 12633 server_base.cc:1061] running on GCE node
I20260608 12:41:45.846531 12633 hybrid_clock.cc:584] initializing the hybrid clock with 'system_unsync' time source
W20260608 12:41:45.846719 12633 system_unsync_time.cc:38] NTP support is disabled. Clock error bounds will not be accurate. This configuration is not suitable for distributed clusters.
I20260608 12:41:45.846928 12633 hybrid_clock.cc:648] HybridClock initialized: now 1780922505846892 us; error 0 us; skew 500 ppm
I20260608 12:41:45.847715 12633 server_base.cc:861] Flag tcmalloc_max_total_thread_cache_bytes is not working since tcmalloc is not enabled.
I20260608 12:41:45.850636 12633 webserver.cc:533] Webserver started at http://127.12.86.65:37665/ using document root <none> and password file <none>
I20260608 12:41:45.851187 12633 fs_manager.cc:362] Metadata directory not provided
I20260608 12:41:45.851388 12633 fs_manager.cc:368] Using write-ahead log directory (fs_wal_dir) as metadata directory
I20260608 12:41:45.851703 12633 server_base.cc:909] This appears to be a new deployment of Kudu; creating new FS layout
I20260608 12:41:45.852968 12633 fs_manager.cc:1068] Generated new instance metadata in path /tmp/dist-test-taskgjNCME/test-tmp/auto_rebalancer-test.0.AutoRebalancerTest.OnlyLeaderDoesAutoRebalancing.1780922503799816-12633-0/minicluster-data/ts-0-root/instance:
uuid: "a122edeed02b491ca5949a0cf04abe38"
format_stamp: "Formatted at 2026-06-08 12:41:45 on dist-test-slave-rv2g"
I20260608 12:41:45.858084 12633 fs_manager.cc:696] Time spent creating directory manager: real 0.005s	user 0.005s	sys 0.000s
I20260608 12:41:45.861884 12883 log_block_manager.cc:4031] Time spent loading block containers with low live blocks: real 0.000s	user 0.000s	sys 0.000s
I20260608 12:41:45.862867 12633 fs_manager.cc:730] Time spent opening block manager: real 0.003s	user 0.004s	sys 0.000s
I20260608 12:41:45.863195 12633 fs_manager.cc:647] Opened local filesystem: /tmp/dist-test-taskgjNCME/test-tmp/auto_rebalancer-test.0.AutoRebalancerTest.OnlyLeaderDoesAutoRebalancing.1780922503799816-12633-0/minicluster-data/ts-0-root
uuid: "a122edeed02b491ca5949a0cf04abe38"
format_stamp: "Formatted at 2026-06-08 12:41:45 on dist-test-slave-rv2g"
I20260608 12:41:45.863552 12633 fs_report.cc:389] FS layout report
--------------------
wal directory: /tmp/dist-test-taskgjNCME/test-tmp/auto_rebalancer-test.0.AutoRebalancerTest.OnlyLeaderDoesAutoRebalancing.1780922503799816-12633-0/minicluster-data/ts-0-root
metadata directory: /tmp/dist-test-taskgjNCME/test-tmp/auto_rebalancer-test.0.AutoRebalancerTest.OnlyLeaderDoesAutoRebalancing.1780922503799816-12633-0/minicluster-data/ts-0-root
1 data directories: /tmp/dist-test-taskgjNCME/test-tmp/auto_rebalancer-test.0.AutoRebalancerTest.OnlyLeaderDoesAutoRebalancing.1780922503799816-12633-0/minicluster-data/ts-0-root/data
Total live blocks: 0
Total live bytes: 0
Total live bytes (after alignment): 0
Total number of LBM containers: 0 (0 full)
Did not check for missing blocks
Did not check for orphaned blocks
Total full LBM containers with extra space: 0 (0 repaired)
Total full LBM container extra space in bytes: 0 (0 repaired)
Total incomplete LBM containers: 0 (0 repaired)
Total LBM partial records: 0 (0 repaired)
Total corrupted LBM metadata records in RocksDB: 0 (0 repaired)
I20260608 12:41:45.879117 12633 rpc_server.cc:225] running with OpenSSL 1.1.1  11 Sep 2018
I20260608 12:41:45.880556 12633 kserver.cc:163] Server-wide thread pool size limit: 3276
I20260608 12:41:45.883394 12633 txn_system_client.cc:432] TxnSystemClient initialization is disabled...
I20260608 12:41:45.887903 12633 ts_tablet_manager.cc:585] Loaded tablet metadata (0 total tablets, 0 live tablets)
I20260608 12:41:45.888170 12633 ts_tablet_manager.cc:531] Time spent load tablet metadata: real 0.000s	user 0.000s	sys 0.000s
I20260608 12:41:45.888473 12633 ts_tablet_manager.cc:616] Registered 0 tablets
I20260608 12:41:45.888631 12633 ts_tablet_manager.cc:595] Time spent register tablets: real 0.000s	user 0.000s	sys 0.000s
I20260608 12:41:45.993355 12633 rpc_server.cc:307] RPC server started. Bound to: 127.12.86.65:40339
I20260608 12:41:45.993477 12945 acceptor_pool.cc:272] collecting diagnostics on the listening RPC socket 127.12.86.65:40339 every 8 connection(s)
I20260608 12:41:46.022832 12947 heartbeater.cc:344] Connected to a master server at 127.12.86.125:43229
I20260608 12:41:46.023414 12947 heartbeater.cc:461] Registering TS with master...
I20260608 12:41:46.024856 12947 heartbeater.cc:507] Master 127.12.86.125:43229 requested a full tablet report, sending...
I20260608 12:41:46.029670 12730 ts_manager.cc:194] Registered new tserver with Master: a122edeed02b491ca5949a0cf04abe38 (127.12.86.65:40339)
I20260608 12:41:46.032873 12946 heartbeater.cc:344] Connected to a master server at 127.12.86.124:35893
I20260608 12:41:46.033232 12633 file_cache.cc:492] Constructed file cache file cache with capacity 419430
I20260608 12:41:46.033281 12946 heartbeater.cc:461] Registering TS with master...
I20260608 12:41:46.034510 12946 heartbeater.cc:507] Master 127.12.86.124:35893 requested a full tablet report, sending...
I20260608 12:41:46.038111 12949 heartbeater.cc:344] Connected to a master server at 127.12.86.126:40975
I20260608 12:41:46.038455 12949 heartbeater.cc:461] Registering TS with master...
I20260608 12:41:46.039538 12949 heartbeater.cc:507] Master 127.12.86.126:40975 requested a full tablet report, sending...
I20260608 12:41:46.041488 12795 ts_manager.cc:194] Registered new tserver with Master: a122edeed02b491ca5949a0cf04abe38 (127.12.86.65:40339)
I20260608 12:41:46.041527 12840 raft_consensus.cc:493] T 00000000000000000000000000000000 P 4871bdb90c6f4e82b308c9d36d333919 [term 0 FOLLOWER]: Starting pre-election (no leader contacted us within the election timeout)
I20260608 12:41:46.042204 12840 raft_consensus.cc:515] T 00000000000000000000000000000000 P 4871bdb90c6f4e82b308c9d36d333919 [term 0 FOLLOWER]: Starting pre-election with config: opid_index: -1 OBSOLETE_local: false peers { permanent_uuid: "107dec1463fe4a438d938c787e433aa6" member_type: VOTER last_known_addr { host: "127.12.86.126" port: 40975 } } peers { permanent_uuid: "4871bdb90c6f4e82b308c9d36d333919" member_type: VOTER last_known_addr { host: "127.12.86.125" port: 43229 } } peers { permanent_uuid: "c6bbd840b5c04fbaa6c231ce9a7441ac" member_type: VOTER last_known_addr { host: "127.12.86.124" port: 35893 } }
I20260608 12:41:46.043439 12665 ts_manager.cc:194] Registered new tserver with Master: a122edeed02b491ca5949a0cf04abe38 (127.12.86.65:40339)
I20260608 12:41:46.047094 12675 tablet_service.cc:1917] Received RequestConsensusVote() RPC: tablet_id: "00000000000000000000000000000000" candidate_uuid: "4871bdb90c6f4e82b308c9d36d333919" candidate_term: 1 candidate_status { last_received { term: 0 index: 0 } } ignore_live_leader: false dest_uuid: "107dec1463fe4a438d938c787e433aa6" is_pre_election: true
I20260608 12:41:46.048416 12675 raft_consensus.cc:2468] T 00000000000000000000000000000000 P 107dec1463fe4a438d938c787e433aa6 [term 0 FOLLOWER]: Leader pre-election vote request: Granting yes vote for candidate 4871bdb90c6f4e82b308c9d36d333919 in term 0.
I20260608 12:41:46.050876 12716 leader_election.cc:304] T 00000000000000000000000000000000 P 4871bdb90c6f4e82b308c9d36d333919 [CANDIDATE]: Term 1 pre-election: Election decided. Result: candidate won. Election summary: received 2 responses out of 3 voters: 2 yes votes; 0 no votes. yes voters: 107dec1463fe4a438d938c787e433aa6, 4871bdb90c6f4e82b308c9d36d333919; no voters: 
I20260608 12:41:46.053819 12805 tablet_service.cc:1917] Received RequestConsensusVote() RPC: tablet_id: "00000000000000000000000000000000" candidate_uuid: "4871bdb90c6f4e82b308c9d36d333919" candidate_term: 1 candidate_status { last_received { term: 0 index: 0 } } ignore_live_leader: false dest_uuid: "c6bbd840b5c04fbaa6c231ce9a7441ac" is_pre_election: true
I20260608 12:41:46.054749 12805 raft_consensus.cc:2468] T 00000000000000000000000000000000 P c6bbd840b5c04fbaa6c231ce9a7441ac [term 0 FOLLOWER]: Leader pre-election vote request: Granting yes vote for candidate 4871bdb90c6f4e82b308c9d36d333919 in term 0.
W20260608 12:41:46.056888 12953 instance_detector.cc:116] could not retrieve AWS instance metadata: Network error: curl error: HTTP response code said error: The requested URL returned error: 404
I20260608 12:41:46.057045 12840 leader_election.cc:290] T 00000000000000000000000000000000 P 4871bdb90c6f4e82b308c9d36d333919 [CANDIDATE]: Term 1 pre-election: Requested pre-vote from peers 107dec1463fe4a438d938c787e433aa6 (127.12.86.126:40975), c6bbd840b5c04fbaa6c231ce9a7441ac (127.12.86.124:35893)
I20260608 12:41:46.057811 12840 raft_consensus.cc:2804] T 00000000000000000000000000000000 P 4871bdb90c6f4e82b308c9d36d333919 [term 0 FOLLOWER]: Leader pre-election won for term 1
I20260608 12:41:46.058279 12840 raft_consensus.cc:493] T 00000000000000000000000000000000 P 4871bdb90c6f4e82b308c9d36d333919 [term 0 FOLLOWER]: Starting leader election (no leader contacted us within the election timeout)
W20260608 12:41:46.058480 12954 instance_detector.cc:116] could not retrieve Azure instance metadata: Network error: curl error: HTTP response code said error: The requested URL returned error: 404
I20260608 12:41:46.058756 12840 raft_consensus.cc:3060] T 00000000000000000000000000000000 P 4871bdb90c6f4e82b308c9d36d333919 [term 0 FOLLOWER]: Advancing to term 1
I20260608 12:41:46.068554 12840 raft_consensus.cc:515] T 00000000000000000000000000000000 P 4871bdb90c6f4e82b308c9d36d333919 [term 1 FOLLOWER]: Starting leader election with config: opid_index: -1 OBSOLETE_local: false peers { permanent_uuid: "107dec1463fe4a438d938c787e433aa6" member_type: VOTER last_known_addr { host: "127.12.86.126" port: 40975 } } peers { permanent_uuid: "4871bdb90c6f4e82b308c9d36d333919" member_type: VOTER last_known_addr { host: "127.12.86.125" port: 43229 } } peers { permanent_uuid: "c6bbd840b5c04fbaa6c231ce9a7441ac" member_type: VOTER last_known_addr { host: "127.12.86.124" port: 35893 } }
W20260608 12:41:46.073151 12957 instance_detector.cc:116] could not retrieve OpenStack instance metadata: Network error: curl error: HTTP response code said error: The requested URL returned error: 404
I20260608 12:41:46.073204 12840 leader_election.cc:290] T 00000000000000000000000000000000 P 4871bdb90c6f4e82b308c9d36d333919 [CANDIDATE]: Term 1 election: Requested vote from peers 107dec1463fe4a438d938c787e433aa6 (127.12.86.126:40975), c6bbd840b5c04fbaa6c231ce9a7441ac (127.12.86.124:35893)
I20260608 12:41:46.074400 12805 tablet_service.cc:1917] Received RequestConsensusVote() RPC: tablet_id: "00000000000000000000000000000000" candidate_uuid: "4871bdb90c6f4e82b308c9d36d333919" candidate_term: 1 candidate_status { last_received { term: 0 index: 0 } } ignore_live_leader: false dest_uuid: "c6bbd840b5c04fbaa6c231ce9a7441ac"
I20260608 12:41:46.074903 12805 raft_consensus.cc:3060] T 00000000000000000000000000000000 P c6bbd840b5c04fbaa6c231ce9a7441ac [term 0 FOLLOWER]: Advancing to term 1
I20260608 12:41:46.074821 12675 tablet_service.cc:1917] Received RequestConsensusVote() RPC: tablet_id: "00000000000000000000000000000000" candidate_uuid: "4871bdb90c6f4e82b308c9d36d333919" candidate_term: 1 candidate_status { last_received { term: 0 index: 0 } } ignore_live_leader: false dest_uuid: "107dec1463fe4a438d938c787e433aa6"
I20260608 12:41:46.075460 12675 raft_consensus.cc:3060] T 00000000000000000000000000000000 P 107dec1463fe4a438d938c787e433aa6 [term 0 FOLLOWER]: Advancing to term 1
I20260608 12:41:46.079493 12805 raft_consensus.cc:2468] T 00000000000000000000000000000000 P c6bbd840b5c04fbaa6c231ce9a7441ac [term 1 FOLLOWER]: Leader election vote request: Granting yes vote for candidate 4871bdb90c6f4e82b308c9d36d333919 in term 1.
I20260608 12:41:46.080566 12715 leader_election.cc:304] T 00000000000000000000000000000000 P 4871bdb90c6f4e82b308c9d36d333919 [CANDIDATE]: Term 1 election: Election decided. Result: candidate won. Election summary: received 2 responses out of 3 voters: 2 yes votes; 0 no votes. yes voters: 4871bdb90c6f4e82b308c9d36d333919, c6bbd840b5c04fbaa6c231ce9a7441ac; no voters: 
I20260608 12:41:46.081110 12633 server_base.cc:1061] running on GCE node
I20260608 12:41:46.081609 12840 raft_consensus.cc:2804] T 00000000000000000000000000000000 P 4871bdb90c6f4e82b308c9d36d333919 [term 1 FOLLOWER]: Leader election won for term 1
I20260608 12:41:46.082183 12633 hybrid_clock.cc:584] initializing the hybrid clock with 'system_unsync' time source
W20260608 12:41:46.082481 12633 system_unsync_time.cc:38] NTP support is disabled. Clock error bounds will not be accurate. This configuration is not suitable for distributed clusters.
I20260608 12:41:46.082538 12675 raft_consensus.cc:2468] T 00000000000000000000000000000000 P 107dec1463fe4a438d938c787e433aa6 [term 1 FOLLOWER]: Leader election vote request: Granting yes vote for candidate 4871bdb90c6f4e82b308c9d36d333919 in term 1.
I20260608 12:41:46.082859 12633 hybrid_clock.cc:648] HybridClock initialized: now 1780922506082818 us; error 0 us; skew 500 ppm
I20260608 12:41:46.082206 12840 raft_consensus.cc:697] T 00000000000000000000000000000000 P 4871bdb90c6f4e82b308c9d36d333919 [term 1 LEADER]: Becoming Leader. State: Replica: 4871bdb90c6f4e82b308c9d36d333919, State: Running, Role: LEADER
I20260608 12:41:46.083961 12633 server_base.cc:861] Flag tcmalloc_max_total_thread_cache_bytes is not working since tcmalloc is not enabled.
I20260608 12:41:46.084163 12840 consensus_queue.cc:237] T 00000000000000000000000000000000 P 4871bdb90c6f4e82b308c9d36d333919 [LEADER]: Queue going to LEADER mode. State: All replicated index: 0, Majority replicated index: 0, Committed index: 0, Last appended: 0.0, Last appended by leader: 0, Current term: 1, Majority size: 2, State: 0, Mode: LEADER, active raft config: opid_index: -1 OBSOLETE_local: false peers { permanent_uuid: "107dec1463fe4a438d938c787e433aa6" member_type: VOTER last_known_addr { host: "127.12.86.126" port: 40975 } } peers { permanent_uuid: "4871bdb90c6f4e82b308c9d36d333919" member_type: VOTER last_known_addr { host: "127.12.86.125" port: 43229 } } peers { permanent_uuid: "c6bbd840b5c04fbaa6c231ce9a7441ac" member_type: VOTER last_known_addr { host: "127.12.86.124" port: 35893 } }
I20260608 12:41:46.087217 12633 webserver.cc:533] Webserver started at http://127.12.86.66:46445/ using document root <none> and password file <none>
I20260608 12:41:46.087935 12633 fs_manager.cc:362] Metadata directory not provided
I20260608 12:41:46.088204 12633 fs_manager.cc:368] Using write-ahead log directory (fs_wal_dir) as metadata directory
I20260608 12:41:46.088569 12633 server_base.cc:909] This appears to be a new deployment of Kudu; creating new FS layout
I20260608 12:41:46.090394 12633 fs_manager.cc:1068] Generated new instance metadata in path /tmp/dist-test-taskgjNCME/test-tmp/auto_rebalancer-test.0.AutoRebalancerTest.OnlyLeaderDoesAutoRebalancing.1780922503799816-12633-0/minicluster-data/ts-1-root/instance:
uuid: "27b1ec45947f4e7e88dfd410cbcc61be"
format_stamp: "Formatted at 2026-06-08 12:41:46 on dist-test-slave-rv2g"
I20260608 12:41:46.096000 12956 sys_catalog.cc:455] T 00000000000000000000000000000000 P 4871bdb90c6f4e82b308c9d36d333919 [sys.catalog]: SysCatalogTable state changed. Reason: New leader 4871bdb90c6f4e82b308c9d36d333919. Latest consensus state: current_term: 1 leader_uuid: "4871bdb90c6f4e82b308c9d36d333919" committed_config { opid_index: -1 OBSOLETE_local: false peers { permanent_uuid: "107dec1463fe4a438d938c787e433aa6" member_type: VOTER last_known_addr { host: "127.12.86.126" port: 40975 } } peers { permanent_uuid: "4871bdb90c6f4e82b308c9d36d333919" member_type: VOTER last_known_addr { host: "127.12.86.125" port: 43229 } } peers { permanent_uuid: "c6bbd840b5c04fbaa6c231ce9a7441ac" member_type: VOTER last_known_addr { host: "127.12.86.124" port: 35893 } } }
I20260608 12:41:46.096864 12956 sys_catalog.cc:458] T 00000000000000000000000000000000 P 4871bdb90c6f4e82b308c9d36d333919 [sys.catalog]: This master's current role is: LEADER
I20260608 12:41:46.098333 12633 fs_manager.cc:696] Time spent creating directory manager: real 0.007s	user 0.006s	sys 0.000s
I20260608 12:41:46.100441 12963 catalog_manager.cc:1510] Loading table and tablet metadata into memory...
I20260608 12:41:46.104254 12964 log_block_manager.cc:4031] Time spent loading block containers with low live blocks: real 0.000s	user 0.000s	sys 0.000s
I20260608 12:41:46.105237 12633 fs_manager.cc:730] Time spent opening block manager: real 0.004s	user 0.003s	sys 0.000s
I20260608 12:41:46.105582 12633 fs_manager.cc:647] Opened local filesystem: /tmp/dist-test-taskgjNCME/test-tmp/auto_rebalancer-test.0.AutoRebalancerTest.OnlyLeaderDoesAutoRebalancing.1780922503799816-12633-0/minicluster-data/ts-1-root
uuid: "27b1ec45947f4e7e88dfd410cbcc61be"
format_stamp: "Formatted at 2026-06-08 12:41:46 on dist-test-slave-rv2g"
I20260608 12:41:46.105960 12633 fs_report.cc:389] FS layout report
--------------------
wal directory: /tmp/dist-test-taskgjNCME/test-tmp/auto_rebalancer-test.0.AutoRebalancerTest.OnlyLeaderDoesAutoRebalancing.1780922503799816-12633-0/minicluster-data/ts-1-root
metadata directory: /tmp/dist-test-taskgjNCME/test-tmp/auto_rebalancer-test.0.AutoRebalancerTest.OnlyLeaderDoesAutoRebalancing.1780922503799816-12633-0/minicluster-data/ts-1-root
1 data directories: /tmp/dist-test-taskgjNCME/test-tmp/auto_rebalancer-test.0.AutoRebalancerTest.OnlyLeaderDoesAutoRebalancing.1780922503799816-12633-0/minicluster-data/ts-1-root/data
Total live blocks: 0
Total live bytes: 0
Total live bytes (after alignment): 0
