I20260608 12:43:00.617534 21666 raft_consensus.cc:385] T 32d49c15b1134129b45d0e65c6dbe29a P 8567fd0f055f450c94c1f746a7f2a831 [term 0 FOLLOWER]: Consensus starting up: Expiring failure detector timer to make a prompt election more likely
I20260608 12:43:00.617744 21667 tablet_bootstrap.cc:492] T eed5bbe80f114c99a287b46d4d9d6d84 P cb47e462a6bc4245b7cb8352bcf7c262: No bootstrap required, opened a new log
I20260608 12:43:00.617491 21665 raft_consensus.cc:359] T d168654e14374a84b45aa14fdcfe3b5b P c7840fe0fe46475c809c586d3daedb77 [term 0 FOLLOWER]: Replica starting. Triggering 0 pending ops. Active config: opid_index: -1 OBSOLETE_local: false peers { permanent_uuid: "8567fd0f055f450c94c1f746a7f2a831" member_type: VOTER last_known_addr { host: "127.18.13.2" port: 46645 } } peers { permanent_uuid: "c7840fe0fe46475c809c586d3daedb77" member_type: VOTER last_known_addr { host: "127.18.13.1" port: 38029 } } peers { permanent_uuid: "cb47e462a6bc4245b7cb8352bcf7c262" member_type: VOTER last_known_addr { host: "127.18.13.3" port: 37749 } }
I20260608 12:43:00.618238 21666 raft_consensus.cc:740] T 32d49c15b1134129b45d0e65c6dbe29a P 8567fd0f055f450c94c1f746a7f2a831 [term 0 FOLLOWER]: Becoming Follower/Learner. State: Replica: 8567fd0f055f450c94c1f746a7f2a831, State: Initialized, Role: FOLLOWER
I20260608 12:43:00.618767 21667 ts_tablet_manager.cc:1403] T eed5bbe80f114c99a287b46d4d9d6d84 P cb47e462a6bc4245b7cb8352bcf7c262: Time spent bootstrapping tablet: real 0.025s	user 0.010s	sys 0.003s
I20260608 12:43:00.618835 21665 raft_consensus.cc:385] T d168654e14374a84b45aa14fdcfe3b5b P c7840fe0fe46475c809c586d3daedb77 [term 0 FOLLOWER]: Consensus starting up: Expiring failure detector timer to make a prompt election more likely
I20260608 12:43:00.619462 21665 raft_consensus.cc:740] T d168654e14374a84b45aa14fdcfe3b5b P c7840fe0fe46475c809c586d3daedb77 [term 0 FOLLOWER]: Becoming Follower/Learner. State: Replica: c7840fe0fe46475c809c586d3daedb77, State: Initialized, Role: FOLLOWER
I20260608 12:43:00.619472 21666 consensus_queue.cc:260] T 32d49c15b1134129b45d0e65c6dbe29a P 8567fd0f055f450c94c1f746a7f2a831 [NON_LEADER]: Queue going to NON_LEADER mode. State: All replicated index: 0, Majority replicated index: 0, Committed index: 0, Last appended: 0.0, Last appended by leader: 0, Current term: 0, Majority size: -1, State: 0, Mode: NON_LEADER, active raft config: opid_index: -1 OBSOLETE_local: false peers { permanent_uuid: "c7840fe0fe46475c809c586d3daedb77" member_type: VOTER last_known_addr { host: "127.18.13.1" port: 38029 } } peers { permanent_uuid: "8567fd0f055f450c94c1f746a7f2a831" member_type: VOTER last_known_addr { host: "127.18.13.2" port: 46645 } } peers { permanent_uuid: "cb47e462a6bc4245b7cb8352bcf7c262" member_type: VOTER last_known_addr { host: "127.18.13.3" port: 37749 } }
I20260608 12:43:00.620644 21665 consensus_queue.cc:260] T d168654e14374a84b45aa14fdcfe3b5b P c7840fe0fe46475c809c586d3daedb77 [NON_LEADER]: Queue going to NON_LEADER mode. State: All replicated index: 0, Majority replicated index: 0, Committed index: 0, Last appended: 0.0, Last appended by leader: 0, Current term: 0, Majority size: -1, State: 0, Mode: NON_LEADER, active raft config: opid_index: -1 OBSOLETE_local: false peers { permanent_uuid: "8567fd0f055f450c94c1f746a7f2a831" member_type: VOTER last_known_addr { host: "127.18.13.2" port: 46645 } } peers { permanent_uuid: "c7840fe0fe46475c809c586d3daedb77" member_type: VOTER last_known_addr { host: "127.18.13.1" port: 38029 } } peers { permanent_uuid: "cb47e462a6bc4245b7cb8352bcf7c262" member_type: VOTER last_known_addr { host: "127.18.13.3" port: 37749 } }
I20260608 12:43:00.622743 21667 raft_consensus.cc:359] T eed5bbe80f114c99a287b46d4d9d6d84 P cb47e462a6bc4245b7cb8352bcf7c262 [term 0 FOLLOWER]: Replica starting. Triggering 0 pending ops. Active config: opid_index: -1 OBSOLETE_local: false peers { permanent_uuid: "c7840fe0fe46475c809c586d3daedb77" member_type: VOTER last_known_addr { host: "127.18.13.1" port: 38029 } } peers { permanent_uuid: "8567fd0f055f450c94c1f746a7f2a831" member_type: VOTER last_known_addr { host: "127.18.13.2" port: 46645 } } peers { permanent_uuid: "cb47e462a6bc4245b7cb8352bcf7c262" member_type: VOTER last_known_addr { host: "127.18.13.3" port: 37749 } }
I20260608 12:43:00.623776 21667 raft_consensus.cc:385] T eed5bbe80f114c99a287b46d4d9d6d84 P cb47e462a6bc4245b7cb8352bcf7c262 [term 0 FOLLOWER]: Consensus starting up: Expiring failure detector timer to make a prompt election more likely
I20260608 12:43:00.623957 21666 ts_tablet_manager.cc:1434] T 32d49c15b1134129b45d0e65c6dbe29a P 8567fd0f055f450c94c1f746a7f2a831: Time spent starting tablet: real 0.011s	user 0.007s	sys 0.002s
I20260608 12:43:00.624224 21667 raft_consensus.cc:740] T eed5bbe80f114c99a287b46d4d9d6d84 P cb47e462a6bc4245b7cb8352bcf7c262 [term 0 FOLLOWER]: Becoming Follower/Learner. State: Replica: cb47e462a6bc4245b7cb8352bcf7c262, State: Initialized, Role: FOLLOWER
I20260608 12:43:00.625207 21666 tablet_bootstrap.cc:492] T ab87d78121224d2eb9aa39489a3c67e5 P 8567fd0f055f450c94c1f746a7f2a831: Bootstrap starting.
I20260608 12:43:00.630767 21667 consensus_queue.cc:260] T eed5bbe80f114c99a287b46d4d9d6d84 P cb47e462a6bc4245b7cb8352bcf7c262 [NON_LEADER]: Queue going to NON_LEADER mode. State: All replicated index: 0, Majority replicated index: 0, Committed index: 0, Last appended: 0.0, Last appended by leader: 0, Current term: 0, Majority size: -1, State: 0, Mode: NON_LEADER, active raft config: opid_index: -1 OBSOLETE_local: false peers { permanent_uuid: "c7840fe0fe46475c809c586d3daedb77" member_type: VOTER last_known_addr { host: "127.18.13.1" port: 38029 } } peers { permanent_uuid: "8567fd0f055f450c94c1f746a7f2a831" member_type: VOTER last_known_addr { host: "127.18.13.2" port: 46645 } } peers { permanent_uuid: "cb47e462a6bc4245b7cb8352bcf7c262" member_type: VOTER last_known_addr { host: "127.18.13.3" port: 37749 } }
I20260608 12:43:00.632544 21666 tablet_bootstrap.cc:654] T ab87d78121224d2eb9aa39489a3c67e5 P 8567fd0f055f450c94c1f746a7f2a831: Neither blocks nor log segments found. Creating new log.
I20260608 12:43:00.642141 21667 ts_tablet_manager.cc:1434] T eed5bbe80f114c99a287b46d4d9d6d84 P cb47e462a6bc4245b7cb8352bcf7c262: Time spent starting tablet: real 0.023s	user 0.015s	sys 0.000s
I20260608 12:43:00.646760 21665 ts_tablet_manager.cc:1434] T d168654e14374a84b45aa14fdcfe3b5b P c7840fe0fe46475c809c586d3daedb77: Time spent starting tablet: real 0.033s	user 0.015s	sys 0.015s
I20260608 12:43:00.647168 21667 tablet_bootstrap.cc:492] T ab87d78121224d2eb9aa39489a3c67e5 P cb47e462a6bc4245b7cb8352bcf7c262: Bootstrap starting.
I20260608 12:43:00.650699 21666 tablet_bootstrap.cc:492] T ab87d78121224d2eb9aa39489a3c67e5 P 8567fd0f055f450c94c1f746a7f2a831: No bootstrap required, opened a new log
I20260608 12:43:00.651283 21666 ts_tablet_manager.cc:1403] T ab87d78121224d2eb9aa39489a3c67e5 P 8567fd0f055f450c94c1f746a7f2a831: Time spent bootstrapping tablet: real 0.026s	user 0.023s	sys 0.000s
I20260608 12:43:00.651763 21665 tablet_bootstrap.cc:492] T 32d49c15b1134129b45d0e65c6dbe29a P c7840fe0fe46475c809c586d3daedb77: Bootstrap starting.
I20260608 12:43:00.654580 21667 tablet_bootstrap.cc:654] T ab87d78121224d2eb9aa39489a3c67e5 P cb47e462a6bc4245b7cb8352bcf7c262: Neither blocks nor log segments found. Creating new log.
I20260608 12:43:00.654403 21666 raft_consensus.cc:359] T ab87d78121224d2eb9aa39489a3c67e5 P 8567fd0f055f450c94c1f746a7f2a831 [term 0 FOLLOWER]: Replica starting. Triggering 0 pending ops. Active config: opid_index: -1 OBSOLETE_local: false peers { permanent_uuid: "8567fd0f055f450c94c1f746a7f2a831" member_type: VOTER last_known_addr { host: "127.18.13.2" port: 46645 } } peers { permanent_uuid: "c7840fe0fe46475c809c586d3daedb77" member_type: VOTER last_known_addr { host: "127.18.13.1" port: 38029 } } peers { permanent_uuid: "cb47e462a6bc4245b7cb8352bcf7c262" member_type: VOTER last_known_addr { host: "127.18.13.3" port: 37749 } }
I20260608 12:43:00.655265 21666 raft_consensus.cc:385] T ab87d78121224d2eb9aa39489a3c67e5 P 8567fd0f055f450c94c1f746a7f2a831 [term 0 FOLLOWER]: Consensus starting up: Expiring failure detector timer to make a prompt election more likely
I20260608 12:43:00.655607 21666 raft_consensus.cc:740] T ab87d78121224d2eb9aa39489a3c67e5 P 8567fd0f055f450c94c1f746a7f2a831 [term 0 FOLLOWER]: Becoming Follower/Learner. State: Replica: 8567fd0f055f450c94c1f746a7f2a831, State: Initialized, Role: FOLLOWER
I20260608 12:43:00.656577 21666 consensus_queue.cc:260] T ab87d78121224d2eb9aa39489a3c67e5 P 8567fd0f055f450c94c1f746a7f2a831 [NON_LEADER]: Queue going to NON_LEADER mode. State: All replicated index: 0, Majority replicated index: 0, Committed index: 0, Last appended: 0.0, Last appended by leader: 0, Current term: 0, Majority size: -1, State: 0, Mode: NON_LEADER, active raft config: opid_index: -1 OBSOLETE_local: false peers { permanent_uuid: "8567fd0f055f450c94c1f746a7f2a831" member_type: VOTER last_known_addr { host: "127.18.13.2" port: 46645 } } peers { permanent_uuid: "c7840fe0fe46475c809c586d3daedb77" member_type: VOTER last_known_addr { host: "127.18.13.1" port: 38029 } } peers { permanent_uuid: "cb47e462a6bc4245b7cb8352bcf7c262" member_type: VOTER last_known_addr { host: "127.18.13.3" port: 37749 } }
I20260608 12:43:00.659008 21666 ts_tablet_manager.cc:1434] T ab87d78121224d2eb9aa39489a3c67e5 P 8567fd0f055f450c94c1f746a7f2a831: Time spent starting tablet: real 0.007s	user 0.009s	sys 0.000s
I20260608 12:43:00.660178 21666 tablet_bootstrap.cc:492] T 8f00e6ed0e7f43a2aae542a75859e71e P 8567fd0f055f450c94c1f746a7f2a831: Bootstrap starting.
I20260608 12:43:00.660494 21665 tablet_bootstrap.cc:654] T 32d49c15b1134129b45d0e65c6dbe29a P c7840fe0fe46475c809c586d3daedb77: Neither blocks nor log segments found. Creating new log.
I20260608 12:43:00.666887 21666 tablet_bootstrap.cc:654] T 8f00e6ed0e7f43a2aae542a75859e71e P 8567fd0f055f450c94c1f746a7f2a831: Neither blocks nor log segments found. Creating new log.
I20260608 12:43:00.674285 21667 tablet_bootstrap.cc:492] T ab87d78121224d2eb9aa39489a3c67e5 P cb47e462a6bc4245b7cb8352bcf7c262: No bootstrap required, opened a new log
I20260608 12:43:00.674860 21667 ts_tablet_manager.cc:1403] T ab87d78121224d2eb9aa39489a3c67e5 P cb47e462a6bc4245b7cb8352bcf7c262: Time spent bootstrapping tablet: real 0.028s	user 0.011s	sys 0.007s
I20260608 12:43:00.675858 21665 tablet_bootstrap.cc:492] T 32d49c15b1134129b45d0e65c6dbe29a P c7840fe0fe46475c809c586d3daedb77: No bootstrap required, opened a new log
I20260608 12:43:00.676415 21665 ts_tablet_manager.cc:1403] T 32d49c15b1134129b45d0e65c6dbe29a P c7840fe0fe46475c809c586d3daedb77: Time spent bootstrapping tablet: real 0.025s	user 0.001s	sys 0.020s
I20260608 12:43:00.676929 21666 tablet_bootstrap.cc:492] T 8f00e6ed0e7f43a2aae542a75859e71e P 8567fd0f055f450c94c1f746a7f2a831: No bootstrap required, opened a new log
I20260608 12:43:00.677547 21666 ts_tablet_manager.cc:1403] T 8f00e6ed0e7f43a2aae542a75859e71e P 8567fd0f055f450c94c1f746a7f2a831: Time spent bootstrapping tablet: real 0.018s	user 0.012s	sys 0.000s
I20260608 12:43:00.678025 21667 raft_consensus.cc:359] T ab87d78121224d2eb9aa39489a3c67e5 P cb47e462a6bc4245b7cb8352bcf7c262 [term 0 FOLLOWER]: Replica starting. Triggering 0 pending ops. Active config: opid_index: -1 OBSOLETE_local: false peers { permanent_uuid: "8567fd0f055f450c94c1f746a7f2a831" member_type: VOTER last_known_addr { host: "127.18.13.2" port: 46645 } } peers { permanent_uuid: "c7840fe0fe46475c809c586d3daedb77" member_type: VOTER last_known_addr { host: "127.18.13.1" port: 38029 } } peers { permanent_uuid: "cb47e462a6bc4245b7cb8352bcf7c262" member_type: VOTER last_known_addr { host: "127.18.13.3" port: 37749 } }
I20260608 12:43:00.678939 21667 raft_consensus.cc:385] T ab87d78121224d2eb9aa39489a3c67e5 P cb47e462a6bc4245b7cb8352bcf7c262 [term 0 FOLLOWER]: Consensus starting up: Expiring failure detector timer to make a prompt election more likely
I20260608 12:43:00.679257 21667 raft_consensus.cc:740] T ab87d78121224d2eb9aa39489a3c67e5 P cb47e462a6bc4245b7cb8352bcf7c262 [term 0 FOLLOWER]: Becoming Follower/Learner. State: Replica: cb47e462a6bc4245b7cb8352bcf7c262, State: Initialized, Role: FOLLOWER
I20260608 12:43:00.679629 21665 raft_consensus.cc:359] T 32d49c15b1134129b45d0e65c6dbe29a P c7840fe0fe46475c809c586d3daedb77 [term 0 FOLLOWER]: Replica starting. Triggering 0 pending ops. Active config: opid_index: -1 OBSOLETE_local: false peers { permanent_uuid: "c7840fe0fe46475c809c586d3daedb77" member_type: VOTER last_known_addr { host: "127.18.13.1" port: 38029 } } peers { permanent_uuid: "8567fd0f055f450c94c1f746a7f2a831" member_type: VOTER last_known_addr { host: "127.18.13.2" port: 46645 } } peers { permanent_uuid: "cb47e462a6bc4245b7cb8352bcf7c262" member_type: VOTER last_known_addr { host: "127.18.13.3" port: 37749 } }
I20260608 12:43:00.680410 21665 raft_consensus.cc:385] T 32d49c15b1134129b45d0e65c6dbe29a P c7840fe0fe46475c809c586d3daedb77 [term 0 FOLLOWER]: Consensus starting up: Expiring failure detector timer to make a prompt election more likely
I20260608 12:43:00.680249 21667 consensus_queue.cc:260] T ab87d78121224d2eb9aa39489a3c67e5 P cb47e462a6bc4245b7cb8352bcf7c262 [NON_LEADER]: Queue going to NON_LEADER mode. State: All replicated index: 0, Majority replicated index: 0, Committed index: 0, Last appended: 0.0, Last appended by leader: 0, Current term: 0, Majority size: -1, State: 0, Mode: NON_LEADER, active raft config: opid_index: -1 OBSOLETE_local: false peers { permanent_uuid: "8567fd0f055f450c94c1f746a7f2a831" member_type: VOTER last_known_addr { host: "127.18.13.2" port: 46645 } } peers { permanent_uuid: "c7840fe0fe46475c809c586d3daedb77" member_type: VOTER last_known_addr { host: "127.18.13.1" port: 38029 } } peers { permanent_uuid: "cb47e462a6bc4245b7cb8352bcf7c262" member_type: VOTER last_known_addr { host: "127.18.13.3" port: 37749 } }
I20260608 12:43:00.680783 21665 raft_consensus.cc:740] T 32d49c15b1134129b45d0e65c6dbe29a P c7840fe0fe46475c809c586d3daedb77 [term 0 FOLLOWER]: Becoming Follower/Learner. State: Replica: c7840fe0fe46475c809c586d3daedb77, State: Initialized, Role: FOLLOWER
I20260608 12:43:00.681221 21666 raft_consensus.cc:359] T 8f00e6ed0e7f43a2aae542a75859e71e P 8567fd0f055f450c94c1f746a7f2a831 [term 0 FOLLOWER]: Replica starting. Triggering 0 pending ops. Active config: opid_index: -1 OBSOLETE_local: false peers { permanent_uuid: "8567fd0f055f450c94c1f746a7f2a831" member_type: VOTER last_known_addr { host: "127.18.13.2" port: 46645 } } peers { permanent_uuid: "c7840fe0fe46475c809c586d3daedb77" member_type: VOTER last_known_addr { host: "127.18.13.1" port: 38029 } } peers { permanent_uuid: "cb47e462a6bc4245b7cb8352bcf7c262" member_type: VOTER last_known_addr { host: "127.18.13.3" port: 37749 } }
I20260608 12:43:00.682049 21666 raft_consensus.cc:385] T 8f00e6ed0e7f43a2aae542a75859e71e P 8567fd0f055f450c94c1f746a7f2a831 [term 0 FOLLOWER]: Consensus starting up: Expiring failure detector timer to make a prompt election more likely
I20260608 12:43:00.681795 21665 consensus_queue.cc:260] T 32d49c15b1134129b45d0e65c6dbe29a P c7840fe0fe46475c809c586d3daedb77 [NON_LEADER]: Queue going to NON_LEADER mode. State: All replicated index: 0, Majority replicated index: 0, Committed index: 0, Last appended: 0.0, Last appended by leader: 0, Current term: 0, Majority size: -1, State: 0, Mode: NON_LEADER, active raft config: opid_index: -1 OBSOLETE_local: false peers { permanent_uuid: "c7840fe0fe46475c809c586d3daedb77" member_type: VOTER last_known_addr { host: "127.18.13.1" port: 38029 } } peers { permanent_uuid: "8567fd0f055f450c94c1f746a7f2a831" member_type: VOTER last_known_addr { host: "127.18.13.2" port: 46645 } } peers { permanent_uuid: "cb47e462a6bc4245b7cb8352bcf7c262" member_type: VOTER last_known_addr { host: "127.18.13.3" port: 37749 } }
I20260608 12:43:00.682425 21666 raft_consensus.cc:740] T 8f00e6ed0e7f43a2aae542a75859e71e P 8567fd0f055f450c94c1f746a7f2a831 [term 0 FOLLOWER]: Becoming Follower/Learner. State: Replica: 8567fd0f055f450c94c1f746a7f2a831, State: Initialized, Role: FOLLOWER
I20260608 12:43:00.682703 21667 ts_tablet_manager.cc:1434] T ab87d78121224d2eb9aa39489a3c67e5 P cb47e462a6bc4245b7cb8352bcf7c262: Time spent starting tablet: real 0.007s	user 0.008s	sys 0.000s
I20260608 12:43:00.683848 21667 tablet_bootstrap.cc:492] T 70e2c1238f8a42bb830013c317d16000 P cb47e462a6bc4245b7cb8352bcf7c262: Bootstrap starting.
I20260608 12:43:00.683512 21666 consensus_queue.cc:260] T 8f00e6ed0e7f43a2aae542a75859e71e P 8567fd0f055f450c94c1f746a7f2a831 [NON_LEADER]: Queue going to NON_LEADER mode. State: All replicated index: 0, Majority replicated index: 0, Committed index: 0, Last appended: 0.0, Last appended by leader: 0, Current term: 0, Majority size: -1, State: 0, Mode: NON_LEADER, active raft config: opid_index: -1 OBSOLETE_local: false peers { permanent_uuid: "8567fd0f055f450c94c1f746a7f2a831" member_type: VOTER last_known_addr { host: "127.18.13.2" port: 46645 } } peers { permanent_uuid: "c7840fe0fe46475c809c586d3daedb77" member_type: VOTER last_known_addr { host: "127.18.13.1" port: 38029 } } peers { permanent_uuid: "cb47e462a6bc4245b7cb8352bcf7c262" member_type: VOTER last_known_addr { host: "127.18.13.3" port: 37749 } }
I20260608 12:43:00.684603 21665 ts_tablet_manager.cc:1434] T 32d49c15b1134129b45d0e65c6dbe29a P c7840fe0fe46475c809c586d3daedb77: Time spent starting tablet: real 0.008s	user 0.008s	sys 0.000s
I20260608 12:43:00.685667 21665 tablet_bootstrap.cc:492] T eed5bbe80f114c99a287b46d4d9d6d84 P c7840fe0fe46475c809c586d3daedb77: Bootstrap starting.
I20260608 12:43:00.686208 21666 ts_tablet_manager.cc:1434] T 8f00e6ed0e7f43a2aae542a75859e71e P 8567fd0f055f450c94c1f746a7f2a831: Time spent starting tablet: real 0.008s	user 0.007s	sys 0.000s
I20260608 12:43:00.687356 21666 tablet_bootstrap.cc:492] T d168654e14374a84b45aa14fdcfe3b5b P 8567fd0f055f450c94c1f746a7f2a831: Bootstrap starting.
I20260608 12:43:00.691062 21667 tablet_bootstrap.cc:654] T 70e2c1238f8a42bb830013c317d16000 P cb47e462a6bc4245b7cb8352bcf7c262: Neither blocks nor log segments found. Creating new log.
I20260608 12:43:00.691877 21665 tablet_bootstrap.cc:654] T eed5bbe80f114c99a287b46d4d9d6d84 P c7840fe0fe46475c809c586d3daedb77: Neither blocks nor log segments found. Creating new log.
I20260608 12:43:00.693769 21666 tablet_bootstrap.cc:654] T d168654e14374a84b45aa14fdcfe3b5b P 8567fd0f055f450c94c1f746a7f2a831: Neither blocks nor log segments found. Creating new log.
I20260608 12:43:00.702512 21673 raft_consensus.cc:493] T ab87d78121224d2eb9aa39489a3c67e5 P cb47e462a6bc4245b7cb8352bcf7c262 [term 0 FOLLOWER]: Starting pre-election (no leader contacted us within the election timeout)
I20260608 12:43:00.703112 21673 raft_consensus.cc:515] T ab87d78121224d2eb9aa39489a3c67e5 P cb47e462a6bc4245b7cb8352bcf7c262 [term 0 FOLLOWER]: Starting pre-election with config: opid_index: -1 OBSOLETE_local: false peers { permanent_uuid: "8567fd0f055f450c94c1f746a7f2a831" member_type: VOTER last_known_addr { host: "127.18.13.2" port: 46645 } } peers { permanent_uuid: "c7840fe0fe46475c809c586d3daedb77" member_type: VOTER last_known_addr { host: "127.18.13.1" port: 38029 } } peers { permanent_uuid: "cb47e462a6bc4245b7cb8352bcf7c262" member_type: VOTER last_known_addr { host: "127.18.13.3" port: 37749 } }
I20260608 12:43:00.704306 21665 tablet_bootstrap.cc:492] T eed5bbe80f114c99a287b46d4d9d6d84 P c7840fe0fe46475c809c586d3daedb77: No bootstrap required, opened a new log
I20260608 12:43:00.704429 21667 tablet_bootstrap.cc:492] T 70e2c1238f8a42bb830013c317d16000 P cb47e462a6bc4245b7cb8352bcf7c262: No bootstrap required, opened a new log
I20260608 12:43:00.705224 21665 ts_tablet_manager.cc:1403] T eed5bbe80f114c99a287b46d4d9d6d84 P c7840fe0fe46475c809c586d3daedb77: Time spent bootstrapping tablet: real 0.020s	user 0.003s	sys 0.016s
I20260608 12:43:00.705241 21667 ts_tablet_manager.cc:1403] T 70e2c1238f8a42bb830013c317d16000 P cb47e462a6bc4245b7cb8352bcf7c262: Time spent bootstrapping tablet: real 0.022s	user 0.011s	sys 0.008s
I20260608 12:43:00.709486 21673 leader_election.cc:290] T ab87d78121224d2eb9aa39489a3c67e5 P cb47e462a6bc4245b7cb8352bcf7c262 [CANDIDATE]: Term 1 pre-election: Requested pre-vote from peers 8567fd0f055f450c94c1f746a7f2a831 (127.18.13.2:46645), c7840fe0fe46475c809c586d3daedb77 (127.18.13.1:38029)
I20260608 12:43:00.709169 21667 raft_consensus.cc:359] T 70e2c1238f8a42bb830013c317d16000 P cb47e462a6bc4245b7cb8352bcf7c262 [term 0 FOLLOWER]: Replica starting. Triggering 0 pending ops. Active config: opid_index: -1 OBSOLETE_local: false peers { permanent_uuid: "c7840fe0fe46475c809c586d3daedb77" member_type: VOTER last_known_addr { host: "127.18.13.1" port: 38029 } } peers { permanent_uuid: "8567fd0f055f450c94c1f746a7f2a831" member_type: VOTER last_known_addr { host: "127.18.13.2" port: 46645 } } peers { permanent_uuid: "cb47e462a6bc4245b7cb8352bcf7c262" member_type: VOTER last_known_addr { host: "127.18.13.3" port: 37749 } }
I20260608 12:43:00.710034 21667 raft_consensus.cc:385] T 70e2c1238f8a42bb830013c317d16000 P cb47e462a6bc4245b7cb8352bcf7c262 [term 0 FOLLOWER]: Consensus starting up: Expiring failure detector timer to make a prompt election more likely
I20260608 12:43:00.709705 21665 raft_consensus.cc:359] T eed5bbe80f114c99a287b46d4d9d6d84 P c7840fe0fe46475c809c586d3daedb77 [term 0 FOLLOWER]: Replica starting. Triggering 0 pending ops. Active config: opid_index: -1 OBSOLETE_local: false peers { permanent_uuid: "c7840fe0fe46475c809c586d3daedb77" member_type: VOTER last_known_addr { host: "127.18.13.1" port: 38029 } } peers { permanent_uuid: "8567fd0f055f450c94c1f746a7f2a831" member_type: VOTER last_known_addr { host: "127.18.13.2" port: 46645 } } peers { permanent_uuid: "cb47e462a6bc4245b7cb8352bcf7c262" member_type: VOTER last_known_addr { host: "127.18.13.3" port: 37749 } }
I20260608 12:43:00.710441 21667 raft_consensus.cc:740] T 70e2c1238f8a42bb830013c317d16000 P cb47e462a6bc4245b7cb8352bcf7c262 [term 0 FOLLOWER]: Becoming Follower/Learner. State: Replica: cb47e462a6bc4245b7cb8352bcf7c262, State: Initialized, Role: FOLLOWER
I20260608 12:43:00.710733 21665 raft_consensus.cc:385] T eed5bbe80f114c99a287b46d4d9d6d84 P c7840fe0fe46475c809c586d3daedb77 [term 0 FOLLOWER]: Consensus starting up: Expiring failure detector timer to make a prompt election more likely
I20260608 12:43:00.711187 21665 raft_consensus.cc:740] T eed5bbe80f114c99a287b46d4d9d6d84 P c7840fe0fe46475c809c586d3daedb77 [term 0 FOLLOWER]: Becoming Follower/Learner. State: Replica: c7840fe0fe46475c809c586d3daedb77, State: Initialized, Role: FOLLOWER
I20260608 12:43:00.711370 21667 consensus_queue.cc:260] T 70e2c1238f8a42bb830013c317d16000 P cb47e462a6bc4245b7cb8352bcf7c262 [NON_LEADER]: Queue going to NON_LEADER mode. State: All replicated index: 0, Majority replicated index: 0, Committed index: 0, Last appended: 0.0, Last appended by leader: 0, Current term: 0, Majority size: -1, State: 0, Mode: NON_LEADER, active raft config: opid_index: -1 OBSOLETE_local: false peers { permanent_uuid: "c7840fe0fe46475c809c586d3daedb77" member_type: VOTER last_known_addr { host: "127.18.13.1" port: 38029 } } peers { permanent_uuid: "8567fd0f055f450c94c1f746a7f2a831" member_type: VOTER last_known_addr { host: "127.18.13.2" port: 46645 } } peers { permanent_uuid: "cb47e462a6bc4245b7cb8352bcf7c262" member_type: VOTER last_known_addr { host: "127.18.13.3" port: 37749 } }
I20260608 12:43:00.712267 21665 consensus_queue.cc:260] T eed5bbe80f114c99a287b46d4d9d6d84 P c7840fe0fe46475c809c586d3daedb77 [NON_LEADER]: Queue going to NON_LEADER mode. State: All replicated index: 0, Majority replicated index: 0, Committed index: 0, Last appended: 0.0, Last appended by leader: 0, Current term: 0, Majority size: -1, State: 0, Mode: NON_LEADER, active raft config: opid_index: -1 OBSOLETE_local: false peers { permanent_uuid: "c7840fe0fe46475c809c586d3daedb77" member_type: VOTER last_known_addr { host: "127.18.13.1" port: 38029 } } peers { permanent_uuid: "8567fd0f055f450c94c1f746a7f2a831" member_type: VOTER last_known_addr { host: "127.18.13.2" port: 46645 } } peers { permanent_uuid: "cb47e462a6bc4245b7cb8352bcf7c262" member_type: VOTER last_known_addr { host: "127.18.13.3" port: 37749 } }
I20260608 12:43:00.714274 21667 ts_tablet_manager.cc:1434] T 70e2c1238f8a42bb830013c317d16000 P cb47e462a6bc4245b7cb8352bcf7c262: Time spent starting tablet: real 0.008s	user 0.006s	sys 0.001s
I20260608 12:43:00.715574 21667 tablet_bootstrap.cc:492] T 32d49c15b1134129b45d0e65c6dbe29a P cb47e462a6bc4245b7cb8352bcf7c262: Bootstrap starting.
I20260608 12:43:00.715782 21665 ts_tablet_manager.cc:1434] T eed5bbe80f114c99a287b46d4d9d6d84 P c7840fe0fe46475c809c586d3daedb77: Time spent starting tablet: real 0.010s	user 0.004s	sys 0.005s
I20260608 12:43:00.718647 21665 tablet_bootstrap.cc:492] T c670c3db8356491991276afa03db6bea P c7840fe0fe46475c809c586d3daedb77: Bootstrap starting.
I20260608 12:43:00.723559 21667 tablet_bootstrap.cc:654] T 32d49c15b1134129b45d0e65c6dbe29a P cb47e462a6bc4245b7cb8352bcf7c262: Neither blocks nor log segments found. Creating new log.
I20260608 12:43:00.726804 21665 tablet_bootstrap.cc:654] T c670c3db8356491991276afa03db6bea P c7840fe0fe46475c809c586d3daedb77: Neither blocks nor log segments found. Creating new log.
I20260608 12:43:00.735862 21667 tablet_bootstrap.cc:492] T 32d49c15b1134129b45d0e65c6dbe29a P cb47e462a6bc4245b7cb8352bcf7c262: No bootstrap required, opened a new log
I20260608 12:43:00.736455 21667 ts_tablet_manager.cc:1403] T 32d49c15b1134129b45d0e65c6dbe29a P cb47e462a6bc4245b7cb8352bcf7c262: Time spent bootstrapping tablet: real 0.021s	user 0.009s	sys 0.010s
I20260608 12:43:00.740384 21665 tablet_bootstrap.cc:492] T c670c3db8356491991276afa03db6bea P c7840fe0fe46475c809c586d3daedb77: No bootstrap required, opened a new log
I20260608 12:43:00.740023 21667 raft_consensus.cc:359] T 32d49c15b1134129b45d0e65c6dbe29a P cb47e462a6bc4245b7cb8352bcf7c262 [term 0 FOLLOWER]: Replica starting. Triggering 0 pending ops. Active config: opid_index: -1 OBSOLETE_local: false peers { permanent_uuid: "c7840fe0fe46475c809c586d3daedb77" member_type: VOTER last_known_addr { host: "127.18.13.1" port: 38029 } } peers { permanent_uuid: "8567fd0f055f450c94c1f746a7f2a831" member_type: VOTER last_known_addr { host: "127.18.13.2" port: 46645 } } peers { permanent_uuid: "cb47e462a6bc4245b7cb8352bcf7c262" member_type: VOTER last_known_addr { host: "127.18.13.3" port: 37749 } }
I20260608 12:43:00.741036 21667 raft_consensus.cc:385] T 32d49c15b1134129b45d0e65c6dbe29a P cb47e462a6bc4245b7cb8352bcf7c262 [term 0 FOLLOWER]: Consensus starting up: Expiring failure detector timer to make a prompt election more likely
I20260608 12:43:00.741132 21665 ts_tablet_manager.cc:1403] T c670c3db8356491991276afa03db6bea P c7840fe0fe46475c809c586d3daedb77: Time spent bootstrapping tablet: real 0.023s	user 0.012s	sys 0.009s
I20260608 12:43:00.741439 21667 raft_consensus.cc:740] T 32d49c15b1134129b45d0e65c6dbe29a P cb47e462a6bc4245b7cb8352bcf7c262 [term 0 FOLLOWER]: Becoming Follower/Learner. State: Replica: cb47e462a6bc4245b7cb8352bcf7c262, State: Initialized, Role: FOLLOWER
I20260608 12:43:00.742388 21667 consensus_queue.cc:260] T 32d49c15b1134129b45d0e65c6dbe29a P cb47e462a6bc4245b7cb8352bcf7c262 [NON_LEADER]: Queue going to NON_LEADER mode. State: All replicated index: 0, Majority replicated index: 0, Committed index: 0, Last appended: 0.0, Last appended by leader: 0, Current term: 0, Majority size: -1, State: 0, Mode: NON_LEADER, active raft config: opid_index: -1 OBSOLETE_local: false peers { permanent_uuid: "c7840fe0fe46475c809c586d3daedb77" member_type: VOTER last_known_addr { host: "127.18.13.1" port: 38029 } } peers { permanent_uuid: "8567fd0f055f450c94c1f746a7f2a831" member_type: VOTER last_known_addr { host: "127.18.13.2" port: 46645 } } peers { permanent_uuid: "cb47e462a6bc4245b7cb8352bcf7c262" member_type: VOTER last_known_addr { host: "127.18.13.3" port: 37749 } }
I20260608 12:43:00.745929 21673 raft_consensus.cc:493] T eed5bbe80f114c99a287b46d4d9d6d84 P cb47e462a6bc4245b7cb8352bcf7c262 [term 0 FOLLOWER]: Starting pre-election (no leader contacted us within the election timeout)
I20260608 12:43:00.745411 21665 raft_consensus.cc:359] T c670c3db8356491991276afa03db6bea P c7840fe0fe46475c809c586d3daedb77 [term 0 FOLLOWER]: Replica starting. Triggering 0 pending ops. Active config: opid_index: -1 OBSOLETE_local: false peers { permanent_uuid: "8567fd0f055f450c94c1f746a7f2a831" member_type: VOTER last_known_addr { host: "127.18.13.2" port: 46645 } } peers { permanent_uuid: "c7840fe0fe46475c809c586d3daedb77" member_type: VOTER last_known_addr { host: "127.18.13.1" port: 38029 } } peers { permanent_uuid: "cb47e462a6bc4245b7cb8352bcf7c262" member_type: VOTER last_known_addr { host: "127.18.13.3" port: 37749 } }
I20260608 12:43:00.746573 21665 raft_consensus.cc:385] T c670c3db8356491991276afa03db6bea P c7840fe0fe46475c809c586d3daedb77 [term 0 FOLLOWER]: Consensus starting up: Expiring failure detector timer to make a prompt election more likely
I20260608 12:43:00.746445 21667 ts_tablet_manager.cc:1434] T 32d49c15b1134129b45d0e65c6dbe29a P cb47e462a6bc4245b7cb8352bcf7c262: Time spent starting tablet: real 0.010s	user 0.006s	sys 0.000s
I20260608 12:43:00.746466 21673 raft_consensus.cc:515] T eed5bbe80f114c99a287b46d4d9d6d84 P cb47e462a6bc4245b7cb8352bcf7c262 [term 0 FOLLOWER]: Starting pre-election with config: opid_index: -1 OBSOLETE_local: false peers { permanent_uuid: "c7840fe0fe46475c809c586d3daedb77" member_type: VOTER last_known_addr { host: "127.18.13.1" port: 38029 } } peers { permanent_uuid: "8567fd0f055f450c94c1f746a7f2a831" member_type: VOTER last_known_addr { host: "127.18.13.2" port: 46645 } } peers { permanent_uuid: "cb47e462a6bc4245b7cb8352bcf7c262" member_type: VOTER last_known_addr { host: "127.18.13.3" port: 37749 } }
I20260608 12:43:00.747227 21665 raft_consensus.cc:740] T c670c3db8356491991276afa03db6bea P c7840fe0fe46475c809c586d3daedb77 [term 0 FOLLOWER]: Becoming Follower/Learner. State: Replica: c7840fe0fe46475c809c586d3daedb77, State: Initialized, Role: FOLLOWER
I20260608 12:43:00.748124 21667 tablet_bootstrap.cc:492] T d168654e14374a84b45aa14fdcfe3b5b P cb47e462a6bc4245b7cb8352bcf7c262: Bootstrap starting.
I20260608 12:43:00.748973 21673 leader_election.cc:290] T eed5bbe80f114c99a287b46d4d9d6d84 P cb47e462a6bc4245b7cb8352bcf7c262 [CANDIDATE]: Term 1 pre-election: Requested pre-vote from peers c7840fe0fe46475c809c586d3daedb77 (127.18.13.1:38029), 8567fd0f055f450c94c1f746a7f2a831 (127.18.13.2:46645)
I20260608 12:43:00.748550 21665 consensus_queue.cc:260] T c670c3db8356491991276afa03db6bea P c7840fe0fe46475c809c586d3daedb77 [NON_LEADER]: Queue going to NON_LEADER mode. State: All replicated index: 0, Majority replicated index: 0, Committed index: 0, Last appended: 0.0, Last appended by leader: 0, Current term: 0, Majority size: -1, State: 0, Mode: NON_LEADER, active raft config: opid_index: -1 OBSOLETE_local: false peers { permanent_uuid: "8567fd0f055f450c94c1f746a7f2a831" member_type: VOTER last_known_addr { host: "127.18.13.2" port: 46645 } } peers { permanent_uuid: "c7840fe0fe46475c809c586d3daedb77" member_type: VOTER last_known_addr { host: "127.18.13.1" port: 38029 } } peers { permanent_uuid: "cb47e462a6bc4245b7cb8352bcf7c262" member_type: VOTER last_known_addr { host: "127.18.13.3" port: 37749 } }
I20260608 12:43:00.752254 21672 raft_consensus.cc:493] T d168654e14374a84b45aa14fdcfe3b5b P c7840fe0fe46475c809c586d3daedb77 [term 0 FOLLOWER]: Starting pre-election (no leader contacted us within the election timeout)
I20260608 12:43:00.752902 21672 raft_consensus.cc:515] T d168654e14374a84b45aa14fdcfe3b5b P c7840fe0fe46475c809c586d3daedb77 [term 0 FOLLOWER]: Starting pre-election with config: opid_index: -1 OBSOLETE_local: false peers { permanent_uuid: "8567fd0f055f450c94c1f746a7f2a831" member_type: VOTER last_known_addr { host: "127.18.13.2" port: 46645 } } peers { permanent_uuid: "c7840fe0fe46475c809c586d3daedb77" member_type: VOTER last_known_addr { host: "127.18.13.1" port: 38029 } } peers { permanent_uuid: "cb47e462a6bc4245b7cb8352bcf7c262" member_type: VOTER last_known_addr { host: "127.18.13.3" port: 37749 } }
I20260608 12:43:00.755545 21667 tablet_bootstrap.cc:654] T d168654e14374a84b45aa14fdcfe3b5b P cb47e462a6bc4245b7cb8352bcf7c262: Neither blocks nor log segments found. Creating new log.
I20260608 12:43:00.770164 21672 leader_election.cc:290] T d168654e14374a84b45aa14fdcfe3b5b P c7840fe0fe46475c809c586d3daedb77 [CANDIDATE]: Term 1 pre-election: Requested pre-vote from peers 8567fd0f055f450c94c1f746a7f2a831 (127.18.13.2:46645), cb47e462a6bc4245b7cb8352bcf7c262 (127.18.13.3:37749)
I20260608 12:43:00.780908 21667 tablet_bootstrap.cc:492] T d168654e14374a84b45aa14fdcfe3b5b P cb47e462a6bc4245b7cb8352bcf7c262: No bootstrap required, opened a new log
I20260608 12:43:00.781531 21667 ts_tablet_manager.cc:1403] T d168654e14374a84b45aa14fdcfe3b5b P cb47e462a6bc4245b7cb8352bcf7c262: Time spent bootstrapping tablet: real 0.034s	user 0.015s	sys 0.007s
I20260608 12:43:00.779577 21665 ts_tablet_manager.cc:1434] T c670c3db8356491991276afa03db6bea P c7840fe0fe46475c809c586d3daedb77: Time spent starting tablet: real 0.038s	user 0.006s	sys 0.004s
I20260608 12:43:00.785849 21665 tablet_bootstrap.cc:492] T 5208915184074460af1e1f0c2a5d5baf P c7840fe0fe46475c809c586d3daedb77: Bootstrap starting.
I20260608 12:43:00.793463 21667 raft_consensus.cc:359] T d168654e14374a84b45aa14fdcfe3b5b P cb47e462a6bc4245b7cb8352bcf7c262 [term 0 FOLLOWER]: Replica starting. Triggering 0 pending ops. Active config: opid_index: -1 OBSOLETE_local: false peers { permanent_uuid: "8567fd0f055f450c94c1f746a7f2a831" member_type: VOTER last_known_addr { host: "127.18.13.2" port: 46645 } } peers { permanent_uuid: "c7840fe0fe46475c809c586d3daedb77" member_type: VOTER last_known_addr { host: "127.18.13.1" port: 38029 } } peers { permanent_uuid: "cb47e462a6bc4245b7cb8352bcf7c262" member_type: VOTER last_known_addr { host: "127.18.13.3" port: 37749 } }
I20260608 12:43:00.796788 21667 raft_consensus.cc:385] T d168654e14374a84b45aa14fdcfe3b5b P cb47e462a6bc4245b7cb8352bcf7c262 [term 0 FOLLOWER]: Consensus starting up: Expiring failure detector timer to make a prompt election more likely
I20260608 12:43:00.797192 21667 raft_consensus.cc:740] T d168654e14374a84b45aa14fdcfe3b5b P cb47e462a6bc4245b7cb8352bcf7c262 [term 0 FOLLOWER]: Becoming Follower/Learner. State: Replica: cb47e462a6bc4245b7cb8352bcf7c262, State: Initialized, Role: FOLLOWER
I20260608 12:43:00.798290 21667 consensus_queue.cc:260] T d168654e14374a84b45aa14fdcfe3b5b P cb47e462a6bc4245b7cb8352bcf7c262 [NON_LEADER]: Queue going to NON_LEADER mode. State: All replicated index: 0, Majority replicated index: 0, Committed index: 0, Last appended: 0.0, Last appended by leader: 0, Current term: 0, Majority size: -1, State: 0, Mode: NON_LEADER, active raft config: opid_index: -1 OBSOLETE_local: false peers { permanent_uuid: "8567fd0f055f450c94c1f746a7f2a831" member_type: VOTER last_known_addr { host: "127.18.13.2" port: 46645 } } peers { permanent_uuid: "c7840fe0fe46475c809c586d3daedb77" member_type: VOTER last_known_addr { host: "127.18.13.1" port: 38029 } } peers { permanent_uuid: "cb47e462a6bc4245b7cb8352bcf7c262" member_type: VOTER last_known_addr { host: "127.18.13.3" port: 37749 } }
I20260608 12:43:00.804087 21667 ts_tablet_manager.cc:1434] T d168654e14374a84b45aa14fdcfe3b5b P cb47e462a6bc4245b7cb8352bcf7c262: Time spent starting tablet: real 0.022s	user 0.009s	sys 0.000s
I20260608 12:43:00.805414 21667 tablet_bootstrap.cc:492] T c670c3db8356491991276afa03db6bea P cb47e462a6bc4245b7cb8352bcf7c262: Bootstrap starting.
I20260608 12:43:00.807819 21672 raft_consensus.cc:493] T c670c3db8356491991276afa03db6bea P c7840fe0fe46475c809c586d3daedb77 [term 0 FOLLOWER]: Starting pre-election (no leader contacted us within the election timeout)
I20260608 12:43:00.808512 21672 raft_consensus.cc:515] T c670c3db8356491991276afa03db6bea P c7840fe0fe46475c809c586d3daedb77 [term 0 FOLLOWER]: Starting pre-election with config: opid_index: -1 OBSOLETE_local: false peers { permanent_uuid: "8567fd0f055f450c94c1f746a7f2a831" member_type: VOTER last_known_addr { host: "127.18.13.2" port: 46645 } } peers { permanent_uuid: "c7840fe0fe46475c809c586d3daedb77" member_type: VOTER last_known_addr { host: "127.18.13.1" port: 38029 } } peers { permanent_uuid: "cb47e462a6bc4245b7cb8352bcf7c262" member_type: VOTER last_known_addr { host: "127.18.13.3" port: 37749 } }
I20260608 12:43:00.811245 21672 leader_election.cc:290] T c670c3db8356491991276afa03db6bea P c7840fe0fe46475c809c586d3daedb77 [CANDIDATE]: Term 1 pre-election: Requested pre-vote from peers 8567fd0f055f450c94c1f746a7f2a831 (127.18.13.2:46645), cb47e462a6bc4245b7cb8352bcf7c262 (127.18.13.3:37749)
I20260608 12:43:00.816140 21665 tablet_bootstrap.cc:654] T 5208915184074460af1e1f0c2a5d5baf P c7840fe0fe46475c809c586d3daedb77: Neither blocks nor log segments found. Creating new log.
I20260608 12:43:00.820931 21667 tablet_bootstrap.cc:654] T c670c3db8356491991276afa03db6bea P cb47e462a6bc4245b7cb8352bcf7c262: Neither blocks nor log segments found. Creating new log.
I20260608 12:43:00.827649 21671 raft_consensus.cc:493] T 8f00e6ed0e7f43a2aae542a75859e71e P 8567fd0f055f450c94c1f746a7f2a831 [term 0 FOLLOWER]: Starting pre-election (no leader contacted us within the election timeout)
I20260608 12:43:00.828300 21671 raft_consensus.cc:515] T 8f00e6ed0e7f43a2aae542a75859e71e P 8567fd0f055f450c94c1f746a7f2a831 [term 0 FOLLOWER]: Starting pre-election with config: opid_index: -1 OBSOLETE_local: false peers { permanent_uuid: "8567fd0f055f450c94c1f746a7f2a831" member_type: VOTER last_known_addr { host: "127.18.13.2" port: 46645 } } peers { permanent_uuid: "c7840fe0fe46475c809c586d3daedb77" member_type: VOTER last_known_addr { host: "127.18.13.1" port: 38029 } } peers { permanent_uuid: "cb47e462a6bc4245b7cb8352bcf7c262" member_type: VOTER last_known_addr { host: "127.18.13.3" port: 37749 } }
I20260608 12:43:00.834002 21671 leader_election.cc:290] T 8f00e6ed0e7f43a2aae542a75859e71e P 8567fd0f055f450c94c1f746a7f2a831 [CANDIDATE]: Term 1 pre-election: Requested pre-vote from peers c7840fe0fe46475c809c586d3daedb77 (127.18.13.1:38029), cb47e462a6bc4245b7cb8352bcf7c262 (127.18.13.3:37749)
I20260608 12:43:00.839389 21546 tablet_service.cc:1917] Received RequestConsensusVote() RPC: tablet_id: "ab87d78121224d2eb9aa39489a3c67e5" candidate_uuid: "cb47e462a6bc4245b7cb8352bcf7c262" candidate_term: 1 candidate_status { last_received { term: 0 index: 0 } } ignore_live_leader: false dest_uuid: "8567fd0f055f450c94c1f746a7f2a831" is_pre_election: true
I20260608 12:43:00.845046 21546 raft_consensus.cc:2468] T ab87d78121224d2eb9aa39489a3c67e5 P 8567fd0f055f450c94c1f746a7f2a831 [term 0 FOLLOWER]: Leader pre-election vote request: Granting yes vote for candidate cb47e462a6bc4245b7cb8352bcf7c262 in term 0.
I20260608 12:43:00.845611 21545 tablet_service.cc:1917] Received RequestConsensusVote() RPC: tablet_id: "eed5bbe80f114c99a287b46d4d9d6d84" candidate_uuid: "cb47e462a6bc4245b7cb8352bcf7c262" candidate_term: 1 candidate_status { last_received { term: 0 index: 0 } } ignore_live_leader: false dest_uuid: "8567fd0f055f450c94c1f746a7f2a831" is_pre_election: true
I20260608 12:43:00.853914 21470 tablet_service.cc:1917] Received RequestConsensusVote() RPC: tablet_id: "eed5bbe80f114c99a287b46d4d9d6d84" candidate_uuid: "cb47e462a6bc4245b7cb8352bcf7c262" candidate_term: 1 candidate_status { last_received { term: 0 index: 0 } } ignore_live_leader: false dest_uuid: "c7840fe0fe46475c809c586d3daedb77" is_pre_election: true
I20260608 12:43:00.855232 21470 raft_consensus.cc:2468] T eed5bbe80f114c99a287b46d4d9d6d84 P c7840fe0fe46475c809c586d3daedb77 [term 0 FOLLOWER]: Leader pre-election vote request: Granting yes vote for candidate cb47e462a6bc4245b7cb8352bcf7c262 in term 0.
I20260608 12:43:00.861357 21667 tablet_bootstrap.cc:492] T c670c3db8356491991276afa03db6bea P cb47e462a6bc4245b7cb8352bcf7c262: No bootstrap required, opened a new log
I20260608 12:43:00.862003 21667 ts_tablet_manager.cc:1403] T c670c3db8356491991276afa03db6bea P cb47e462a6bc4245b7cb8352bcf7c262: Time spent bootstrapping tablet: real 0.057s	user 0.012s	sys 0.002s
I20260608 12:43:00.853799 21471 tablet_service.cc:1917] Received RequestConsensusVote() RPC: tablet_id: "ab87d78121224d2eb9aa39489a3c67e5" candidate_uuid: "cb47e462a6bc4245b7cb8352bcf7c262" candidate_term: 1 candidate_status { last_received { term: 0 index: 0 } } ignore_live_leader: false dest_uuid: "c7840fe0fe46475c809c586d3daedb77" is_pre_election: true
I20260608 12:43:00.866894 21586 leader_election.cc:304] T eed5bbe80f114c99a287b46d4d9d6d84 P cb47e462a6bc4245b7cb8352bcf7c262 [CANDIDATE]: Term 1 pre-election: Election decided. Result: candidate won. Election summary: received 2 responses out of 3 voters: 2 yes votes; 0 no votes. yes voters: c7840fe0fe46475c809c586d3daedb77, cb47e462a6bc4245b7cb8352bcf7c262; no voters: 
I20260608 12:43:00.867835 21673 raft_consensus.cc:2804] T eed5bbe80f114c99a287b46d4d9d6d84 P cb47e462a6bc4245b7cb8352bcf7c262 [term 0 FOLLOWER]: Leader pre-election won for term 1
I20260608 12:43:00.868448 21673 raft_consensus.cc:493] T eed5bbe80f114c99a287b46d4d9d6d84 P cb47e462a6bc4245b7cb8352bcf7c262 [term 0 FOLLOWER]: Starting leader election (no leader contacted us within the election timeout)
I20260608 12:43:00.868968 21673 raft_consensus.cc:3060] T eed5bbe80f114c99a287b46d4d9d6d84 P cb47e462a6bc4245b7cb8352bcf7c262 [term 0 FOLLOWER]: Advancing to term 1
I20260608 12:43:00.868623 21667 raft_consensus.cc:359] T c670c3db8356491991276afa03db6bea P cb47e462a6bc4245b7cb8352bcf7c262 [term 0 FOLLOWER]: Replica starting. Triggering 0 pending ops. Active config: opid_index: -1 OBSOLETE_local: false peers { permanent_uuid: "8567fd0f055f450c94c1f746a7f2a831" member_type: VOTER last_known_addr { host: "127.18.13.2" port: 46645 } } peers { permanent_uuid: "c7840fe0fe46475c809c586d3daedb77" member_type: VOTER last_known_addr { host: "127.18.13.1" port: 38029 } } peers { permanent_uuid: "cb47e462a6bc4245b7cb8352bcf7c262" member_type: VOTER last_known_addr { host: "127.18.13.3" port: 37749 } }
I20260608 12:43:00.869643 21667 raft_consensus.cc:385] T c670c3db8356491991276afa03db6bea P cb47e462a6bc4245b7cb8352bcf7c262 [term 0 FOLLOWER]: Consensus starting up: Expiring failure detector timer to make a prompt election more likely
I20260608 12:43:00.869984 21667 raft_consensus.cc:740] T c670c3db8356491991276afa03db6bea P cb47e462a6bc4245b7cb8352bcf7c262 [term 0 FOLLOWER]: Becoming Follower/Learner. State: Replica: cb47e462a6bc4245b7cb8352bcf7c262, State: Initialized, Role: FOLLOWER
I20260608 12:43:00.870878 21667 consensus_queue.cc:260] T c670c3db8356491991276afa03db6bea P cb47e462a6bc4245b7cb8352bcf7c262 [NON_LEADER]: Queue going to NON_LEADER mode. State: All replicated index: 0, Majority replicated index: 0, Committed index: 0, Last appended: 0.0, Last appended by leader: 0, Current term: 0, Majority size: -1, State: 0, Mode: NON_LEADER, active raft config: opid_index: -1 OBSOLETE_local: false peers { permanent_uuid: "8567fd0f055f450c94c1f746a7f2a831" member_type: VOTER last_known_addr { host: "127.18.13.2" port: 46645 } } peers { permanent_uuid: "c7840fe0fe46475c809c586d3daedb77" member_type: VOTER last_known_addr { host: "127.18.13.1" port: 38029 } } peers { permanent_uuid: "cb47e462a6bc4245b7cb8352bcf7c262" member_type: VOTER last_known_addr { host: "127.18.13.3" port: 37749 } }
W20260608 12:43:00.871835 21417 auto_rebalancer.cc:259] Could not retrieve cluster info: Service unavailable: Tablet not running
W20260608 12:43:00.867871 21586 leader_election.cc:343] T ab87d78121224d2eb9aa39489a3c67e5 P cb47e462a6bc4245b7cb8352bcf7c262 [CANDIDATE]: Term 1 pre-election: Tablet error from VoteRequest() call to peer c7840fe0fe46475c809c586d3daedb77 (127.18.13.1:38029): Illegal state: must be running to vote when last-logged opid is not known
I20260608 12:43:00.874416 21666 tablet_bootstrap.cc:492] T d168654e14374a84b45aa14fdcfe3b5b P 8567fd0f055f450c94c1f746a7f2a831: No bootstrap required, opened a new log
I20260608 12:43:00.874497 21586 leader_election.cc:304] T ab87d78121224d2eb9aa39489a3c67e5 P cb47e462a6bc4245b7cb8352bcf7c262 [CANDIDATE]: Term 1 pre-election: Election decided. Result: candidate won. Election summary: received 3 responses out of 3 voters: 2 yes votes; 1 no votes. yes voters: 8567fd0f055f450c94c1f746a7f2a831, cb47e462a6bc4245b7cb8352bcf7c262; no voters: c7840fe0fe46475c809c586d3daedb77
I20260608 12:43:00.874728 21422 auto_leader_rebalancer.cc:140] leader rebalance for table range_aware_rebalance_new_range
I20260608 12:43:00.875152 21666 ts_tablet_manager.cc:1403] T d168654e14374a84b45aa14fdcfe3b5b P 8567fd0f055f450c94c1f746a7f2a831: Time spent bootstrapping tablet: real 0.188s	user 0.066s	sys 0.075s
W20260608 12:43:00.876019 21422 auto_leader_rebalancer.cc:460] the master instance isn't leader: Service unavailable: Tablet not running
I20260608 12:43:00.880688 21620 tablet_service.cc:1917] Received RequestConsensusVote() RPC: tablet_id: "d168654e14374a84b45aa14fdcfe3b5b" candidate_uuid: "c7840fe0fe46475c809c586d3daedb77" candidate_term: 1 candidate_status { last_received { term: 0 index: 0 } } ignore_live_leader: false dest_uuid: "cb47e462a6bc4245b7cb8352bcf7c262" is_pre_election: true
I20260608 12:43:00.880909 21673 raft_consensus.cc:515] T eed5bbe80f114c99a287b46d4d9d6d84 P cb47e462a6bc4245b7cb8352bcf7c262 [term 1 FOLLOWER]: Starting leader election with config: opid_index: -1 OBSOLETE_local: false peers { permanent_uuid: "c7840fe0fe46475c809c586d3daedb77" member_type: VOTER last_known_addr { host: "127.18.13.1" port: 38029 } } peers { permanent_uuid: "8567fd0f055f450c94c1f746a7f2a831" member_type: VOTER last_known_addr { host: "127.18.13.2" port: 46645 } } peers { permanent_uuid: "cb47e462a6bc4245b7cb8352bcf7c262" member_type: VOTER last_known_addr { host: "127.18.13.3" port: 37749 } }
I20260608 12:43:00.881542 21620 raft_consensus.cc:2468] T d168654e14374a84b45aa14fdcfe3b5b P cb47e462a6bc4245b7cb8352bcf7c262 [term 0 FOLLOWER]: Leader pre-election vote request: Granting yes vote for candidate c7840fe0fe46475c809c586d3daedb77 in term 0.
I20260608 12:43:00.882211 21665 tablet_bootstrap.cc:492] T 5208915184074460af1e1f0c2a5d5baf P c7840fe0fe46475c809c586d3daedb77: No bootstrap required, opened a new log
I20260608 12:43:00.882854 21665 ts_tablet_manager.cc:1403] T 5208915184074460af1e1f0c2a5d5baf P c7840fe0fe46475c809c586d3daedb77: Time spent bootstrapping tablet: real 0.097s	user 0.013s	sys 0.003s
I20260608 12:43:00.884501 21620 tablet_service.cc:1917] Received RequestConsensusVote() RPC: tablet_id: "c670c3db8356491991276afa03db6bea" candidate_uuid: "c7840fe0fe46475c809c586d3daedb77" candidate_term: 1 candidate_status { last_received { term: 0 index: 0 } } ignore_live_leader: false dest_uuid: "cb47e462a6bc4245b7cb8352bcf7c262" is_pre_election: true
I20260608 12:43:00.885411 21620 raft_consensus.cc:2468] T c670c3db8356491991276afa03db6bea P cb47e462a6bc4245b7cb8352bcf7c262 [term 0 FOLLOWER]: Leader pre-election vote request: Granting yes vote for candidate c7840fe0fe46475c809c586d3daedb77 in term 0.
I20260608 12:43:00.887034 21545 tablet_service.cc:1917] Received RequestConsensusVote() RPC: tablet_id: "d168654e14374a84b45aa14fdcfe3b5b" candidate_uuid: "c7840fe0fe46475c809c586d3daedb77" candidate_term: 1 candidate_status { last_received { term: 0 index: 0 } } ignore_live_leader: false dest_uuid: "8567fd0f055f450c94c1f746a7f2a831" is_pre_election: true
I20260608 12:43:00.888182 21671 raft_consensus.cc:493] T 32d49c15b1134129b45d0e65c6dbe29a P 8567fd0f055f450c94c1f746a7f2a831 [term 0 FOLLOWER]: Starting pre-election (no leader contacted us within the election timeout)
I20260608 12:43:00.888738 21671 raft_consensus.cc:515] T 32d49c15b1134129b45d0e65c6dbe29a P 8567fd0f055f450c94c1f746a7f2a831 [term 0 FOLLOWER]: Starting pre-election with config: opid_index: -1 OBSOLETE_local: false peers { permanent_uuid: "c7840fe0fe46475c809c586d3daedb77" member_type: VOTER last_known_addr { host: "127.18.13.1" port: 38029 } } peers { permanent_uuid: "8567fd0f055f450c94c1f746a7f2a831" member_type: VOTER last_known_addr { host: "127.18.13.2" port: 46645 } } peers { permanent_uuid: "cb47e462a6bc4245b7cb8352bcf7c262" member_type: VOTER last_known_addr { host: "127.18.13.3" port: 37749 } }
I20260608 12:43:00.889178 21666 raft_consensus.cc:359] T d168654e14374a84b45aa14fdcfe3b5b P 8567fd0f055f450c94c1f746a7f2a831 [term 0 FOLLOWER]: Replica starting. Triggering 0 pending ops. Active config: opid_index: -1 OBSOLETE_local: false peers { permanent_uuid: "8567fd0f055f450c94c1f746a7f2a831" member_type: VOTER last_known_addr { host: "127.18.13.2" port: 46645 } } peers { permanent_uuid: "c7840fe0fe46475c809c586d3daedb77" member_type: VOTER last_known_addr { host: "127.18.13.1" port: 38029 } } peers { permanent_uuid: "cb47e462a6bc4245b7cb8352bcf7c262" member_type: VOTER last_known_addr { host: "127.18.13.3" port: 37749 } }
I20260608 12:43:00.889950 21666 raft_consensus.cc:385] T d168654e14374a84b45aa14fdcfe3b5b P 8567fd0f055f450c94c1f746a7f2a831 [term 0 FOLLOWER]: Consensus starting up: Expiring failure detector timer to make a prompt election more likely
I20260608 12:43:00.890286 21666 raft_consensus.cc:740] T d168654e14374a84b45aa14fdcfe3b5b P 8567fd0f055f450c94c1f746a7f2a831 [term 0 FOLLOWER]: Becoming Follower/Learner. State: Replica: 8567fd0f055f450c94c1f746a7f2a831, State: Initialized, Role: FOLLOWER
