I20260608 12:43:48.454356 23232 raft_consensus.cc:359] T ff6a518b2b8a45f09f2b77bf3fcf2d1d P 4ddcc748fb684533a5745693548fad2d [term 0 FOLLOWER]: Replica starting. Triggering 0 pending ops. Active config: opid_index: -1 OBSOLETE_local: false peers { permanent_uuid: "f05dd0db34c64007ae619048a3a95738" member_type: VOTER last_known_addr { host: "127.18.13.1" port: 37699 } } peers { permanent_uuid: "74463db681104f84b8c38076d3ac1a47" member_type: VOTER last_known_addr { host: "127.18.13.2" port: 39823 } } peers { permanent_uuid: "4ddcc748fb684533a5745693548fad2d" member_type: VOTER last_known_addr { host: "127.18.13.3" port: 37155 } }
I20260608 12:43:48.455646 23232 raft_consensus.cc:385] T ff6a518b2b8a45f09f2b77bf3fcf2d1d P 4ddcc748fb684533a5745693548fad2d [term 0 FOLLOWER]: Consensus starting up: Expiring failure detector timer to make a prompt election more likely
I20260608 12:43:48.455715 23231 raft_consensus.cc:359] T ff6a518b2b8a45f09f2b77bf3fcf2d1d P 74463db681104f84b8c38076d3ac1a47 [term 0 FOLLOWER]: Replica starting. Triggering 0 pending ops. Active config: opid_index: -1 OBSOLETE_local: false peers { permanent_uuid: "f05dd0db34c64007ae619048a3a95738" member_type: VOTER last_known_addr { host: "127.18.13.1" port: 37699 } } peers { permanent_uuid: "74463db681104f84b8c38076d3ac1a47" member_type: VOTER last_known_addr { host: "127.18.13.2" port: 39823 } } peers { permanent_uuid: "4ddcc748fb684533a5745693548fad2d" member_type: VOTER last_known_addr { host: "127.18.13.3" port: 37155 } }
I20260608 12:43:48.456845 23231 raft_consensus.cc:385] T ff6a518b2b8a45f09f2b77bf3fcf2d1d P 74463db681104f84b8c38076d3ac1a47 [term 0 FOLLOWER]: Consensus starting up: Expiring failure detector timer to make a prompt election more likely
I20260608 12:43:48.456631 23232 raft_consensus.cc:740] T ff6a518b2b8a45f09f2b77bf3fcf2d1d P 4ddcc748fb684533a5745693548fad2d [term 0 FOLLOWER]: Becoming Follower/Learner. State: Replica: 4ddcc748fb684533a5745693548fad2d, State: Initialized, Role: FOLLOWER
I20260608 12:43:48.457409 23231 raft_consensus.cc:740] T ff6a518b2b8a45f09f2b77bf3fcf2d1d P 74463db681104f84b8c38076d3ac1a47 [term 0 FOLLOWER]: Becoming Follower/Learner. State: Replica: 74463db681104f84b8c38076d3ac1a47, State: Initialized, Role: FOLLOWER
I20260608 12:43:48.458451 23232 consensus_queue.cc:260] T ff6a518b2b8a45f09f2b77bf3fcf2d1d P 4ddcc748fb684533a5745693548fad2d [NON_LEADER]: Queue going to NON_LEADER mode. State: All replicated index: 0, Majority replicated index: 0, Committed index: 0, Last appended: 0.0, Last appended by leader: 0, Current term: 0, Majority size: -1, State: 0, Mode: NON_LEADER, active raft config: opid_index: -1 OBSOLETE_local: false peers { permanent_uuid: "f05dd0db34c64007ae619048a3a95738" member_type: VOTER last_known_addr { host: "127.18.13.1" port: 37699 } } peers { permanent_uuid: "74463db681104f84b8c38076d3ac1a47" member_type: VOTER last_known_addr { host: "127.18.13.2" port: 39823 } } peers { permanent_uuid: "4ddcc748fb684533a5745693548fad2d" member_type: VOTER last_known_addr { host: "127.18.13.3" port: 37155 } }
I20260608 12:43:48.458253 23231 consensus_queue.cc:260] T ff6a518b2b8a45f09f2b77bf3fcf2d1d P 74463db681104f84b8c38076d3ac1a47 [NON_LEADER]: Queue going to NON_LEADER mode. State: All replicated index: 0, Majority replicated index: 0, Committed index: 0, Last appended: 0.0, Last appended by leader: 0, Current term: 0, Majority size: -1, State: 0, Mode: NON_LEADER, active raft config: opid_index: -1 OBSOLETE_local: false peers { permanent_uuid: "f05dd0db34c64007ae619048a3a95738" member_type: VOTER last_known_addr { host: "127.18.13.1" port: 37699 } } peers { permanent_uuid: "74463db681104f84b8c38076d3ac1a47" member_type: VOTER last_known_addr { host: "127.18.13.2" port: 39823 } } peers { permanent_uuid: "4ddcc748fb684533a5745693548fad2d" member_type: VOTER last_known_addr { host: "127.18.13.3" port: 37155 } }
I20260608 12:43:48.464236 23232 ts_tablet_manager.cc:1434] T ff6a518b2b8a45f09f2b77bf3fcf2d1d P 4ddcc748fb684533a5745693548fad2d: Time spent starting tablet: real 0.014s	user 0.005s	sys 0.004s
I20260608 12:43:48.464730 23231 ts_tablet_manager.cc:1434] T ff6a518b2b8a45f09f2b77bf3fcf2d1d P 74463db681104f84b8c38076d3ac1a47: Time spent starting tablet: real 0.012s	user 0.006s	sys 0.000s
I20260608 12:43:48.465523 23232 tablet_bootstrap.cc:492] T 7a4c6bcb646d45e5ab9c5d696c52336e P 4ddcc748fb684533a5745693548fad2d: Bootstrap starting.
I20260608 12:43:48.465740 23231 tablet_bootstrap.cc:492] T 056bd78ef7e04a78b4fa78b00fd74d8a P 74463db681104f84b8c38076d3ac1a47: Bootstrap starting.
I20260608 12:43:48.470077 23233 tablet_bootstrap.cc:492] T 472525101176403092ff4cec957c2394 P f05dd0db34c64007ae619048a3a95738: No bootstrap required, opened a new log
I20260608 12:43:48.470644 23233 ts_tablet_manager.cc:1403] T 472525101176403092ff4cec957c2394 P f05dd0db34c64007ae619048a3a95738: Time spent bootstrapping tablet: real 0.069s	user 0.024s	sys 0.024s
I20260608 12:43:48.473515 23232 tablet_bootstrap.cc:654] T 7a4c6bcb646d45e5ab9c5d696c52336e P 4ddcc748fb684533a5745693548fad2d: Neither blocks nor log segments found. Creating new log.
I20260608 12:43:48.473515 23231 tablet_bootstrap.cc:654] T 056bd78ef7e04a78b4fa78b00fd74d8a P 74463db681104f84b8c38076d3ac1a47: Neither blocks nor log segments found. Creating new log.
I20260608 12:43:48.474323 23233 raft_consensus.cc:359] T 472525101176403092ff4cec957c2394 P f05dd0db34c64007ae619048a3a95738 [term 0 FOLLOWER]: Replica starting. Triggering 0 pending ops. Active config: opid_index: -1 OBSOLETE_local: false peers { permanent_uuid: "f05dd0db34c64007ae619048a3a95738" member_type: VOTER last_known_addr { host: "127.18.13.1" port: 37699 } } peers { permanent_uuid: "74463db681104f84b8c38076d3ac1a47" member_type: VOTER last_known_addr { host: "127.18.13.2" port: 39823 } } peers { permanent_uuid: "4ddcc748fb684533a5745693548fad2d" member_type: VOTER last_known_addr { host: "127.18.13.3" port: 37155 } }
I20260608 12:43:48.475070 23233 raft_consensus.cc:385] T 472525101176403092ff4cec957c2394 P f05dd0db34c64007ae619048a3a95738 [term 0 FOLLOWER]: Consensus starting up: Expiring failure detector timer to make a prompt election more likely
I20260608 12:43:48.475490 23237 raft_consensus.cc:493] T 5ebbad9de9f048429b163fd22aee8165 P 74463db681104f84b8c38076d3ac1a47 [term 0 FOLLOWER]: Starting pre-election (no leader contacted us within the election timeout)
I20260608 12:43:48.475981 23237 raft_consensus.cc:515] T 5ebbad9de9f048429b163fd22aee8165 P 74463db681104f84b8c38076d3ac1a47 [term 0 FOLLOWER]: Starting pre-election with config: opid_index: -1 OBSOLETE_local: false peers { permanent_uuid: "f05dd0db34c64007ae619048a3a95738" member_type: VOTER last_known_addr { host: "127.18.13.1" port: 37699 } } peers { permanent_uuid: "74463db681104f84b8c38076d3ac1a47" member_type: VOTER last_known_addr { host: "127.18.13.2" port: 39823 } } peers { permanent_uuid: "4ddcc748fb684533a5745693548fad2d" member_type: VOTER last_known_addr { host: "127.18.13.3" port: 37155 } }
I20260608 12:43:48.478300 23237 leader_election.cc:290] T 5ebbad9de9f048429b163fd22aee8165 P 74463db681104f84b8c38076d3ac1a47 [CANDIDATE]: Term 1 pre-election: Requested pre-vote from peers f05dd0db34c64007ae619048a3a95738 (127.18.13.1:37699), 4ddcc748fb684533a5745693548fad2d (127.18.13.3:37155)
I20260608 12:43:48.478790 23233 raft_consensus.cc:740] T 472525101176403092ff4cec957c2394 P f05dd0db34c64007ae619048a3a95738 [term 0 FOLLOWER]: Becoming Follower/Learner. State: Replica: f05dd0db34c64007ae619048a3a95738, State: Initialized, Role: FOLLOWER
I20260608 12:43:48.479939 23037 tablet_service.cc:1917] Received RequestConsensusVote() RPC: tablet_id: "5ebbad9de9f048429b163fd22aee8165" candidate_uuid: "74463db681104f84b8c38076d3ac1a47" candidate_term: 1 candidate_status { last_received { term: 0 index: 0 } } ignore_live_leader: false dest_uuid: "f05dd0db34c64007ae619048a3a95738" is_pre_election: true
I20260608 12:43:48.480048 23233 consensus_queue.cc:260] T 472525101176403092ff4cec957c2394 P f05dd0db34c64007ae619048a3a95738 [NON_LEADER]: Queue going to NON_LEADER mode. State: All replicated index: 0, Majority replicated index: 0, Committed index: 0, Last appended: 0.0, Last appended by leader: 0, Current term: 0, Majority size: -1, State: 0, Mode: NON_LEADER, active raft config: opid_index: -1 OBSOLETE_local: false peers { permanent_uuid: "f05dd0db34c64007ae619048a3a95738" member_type: VOTER last_known_addr { host: "127.18.13.1" port: 37699 } } peers { permanent_uuid: "74463db681104f84b8c38076d3ac1a47" member_type: VOTER last_known_addr { host: "127.18.13.2" port: 39823 } } peers { permanent_uuid: "4ddcc748fb684533a5745693548fad2d" member_type: VOTER last_known_addr { host: "127.18.13.3" port: 37155 } }
I20260608 12:43:48.479939 23185 tablet_service.cc:1917] Received RequestConsensusVote() RPC: tablet_id: "5ebbad9de9f048429b163fd22aee8165" candidate_uuid: "74463db681104f84b8c38076d3ac1a47" candidate_term: 1 candidate_status { last_received { term: 0 index: 0 } } ignore_live_leader: false dest_uuid: "4ddcc748fb684533a5745693548fad2d" is_pre_election: true
I20260608 12:43:48.481586 23185 raft_consensus.cc:2468] T 5ebbad9de9f048429b163fd22aee8165 P 4ddcc748fb684533a5745693548fad2d [term 0 FOLLOWER]: Leader pre-election vote request: Granting yes vote for candidate 74463db681104f84b8c38076d3ac1a47 in term 0.
I20260608 12:43:48.482638 23233 ts_tablet_manager.cc:1434] T 472525101176403092ff4cec957c2394 P f05dd0db34c64007ae619048a3a95738: Time spent starting tablet: real 0.012s	user 0.008s	sys 0.000s
I20260608 12:43:48.482968 23076 leader_election.cc:304] T 5ebbad9de9f048429b163fd22aee8165 P 74463db681104f84b8c38076d3ac1a47 [CANDIDATE]: Term 1 pre-election: Election decided. Result: candidate won. Election summary: received 2 responses out of 3 voters: 2 yes votes; 0 no votes. yes voters: 4ddcc748fb684533a5745693548fad2d, 74463db681104f84b8c38076d3ac1a47; no voters: 
I20260608 12:43:48.483932 23237 raft_consensus.cc:2804] T 5ebbad9de9f048429b163fd22aee8165 P 74463db681104f84b8c38076d3ac1a47 [term 0 FOLLOWER]: Leader pre-election won for term 1
I20260608 12:43:48.484333 23237 raft_consensus.cc:493] T 5ebbad9de9f048429b163fd22aee8165 P 74463db681104f84b8c38076d3ac1a47 [term 0 FOLLOWER]: Starting leader election (no leader contacted us within the election timeout)
I20260608 12:43:48.484756 23237 raft_consensus.cc:3060] T 5ebbad9de9f048429b163fd22aee8165 P 74463db681104f84b8c38076d3ac1a47 [term 0 FOLLOWER]: Advancing to term 1
I20260608 12:43:48.487385 23232 tablet_bootstrap.cc:492] T 7a4c6bcb646d45e5ab9c5d696c52336e P 4ddcc748fb684533a5745693548fad2d: No bootstrap required, opened a new log
I20260608 12:43:48.480691 23037 raft_consensus.cc:2468] T 5ebbad9de9f048429b163fd22aee8165 P f05dd0db34c64007ae619048a3a95738 [term 0 FOLLOWER]: Leader pre-election vote request: Granting yes vote for candidate 74463db681104f84b8c38076d3ac1a47 in term 0.
I20260608 12:43:48.488029 23232 ts_tablet_manager.cc:1403] T 7a4c6bcb646d45e5ab9c5d696c52336e P 4ddcc748fb684533a5745693548fad2d: Time spent bootstrapping tablet: real 0.023s	user 0.015s	sys 0.005s
I20260608 12:43:48.488504 23231 tablet_bootstrap.cc:492] T 056bd78ef7e04a78b4fa78b00fd74d8a P 74463db681104f84b8c38076d3ac1a47: No bootstrap required, opened a new log
I20260608 12:43:48.489040 23231 ts_tablet_manager.cc:1403] T 056bd78ef7e04a78b4fa78b00fd74d8a P 74463db681104f84b8c38076d3ac1a47: Time spent bootstrapping tablet: real 0.024s	user 0.013s	sys 0.005s
I20260608 12:43:48.491237 23232 raft_consensus.cc:359] T 7a4c6bcb646d45e5ab9c5d696c52336e P 4ddcc748fb684533a5745693548fad2d [term 0 FOLLOWER]: Replica starting. Triggering 0 pending ops. Active config: opid_index: -1 OBSOLETE_local: false peers { permanent_uuid: "74463db681104f84b8c38076d3ac1a47" member_type: VOTER last_known_addr { host: "127.18.13.2" port: 39823 } } peers { permanent_uuid: "f05dd0db34c64007ae619048a3a95738" member_type: VOTER last_known_addr { host: "127.18.13.1" port: 37699 } } peers { permanent_uuid: "4ddcc748fb684533a5745693548fad2d" member_type: VOTER last_known_addr { host: "127.18.13.3" port: 37155 } }
I20260608 12:43:48.492071 23232 raft_consensus.cc:385] T 7a4c6bcb646d45e5ab9c5d696c52336e P 4ddcc748fb684533a5745693548fad2d [term 0 FOLLOWER]: Consensus starting up: Expiring failure detector timer to make a prompt election more likely
I20260608 12:43:48.492417 23232 raft_consensus.cc:740] T 7a4c6bcb646d45e5ab9c5d696c52336e P 4ddcc748fb684533a5745693548fad2d [term 0 FOLLOWER]: Becoming Follower/Learner. State: Replica: 4ddcc748fb684533a5745693548fad2d, State: Initialized, Role: FOLLOWER
I20260608 12:43:48.493394 23232 consensus_queue.cc:260] T 7a4c6bcb646d45e5ab9c5d696c52336e P 4ddcc748fb684533a5745693548fad2d [NON_LEADER]: Queue going to NON_LEADER mode. State: All replicated index: 0, Majority replicated index: 0, Committed index: 0, Last appended: 0.0, Last appended by leader: 0, Current term: 0, Majority size: -1, State: 0, Mode: NON_LEADER, active raft config: opid_index: -1 OBSOLETE_local: false peers { permanent_uuid: "74463db681104f84b8c38076d3ac1a47" member_type: VOTER last_known_addr { host: "127.18.13.2" port: 39823 } } peers { permanent_uuid: "f05dd0db34c64007ae619048a3a95738" member_type: VOTER last_known_addr { host: "127.18.13.1" port: 37699 } } peers { permanent_uuid: "4ddcc748fb684533a5745693548fad2d" member_type: VOTER last_known_addr { host: "127.18.13.3" port: 37155 } }
I20260608 12:43:48.495067 23277 raft_consensus.cc:493] T ff6a518b2b8a45f09f2b77bf3fcf2d1d P 74463db681104f84b8c38076d3ac1a47 [term 0 FOLLOWER]: Starting pre-election (no leader contacted us within the election timeout)
I20260608 12:43:48.495554 23232 ts_tablet_manager.cc:1434] T 7a4c6bcb646d45e5ab9c5d696c52336e P 4ddcc748fb684533a5745693548fad2d: Time spent starting tablet: real 0.007s	user 0.004s	sys 0.000s
I20260608 12:43:48.495697 23277 raft_consensus.cc:515] T ff6a518b2b8a45f09f2b77bf3fcf2d1d P 74463db681104f84b8c38076d3ac1a47 [term 0 FOLLOWER]: Starting pre-election with config: opid_index: -1 OBSOLETE_local: false peers { permanent_uuid: "f05dd0db34c64007ae619048a3a95738" member_type: VOTER last_known_addr { host: "127.18.13.1" port: 37699 } } peers { permanent_uuid: "74463db681104f84b8c38076d3ac1a47" member_type: VOTER last_known_addr { host: "127.18.13.2" port: 39823 } } peers { permanent_uuid: "4ddcc748fb684533a5745693548fad2d" member_type: VOTER last_known_addr { host: "127.18.13.3" port: 37155 } }
I20260608 12:43:48.496603 23232 tablet_bootstrap.cc:492] T f8049a458fd940ca8db05be901102a60 P 4ddcc748fb684533a5745693548fad2d: Bootstrap starting.
I20260608 12:43:48.497843 23269 raft_consensus.cc:493] T aa12f999bd83450a88702689a2be84a6 P 74463db681104f84b8c38076d3ac1a47 [term 0 FOLLOWER]: Starting pre-election (no leader contacted us within the election timeout)
I20260608 12:43:48.497745 23237 raft_consensus.cc:515] T 5ebbad9de9f048429b163fd22aee8165 P 74463db681104f84b8c38076d3ac1a47 [term 1 FOLLOWER]: Starting leader election with config: opid_index: -1 OBSOLETE_local: false peers { permanent_uuid: "f05dd0db34c64007ae619048a3a95738" member_type: VOTER last_known_addr { host: "127.18.13.1" port: 37699 } } peers { permanent_uuid: "74463db681104f84b8c38076d3ac1a47" member_type: VOTER last_known_addr { host: "127.18.13.2" port: 39823 } } peers { permanent_uuid: "4ddcc748fb684533a5745693548fad2d" member_type: VOTER last_known_addr { host: "127.18.13.3" port: 37155 } }
I20260608 12:43:48.498435 23269 raft_consensus.cc:515] T aa12f999bd83450a88702689a2be84a6 P 74463db681104f84b8c38076d3ac1a47 [term 0 FOLLOWER]: Starting pre-election with config: opid_index: -1 OBSOLETE_local: false peers { permanent_uuid: "f05dd0db34c64007ae619048a3a95738" member_type: VOTER last_known_addr { host: "127.18.13.1" port: 37699 } } peers { permanent_uuid: "74463db681104f84b8c38076d3ac1a47" member_type: VOTER last_known_addr { host: "127.18.13.2" port: 39823 } } peers { permanent_uuid: "4ddcc748fb684533a5745693548fad2d" member_type: VOTER last_known_addr { host: "127.18.13.3" port: 37155 } }
I20260608 12:43:48.499361 23037 tablet_service.cc:1917] Received RequestConsensusVote() RPC: tablet_id: "ff6a518b2b8a45f09f2b77bf3fcf2d1d" candidate_uuid: "74463db681104f84b8c38076d3ac1a47" candidate_term: 1 candidate_status { last_received { term: 0 index: 0 } } ignore_live_leader: false dest_uuid: "f05dd0db34c64007ae619048a3a95738" is_pre_election: true
I20260608 12:43:48.498449 23277 leader_election.cc:290] T ff6a518b2b8a45f09f2b77bf3fcf2d1d P 74463db681104f84b8c38076d3ac1a47 [CANDIDATE]: Term 1 pre-election: Requested pre-vote from peers f05dd0db34c64007ae619048a3a95738 (127.18.13.1:37699), 4ddcc748fb684533a5745693548fad2d (127.18.13.3:37155)
I20260608 12:43:48.500111 23037 raft_consensus.cc:2468] T ff6a518b2b8a45f09f2b77bf3fcf2d1d P f05dd0db34c64007ae619048a3a95738 [term 0 FOLLOWER]: Leader pre-election vote request: Granting yes vote for candidate 74463db681104f84b8c38076d3ac1a47 in term 0.
I20260608 12:43:48.491748 23231 raft_consensus.cc:359] T 056bd78ef7e04a78b4fa78b00fd74d8a P 74463db681104f84b8c38076d3ac1a47 [term 0 FOLLOWER]: Replica starting. Triggering 0 pending ops. Active config: opid_index: -1 OBSOLETE_local: false peers { permanent_uuid: "f05dd0db34c64007ae619048a3a95738" member_type: VOTER last_known_addr { host: "127.18.13.1" port: 37699 } } peers { permanent_uuid: "74463db681104f84b8c38076d3ac1a47" member_type: VOTER last_known_addr { host: "127.18.13.2" port: 39823 } } peers { permanent_uuid: "4ddcc748fb684533a5745693548fad2d" member_type: VOTER last_known_addr { host: "127.18.13.3" port: 37155 } }
I20260608 12:43:48.501189 23038 tablet_service.cc:1917] Received RequestConsensusVote() RPC: tablet_id: "5ebbad9de9f048429b163fd22aee8165" candidate_uuid: "74463db681104f84b8c38076d3ac1a47" candidate_term: 1 candidate_status { last_received { term: 0 index: 0 } } ignore_live_leader: false dest_uuid: "f05dd0db34c64007ae619048a3a95738"
I20260608 12:43:48.501338 23231 raft_consensus.cc:385] T 056bd78ef7e04a78b4fa78b00fd74d8a P 74463db681104f84b8c38076d3ac1a47 [term 0 FOLLOWER]: Consensus starting up: Expiring failure detector timer to make a prompt election more likely
I20260608 12:43:48.501438 23185 tablet_service.cc:1917] Received RequestConsensusVote() RPC: tablet_id: "ff6a518b2b8a45f09f2b77bf3fcf2d1d" candidate_uuid: "74463db681104f84b8c38076d3ac1a47" candidate_term: 1 candidate_status { last_received { term: 0 index: 0 } } ignore_live_leader: false dest_uuid: "4ddcc748fb684533a5745693548fad2d" is_pre_election: true
I20260608 12:43:48.501777 23231 raft_consensus.cc:740] T 056bd78ef7e04a78b4fa78b00fd74d8a P 74463db681104f84b8c38076d3ac1a47 [term 0 FOLLOWER]: Becoming Follower/Learner. State: Replica: 74463db681104f84b8c38076d3ac1a47, State: Initialized, Role: FOLLOWER
I20260608 12:43:48.501890 23038 raft_consensus.cc:3060] T 5ebbad9de9f048429b163fd22aee8165 P f05dd0db34c64007ae619048a3a95738 [term 0 FOLLOWER]: Advancing to term 1
I20260608 12:43:48.502139 23185 raft_consensus.cc:2468] T ff6a518b2b8a45f09f2b77bf3fcf2d1d P 4ddcc748fb684533a5745693548fad2d [term 0 FOLLOWER]: Leader pre-election vote request: Granting yes vote for candidate 74463db681104f84b8c38076d3ac1a47 in term 0.
I20260608 12:43:48.502799 23231 consensus_queue.cc:260] T 056bd78ef7e04a78b4fa78b00fd74d8a P 74463db681104f84b8c38076d3ac1a47 [NON_LEADER]: Queue going to NON_LEADER mode. State: All replicated index: 0, Majority replicated index: 0, Committed index: 0, Last appended: 0.0, Last appended by leader: 0, Current term: 0, Majority size: -1, State: 0, Mode: NON_LEADER, active raft config: opid_index: -1 OBSOLETE_local: false peers { permanent_uuid: "f05dd0db34c64007ae619048a3a95738" member_type: VOTER last_known_addr { host: "127.18.13.1" port: 37699 } } peers { permanent_uuid: "74463db681104f84b8c38076d3ac1a47" member_type: VOTER last_known_addr { host: "127.18.13.2" port: 39823 } } peers { permanent_uuid: "4ddcc748fb684533a5745693548fad2d" member_type: VOTER last_known_addr { host: "127.18.13.3" port: 37155 } }
I20260608 12:43:48.505149 23231 ts_tablet_manager.cc:1434] T 056bd78ef7e04a78b4fa78b00fd74d8a P 74463db681104f84b8c38076d3ac1a47: Time spent starting tablet: real 0.016s	user 0.006s	sys 0.001s
I20260608 12:43:48.500661 23269 leader_election.cc:290] T aa12f999bd83450a88702689a2be84a6 P 74463db681104f84b8c38076d3ac1a47 [CANDIDATE]: Term 1 pre-election: Requested pre-vote from peers f05dd0db34c64007ae619048a3a95738 (127.18.13.1:37699), 4ddcc748fb684533a5745693548fad2d (127.18.13.3:37155)
I20260608 12:43:48.505935 23277 raft_consensus.cc:493] T 6fb55fd685804bbe9c6eb1bdf8e7a02b P 74463db681104f84b8c38076d3ac1a47 [term 0 FOLLOWER]: Starting pre-election (no leader contacted us within the election timeout)
I20260608 12:43:48.506469 23277 raft_consensus.cc:515] T 6fb55fd685804bbe9c6eb1bdf8e7a02b P 74463db681104f84b8c38076d3ac1a47 [term 0 FOLLOWER]: Starting pre-election with config: opid_index: -1 OBSOLETE_local: false peers { permanent_uuid: "f05dd0db34c64007ae619048a3a95738" member_type: VOTER last_known_addr { host: "127.18.13.1" port: 37699 } } peers { permanent_uuid: "74463db681104f84b8c38076d3ac1a47" member_type: VOTER last_known_addr { host: "127.18.13.2" port: 39823 } } peers { permanent_uuid: "4ddcc748fb684533a5745693548fad2d" member_type: VOTER last_known_addr { host: "127.18.13.3" port: 37155 } }
I20260608 12:43:48.508508 23076 leader_election.cc:304] T ff6a518b2b8a45f09f2b77bf3fcf2d1d P 74463db681104f84b8c38076d3ac1a47 [CANDIDATE]: Term 1 pre-election: Election decided. Result: candidate won. Election summary: received 2 responses out of 3 voters: 2 yes votes; 0 no votes. yes voters: 4ddcc748fb684533a5745693548fad2d, 74463db681104f84b8c38076d3ac1a47; no voters: 
I20260608 12:43:48.508710 23277 leader_election.cc:290] T 6fb55fd685804bbe9c6eb1bdf8e7a02b P 74463db681104f84b8c38076d3ac1a47 [CANDIDATE]: Term 1 pre-election: Requested pre-vote from peers f05dd0db34c64007ae619048a3a95738 (127.18.13.1:37699), 4ddcc748fb684533a5745693548fad2d (127.18.13.3:37155)
I20260608 12:43:48.509006 23186 tablet_service.cc:1917] Received RequestConsensusVote() RPC: tablet_id: "5ebbad9de9f048429b163fd22aee8165" candidate_uuid: "74463db681104f84b8c38076d3ac1a47" candidate_term: 1 candidate_status { last_received { term: 0 index: 0 } } ignore_live_leader: false dest_uuid: "4ddcc748fb684533a5745693548fad2d"
I20260608 12:43:48.509642 23186 raft_consensus.cc:3060] T 5ebbad9de9f048429b163fd22aee8165 P 4ddcc748fb684533a5745693548fad2d [term 0 FOLLOWER]: Advancing to term 1
I20260608 12:43:48.511263 23038 raft_consensus.cc:2468] T 5ebbad9de9f048429b163fd22aee8165 P f05dd0db34c64007ae619048a3a95738 [term 1 FOLLOWER]: Leader election vote request: Granting yes vote for candidate 74463db681104f84b8c38076d3ac1a47 in term 1.
I20260608 12:43:48.511718 23231 tablet_bootstrap.cc:492] T 472525101176403092ff4cec957c2394 P 74463db681104f84b8c38076d3ac1a47: Bootstrap starting.
I20260608 12:43:48.505764 23237 leader_election.cc:290] T 5ebbad9de9f048429b163fd22aee8165 P 74463db681104f84b8c38076d3ac1a47 [CANDIDATE]: Term 1 election: Requested vote from peers f05dd0db34c64007ae619048a3a95738 (127.18.13.1:37699), 4ddcc748fb684533a5745693548fad2d (127.18.13.3:37155)
I20260608 12:43:48.513374 23037 tablet_service.cc:1917] Received RequestConsensusVote() RPC: tablet_id: "aa12f999bd83450a88702689a2be84a6" candidate_uuid: "74463db681104f84b8c38076d3ac1a47" candidate_term: 1 candidate_status { last_received { term: 0 index: 0 } } ignore_live_leader: false dest_uuid: "f05dd0db34c64007ae619048a3a95738" is_pre_election: true
I20260608 12:43:48.514263 23037 raft_consensus.cc:2393] T aa12f999bd83450a88702689a2be84a6 P f05dd0db34c64007ae619048a3a95738 [term 1 FOLLOWER]: Leader pre-election vote request: Denying vote to candidate 74463db681104f84b8c38076d3ac1a47 in current term 1: Already voted for candidate 4ddcc748fb684533a5745693548fad2d in this term.
I20260608 12:43:48.514729 23232 tablet_bootstrap.cc:654] T f8049a458fd940ca8db05be901102a60 P 4ddcc748fb684533a5745693548fad2d: Neither blocks nor log segments found. Creating new log.
I20260608 12:43:48.514542 23076 leader_election.cc:304] T 5ebbad9de9f048429b163fd22aee8165 P 74463db681104f84b8c38076d3ac1a47 [CANDIDATE]: Term 1 election: Election decided. Result: candidate won. Election summary: received 2 responses out of 3 voters: 2 yes votes; 0 no votes. yes voters: 74463db681104f84b8c38076d3ac1a47, f05dd0db34c64007ae619048a3a95738; no voters: 
I20260608 12:43:48.515465 23277 raft_consensus.cc:2804] T ff6a518b2b8a45f09f2b77bf3fcf2d1d P 74463db681104f84b8c38076d3ac1a47 [term 0 FOLLOWER]: Leader pre-election won for term 1
I20260608 12:43:48.515712 23185 tablet_service.cc:1917] Received RequestConsensusVote() RPC: tablet_id: "aa12f999bd83450a88702689a2be84a6" candidate_uuid: "74463db681104f84b8c38076d3ac1a47" candidate_term: 1 candidate_status { last_received { term: 0 index: 0 } } ignore_live_leader: false dest_uuid: "4ddcc748fb684533a5745693548fad2d" is_pre_election: true
I20260608 12:43:48.515904 23277 raft_consensus.cc:493] T ff6a518b2b8a45f09f2b77bf3fcf2d1d P 74463db681104f84b8c38076d3ac1a47 [term 0 FOLLOWER]: Starting leader election (no leader contacted us within the election timeout)
I20260608 12:43:48.518019 23277 raft_consensus.cc:3060] T ff6a518b2b8a45f09f2b77bf3fcf2d1d P 74463db681104f84b8c38076d3ac1a47 [term 0 FOLLOWER]: Advancing to term 1
I20260608 12:43:48.519146 23187 tablet_service.cc:1917] Received RequestConsensusVote() RPC: tablet_id: "6fb55fd685804bbe9c6eb1bdf8e7a02b" candidate_uuid: "74463db681104f84b8c38076d3ac1a47" candidate_term: 1 candidate_status { last_received { term: 0 index: 0 } } ignore_live_leader: false dest_uuid: "4ddcc748fb684533a5745693548fad2d" is_pre_election: true
I20260608 12:43:48.523955 23186 raft_consensus.cc:2468] T 5ebbad9de9f048429b163fd22aee8165 P 4ddcc748fb684533a5745693548fad2d [term 1 FOLLOWER]: Leader election vote request: Granting yes vote for candidate 74463db681104f84b8c38076d3ac1a47 in term 1.
I20260608 12:43:48.518924 23231 tablet_bootstrap.cc:654] T 472525101176403092ff4cec957c2394 P 74463db681104f84b8c38076d3ac1a47: Neither blocks nor log segments found. Creating new log.
I20260608 12:43:48.516376 23237 raft_consensus.cc:2804] T 5ebbad9de9f048429b163fd22aee8165 P 74463db681104f84b8c38076d3ac1a47 [term 1 FOLLOWER]: Leader election won for term 1
I20260608 12:43:48.528188 23237 raft_consensus.cc:697] T 5ebbad9de9f048429b163fd22aee8165 P 74463db681104f84b8c38076d3ac1a47 [term 1 LEADER]: Becoming Leader. State: Replica: 74463db681104f84b8c38076d3ac1a47, State: Running, Role: LEADER
I20260608 12:43:48.529834 23237 consensus_queue.cc:237] T 5ebbad9de9f048429b163fd22aee8165 P 74463db681104f84b8c38076d3ac1a47 [LEADER]: Queue going to LEADER mode. State: All replicated index: 0, Majority replicated index: 0, Committed index: 0, Last appended: 0.0, Last appended by leader: 0, Current term: 1, Majority size: 2, State: 0, Mode: LEADER, active raft config: opid_index: -1 OBSOLETE_local: false peers { permanent_uuid: "f05dd0db34c64007ae619048a3a95738" member_type: VOTER last_known_addr { host: "127.18.13.1" port: 37699 } } peers { permanent_uuid: "74463db681104f84b8c38076d3ac1a47" member_type: VOTER last_known_addr { host: "127.18.13.2" port: 39823 } } peers { permanent_uuid: "4ddcc748fb684533a5745693548fad2d" member_type: VOTER last_known_addr { host: "127.18.13.3" port: 37155 } }
I20260608 12:43:48.518671 23037 tablet_service.cc:1917] Received RequestConsensusVote() RPC: tablet_id: "6fb55fd685804bbe9c6eb1bdf8e7a02b" candidate_uuid: "74463db681104f84b8c38076d3ac1a47" candidate_term: 1 candidate_status { last_received { term: 0 index: 0 } } ignore_live_leader: false dest_uuid: "f05dd0db34c64007ae619048a3a95738" is_pre_election: true
I20260608 12:43:48.531052 23037 raft_consensus.cc:2468] T 6fb55fd685804bbe9c6eb1bdf8e7a02b P f05dd0db34c64007ae619048a3a95738 [term 0 FOLLOWER]: Leader pre-election vote request: Granting yes vote for candidate 74463db681104f84b8c38076d3ac1a47 in term 0.
I20260608 12:43:48.531482 23076 leader_election.cc:304] T aa12f999bd83450a88702689a2be84a6 P 74463db681104f84b8c38076d3ac1a47 [CANDIDATE]: Term 1 pre-election: Election decided. Result: candidate lost. Election summary: received 3 responses out of 3 voters: 1 yes votes; 2 no votes. yes voters: 74463db681104f84b8c38076d3ac1a47; no voters: 4ddcc748fb684533a5745693548fad2d, f05dd0db34c64007ae619048a3a95738
I20260608 12:43:48.532889 23269 raft_consensus.cc:3060] T aa12f999bd83450a88702689a2be84a6 P 74463db681104f84b8c38076d3ac1a47 [term 0 FOLLOWER]: Advancing to term 1
I20260608 12:43:48.535656 23277 raft_consensus.cc:515] T ff6a518b2b8a45f09f2b77bf3fcf2d1d P 74463db681104f84b8c38076d3ac1a47 [term 1 FOLLOWER]: Starting leader election with config: opid_index: -1 OBSOLETE_local: false peers { permanent_uuid: "f05dd0db34c64007ae619048a3a95738" member_type: VOTER last_known_addr { host: "127.18.13.1" port: 37699 } } peers { permanent_uuid: "74463db681104f84b8c38076d3ac1a47" member_type: VOTER last_known_addr { host: "127.18.13.2" port: 39823 } } peers { permanent_uuid: "4ddcc748fb684533a5745693548fad2d" member_type: VOTER last_known_addr { host: "127.18.13.3" port: 37155 } }
I20260608 12:43:48.539199 23277 leader_election.cc:290] T ff6a518b2b8a45f09f2b77bf3fcf2d1d P 74463db681104f84b8c38076d3ac1a47 [CANDIDATE]: Term 1 election: Requested vote from peers f05dd0db34c64007ae619048a3a95738 (127.18.13.1:37699), 4ddcc748fb684533a5745693548fad2d (127.18.13.3:37155)
W20260608 12:43:48.542032 23076 leader_election.cc:343] T 6fb55fd685804bbe9c6eb1bdf8e7a02b P 74463db681104f84b8c38076d3ac1a47 [CANDIDATE]: Term 1 pre-election: Tablet error from VoteRequest() call to peer 4ddcc748fb684533a5745693548fad2d (127.18.13.3:37155): Illegal state: must be running to vote when last-logged opid is not known
I20260608 12:43:48.544818 23269 raft_consensus.cc:2749] T aa12f999bd83450a88702689a2be84a6 P 74463db681104f84b8c38076d3ac1a47 [term 1 FOLLOWER]: Leader pre-election lost for term 1. Reason: could not achieve majority
I20260608 12:43:48.545444 23037 tablet_service.cc:1917] Received RequestConsensusVote() RPC: tablet_id: "ff6a518b2b8a45f09f2b77bf3fcf2d1d" candidate_uuid: "74463db681104f84b8c38076d3ac1a47" candidate_term: 1 candidate_status { last_received { term: 0 index: 0 } } ignore_live_leader: false dest_uuid: "f05dd0db34c64007ae619048a3a95738"
I20260608 12:43:48.546368 23037 raft_consensus.cc:3060] T ff6a518b2b8a45f09f2b77bf3fcf2d1d P f05dd0db34c64007ae619048a3a95738 [term 0 FOLLOWER]: Advancing to term 1
I20260608 12:43:48.550616 23239 raft_consensus.cc:493] T 40a25b8b340c4319922df8e1f9fc57e5 P f05dd0db34c64007ae619048a3a95738 [term 0 FOLLOWER]: Starting pre-election (no leader contacted us within the election timeout)
I20260608 12:43:48.551393 23239 raft_consensus.cc:515] T 40a25b8b340c4319922df8e1f9fc57e5 P f05dd0db34c64007ae619048a3a95738 [term 0 FOLLOWER]: Starting pre-election with config: opid_index: -1 OBSOLETE_local: false peers { permanent_uuid: "f05dd0db34c64007ae619048a3a95738" member_type: VOTER last_known_addr { host: "127.18.13.1" port: 37699 } } peers { permanent_uuid: "74463db681104f84b8c38076d3ac1a47" member_type: VOTER last_known_addr { host: "127.18.13.2" port: 39823 } } peers { permanent_uuid: "4ddcc748fb684533a5745693548fad2d" member_type: VOTER last_known_addr { host: "127.18.13.3" port: 37155 } }
I20260608 12:43:48.558471 23239 leader_election.cc:290] T 40a25b8b340c4319922df8e1f9fc57e5 P f05dd0db34c64007ae619048a3a95738 [CANDIDATE]: Term 1 pre-election: Requested pre-vote from peers 74463db681104f84b8c38076d3ac1a47 (127.18.13.2:39823), 4ddcc748fb684533a5745693548fad2d (127.18.13.3:37155)
I20260608 12:43:48.560854 23113 tablet_service.cc:1917] Received RequestConsensusVote() RPC: tablet_id: "40a25b8b340c4319922df8e1f9fc57e5" candidate_uuid: "f05dd0db34c64007ae619048a3a95738" candidate_term: 1 candidate_status { last_received { term: 0 index: 0 } } ignore_live_leader: false dest_uuid: "74463db681104f84b8c38076d3ac1a47" is_pre_election: true
I20260608 12:43:48.567639 23186 tablet_service.cc:1917] Received RequestConsensusVote() RPC: tablet_id: "40a25b8b340c4319922df8e1f9fc57e5" candidate_uuid: "f05dd0db34c64007ae619048a3a95738" candidate_term: 1 candidate_status { last_received { term: 0 index: 0 } } ignore_live_leader: false dest_uuid: "4ddcc748fb684533a5745693548fad2d" is_pre_election: true
I20260608 12:43:48.568468 23186 raft_consensus.cc:2468] T 40a25b8b340c4319922df8e1f9fc57e5 P 4ddcc748fb684533a5745693548fad2d [term 0 FOLLOWER]: Leader pre-election vote request: Granting yes vote for candidate f05dd0db34c64007ae619048a3a95738 in term 0.
I20260608 12:43:48.568782 23187 tablet_service.cc:1917] Received RequestConsensusVote() RPC: tablet_id: "ff6a518b2b8a45f09f2b77bf3fcf2d1d" candidate_uuid: "74463db681104f84b8c38076d3ac1a47" candidate_term: 1 candidate_status { last_received { term: 0 index: 0 } } ignore_live_leader: false dest_uuid: "4ddcc748fb684533a5745693548fad2d"
I20260608 12:43:48.569482 23187 raft_consensus.cc:3060] T ff6a518b2b8a45f09f2b77bf3fcf2d1d P 4ddcc748fb684533a5745693548fad2d [term 0 FOLLOWER]: Advancing to term 1
I20260608 12:43:48.568341 23076 leader_election.cc:304] T 6fb55fd685804bbe9c6eb1bdf8e7a02b P 74463db681104f84b8c38076d3ac1a47 [CANDIDATE]: Term 1 pre-election: Election decided. Result: candidate won. Election summary: received 3 responses out of 3 voters: 2 yes votes; 1 no votes. yes voters: 74463db681104f84b8c38076d3ac1a47, f05dd0db34c64007ae619048a3a95738; no voters: 4ddcc748fb684533a5745693548fad2d
I20260608 12:43:48.570650 23113 raft_consensus.cc:2468] T 40a25b8b340c4319922df8e1f9fc57e5 P 74463db681104f84b8c38076d3ac1a47 [term 0 FOLLOWER]: Leader pre-election vote request: Granting yes vote for candidate f05dd0db34c64007ae619048a3a95738 in term 0.
I20260608 12:43:48.572140 23269 raft_consensus.cc:2804] T 6fb55fd685804bbe9c6eb1bdf8e7a02b P 74463db681104f84b8c38076d3ac1a47 [term 0 FOLLOWER]: Leader pre-election won for term 1
I20260608 12:43:48.572291 23001 leader_election.cc:304] T 40a25b8b340c4319922df8e1f9fc57e5 P f05dd0db34c64007ae619048a3a95738 [CANDIDATE]: Term 1 pre-election: Election decided. Result: candidate won. Election summary: received 2 responses out of 3 voters: 2 yes votes; 0 no votes. yes voters: 74463db681104f84b8c38076d3ac1a47, f05dd0db34c64007ae619048a3a95738; no voters: 
I20260608 12:43:48.572644 23269 raft_consensus.cc:493] T 6fb55fd685804bbe9c6eb1bdf8e7a02b P 74463db681104f84b8c38076d3ac1a47 [term 0 FOLLOWER]: Starting leader election (no leader contacted us within the election timeout)
I20260608 12:43:48.573071 23269 raft_consensus.cc:3060] T 6fb55fd685804bbe9c6eb1bdf8e7a02b P 74463db681104f84b8c38076d3ac1a47 [term 0 FOLLOWER]: Advancing to term 1
I20260608 12:43:48.573251 23239 raft_consensus.cc:2804] T 40a25b8b340c4319922df8e1f9fc57e5 P f05dd0db34c64007ae619048a3a95738 [term 0 FOLLOWER]: Leader pre-election won for term 1
I20260608 12:43:48.573840 23239 raft_consensus.cc:493] T 40a25b8b340c4319922df8e1f9fc57e5 P f05dd0db34c64007ae619048a3a95738 [term 0 FOLLOWER]: Starting leader election (no leader contacted us within the election timeout)
I20260608 12:43:48.574321 23239 raft_consensus.cc:3060] T 40a25b8b340c4319922df8e1f9fc57e5 P f05dd0db34c64007ae619048a3a95738 [term 0 FOLLOWER]: Advancing to term 1
I20260608 12:43:48.580127 23231 tablet_bootstrap.cc:492] T 472525101176403092ff4cec957c2394 P 74463db681104f84b8c38076d3ac1a47: No bootstrap required, opened a new log
I20260608 12:43:48.581141 23231 ts_tablet_manager.cc:1403] T 472525101176403092ff4cec957c2394 P 74463db681104f84b8c38076d3ac1a47: Time spent bootstrapping tablet: real 0.069s	user 0.019s	sys 0.010s
I20260608 12:43:48.588502 23232 tablet_bootstrap.cc:492] T f8049a458fd940ca8db05be901102a60 P 4ddcc748fb684533a5745693548fad2d: No bootstrap required, opened a new log
I20260608 12:43:48.589083 23232 ts_tablet_manager.cc:1403] T f8049a458fd940ca8db05be901102a60 P 4ddcc748fb684533a5745693548fad2d: Time spent bootstrapping tablet: real 0.093s	user 0.039s	sys 0.024s
I20260608 12:43:48.590077 23231 raft_consensus.cc:359] T 472525101176403092ff4cec957c2394 P 74463db681104f84b8c38076d3ac1a47 [term 0 FOLLOWER]: Replica starting. Triggering 0 pending ops. Active config: opid_index: -1 OBSOLETE_local: false peers { permanent_uuid: "f05dd0db34c64007ae619048a3a95738" member_type: VOTER last_known_addr { host: "127.18.13.1" port: 37699 } } peers { permanent_uuid: "74463db681104f84b8c38076d3ac1a47" member_type: VOTER last_known_addr { host: "127.18.13.2" port: 39823 } } peers { permanent_uuid: "4ddcc748fb684533a5745693548fad2d" member_type: VOTER last_known_addr { host: "127.18.13.3" port: 37155 } }
I20260608 12:43:48.591735 23231 raft_consensus.cc:385] T 472525101176403092ff4cec957c2394 P 74463db681104f84b8c38076d3ac1a47 [term 0 FOLLOWER]: Consensus starting up: Expiring failure detector timer to make a prompt election more likely
I20260608 12:43:48.592104 23231 raft_consensus.cc:740] T 472525101176403092ff4cec957c2394 P 74463db681104f84b8c38076d3ac1a47 [term 0 FOLLOWER]: Becoming Follower/Learner. State: Replica: 74463db681104f84b8c38076d3ac1a47, State: Initialized, Role: FOLLOWER
I20260608 12:43:48.592157 23232 raft_consensus.cc:359] T f8049a458fd940ca8db05be901102a60 P 4ddcc748fb684533a5745693548fad2d [term 0 FOLLOWER]: Replica starting. Triggering 0 pending ops. Active config: opid_index: -1 OBSOLETE_local: false peers { permanent_uuid: "f05dd0db34c64007ae619048a3a95738" member_type: VOTER last_known_addr { host: "127.18.13.1" port: 37699 } } peers { permanent_uuid: "74463db681104f84b8c38076d3ac1a47" member_type: VOTER last_known_addr { host: "127.18.13.2" port: 39823 } } peers { permanent_uuid: "4ddcc748fb684533a5745693548fad2d" member_type: VOTER last_known_addr { host: "127.18.13.3" port: 37155 } }
I20260608 12:43:48.591225 23037 raft_consensus.cc:2468] T ff6a518b2b8a45f09f2b77bf3fcf2d1d P f05dd0db34c64007ae619048a3a95738 [term 1 FOLLOWER]: Leader election vote request: Granting yes vote for candidate 74463db681104f84b8c38076d3ac1a47 in term 1.
I20260608 12:43:48.593111 23232 raft_consensus.cc:385] T f8049a458fd940ca8db05be901102a60 P 4ddcc748fb684533a5745693548fad2d [term 0 FOLLOWER]: Consensus starting up: Expiring failure detector timer to make a prompt election more likely
I20260608 12:43:48.593473 23232 raft_consensus.cc:740] T f8049a458fd940ca8db05be901102a60 P 4ddcc748fb684533a5745693548fad2d [term 0 FOLLOWER]: Becoming Follower/Learner. State: Replica: 4ddcc748fb684533a5745693548fad2d, State: Initialized, Role: FOLLOWER
I20260608 12:43:48.593319 23239 raft_consensus.cc:515] T 40a25b8b340c4319922df8e1f9fc57e5 P f05dd0db34c64007ae619048a3a95738 [term 1 FOLLOWER]: Starting leader election with config: opid_index: -1 OBSOLETE_local: false peers { permanent_uuid: "f05dd0db34c64007ae619048a3a95738" member_type: VOTER last_known_addr { host: "127.18.13.1" port: 37699 } } peers { permanent_uuid: "74463db681104f84b8c38076d3ac1a47" member_type: VOTER last_known_addr { host: "127.18.13.2" port: 39823 } } peers { permanent_uuid: "4ddcc748fb684533a5745693548fad2d" member_type: VOTER last_known_addr { host: "127.18.13.3" port: 37155 } }
I20260608 12:43:48.594234 23231 consensus_queue.cc:260] T 472525101176403092ff4cec957c2394 P 74463db681104f84b8c38076d3ac1a47 [NON_LEADER]: Queue going to NON_LEADER mode. State: All replicated index: 0, Majority replicated index: 0, Committed index: 0, Last appended: 0.0, Last appended by leader: 0, Current term: 0, Majority size: -1, State: 0, Mode: NON_LEADER, active raft config: opid_index: -1 OBSOLETE_local: false peers { permanent_uuid: "f05dd0db34c64007ae619048a3a95738" member_type: VOTER last_known_addr { host: "127.18.13.1" port: 37699 } } peers { permanent_uuid: "74463db681104f84b8c38076d3ac1a47" member_type: VOTER last_known_addr { host: "127.18.13.2" port: 39823 } } peers { permanent_uuid: "4ddcc748fb684533a5745693548fad2d" member_type: VOTER last_known_addr { host: "127.18.13.3" port: 37155 } }
I20260608 12:43:48.593927 22936 catalog_manager.cc:5696] T 5ebbad9de9f048429b163fd22aee8165 P 74463db681104f84b8c38076d3ac1a47 reported cstate change: term changed from 0 to 1, leader changed from <none> to 74463db681104f84b8c38076d3ac1a47 (127.18.13.2). New cstate: current_term: 1 leader_uuid: "74463db681104f84b8c38076d3ac1a47" committed_config { opid_index: -1 OBSOLETE_local: false peers { permanent_uuid: "f05dd0db34c64007ae619048a3a95738" member_type: VOTER last_known_addr { host: "127.18.13.1" port: 37699 } health_report { overall_health: UNKNOWN } } peers { permanent_uuid: "74463db681104f84b8c38076d3ac1a47" member_type: VOTER last_known_addr { host: "127.18.13.2" port: 39823 } health_report { overall_health: HEALTHY } } peers { permanent_uuid: "4ddcc748fb684533a5745693548fad2d" member_type: VOTER last_known_addr { host: "127.18.13.3" port: 37155 } health_report { overall_health: UNKNOWN } } }
I20260608 12:43:48.595558 23076 leader_election.cc:304] T ff6a518b2b8a45f09f2b77bf3fcf2d1d P 74463db681104f84b8c38076d3ac1a47 [CANDIDATE]: Term 1 election: Election decided. Result: candidate won. Election summary: received 2 responses out of 3 voters: 2 yes votes; 0 no votes. yes voters: 74463db681104f84b8c38076d3ac1a47, f05dd0db34c64007ae619048a3a95738; no voters: 
I20260608 12:43:48.596696 23277 raft_consensus.cc:2804] T ff6a518b2b8a45f09f2b77bf3fcf2d1d P 74463db681104f84b8c38076d3ac1a47 [term 1 FOLLOWER]: Leader election won for term 1
I20260608 12:43:48.596589 23113 tablet_service.cc:1917] Received RequestConsensusVote() RPC: tablet_id: "40a25b8b340c4319922df8e1f9fc57e5" candidate_uuid: "f05dd0db34c64007ae619048a3a95738" candidate_term: 1 candidate_status { last_received { term: 0 index: 0 } } ignore_live_leader: false dest_uuid: "74463db681104f84b8c38076d3ac1a47"
I20260608 12:43:48.597306 23277 raft_consensus.cc:697] T ff6a518b2b8a45f09f2b77bf3fcf2d1d P 74463db681104f84b8c38076d3ac1a47 [term 1 LEADER]: Becoming Leader. State: Replica: 74463db681104f84b8c38076d3ac1a47, State: Running, Role: LEADER
I20260608 12:43:48.597357 23113 raft_consensus.cc:3060] T 40a25b8b340c4319922df8e1f9fc57e5 P 74463db681104f84b8c38076d3ac1a47 [term 0 FOLLOWER]: Advancing to term 1
I20260608 12:43:48.598282 23277 consensus_queue.cc:237] T ff6a518b2b8a45f09f2b77bf3fcf2d1d P 74463db681104f84b8c38076d3ac1a47 [LEADER]: Queue going to LEADER mode. State: All replicated index: 0, Majority replicated index: 0, Committed index: 0, Last appended: 0.0, Last appended by leader: 0, Current term: 1, Majority size: 2, State: 0, Mode: LEADER, active raft config: opid_index: -1 OBSOLETE_local: false peers { permanent_uuid: "f05dd0db34c64007ae619048a3a95738" member_type: VOTER last_known_addr { host: "127.18.13.1" port: 37699 } } peers { permanent_uuid: "74463db681104f84b8c38076d3ac1a47" member_type: VOTER last_known_addr { host: "127.18.13.2" port: 39823 } } peers { permanent_uuid: "4ddcc748fb684533a5745693548fad2d" member_type: VOTER last_known_addr { host: "127.18.13.3" port: 37155 } }
I20260608 12:43:48.599947 23187 raft_consensus.cc:2468] T ff6a518b2b8a45f09f2b77bf3fcf2d1d P 4ddcc748fb684533a5745693548fad2d [term 1 FOLLOWER]: Leader election vote request: Granting yes vote for candidate 74463db681104f84b8c38076d3ac1a47 in term 1.
I20260608 12:43:48.594439 23232 consensus_queue.cc:260] T f8049a458fd940ca8db05be901102a60 P 4ddcc748fb684533a5745693548fad2d [NON_LEADER]: Queue going to NON_LEADER mode. State: All replicated index: 0, Majority replicated index: 0, Committed index: 0, Last appended: 0.0, Last appended by leader: 0, Current term: 0, Majority size: -1, State: 0, Mode: NON_LEADER, active raft config: opid_index: -1 OBSOLETE_local: false peers { permanent_uuid: "f05dd0db34c64007ae619048a3a95738" member_type: VOTER last_known_addr { host: "127.18.13.1" port: 37699 } } peers { permanent_uuid: "74463db681104f84b8c38076d3ac1a47" member_type: VOTER last_known_addr { host: "127.18.13.2" port: 39823 } } peers { permanent_uuid: "4ddcc748fb684533a5745693548fad2d" member_type: VOTER last_known_addr { host: "127.18.13.3" port: 37155 } }
I20260608 12:43:48.603545 23232 ts_tablet_manager.cc:1434] T f8049a458fd940ca8db05be901102a60 P 4ddcc748fb684533a5745693548fad2d: Time spent starting tablet: real 0.014s	user 0.004s	sys 0.001s
I20260608 12:43:48.605691 23113 raft_consensus.cc:2468] T 40a25b8b340c4319922df8e1f9fc57e5 P 74463db681104f84b8c38076d3ac1a47 [term 1 FOLLOWER]: Leader election vote request: Granting yes vote for candidate f05dd0db34c64007ae619048a3a95738 in term 1.
I20260608 12:43:48.605545 23269 raft_consensus.cc:515] T 6fb55fd685804bbe9c6eb1bdf8e7a02b P 74463db681104f84b8c38076d3ac1a47 [term 1 FOLLOWER]: Starting leader election with config: opid_index: -1 OBSOLETE_local: false peers { permanent_uuid: "f05dd0db34c64007ae619048a3a95738" member_type: VOTER last_known_addr { host: "127.18.13.1" port: 37699 } } peers { permanent_uuid: "74463db681104f84b8c38076d3ac1a47" member_type: VOTER last_known_addr { host: "127.18.13.2" port: 39823 } } peers { permanent_uuid: "4ddcc748fb684533a5745693548fad2d" member_type: VOTER last_known_addr { host: "127.18.13.3" port: 37155 } }
I20260608 12:43:48.607066 23001 leader_election.cc:304] T 40a25b8b340c4319922df8e1f9fc57e5 P f05dd0db34c64007ae619048a3a95738 [CANDIDATE]: Term 1 election: Election decided. Result: candidate won. Election summary: received 2 responses out of 3 voters: 2 yes votes; 0 no votes. yes voters: 74463db681104f84b8c38076d3ac1a47, f05dd0db34c64007ae619048a3a95738; no voters: 
I20260608 12:43:48.607951 23269 leader_election.cc:290] T 6fb55fd685804bbe9c6eb1bdf8e7a02b P 74463db681104f84b8c38076d3ac1a47 [CANDIDATE]: Term 1 election: Requested vote from peers f05dd0db34c64007ae619048a3a95738 (127.18.13.1:37699), 4ddcc748fb684533a5745693548fad2d (127.18.13.3:37155)
I20260608 12:43:48.608136 23271 raft_consensus.cc:2804] T 40a25b8b340c4319922df8e1f9fc57e5 P f05dd0db34c64007ae619048a3a95738 [term 1 FOLLOWER]: Leader election won for term 1
I20260608 12:43:48.608703 23271 raft_consensus.cc:697] T 40a25b8b340c4319922df8e1f9fc57e5 P f05dd0db34c64007ae619048a3a95738 [term 1 LEADER]: Becoming Leader. State: Replica: f05dd0db34c64007ae619048a3a95738, State: Running, Role: LEADER
I20260608 12:43:48.609333 23232 tablet_bootstrap.cc:492] T 6fb55fd685804bbe9c6eb1bdf8e7a02b P 4ddcc748fb684533a5745693548fad2d: Bootstrap starting.
I20260608 12:43:48.609664 23271 consensus_queue.cc:237] T 40a25b8b340c4319922df8e1f9fc57e5 P f05dd0db34c64007ae619048a3a95738 [LEADER]: Queue going to LEADER mode. State: All replicated index: 0, Majority replicated index: 0, Committed index: 0, Last appended: 0.0, Last appended by leader: 0, Current term: 1, Majority size: 2, State: 0, Mode: LEADER, active raft config: opid_index: -1 OBSOLETE_local: false peers { permanent_uuid: "f05dd0db34c64007ae619048a3a95738" member_type: VOTER last_known_addr { host: "127.18.13.1" port: 37699 } } peers { permanent_uuid: "74463db681104f84b8c38076d3ac1a47" member_type: VOTER last_known_addr { host: "127.18.13.2" port: 39823 } } peers { permanent_uuid: "4ddcc748fb684533a5745693548fad2d" member_type: VOTER last_known_addr { host: "127.18.13.3" port: 37155 } }
I20260608 12:43:48.611387 23187 tablet_service.cc:1917] Received RequestConsensusVote() RPC: tablet_id: "6fb55fd685804bbe9c6eb1bdf8e7a02b" candidate_uuid: "74463db681104f84b8c38076d3ac1a47" candidate_term: 1 candidate_status { last_received { term: 0 index: 0 } } ignore_live_leader: false dest_uuid: "4ddcc748fb684533a5745693548fad2d"
W20260608 12:43:48.612993 23076 leader_election.cc:343] T 6fb55fd685804bbe9c6eb1bdf8e7a02b P 74463db681104f84b8c38076d3ac1a47 [CANDIDATE]: Term 1 election: Tablet error from VoteRequest() call to peer 4ddcc748fb684533a5745693548fad2d (127.18.13.3:37155): Illegal state: must be running to vote when last-logged opid is not known
I20260608 12:43:48.613693 23238 raft_consensus.cc:493] T d5aad672276c40d0915e8c6ea968fd96 P 4ddcc748fb684533a5745693548fad2d [term 0 FOLLOWER]: Starting pre-election (no leader contacted us within the election timeout)
I20260608 12:43:48.614215 23238 raft_consensus.cc:515] T d5aad672276c40d0915e8c6ea968fd96 P 4ddcc748fb684533a5745693548fad2d [term 0 FOLLOWER]: Starting pre-election with config: opid_index: -1 OBSOLETE_local: false peers { permanent_uuid: "f05dd0db34c64007ae619048a3a95738" member_type: VOTER last_known_addr { host: "127.18.13.1" port: 37699 } } peers { permanent_uuid: "74463db681104f84b8c38076d3ac1a47" member_type: VOTER last_known_addr { host: "127.18.13.2" port: 39823 } } peers { permanent_uuid: "4ddcc748fb684533a5745693548fad2d" member_type: VOTER last_known_addr { host: "127.18.13.3" port: 37155 } }
I20260608 12:43:48.617256 23239 leader_election.cc:290] T 40a25b8b340c4319922df8e1f9fc57e5 P f05dd0db34c64007ae619048a3a95738 [CANDIDATE]: Term 1 election: Requested vote from peers 74463db681104f84b8c38076d3ac1a47 (127.18.13.2:39823), 4ddcc748fb684533a5745693548fad2d (127.18.13.3:37155)
I20260608 12:43:48.619777 23038 tablet_service.cc:1917] Received RequestConsensusVote() RPC: tablet_id: "d5aad672276c40d0915e8c6ea968fd96" candidate_uuid: "4ddcc748fb684533a5745693548fad2d" candidate_term: 1 candidate_status { last_received { term: 0 index: 0 } } ignore_live_leader: false dest_uuid: "f05dd0db34c64007ae619048a3a95738" is_pre_election: true
I20260608 12:43:48.620213 23187 tablet_service.cc:1917] Received RequestConsensusVote() RPC: tablet_id: "40a25b8b340c4319922df8e1f9fc57e5" candidate_uuid: "f05dd0db34c64007ae619048a3a95738" candidate_term: 1 candidate_status { last_received { term: 0 index: 0 } } ignore_live_leader: false dest_uuid: "4ddcc748fb684533a5745693548fad2d"
I20260608 12:43:48.620488 23232 tablet_bootstrap.cc:654] T 6fb55fd685804bbe9c6eb1bdf8e7a02b P 4ddcc748fb684533a5745693548fad2d: Neither blocks nor log segments found. Creating new log.
I20260608 12:43:48.620800 23187 raft_consensus.cc:3060] T 40a25b8b340c4319922df8e1f9fc57e5 P 4ddcc748fb684533a5745693548fad2d [term 0 FOLLOWER]: Advancing to term 1
