I20260608 12:36:46.429024  1293 consensus_queue.cc:260] T 70c9629df5eb4a9db10410d949beaac0 P 69a15d493e8649598e3eab1b90eea78c [NON_LEADER]: Queue going to NON_LEADER mode. State: All replicated index: 0, Majority replicated index: 0, Committed index: 0, Last appended: 0.0, Last appended by leader: 0, Current term: 0, Majority size: -1, State: 0, Mode: NON_LEADER, active raft config: opid_index: -1 OBSOLETE_local: false peers { permanent_uuid: "fd278d877e9b463aaf4718b3107b56c4" member_type: VOTER last_known_addr { host: "127.0.107.193" port: 43109 } } peers { permanent_uuid: "69a15d493e8649598e3eab1b90eea78c" member_type: VOTER last_known_addr { host: "127.0.107.194" port: 45943 } } peers { permanent_uuid: "edd85e8f2b544419854fc19785a04d13" member_type: VOTER last_known_addr { host: "127.0.107.195" port: 36105 } }
I20260608 12:36:46.430374  1174 tablet_service.cc:1917] Received RequestConsensusVote() RPC: tablet_id: "ad669ed80bde470fb6fdceb26f870cee" candidate_uuid: "fd278d877e9b463aaf4718b3107b56c4" candidate_term: 1 candidate_status { last_received { term: 0 index: 0 } } ignore_live_leader: false dest_uuid: "69a15d493e8649598e3eab1b90eea78c"
I20260608 12:36:46.430320  1298 consensus_queue.cc:237] T ad669ed80bde470fb6fdceb26f870cee P 69a15d493e8649598e3eab1b90eea78c [LEADER]: Queue going to LEADER mode. State: All replicated index: 0, Majority replicated index: 0, Committed index: 0, Last appended: 0.0, Last appended by leader: 0, Current term: 1, Majority size: 2, State: 0, Mode: LEADER, active raft config: opid_index: -1 OBSOLETE_local: false peers { permanent_uuid: "fd278d877e9b463aaf4718b3107b56c4" member_type: VOTER last_known_addr { host: "127.0.107.193" port: 43109 } } peers { permanent_uuid: "69a15d493e8649598e3eab1b90eea78c" member_type: VOTER last_known_addr { host: "127.0.107.194" port: 45943 } } peers { permanent_uuid: "edd85e8f2b544419854fc19785a04d13" member_type: VOTER last_known_addr { host: "127.0.107.195" port: 36105 } }
I20260608 12:36:46.433255  1297 tablet_bootstrap.cc:492] T 074e54dfdf564a868bb105866d95d221 P edd85e8f2b544419854fc19785a04d13: No bootstrap required, opened a new log
I20260608 12:36:46.430326  1316 raft_consensus.cc:2804] T 8f56c3eda404417b9ce245cf0c834fe3 P fd278d877e9b463aaf4718b3107b56c4 [term 1 FOLLOWER]: Leader election won for term 1
I20260608 12:36:46.434706  1297 ts_tablet_manager.cc:1403] T 074e54dfdf564a868bb105866d95d221 P edd85e8f2b544419854fc19785a04d13: Time spent bootstrapping tablet: real 0.081s	user 0.015s	sys 0.025s
I20260608 12:36:46.435379  1316 raft_consensus.cc:697] T 8f56c3eda404417b9ce245cf0c834fe3 P fd278d877e9b463aaf4718b3107b56c4 [term 1 LEADER]: Becoming Leader. State: Replica: fd278d877e9b463aaf4718b3107b56c4, State: Running, Role: LEADER
I20260608 12:36:46.435587  1293 ts_tablet_manager.cc:1434] T 70c9629df5eb4a9db10410d949beaac0 P 69a15d493e8649598e3eab1b90eea78c: Time spent starting tablet: real 0.016s	user 0.009s	sys 0.000s
I20260608 12:36:46.436594  1293 tablet_bootstrap.cc:492] T 66bc7d3a20444181bbbc2b567651efd6 P 69a15d493e8649598e3eab1b90eea78c: Bootstrap starting.
I20260608 12:36:46.436249  1316 consensus_queue.cc:237] T 8f56c3eda404417b9ce245cf0c834fe3 P fd278d877e9b463aaf4718b3107b56c4 [LEADER]: Queue going to LEADER mode. State: All replicated index: 0, Majority replicated index: 0, Committed index: 0, Last appended: 0.0, Last appended by leader: 0, Current term: 1, Majority size: 2, State: 0, Mode: LEADER, active raft config: opid_index: -1 OBSOLETE_local: false peers { permanent_uuid: "fd278d877e9b463aaf4718b3107b56c4" member_type: VOTER last_known_addr { host: "127.0.107.193" port: 43109 } } peers { permanent_uuid: "69a15d493e8649598e3eab1b90eea78c" member_type: VOTER last_known_addr { host: "127.0.107.194" port: 45943 } } peers { permanent_uuid: "edd85e8f2b544419854fc19785a04d13" member_type: VOTER last_known_addr { host: "127.0.107.195" port: 36105 } }
I20260608 12:36:46.437953  1297 raft_consensus.cc:359] T 074e54dfdf564a868bb105866d95d221 P edd85e8f2b544419854fc19785a04d13 [term 0 FOLLOWER]: Replica starting. Triggering 0 pending ops. Active config: opid_index: -1 OBSOLETE_local: false peers { permanent_uuid: "fd278d877e9b463aaf4718b3107b56c4" member_type: VOTER last_known_addr { host: "127.0.107.193" port: 43109 } } peers { permanent_uuid: "69a15d493e8649598e3eab1b90eea78c" member_type: VOTER last_known_addr { host: "127.0.107.194" port: 45943 } } peers { permanent_uuid: "edd85e8f2b544419854fc19785a04d13" member_type: VOTER last_known_addr { host: "127.0.107.195" port: 36105 } }
I20260608 12:36:46.438688  1297 raft_consensus.cc:385] T 074e54dfdf564a868bb105866d95d221 P edd85e8f2b544419854fc19785a04d13 [term 0 FOLLOWER]: Consensus starting up: Expiring failure detector timer to make a prompt election more likely
I20260608 12:36:46.439049  1297 raft_consensus.cc:740] T 074e54dfdf564a868bb105866d95d221 P edd85e8f2b544419854fc19785a04d13 [term 0 FOLLOWER]: Becoming Follower/Learner. State: Replica: edd85e8f2b544419854fc19785a04d13, State: Initialized, Role: FOLLOWER
I20260608 12:36:46.440002  1297 consensus_queue.cc:260] T 074e54dfdf564a868bb105866d95d221 P edd85e8f2b544419854fc19785a04d13 [NON_LEADER]: Queue going to NON_LEADER mode. State: All replicated index: 0, Majority replicated index: 0, Committed index: 0, Last appended: 0.0, Last appended by leader: 0, Current term: 0, Majority size: -1, State: 0, Mode: NON_LEADER, active raft config: opid_index: -1 OBSOLETE_local: false peers { permanent_uuid: "fd278d877e9b463aaf4718b3107b56c4" member_type: VOTER last_known_addr { host: "127.0.107.193" port: 43109 } } peers { permanent_uuid: "69a15d493e8649598e3eab1b90eea78c" member_type: VOTER last_known_addr { host: "127.0.107.194" port: 45943 } } peers { permanent_uuid: "edd85e8f2b544419854fc19785a04d13" member_type: VOTER last_known_addr { host: "127.0.107.195" port: 36105 } }
I20260608 12:36:46.440979  1063 leader_election.cc:304] T ad669ed80bde470fb6fdceb26f870cee P fd278d877e9b463aaf4718b3107b56c4 [CANDIDATE]: Term 1 election: Election decided. Result: candidate lost. Election summary: received 3 responses out of 3 voters: 1 yes votes; 2 no votes. yes voters: fd278d877e9b463aaf4718b3107b56c4; no voters: 69a15d493e8649598e3eab1b90eea78c, edd85e8f2b544419854fc19785a04d13
I20260608 12:36:46.440869   994 catalog_manager.cc:5696] T 074e54dfdf564a868bb105866d95d221 P 69a15d493e8649598e3eab1b90eea78c reported cstate change: term changed from 0 to 1, leader changed from <none> to 69a15d493e8649598e3eab1b90eea78c (127.0.107.194). New cstate: current_term: 1 leader_uuid: "69a15d493e8649598e3eab1b90eea78c" committed_config { opid_index: -1 OBSOLETE_local: false peers { permanent_uuid: "fd278d877e9b463aaf4718b3107b56c4" member_type: VOTER last_known_addr { host: "127.0.107.193" port: 43109 } health_report { overall_health: UNKNOWN } } peers { permanent_uuid: "69a15d493e8649598e3eab1b90eea78c" member_type: VOTER last_known_addr { host: "127.0.107.194" port: 45943 } health_report { overall_health: HEALTHY } } peers { permanent_uuid: "edd85e8f2b544419854fc19785a04d13" member_type: VOTER last_known_addr { host: "127.0.107.195" port: 36105 } health_report { overall_health: UNKNOWN } } }
I20260608 12:36:46.442204  1330 raft_consensus.cc:2749] T ad669ed80bde470fb6fdceb26f870cee P fd278d877e9b463aaf4718b3107b56c4 [term 1 FOLLOWER]: Leader election lost for term 1. Reason: could not achieve majority
I20260608 12:36:46.443903  1293 tablet_bootstrap.cc:654] T 66bc7d3a20444181bbbc2b567651efd6 P 69a15d493e8649598e3eab1b90eea78c: Neither blocks nor log segments found. Creating new log.
I20260608 12:36:46.455003  1297 ts_tablet_manager.cc:1434] T 074e54dfdf564a868bb105866d95d221 P edd85e8f2b544419854fc19785a04d13: Time spent starting tablet: real 0.020s	user 0.004s	sys 0.002s
I20260608 12:36:46.456138  1297 tablet_bootstrap.cc:492] T 66bc7d3a20444181bbbc2b567651efd6 P edd85e8f2b544419854fc19785a04d13: Bootstrap starting.
I20260608 12:36:46.464498   997 catalog_manager.cc:5696] T ad669ed80bde470fb6fdceb26f870cee P 69a15d493e8649598e3eab1b90eea78c reported cstate change: term changed from 0 to 1, leader changed from <none> to 69a15d493e8649598e3eab1b90eea78c (127.0.107.194). New cstate: current_term: 1 leader_uuid: "69a15d493e8649598e3eab1b90eea78c" committed_config { opid_index: -1 OBSOLETE_local: false peers { permanent_uuid: "fd278d877e9b463aaf4718b3107b56c4" member_type: VOTER last_known_addr { host: "127.0.107.193" port: 43109 } health_report { overall_health: UNKNOWN } } peers { permanent_uuid: "69a15d493e8649598e3eab1b90eea78c" member_type: VOTER last_known_addr { host: "127.0.107.194" port: 45943 } health_report { overall_health: HEALTHY } } peers { permanent_uuid: "edd85e8f2b544419854fc19785a04d13" member_type: VOTER last_known_addr { host: "127.0.107.195" port: 36105 } health_report { overall_health: UNKNOWN } } }
I20260608 12:36:46.473850  1293 tablet_bootstrap.cc:492] T 66bc7d3a20444181bbbc2b567651efd6 P 69a15d493e8649598e3eab1b90eea78c: No bootstrap required, opened a new log
I20260608 12:36:46.474354  1293 ts_tablet_manager.cc:1403] T 66bc7d3a20444181bbbc2b567651efd6 P 69a15d493e8649598e3eab1b90eea78c: Time spent bootstrapping tablet: real 0.038s	user 0.025s	sys 0.011s
I20260608 12:36:46.475069  1298 raft_consensus.cc:493] T 70c9629df5eb4a9db10410d949beaac0 P 69a15d493e8649598e3eab1b90eea78c [term 0 FOLLOWER]: Starting pre-election (no leader contacted us within the election timeout)
I20260608 12:36:46.475625  1298 raft_consensus.cc:515] T 70c9629df5eb4a9db10410d949beaac0 P 69a15d493e8649598e3eab1b90eea78c [term 0 FOLLOWER]: Starting pre-election with config: opid_index: -1 OBSOLETE_local: false peers { permanent_uuid: "fd278d877e9b463aaf4718b3107b56c4" member_type: VOTER last_known_addr { host: "127.0.107.193" port: 43109 } } peers { permanent_uuid: "69a15d493e8649598e3eab1b90eea78c" member_type: VOTER last_known_addr { host: "127.0.107.194" port: 45943 } } peers { permanent_uuid: "edd85e8f2b544419854fc19785a04d13" member_type: VOTER last_known_addr { host: "127.0.107.195" port: 36105 } }
I20260608 12:36:46.477679  1298 leader_election.cc:290] T 70c9629df5eb4a9db10410d949beaac0 P 69a15d493e8649598e3eab1b90eea78c [CANDIDATE]: Term 1 pre-election: Requested pre-vote from peers fd278d877e9b463aaf4718b3107b56c4 (127.0.107.193:43109), edd85e8f2b544419854fc19785a04d13 (127.0.107.195:36105)
I20260608 12:36:46.477437  1293 raft_consensus.cc:359] T 66bc7d3a20444181bbbc2b567651efd6 P 69a15d493e8649598e3eab1b90eea78c [term 0 FOLLOWER]: Replica starting. Triggering 0 pending ops. Active config: opid_index: -1 OBSOLETE_local: false peers { permanent_uuid: "fd278d877e9b463aaf4718b3107b56c4" member_type: VOTER last_known_addr { host: "127.0.107.193" port: 43109 } } peers { permanent_uuid: "69a15d493e8649598e3eab1b90eea78c" member_type: VOTER last_known_addr { host: "127.0.107.194" port: 45943 } } peers { permanent_uuid: "edd85e8f2b544419854fc19785a04d13" member_type: VOTER last_known_addr { host: "127.0.107.195" port: 36105 } }
I20260608 12:36:46.478130  1293 raft_consensus.cc:385] T 66bc7d3a20444181bbbc2b567651efd6 P 69a15d493e8649598e3eab1b90eea78c [term 0 FOLLOWER]: Consensus starting up: Expiring failure detector timer to make a prompt election more likely
I20260608 12:36:46.478415  1293 raft_consensus.cc:740] T 66bc7d3a20444181bbbc2b567651efd6 P 69a15d493e8649598e3eab1b90eea78c [term 0 FOLLOWER]: Becoming Follower/Learner. State: Replica: 69a15d493e8649598e3eab1b90eea78c, State: Initialized, Role: FOLLOWER
I20260608 12:36:46.479187  1098 tablet_service.cc:1917] Received RequestConsensusVote() RPC: tablet_id: "70c9629df5eb4a9db10410d949beaac0" candidate_uuid: "69a15d493e8649598e3eab1b90eea78c" candidate_term: 1 candidate_status { last_received { term: 0 index: 0 } } ignore_live_leader: false dest_uuid: "fd278d877e9b463aaf4718b3107b56c4" is_pre_election: true
I20260608 12:36:46.479102  1293 consensus_queue.cc:260] T 66bc7d3a20444181bbbc2b567651efd6 P 69a15d493e8649598e3eab1b90eea78c [NON_LEADER]: Queue going to NON_LEADER mode. State: All replicated index: 0, Majority replicated index: 0, Committed index: 0, Last appended: 0.0, Last appended by leader: 0, Current term: 0, Majority size: -1, State: 0, Mode: NON_LEADER, active raft config: opid_index: -1 OBSOLETE_local: false peers { permanent_uuid: "fd278d877e9b463aaf4718b3107b56c4" member_type: VOTER last_known_addr { host: "127.0.107.193" port: 43109 } } peers { permanent_uuid: "69a15d493e8649598e3eab1b90eea78c" member_type: VOTER last_known_addr { host: "127.0.107.194" port: 45943 } } peers { permanent_uuid: "edd85e8f2b544419854fc19785a04d13" member_type: VOTER last_known_addr { host: "127.0.107.195" port: 36105 } }
I20260608 12:36:46.479527  1247 tablet_service.cc:1917] Received RequestConsensusVote() RPC: tablet_id: "70c9629df5eb4a9db10410d949beaac0" candidate_uuid: "69a15d493e8649598e3eab1b90eea78c" candidate_term: 1 candidate_status { last_received { term: 0 index: 0 } } ignore_live_leader: false dest_uuid: "edd85e8f2b544419854fc19785a04d13" is_pre_election: true
I20260608 12:36:46.479871  1098 raft_consensus.cc:2468] T 70c9629df5eb4a9db10410d949beaac0 P fd278d877e9b463aaf4718b3107b56c4 [term 0 FOLLOWER]: Leader pre-election vote request: Granting yes vote for candidate 69a15d493e8649598e3eab1b90eea78c in term 0.
I20260608 12:36:46.481392  1293 ts_tablet_manager.cc:1434] T 66bc7d3a20444181bbbc2b567651efd6 P 69a15d493e8649598e3eab1b90eea78c: Time spent starting tablet: real 0.007s	user 0.005s	sys 0.000s
I20260608 12:36:46.482020  1138 leader_election.cc:304] T 70c9629df5eb4a9db10410d949beaac0 P 69a15d493e8649598e3eab1b90eea78c [CANDIDATE]: Term 1 pre-election: Election decided. Result: candidate won. Election summary: received 2 responses out of 3 voters: 2 yes votes; 0 no votes. yes voters: 69a15d493e8649598e3eab1b90eea78c, fd278d877e9b463aaf4718b3107b56c4; no voters: 
I20260608 12:36:46.482921  1298 raft_consensus.cc:2804] T 70c9629df5eb4a9db10410d949beaac0 P 69a15d493e8649598e3eab1b90eea78c [term 0 FOLLOWER]: Leader pre-election won for term 1
W20260608 12:36:46.483112  1140 leader_election.cc:343] T 70c9629df5eb4a9db10410d949beaac0 P 69a15d493e8649598e3eab1b90eea78c [CANDIDATE]: Term 1 pre-election: Tablet error from VoteRequest() call to peer edd85e8f2b544419854fc19785a04d13 (127.0.107.195:36105): Illegal state: must be running to vote when last-logged opid is not known
I20260608 12:36:46.483330  1298 raft_consensus.cc:493] T 70c9629df5eb4a9db10410d949beaac0 P 69a15d493e8649598e3eab1b90eea78c [term 0 FOLLOWER]: Starting leader election (no leader contacted us within the election timeout)
I20260608 12:36:46.483738  1298 raft_consensus.cc:3060] T 70c9629df5eb4a9db10410d949beaac0 P 69a15d493e8649598e3eab1b90eea78c [term 0 FOLLOWER]: Advancing to term 1
I20260608 12:36:46.483742  1297 tablet_bootstrap.cc:654] T 66bc7d3a20444181bbbc2b567651efd6 P edd85e8f2b544419854fc19785a04d13: Neither blocks nor log segments found. Creating new log.
I20260608 12:36:46.483975   994 catalog_manager.cc:5696] T 8f56c3eda404417b9ce245cf0c834fe3 P fd278d877e9b463aaf4718b3107b56c4 reported cstate change: term changed from 0 to 1, leader changed from <none> to fd278d877e9b463aaf4718b3107b56c4 (127.0.107.193). New cstate: current_term: 1 leader_uuid: "fd278d877e9b463aaf4718b3107b56c4" committed_config { opid_index: -1 OBSOLETE_local: false peers { permanent_uuid: "fd278d877e9b463aaf4718b3107b56c4" member_type: VOTER last_known_addr { host: "127.0.107.193" port: 43109 } health_report { overall_health: HEALTHY } } peers { permanent_uuid: "69a15d493e8649598e3eab1b90eea78c" member_type: VOTER last_known_addr { host: "127.0.107.194" port: 45943 } health_report { overall_health: UNKNOWN } } peers { permanent_uuid: "edd85e8f2b544419854fc19785a04d13" member_type: VOTER last_known_addr { host: "127.0.107.195" port: 36105 } health_report { overall_health: UNKNOWN } } }
I20260608 12:36:46.490097  1297 tablet_bootstrap.cc:492] T 66bc7d3a20444181bbbc2b567651efd6 P edd85e8f2b544419854fc19785a04d13: No bootstrap required, opened a new log
I20260608 12:36:46.490628  1297 ts_tablet_manager.cc:1403] T 66bc7d3a20444181bbbc2b567651efd6 P edd85e8f2b544419854fc19785a04d13: Time spent bootstrapping tablet: real 0.035s	user 0.010s	sys 0.003s
I20260608 12:36:46.490429  1298 raft_consensus.cc:515] T 70c9629df5eb4a9db10410d949beaac0 P 69a15d493e8649598e3eab1b90eea78c [term 1 FOLLOWER]: Starting leader election with config: opid_index: -1 OBSOLETE_local: false peers { permanent_uuid: "fd278d877e9b463aaf4718b3107b56c4" member_type: VOTER last_known_addr { host: "127.0.107.193" port: 43109 } } peers { permanent_uuid: "69a15d493e8649598e3eab1b90eea78c" member_type: VOTER last_known_addr { host: "127.0.107.194" port: 45943 } } peers { permanent_uuid: "edd85e8f2b544419854fc19785a04d13" member_type: VOTER last_known_addr { host: "127.0.107.195" port: 36105 } }
I20260608 12:36:46.494288  1098 tablet_service.cc:1917] Received RequestConsensusVote() RPC: tablet_id: "70c9629df5eb4a9db10410d949beaac0" candidate_uuid: "69a15d493e8649598e3eab1b90eea78c" candidate_term: 1 candidate_status { last_received { term: 0 index: 0 } } ignore_live_leader: false dest_uuid: "fd278d877e9b463aaf4718b3107b56c4"
I20260608 12:36:46.494318  1297 raft_consensus.cc:359] T 66bc7d3a20444181bbbc2b567651efd6 P edd85e8f2b544419854fc19785a04d13 [term 0 FOLLOWER]: Replica starting. Triggering 0 pending ops. Active config: opid_index: -1 OBSOLETE_local: false peers { permanent_uuid: "fd278d877e9b463aaf4718b3107b56c4" member_type: VOTER last_known_addr { host: "127.0.107.193" port: 43109 } } peers { permanent_uuid: "69a15d493e8649598e3eab1b90eea78c" member_type: VOTER last_known_addr { host: "127.0.107.194" port: 45943 } } peers { permanent_uuid: "edd85e8f2b544419854fc19785a04d13" member_type: VOTER last_known_addr { host: "127.0.107.195" port: 36105 } }
I20260608 12:36:46.494997  1098 raft_consensus.cc:3060] T 70c9629df5eb4a9db10410d949beaac0 P fd278d877e9b463aaf4718b3107b56c4 [term 0 FOLLOWER]: Advancing to term 1
I20260608 12:36:46.495126  1297 raft_consensus.cc:385] T 66bc7d3a20444181bbbc2b567651efd6 P edd85e8f2b544419854fc19785a04d13 [term 0 FOLLOWER]: Consensus starting up: Expiring failure detector timer to make a prompt election more likely
I20260608 12:36:46.495466  1297 raft_consensus.cc:740] T 66bc7d3a20444181bbbc2b567651efd6 P edd85e8f2b544419854fc19785a04d13 [term 0 FOLLOWER]: Becoming Follower/Learner. State: Replica: edd85e8f2b544419854fc19785a04d13, State: Initialized, Role: FOLLOWER
I20260608 12:36:46.496212  1297 consensus_queue.cc:260] T 66bc7d3a20444181bbbc2b567651efd6 P edd85e8f2b544419854fc19785a04d13 [NON_LEADER]: Queue going to NON_LEADER mode. State: All replicated index: 0, Majority replicated index: 0, Committed index: 0, Last appended: 0.0, Last appended by leader: 0, Current term: 0, Majority size: -1, State: 0, Mode: NON_LEADER, active raft config: opid_index: -1 OBSOLETE_local: false peers { permanent_uuid: "fd278d877e9b463aaf4718b3107b56c4" member_type: VOTER last_known_addr { host: "127.0.107.193" port: 43109 } } peers { permanent_uuid: "69a15d493e8649598e3eab1b90eea78c" member_type: VOTER last_known_addr { host: "127.0.107.194" port: 45943 } } peers { permanent_uuid: "edd85e8f2b544419854fc19785a04d13" member_type: VOTER last_known_addr { host: "127.0.107.195" port: 36105 } }
I20260608 12:36:46.498446  1297 ts_tablet_manager.cc:1434] T 66bc7d3a20444181bbbc2b567651efd6 P edd85e8f2b544419854fc19785a04d13: Time spent starting tablet: real 0.007s	user 0.008s	sys 0.000s
I20260608 12:36:46.499502  1297 tablet_bootstrap.cc:492] T 70c9629df5eb4a9db10410d949beaac0 P edd85e8f2b544419854fc19785a04d13: Bootstrap starting.
I20260608 12:36:46.501902  1298 leader_election.cc:290] T 70c9629df5eb4a9db10410d949beaac0 P 69a15d493e8649598e3eab1b90eea78c [CANDIDATE]: Term 1 election: Requested vote from peers fd278d877e9b463aaf4718b3107b56c4 (127.0.107.193:43109), edd85e8f2b544419854fc19785a04d13 (127.0.107.195:36105)
I20260608 12:36:46.502197  1098 raft_consensus.cc:2468] T 70c9629df5eb4a9db10410d949beaac0 P fd278d877e9b463aaf4718b3107b56c4 [term 1 FOLLOWER]: Leader election vote request: Granting yes vote for candidate 69a15d493e8649598e3eab1b90eea78c in term 1.
I20260608 12:36:46.502456  1247 tablet_service.cc:1917] Received RequestConsensusVote() RPC: tablet_id: "70c9629df5eb4a9db10410d949beaac0" candidate_uuid: "69a15d493e8649598e3eab1b90eea78c" candidate_term: 1 candidate_status { last_received { term: 0 index: 0 } } ignore_live_leader: false dest_uuid: "edd85e8f2b544419854fc19785a04d13"
I20260608 12:36:46.503539  1138 leader_election.cc:304] T 70c9629df5eb4a9db10410d949beaac0 P 69a15d493e8649598e3eab1b90eea78c [CANDIDATE]: Term 1 election: Election decided. Result: candidate won. Election summary: received 2 responses out of 3 voters: 2 yes votes; 0 no votes. yes voters: 69a15d493e8649598e3eab1b90eea78c, fd278d877e9b463aaf4718b3107b56c4; no voters: 
I20260608 12:36:46.504568  1298 raft_consensus.cc:2804] T 70c9629df5eb4a9db10410d949beaac0 P 69a15d493e8649598e3eab1b90eea78c [term 1 FOLLOWER]: Leader election won for term 1
W20260608 12:36:46.504163  1140 leader_election.cc:343] T 70c9629df5eb4a9db10410d949beaac0 P 69a15d493e8649598e3eab1b90eea78c [CANDIDATE]: Term 1 election: Tablet error from VoteRequest() call to peer edd85e8f2b544419854fc19785a04d13 (127.0.107.195:36105): Illegal state: must be running to vote when last-logged opid is not known
I20260608 12:36:46.505136  1298 raft_consensus.cc:697] T 70c9629df5eb4a9db10410d949beaac0 P 69a15d493e8649598e3eab1b90eea78c [term 1 LEADER]: Becoming Leader. State: Replica: 69a15d493e8649598e3eab1b90eea78c, State: Running, Role: LEADER
I20260608 12:36:46.505595  1297 tablet_bootstrap.cc:654] T 70c9629df5eb4a9db10410d949beaac0 P edd85e8f2b544419854fc19785a04d13: Neither blocks nor log segments found. Creating new log.
I20260608 12:36:46.505975  1298 consensus_queue.cc:237] T 70c9629df5eb4a9db10410d949beaac0 P 69a15d493e8649598e3eab1b90eea78c [LEADER]: Queue going to LEADER mode. State: All replicated index: 0, Majority replicated index: 0, Committed index: 0, Last appended: 0.0, Last appended by leader: 0, Current term: 1, Majority size: 2, State: 0, Mode: LEADER, active raft config: opid_index: -1 OBSOLETE_local: false peers { permanent_uuid: "fd278d877e9b463aaf4718b3107b56c4" member_type: VOTER last_known_addr { host: "127.0.107.193" port: 43109 } } peers { permanent_uuid: "69a15d493e8649598e3eab1b90eea78c" member_type: VOTER last_known_addr { host: "127.0.107.194" port: 45943 } } peers { permanent_uuid: "edd85e8f2b544419854fc19785a04d13" member_type: VOTER last_known_addr { host: "127.0.107.195" port: 36105 } }
I20260608 12:36:46.510811  1297 tablet_bootstrap.cc:492] T 70c9629df5eb4a9db10410d949beaac0 P edd85e8f2b544419854fc19785a04d13: No bootstrap required, opened a new log
I20260608 12:36:46.511198  1297 ts_tablet_manager.cc:1403] T 70c9629df5eb4a9db10410d949beaac0 P edd85e8f2b544419854fc19785a04d13: Time spent bootstrapping tablet: real 0.012s	user 0.010s	sys 0.000s
I20260608 12:36:46.513376  1297 raft_consensus.cc:359] T 70c9629df5eb4a9db10410d949beaac0 P edd85e8f2b544419854fc19785a04d13 [term 0 FOLLOWER]: Replica starting. Triggering 0 pending ops. Active config: opid_index: -1 OBSOLETE_local: false peers { permanent_uuid: "fd278d877e9b463aaf4718b3107b56c4" member_type: VOTER last_known_addr { host: "127.0.107.193" port: 43109 } } peers { permanent_uuid: "69a15d493e8649598e3eab1b90eea78c" member_type: VOTER last_known_addr { host: "127.0.107.194" port: 45943 } } peers { permanent_uuid: "edd85e8f2b544419854fc19785a04d13" member_type: VOTER last_known_addr { host: "127.0.107.195" port: 36105 } }
I20260608 12:36:46.514150  1297 raft_consensus.cc:385] T 70c9629df5eb4a9db10410d949beaac0 P edd85e8f2b544419854fc19785a04d13 [term 0 FOLLOWER]: Consensus starting up: Expiring failure detector timer to make a prompt election more likely
I20260608 12:36:46.514475  1297 raft_consensus.cc:740] T 70c9629df5eb4a9db10410d949beaac0 P edd85e8f2b544419854fc19785a04d13 [term 0 FOLLOWER]: Becoming Follower/Learner. State: Replica: edd85e8f2b544419854fc19785a04d13, State: Initialized, Role: FOLLOWER
I20260608 12:36:46.515146  1297 consensus_queue.cc:260] T 70c9629df5eb4a9db10410d949beaac0 P edd85e8f2b544419854fc19785a04d13 [NON_LEADER]: Queue going to NON_LEADER mode. State: All replicated index: 0, Majority replicated index: 0, Committed index: 0, Last appended: 0.0, Last appended by leader: 0, Current term: 0, Majority size: -1, State: 0, Mode: NON_LEADER, active raft config: opid_index: -1 OBSOLETE_local: false peers { permanent_uuid: "fd278d877e9b463aaf4718b3107b56c4" member_type: VOTER last_known_addr { host: "127.0.107.193" port: 43109 } } peers { permanent_uuid: "69a15d493e8649598e3eab1b90eea78c" member_type: VOTER last_known_addr { host: "127.0.107.194" port: 45943 } } peers { permanent_uuid: "edd85e8f2b544419854fc19785a04d13" member_type: VOTER last_known_addr { host: "127.0.107.195" port: 36105 } }
I20260608 12:36:46.514997   994 catalog_manager.cc:5696] T 70c9629df5eb4a9db10410d949beaac0 P 69a15d493e8649598e3eab1b90eea78c reported cstate change: term changed from 0 to 1, leader changed from <none> to 69a15d493e8649598e3eab1b90eea78c (127.0.107.194). New cstate: current_term: 1 leader_uuid: "69a15d493e8649598e3eab1b90eea78c" committed_config { opid_index: -1 OBSOLETE_local: false peers { permanent_uuid: "fd278d877e9b463aaf4718b3107b56c4" member_type: VOTER last_known_addr { host: "127.0.107.193" port: 43109 } health_report { overall_health: UNKNOWN } } peers { permanent_uuid: "69a15d493e8649598e3eab1b90eea78c" member_type: VOTER last_known_addr { host: "127.0.107.194" port: 45943 } health_report { overall_health: HEALTHY } } peers { permanent_uuid: "edd85e8f2b544419854fc19785a04d13" member_type: VOTER last_known_addr { host: "127.0.107.195" port: 36105 } health_report { overall_health: UNKNOWN } } }
I20260608 12:36:46.516589  1297 ts_tablet_manager.cc:1434] T 70c9629df5eb4a9db10410d949beaac0 P edd85e8f2b544419854fc19785a04d13: Time spent starting tablet: real 0.005s	user 0.004s	sys 0.000s
I20260608 12:36:46.541147  1304 raft_consensus.cc:493] T d66fcd11171249528bf11cc190c0c47c P edd85e8f2b544419854fc19785a04d13 [term 0 FOLLOWER]: Starting pre-election (no leader contacted us within the election timeout)
I20260608 12:36:46.541623  1304 raft_consensus.cc:515] T d66fcd11171249528bf11cc190c0c47c P edd85e8f2b544419854fc19785a04d13 [term 0 FOLLOWER]: Starting pre-election with config: opid_index: -1 OBSOLETE_local: false peers { permanent_uuid: "fd278d877e9b463aaf4718b3107b56c4" member_type: VOTER last_known_addr { host: "127.0.107.193" port: 43109 } } peers { permanent_uuid: "69a15d493e8649598e3eab1b90eea78c" member_type: VOTER last_known_addr { host: "127.0.107.194" port: 45943 } } peers { permanent_uuid: "edd85e8f2b544419854fc19785a04d13" member_type: VOTER last_known_addr { host: "127.0.107.195" port: 36105 } }
I20260608 12:36:46.543766  1304 leader_election.cc:290] T d66fcd11171249528bf11cc190c0c47c P edd85e8f2b544419854fc19785a04d13 [CANDIDATE]: Term 1 pre-election: Requested pre-vote from peers fd278d877e9b463aaf4718b3107b56c4 (127.0.107.193:43109), 69a15d493e8649598e3eab1b90eea78c (127.0.107.194:45943)
I20260608 12:36:46.553962  1098 tablet_service.cc:1917] Received RequestConsensusVote() RPC: tablet_id: "d66fcd11171249528bf11cc190c0c47c" candidate_uuid: "edd85e8f2b544419854fc19785a04d13" candidate_term: 1 candidate_status { last_received { term: 0 index: 0 } } ignore_live_leader: false dest_uuid: "fd278d877e9b463aaf4718b3107b56c4" is_pre_election: true
I20260608 12:36:46.554855  1098 raft_consensus.cc:2393] T d66fcd11171249528bf11cc190c0c47c P fd278d877e9b463aaf4718b3107b56c4 [term 1 FOLLOWER]: Leader pre-election vote request: Denying vote to candidate edd85e8f2b544419854fc19785a04d13 in current term 1: Already voted for candidate 69a15d493e8649598e3eab1b90eea78c in this term.
I20260608 12:36:46.555913  1174 tablet_service.cc:1917] Received RequestConsensusVote() RPC: tablet_id: "d66fcd11171249528bf11cc190c0c47c" candidate_uuid: "edd85e8f2b544419854fc19785a04d13" candidate_term: 1 candidate_status { last_received { term: 0 index: 0 } } ignore_live_leader: false dest_uuid: "69a15d493e8649598e3eab1b90eea78c" is_pre_election: true
I20260608 12:36:46.557075  1212 leader_election.cc:304] T d66fcd11171249528bf11cc190c0c47c P edd85e8f2b544419854fc19785a04d13 [CANDIDATE]: Term 1 pre-election: Election decided. Result: candidate lost. Election summary: received 3 responses out of 3 voters: 1 yes votes; 2 no votes. yes voters: edd85e8f2b544419854fc19785a04d13; no voters: 69a15d493e8649598e3eab1b90eea78c, fd278d877e9b463aaf4718b3107b56c4
I20260608 12:36:46.557729  1304 raft_consensus.cc:3060] T d66fcd11171249528bf11cc190c0c47c P edd85e8f2b544419854fc19785a04d13 [term 0 FOLLOWER]: Advancing to term 1
I20260608 12:36:46.562422  1304 raft_consensus.cc:2749] T d66fcd11171249528bf11cc190c0c47c P edd85e8f2b544419854fc19785a04d13 [term 1 FOLLOWER]: Leader pre-election lost for term 1. Reason: could not achieve majority
I20260608 12:36:46.612107  1316 raft_consensus.cc:493] T 66bc7d3a20444181bbbc2b567651efd6 P fd278d877e9b463aaf4718b3107b56c4 [term 0 FOLLOWER]: Starting pre-election (no leader contacted us within the election timeout)
I20260608 12:36:46.612613  1316 raft_consensus.cc:515] T 66bc7d3a20444181bbbc2b567651efd6 P fd278d877e9b463aaf4718b3107b56c4 [term 0 FOLLOWER]: Starting pre-election with config: opid_index: -1 OBSOLETE_local: false peers { permanent_uuid: "fd278d877e9b463aaf4718b3107b56c4" member_type: VOTER last_known_addr { host: "127.0.107.193" port: 43109 } } peers { permanent_uuid: "69a15d493e8649598e3eab1b90eea78c" member_type: VOTER last_known_addr { host: "127.0.107.194" port: 45943 } } peers { permanent_uuid: "edd85e8f2b544419854fc19785a04d13" member_type: VOTER last_known_addr { host: "127.0.107.195" port: 36105 } }
I20260608 12:36:46.614634  1316 leader_election.cc:290] T 66bc7d3a20444181bbbc2b567651efd6 P fd278d877e9b463aaf4718b3107b56c4 [CANDIDATE]: Term 1 pre-election: Requested pre-vote from peers 69a15d493e8649598e3eab1b90eea78c (127.0.107.194:45943), edd85e8f2b544419854fc19785a04d13 (127.0.107.195:36105)
I20260608 12:36:46.615366  1174 tablet_service.cc:1917] Received RequestConsensusVote() RPC: tablet_id: "66bc7d3a20444181bbbc2b567651efd6" candidate_uuid: "fd278d877e9b463aaf4718b3107b56c4" candidate_term: 1 candidate_status { last_received { term: 0 index: 0 } } ignore_live_leader: false dest_uuid: "69a15d493e8649598e3eab1b90eea78c" is_pre_election: true
I20260608 12:36:46.615731  1247 tablet_service.cc:1917] Received RequestConsensusVote() RPC: tablet_id: "66bc7d3a20444181bbbc2b567651efd6" candidate_uuid: "fd278d877e9b463aaf4718b3107b56c4" candidate_term: 1 candidate_status { last_received { term: 0 index: 0 } } ignore_live_leader: false dest_uuid: "edd85e8f2b544419854fc19785a04d13" is_pre_election: true
I20260608 12:36:46.616010  1174 raft_consensus.cc:2468] T 66bc7d3a20444181bbbc2b567651efd6 P 69a15d493e8649598e3eab1b90eea78c [term 0 FOLLOWER]: Leader pre-election vote request: Granting yes vote for candidate fd278d877e9b463aaf4718b3107b56c4 in term 0.
I20260608 12:36:46.616357  1247 raft_consensus.cc:2468] T 66bc7d3a20444181bbbc2b567651efd6 P edd85e8f2b544419854fc19785a04d13 [term 0 FOLLOWER]: Leader pre-election vote request: Granting yes vote for candidate fd278d877e9b463aaf4718b3107b56c4 in term 0.
I20260608 12:36:46.617233  1063 leader_election.cc:304] T 66bc7d3a20444181bbbc2b567651efd6 P fd278d877e9b463aaf4718b3107b56c4 [CANDIDATE]: Term 1 pre-election: Election decided. Result: candidate won. Election summary: received 2 responses out of 3 voters: 2 yes votes; 0 no votes. yes voters: 69a15d493e8649598e3eab1b90eea78c, fd278d877e9b463aaf4718b3107b56c4; no voters: 
I20260608 12:36:46.618013  1316 raft_consensus.cc:2804] T 66bc7d3a20444181bbbc2b567651efd6 P fd278d877e9b463aaf4718b3107b56c4 [term 0 FOLLOWER]: Leader pre-election won for term 1
I20260608 12:36:46.618371  1316 raft_consensus.cc:493] T 66bc7d3a20444181bbbc2b567651efd6 P fd278d877e9b463aaf4718b3107b56c4 [term 0 FOLLOWER]: Starting leader election (no leader contacted us within the election timeout)
I20260608 12:36:46.618645  1316 raft_consensus.cc:3060] T 66bc7d3a20444181bbbc2b567651efd6 P fd278d877e9b463aaf4718b3107b56c4 [term 0 FOLLOWER]: Advancing to term 1
I20260608 12:36:46.622903  1316 raft_consensus.cc:515] T 66bc7d3a20444181bbbc2b567651efd6 P fd278d877e9b463aaf4718b3107b56c4 [term 1 FOLLOWER]: Starting leader election with config: opid_index: -1 OBSOLETE_local: false peers { permanent_uuid: "fd278d877e9b463aaf4718b3107b56c4" member_type: VOTER last_known_addr { host: "127.0.107.193" port: 43109 } } peers { permanent_uuid: "69a15d493e8649598e3eab1b90eea78c" member_type: VOTER last_known_addr { host: "127.0.107.194" port: 45943 } } peers { permanent_uuid: "edd85e8f2b544419854fc19785a04d13" member_type: VOTER last_known_addr { host: "127.0.107.195" port: 36105 } }
I20260608 12:36:46.624855  1316 leader_election.cc:290] T 66bc7d3a20444181bbbc2b567651efd6 P fd278d877e9b463aaf4718b3107b56c4 [CANDIDATE]: Term 1 election: Requested vote from peers 69a15d493e8649598e3eab1b90eea78c (127.0.107.194:45943), edd85e8f2b544419854fc19785a04d13 (127.0.107.195:36105)
I20260608 12:36:46.625705  1174 tablet_service.cc:1917] Received RequestConsensusVote() RPC: tablet_id: "66bc7d3a20444181bbbc2b567651efd6" candidate_uuid: "fd278d877e9b463aaf4718b3107b56c4" candidate_term: 1 candidate_status { last_received { term: 0 index: 0 } } ignore_live_leader: false dest_uuid: "69a15d493e8649598e3eab1b90eea78c"
I20260608 12:36:46.625845  1247 tablet_service.cc:1917] Received RequestConsensusVote() RPC: tablet_id: "66bc7d3a20444181bbbc2b567651efd6" candidate_uuid: "fd278d877e9b463aaf4718b3107b56c4" candidate_term: 1 candidate_status { last_received { term: 0 index: 0 } } ignore_live_leader: false dest_uuid: "edd85e8f2b544419854fc19785a04d13"
I20260608 12:36:46.626225  1174 raft_consensus.cc:3060] T 66bc7d3a20444181bbbc2b567651efd6 P 69a15d493e8649598e3eab1b90eea78c [term 0 FOLLOWER]: Advancing to term 1
I20260608 12:36:46.626392  1247 raft_consensus.cc:3060] T 66bc7d3a20444181bbbc2b567651efd6 P edd85e8f2b544419854fc19785a04d13 [term 0 FOLLOWER]: Advancing to term 1
I20260608 12:36:46.629006  1304 raft_consensus.cc:493] T 074e54dfdf564a868bb105866d95d221 P edd85e8f2b544419854fc19785a04d13 [term 0 FOLLOWER]: Starting pre-election (no leader contacted us within the election timeout)
I20260608 12:36:46.629488  1304 raft_consensus.cc:515] T 074e54dfdf564a868bb105866d95d221 P edd85e8f2b544419854fc19785a04d13 [term 0 FOLLOWER]: Starting pre-election with config: opid_index: -1 OBSOLETE_local: false peers { permanent_uuid: "fd278d877e9b463aaf4718b3107b56c4" member_type: VOTER last_known_addr { host: "127.0.107.193" port: 43109 } } peers { permanent_uuid: "69a15d493e8649598e3eab1b90eea78c" member_type: VOTER last_known_addr { host: "127.0.107.194" port: 45943 } } peers { permanent_uuid: "edd85e8f2b544419854fc19785a04d13" member_type: VOTER last_known_addr { host: "127.0.107.195" port: 36105 } }
I20260608 12:36:46.631084  1174 raft_consensus.cc:2468] T 66bc7d3a20444181bbbc2b567651efd6 P 69a15d493e8649598e3eab1b90eea78c [term 1 FOLLOWER]: Leader election vote request: Granting yes vote for candidate fd278d877e9b463aaf4718b3107b56c4 in term 1.
I20260608 12:36:46.631783  1304 leader_election.cc:290] T 074e54dfdf564a868bb105866d95d221 P edd85e8f2b544419854fc19785a04d13 [CANDIDATE]: Term 1 pre-election: Requested pre-vote from peers fd278d877e9b463aaf4718b3107b56c4 (127.0.107.193:43109), 69a15d493e8649598e3eab1b90eea78c (127.0.107.194:45943)
I20260608 12:36:46.631531  1247 raft_consensus.cc:2468] T 66bc7d3a20444181bbbc2b567651efd6 P edd85e8f2b544419854fc19785a04d13 [term 1 FOLLOWER]: Leader election vote request: Granting yes vote for candidate fd278d877e9b463aaf4718b3107b56c4 in term 1.
I20260608 12:36:46.632366  1063 leader_election.cc:304] T 66bc7d3a20444181bbbc2b567651efd6 P fd278d877e9b463aaf4718b3107b56c4 [CANDIDATE]: Term 1 election: Election decided. Result: candidate won. Election summary: received 2 responses out of 3 voters: 2 yes votes; 0 no votes. yes voters: 69a15d493e8649598e3eab1b90eea78c, fd278d877e9b463aaf4718b3107b56c4; no voters: 
I20260608 12:36:46.632658  1098 tablet_service.cc:1917] Received RequestConsensusVote() RPC: tablet_id: "074e54dfdf564a868bb105866d95d221" candidate_uuid: "edd85e8f2b544419854fc19785a04d13" candidate_term: 1 candidate_status { last_received { term: 0 index: 0 } } ignore_live_leader: false dest_uuid: "fd278d877e9b463aaf4718b3107b56c4" is_pre_election: true
I20260608 12:36:46.633270  1316 raft_consensus.cc:2804] T 66bc7d3a20444181bbbc2b567651efd6 P fd278d877e9b463aaf4718b3107b56c4 [term 1 FOLLOWER]: Leader election won for term 1
I20260608 12:36:46.633471  1098 raft_consensus.cc:2393] T 074e54dfdf564a868bb105866d95d221 P fd278d877e9b463aaf4718b3107b56c4 [term 1 FOLLOWER]: Leader pre-election vote request: Denying vote to candidate edd85e8f2b544419854fc19785a04d13 in current term 1: Already voted for candidate 69a15d493e8649598e3eab1b90eea78c in this term.
I20260608 12:36:46.633183  1174 tablet_service.cc:1917] Received RequestConsensusVote() RPC: tablet_id: "074e54dfdf564a868bb105866d95d221" candidate_uuid: "edd85e8f2b544419854fc19785a04d13" candidate_term: 1 candidate_status { last_received { term: 0 index: 0 } } ignore_live_leader: false dest_uuid: "69a15d493e8649598e3eab1b90eea78c" is_pre_election: true
I20260608 12:36:46.633985  1316 raft_consensus.cc:697] T 66bc7d3a20444181bbbc2b567651efd6 P fd278d877e9b463aaf4718b3107b56c4 [term 1 LEADER]: Becoming Leader. State: Replica: fd278d877e9b463aaf4718b3107b56c4, State: Running, Role: LEADER
I20260608 12:36:46.634828  1316 consensus_queue.cc:237] T 66bc7d3a20444181bbbc2b567651efd6 P fd278d877e9b463aaf4718b3107b56c4 [LEADER]: Queue going to LEADER mode. State: All replicated index: 0, Majority replicated index: 0, Committed index: 0, Last appended: 0.0, Last appended by leader: 0, Current term: 1, Majority size: 2, State: 0, Mode: LEADER, active raft config: opid_index: -1 OBSOLETE_local: false peers { permanent_uuid: "fd278d877e9b463aaf4718b3107b56c4" member_type: VOTER last_known_addr { host: "127.0.107.193" port: 43109 } } peers { permanent_uuid: "69a15d493e8649598e3eab1b90eea78c" member_type: VOTER last_known_addr { host: "127.0.107.194" port: 45943 } } peers { permanent_uuid: "edd85e8f2b544419854fc19785a04d13" member_type: VOTER last_known_addr { host: "127.0.107.195" port: 36105 } }
I20260608 12:36:46.635306  1212 leader_election.cc:304] T 074e54dfdf564a868bb105866d95d221 P edd85e8f2b544419854fc19785a04d13 [CANDIDATE]: Term 1 pre-election: Election decided. Result: candidate lost. Election summary: received 3 responses out of 3 voters: 1 yes votes; 2 no votes. yes voters: edd85e8f2b544419854fc19785a04d13; no voters: 69a15d493e8649598e3eab1b90eea78c, fd278d877e9b463aaf4718b3107b56c4
I20260608 12:36:46.636566  1304 raft_consensus.cc:3060] T 074e54dfdf564a868bb105866d95d221 P edd85e8f2b544419854fc19785a04d13 [term 0 FOLLOWER]: Advancing to term 1
I20260608 12:36:46.642038  1304 raft_consensus.cc:2749] T 074e54dfdf564a868bb105866d95d221 P edd85e8f2b544419854fc19785a04d13 [term 1 FOLLOWER]: Leader pre-election lost for term 1. Reason: could not achieve majority
I20260608 12:36:46.643859   997 catalog_manager.cc:5696] T 66bc7d3a20444181bbbc2b567651efd6 P fd278d877e9b463aaf4718b3107b56c4 reported cstate change: term changed from 0 to 1, leader changed from <none> to fd278d877e9b463aaf4718b3107b56c4 (127.0.107.193). New cstate: current_term: 1 leader_uuid: "fd278d877e9b463aaf4718b3107b56c4" committed_config { opid_index: -1 OBSOLETE_local: false peers { permanent_uuid: "fd278d877e9b463aaf4718b3107b56c4" member_type: VOTER last_known_addr { host: "127.0.107.193" port: 43109 } health_report { overall_health: HEALTHY } } peers { permanent_uuid: "69a15d493e8649598e3eab1b90eea78c" member_type: VOTER last_known_addr { host: "127.0.107.194" port: 45943 } health_report { overall_health: UNKNOWN } } peers { permanent_uuid: "edd85e8f2b544419854fc19785a04d13" member_type: VOTER last_known_addr { host: "127.0.107.195" port: 36105 } health_report { overall_health: UNKNOWN } } }
I20260608 12:36:46.673465  1298 consensus_queue.cc:1048] T d66fcd11171249528bf11cc190c0c47c P 69a15d493e8649598e3eab1b90eea78c [LEADER]: Connected to new peer: Peer: permanent_uuid: "edd85e8f2b544419854fc19785a04d13" member_type: VOTER last_known_addr { host: "127.0.107.195" port: 36105 }, Status: LMP_MISMATCH, Last received: 0.0, Next index: 1, Last known committed idx: 0, Time since last communication: 0.000s
I20260608 12:36:46.685985  1318 consensus_queue.cc:1048] T d66fcd11171249528bf11cc190c0c47c P 69a15d493e8649598e3eab1b90eea78c [LEADER]: Connected to new peer: Peer: permanent_uuid: "fd278d877e9b463aaf4718b3107b56c4" member_type: VOTER last_known_addr { host: "127.0.107.193" port: 43109 }, Status: LMP_MISMATCH, Last received: 0.0, Next index: 1, Last known committed idx: 0, Time since last communication: 0.000s
I20260608 12:36:46.727829  1316 consensus_queue.cc:1048] T 435e5d2706d44ff8b3a3a65f9e672aec P fd278d877e9b463aaf4718b3107b56c4 [LEADER]: Connected to new peer: Peer: permanent_uuid: "69a15d493e8649598e3eab1b90eea78c" member_type: VOTER last_known_addr { host: "127.0.107.194" port: 45943 }, Status: LMP_MISMATCH, Last received: 0.0, Next index: 1, Last known committed idx: 0, Time since last communication: 0.000s
I20260608 12:36:46.738911  1330 consensus_queue.cc:1048] T 435e5d2706d44ff8b3a3a65f9e672aec P fd278d877e9b463aaf4718b3107b56c4 [LEADER]: Connected to new peer: Peer: permanent_uuid: "edd85e8f2b544419854fc19785a04d13" member_type: VOTER last_known_addr { host: "127.0.107.195" port: 36105 }, Status: LMP_MISMATCH, Last received: 0.0, Next index: 1, Last known committed idx: 0, Time since last communication: 0.000s
I20260608 12:36:46.759073  1298 consensus_queue.cc:1048] T 03b2f7cdccc94edc8975ce3c195bdf3c P 69a15d493e8649598e3eab1b90eea78c [LEADER]: Connected to new peer: Peer: permanent_uuid: "edd85e8f2b544419854fc19785a04d13" member_type: VOTER last_known_addr { host: "127.0.107.195" port: 36105 }, Status: LMP_MISMATCH, Last received: 0.0, Next index: 1, Last known committed idx: 0, Time since last communication: 0.000s
I20260608 12:36:46.762883  1298 consensus_queue.cc:1048] T 03b2f7cdccc94edc8975ce3c195bdf3c P 69a15d493e8649598e3eab1b90eea78c [LEADER]: Connected to new peer: Peer: permanent_uuid: "fd278d877e9b463aaf4718b3107b56c4" member_type: VOTER last_known_addr { host: "127.0.107.193" port: 43109 }, Status: LMP_MISMATCH, Last received: 0.0, Next index: 1, Last known committed idx: 0, Time since last communication: 0.000s
I20260608 12:36:46.787427   431 file_cache.cc:492] Constructed file cache file cache with capacity 419430
W20260608 12:36:46.794029  1352 instance_detector.cc:116] could not retrieve AWS instance metadata: Network error: curl error: HTTP response code said error: The requested URL returned error: 404
W20260608 12:36:46.794298  1353 instance_detector.cc:116] could not retrieve Azure instance metadata: Network error: curl error: HTTP response code said error: The requested URL returned error: 404
W20260608 12:36:46.796394  1355 instance_detector.cc:116] could not retrieve OpenStack instance metadata: Network error: curl error: HTTP response code said error: The requested URL returned error: 404
I20260608 12:36:46.797094   431 server_base.cc:1061] running on GCE node
I20260608 12:36:46.797953   431 hybrid_clock.cc:584] initializing the hybrid clock with 'system_unsync' time source
W20260608 12:36:46.798239   431 system_unsync_time.cc:38] NTP support is disabled. Clock error bounds will not be accurate. This configuration is not suitable for distributed clusters.
I20260608 12:36:46.798427   431 hybrid_clock.cc:648] HybridClock initialized: now 1780922206798409 us; error 0 us; skew 500 ppm
I20260608 12:36:46.799127   431 server_base.cc:861] Flag tcmalloc_max_total_thread_cache_bytes is not working since tcmalloc is not enabled.
I20260608 12:36:46.801386   431 webserver.cc:533] Webserver started at http://127.0.107.196:46593/ using document root <none> and password file <none>
I20260608 12:36:46.801916   431 fs_manager.cc:362] Metadata directory not provided
I20260608 12:36:46.802150   431 fs_manager.cc:368] Using write-ahead log directory (fs_wal_dir) as metadata directory
I20260608 12:36:46.802397   431 server_base.cc:909] This appears to be a new deployment of Kudu; creating new FS layout
I20260608 12:36:46.803390   431 fs_manager.cc:1068] Generated new instance metadata in path /tmp/dist-test-taskEmE8cD/test-tmp/auto_rebalancer-test.0.AutoRebalancerTest.AutoRebalancingTurnOffAndOn.1780922198874839-431-0/minicluster-data/ts-3-root/instance:
uuid: "b31b29ae5b9d4c06a2199c32eac32951"
format_stamp: "Formatted at 2026-06-08 12:36:46 on dist-test-slave-5pcn"
I20260608 12:36:46.807713   431 fs_manager.cc:696] Time spent creating directory manager: real 0.004s	user 0.005s	sys 0.000s
I20260608 12:36:46.811264  1360 log_block_manager.cc:4031] Time spent loading block containers with low live blocks: real 0.000s	user 0.000s	sys 0.000s
I20260608 12:36:46.812072   431 fs_manager.cc:730] Time spent opening block manager: real 0.003s	user 0.003s	sys 0.000s
I20260608 12:36:46.812398   431 fs_manager.cc:647] Opened local filesystem: /tmp/dist-test-taskEmE8cD/test-tmp/auto_rebalancer-test.0.AutoRebalancerTest.AutoRebalancingTurnOffAndOn.1780922198874839-431-0/minicluster-data/ts-3-root
uuid: "b31b29ae5b9d4c06a2199c32eac32951"
format_stamp: "Formatted at 2026-06-08 12:36:46 on dist-test-slave-5pcn"
I20260608 12:36:46.812704   431 fs_report.cc:389] FS layout report
--------------------
wal directory: /tmp/dist-test-taskEmE8cD/test-tmp/auto_rebalancer-test.0.AutoRebalancerTest.AutoRebalancingTurnOffAndOn.1780922198874839-431-0/minicluster-data/ts-3-root
metadata directory: /tmp/dist-test-taskEmE8cD/test-tmp/auto_rebalancer-test.0.AutoRebalancerTest.AutoRebalancingTurnOffAndOn.1780922198874839-431-0/minicluster-data/ts-3-root
1 data directories: /tmp/dist-test-taskEmE8cD/test-tmp/auto_rebalancer-test.0.AutoRebalancerTest.AutoRebalancingTurnOffAndOn.1780922198874839-431-0/minicluster-data/ts-3-root/data
Total live blocks: 0
Total live bytes: 0
Total live bytes (after alignment): 0
Total number of LBM containers: 0 (0 full)
Did not check for missing blocks
Did not check for orphaned blocks
Total full LBM containers with extra space: 0 (0 repaired)
Total full LBM container extra space in bytes: 0 (0 repaired)
Total incomplete LBM containers: 0 (0 repaired)
Total LBM partial records: 0 (0 repaired)
Total corrupted LBM metadata records in RocksDB: 0 (0 repaired)
I20260608 12:36:46.813083  1313 consensus_queue.cc:1048] T 074e54dfdf564a868bb105866d95d221 P 69a15d493e8649598e3eab1b90eea78c [LEADER]: Connected to new peer: Peer: permanent_uuid: "edd85e8f2b544419854fc19785a04d13" member_type: VOTER last_known_addr { host: "127.0.107.195" port: 36105 }, Status: LMP_MISMATCH, Last received: 0.0, Next index: 1, Last known committed idx: 0, Time since last communication: 0.000s
I20260608 12:36:46.826498  1298 consensus_queue.cc:1048] T 074e54dfdf564a868bb105866d95d221 P 69a15d493e8649598e3eab1b90eea78c [LEADER]: Connected to new peer: Peer: permanent_uuid: "fd278d877e9b463aaf4718b3107b56c4" member_type: VOTER last_known_addr { host: "127.0.107.193" port: 43109 }, Status: LMP_MISMATCH, Last received: 0.0, Next index: 1, Last known committed idx: 0, Time since last communication: 0.000s
I20260608 12:36:46.837061   431 rpc_server.cc:225] running with OpenSSL 1.1.1  11 Sep 2018
I20260608 12:36:46.838470   431 kserver.cc:163] Server-wide thread pool size limit: 3276
I20260608 12:36:46.840155   431 txn_system_client.cc:432] TxnSystemClient initialization is disabled...
I20260608 12:36:46.842500   431 ts_tablet_manager.cc:585] Loaded tablet metadata (0 total tablets, 0 live tablets)
I20260608 12:36:46.842736   431 ts_tablet_manager.cc:531] Time spent load tablet metadata: real 0.000s	user 0.000s	sys 0.000s
I20260608 12:36:46.842999   431 ts_tablet_manager.cc:616] Registered 0 tablets
I20260608 12:36:46.843187   431 ts_tablet_manager.cc:595] Time spent register tablets: real 0.000s	user 0.000s	sys 0.000s
I20260608 12:36:46.885412  1298 consensus_queue.cc:1048] T ad669ed80bde470fb6fdceb26f870cee P 69a15d493e8649598e3eab1b90eea78c [LEADER]: Connected to new peer: Peer: permanent_uuid: "fd278d877e9b463aaf4718b3107b56c4" member_type: VOTER last_known_addr { host: "127.0.107.193" port: 43109 }, Status: LMP_MISMATCH, Last received: 0.0, Next index: 1, Last known committed idx: 0, Time since last communication: 0.000s
I20260608 12:36:46.889734   431 rpc_server.cc:307] RPC server started. Bound to: 127.0.107.196:41667
I20260608 12:36:46.889816  1424 acceptor_pool.cc:272] collecting diagnostics on the listening RPC socket 127.0.107.196:41667 every 8 connection(s)
I20260608 12:36:46.906528  1313 consensus_queue.cc:1048] T ad669ed80bde470fb6fdceb26f870cee P 69a15d493e8649598e3eab1b90eea78c [LEADER]: Connected to new peer: Peer: permanent_uuid: "edd85e8f2b544419854fc19785a04d13" member_type: VOTER last_known_addr { host: "127.0.107.195" port: 36105 }, Status: LMP_MISMATCH, Last received: 0.0, Next index: 1, Last known committed idx: 0, Time since last communication: 0.000s
I20260608 12:36:46.913372  1426 heartbeater.cc:344] Connected to a master server at 127.0.107.254:36529
I20260608 12:36:46.914250  1426 heartbeater.cc:461] Registering TS with master...
I20260608 12:36:46.915263  1426 heartbeater.cc:507] Master 127.0.107.254:36529 requested a full tablet report, sending...
I20260608 12:36:46.917482   996 ts_manager.cc:194] Registered new tserver with Master: b31b29ae5b9d4c06a2199c32eac32951 (127.0.107.196:41667)
I20260608 12:36:46.919158   996 master_service.cc:502] Signed X509 certificate for tserver {username='slave'} at 127.0.0.1:36396
