I20260608 12:42:47.573798 15800 raft_consensus.cc:1275] T cae602925b9a4baf93316729d25f2cac P db04042cc2cc46049f89fefd23223756 [term 2 FOLLOWER]: Refusing update from remote peer ff1bc986fc1e495ea54d77bcb51b56d6: Log matching property violated. Preceding OpId in replica: term: 2 index: 4. Preceding OpId from leader: term: 2 index: 5. (index mismatch)
I20260608 12:42:47.574807 15724 raft_consensus.cc:1275] T cae602925b9a4baf93316729d25f2cac P 72b09b13c58647489b7030c8607c400f [term 2 FOLLOWER]: Refusing update from remote peer ff1bc986fc1e495ea54d77bcb51b56d6: Log matching property violated. Preceding OpId in replica: term: 2 index: 4. Preceding OpId from leader: term: 2 index: 5. (index mismatch)
I20260608 12:42:47.576020 16232 consensus_queue.cc:1048] T cae602925b9a4baf93316729d25f2cac P ff1bc986fc1e495ea54d77bcb51b56d6 [LEADER]: Connected to new peer: Peer: permanent_uuid: "db04042cc2cc46049f89fefd23223756" member_type: VOTER last_known_addr { host: "127.12.95.67" port: 42867 } attrs { promote: false }, Status: LMP_MISMATCH, Last received: 0.0, Next index: 5, Last known committed idx: 4, Time since last communication: 0.000s
I20260608 12:42:47.578718 16110 consensus_queue.cc:1048] T cae602925b9a4baf93316729d25f2cac P ff1bc986fc1e495ea54d77bcb51b56d6 [LEADER]: Connected to new peer: Peer: permanent_uuid: "72b09b13c58647489b7030c8607c400f" member_type: VOTER last_known_addr { host: "127.12.95.66" port: 43711 }, Status: LMP_MISMATCH, Last received: 0.0, Next index: 5, Last known committed idx: 4, Time since last communication: 0.000s
I20260608 12:42:47.587813 16110 raft_consensus.cc:1064] T 37ac19ab06c34c06b00c58aaafdc556e P ff1bc986fc1e495ea54d77bcb51b56d6: attempting to promote NON_VOTER d92d2f4bc6ab47e79e9c82a02383a301 to VOTER
I20260608 12:42:47.590440 16110 consensus_queue.cc:237] T 37ac19ab06c34c06b00c58aaafdc556e P ff1bc986fc1e495ea54d77bcb51b56d6 [LEADER]: Queue going to LEADER mode. State: All replicated index: 0, Majority replicated index: 3, Committed index: 3, Last appended: 2.3, Last appended by leader: 1, Current term: 2, Majority size: 3, State: 0, Mode: LEADER, active raft config: opid_index: 4 OBSOLETE_local: false peers { permanent_uuid: "ff1bc986fc1e495ea54d77bcb51b56d6" member_type: VOTER last_known_addr { host: "127.12.95.65" port: 39151 } } peers { permanent_uuid: "72b09b13c58647489b7030c8607c400f" member_type: VOTER last_known_addr { host: "127.12.95.66" port: 43711 } } peers { permanent_uuid: "db04042cc2cc46049f89fefd23223756" member_type: VOTER last_known_addr { host: "127.12.95.67" port: 42867 } attrs { replace: true } } peers { permanent_uuid: "d92d2f4bc6ab47e79e9c82a02383a301" member_type: VOTER last_known_addr { host: "127.12.95.68" port: 38385 } attrs { promote: false } }
I20260608 12:42:47.590663 15724 raft_consensus.cc:2955] T cae602925b9a4baf93316729d25f2cac P 72b09b13c58647489b7030c8607c400f [term 2 FOLLOWER]: Committing config change with OpId 2.5: config changed from index 4 to 5, VOTER d92d2f4bc6ab47e79e9c82a02383a301 (127.12.95.68) evicted. New config: { opid_index: 5 OBSOLETE_local: false peers { permanent_uuid: "ff1bc986fc1e495ea54d77bcb51b56d6" member_type: VOTER last_known_addr { host: "127.12.95.65" port: 39151 } } peers { permanent_uuid: "72b09b13c58647489b7030c8607c400f" member_type: VOTER last_known_addr { host: "127.12.95.66" port: 43711 } } peers { permanent_uuid: "db04042cc2cc46049f89fefd23223756" member_type: VOTER last_known_addr { host: "127.12.95.67" port: 42867 } attrs { promote: false } } }
I20260608 12:42:47.595057 15798 raft_consensus.cc:2955] T cae602925b9a4baf93316729d25f2cac P db04042cc2cc46049f89fefd23223756 [term 2 FOLLOWER]: Committing config change with OpId 2.5: config changed from index 4 to 5, VOTER d92d2f4bc6ab47e79e9c82a02383a301 (127.12.95.68) evicted. New config: { opid_index: 5 OBSOLETE_local: false peers { permanent_uuid: "ff1bc986fc1e495ea54d77bcb51b56d6" member_type: VOTER last_known_addr { host: "127.12.95.65" port: 39151 } } peers { permanent_uuid: "72b09b13c58647489b7030c8607c400f" member_type: VOTER last_known_addr { host: "127.12.95.66" port: 43711 } } peers { permanent_uuid: "db04042cc2cc46049f89fefd23223756" member_type: VOTER last_known_addr { host: "127.12.95.67" port: 42867 } attrs { promote: false } } }
I20260608 12:42:47.591532 16219 raft_consensus.cc:2955] T cae602925b9a4baf93316729d25f2cac P ff1bc986fc1e495ea54d77bcb51b56d6 [term 2 LEADER]: Committing config change with OpId 2.5: config changed from index 4 to 5, VOTER d92d2f4bc6ab47e79e9c82a02383a301 (127.12.95.68) evicted. New config: { opid_index: 5 OBSOLETE_local: false peers { permanent_uuid: "ff1bc986fc1e495ea54d77bcb51b56d6" member_type: VOTER last_known_addr { host: "127.12.95.65" port: 39151 } } peers { permanent_uuid: "72b09b13c58647489b7030c8607c400f" member_type: VOTER last_known_addr { host: "127.12.95.66" port: 43711 } } peers { permanent_uuid: "db04042cc2cc46049f89fefd23223756" member_type: VOTER last_known_addr { host: "127.12.95.67" port: 42867 } attrs { promote: false } } }
I20260608 12:42:47.604944 15545 catalog_manager.cc:5696] T cae602925b9a4baf93316729d25f2cac P 72b09b13c58647489b7030c8607c400f reported cstate change: config changed from index 4 to 5, VOTER d92d2f4bc6ab47e79e9c82a02383a301 (127.12.95.68) evicted. New cstate: current_term: 2 leader_uuid: "ff1bc986fc1e495ea54d77bcb51b56d6" committed_config { opid_index: 5 OBSOLETE_local: false peers { permanent_uuid: "ff1bc986fc1e495ea54d77bcb51b56d6" member_type: VOTER last_known_addr { host: "127.12.95.65" port: 39151 } } peers { permanent_uuid: "72b09b13c58647489b7030c8607c400f" member_type: VOTER last_known_addr { host: "127.12.95.66" port: 43711 } } peers { permanent_uuid: "db04042cc2cc46049f89fefd23223756" member_type: VOTER last_known_addr { host: "127.12.95.67" port: 42867 } attrs { promote: false } } }
I20260608 12:42:47.612246 15533 catalog_manager.cc:5209] ChangeConfig:REMOVE_PEER RPC for tablet cae602925b9a4baf93316729d25f2cac with cas_config_opid_index 4: ChangeConfig:REMOVE_PEER succeeded (attempt 1)
I20260608 12:42:47.626780 15942 tablet_service.cc:1558] Processing DeleteTablet for tablet cae602925b9a4baf93316729d25f2cac with delete_type TABLET_DATA_TOMBSTONED (TS d92d2f4bc6ab47e79e9c82a02383a301 not found in new config with opid_index 5) from {username='slave'} at 127.0.0.1:40220
I20260608 12:42:47.628605 15953 raft_consensus.cc:1275] T 37ac19ab06c34c06b00c58aaafdc556e P d92d2f4bc6ab47e79e9c82a02383a301 [term 2 LEARNER]: Refusing update from remote peer ff1bc986fc1e495ea54d77bcb51b56d6: Log matching property violated. Preceding OpId in replica: term: 2 index: 3. Preceding OpId from leader: term: 2 index: 4. (index mismatch)
I20260608 12:42:47.630292 16241 tablet_replica.cc:333] T cae602925b9a4baf93316729d25f2cac P d92d2f4bc6ab47e79e9c82a02383a301: stopping tablet replica
I20260608 12:42:47.630853 15798 raft_consensus.cc:1275] T 37ac19ab06c34c06b00c58aaafdc556e P db04042cc2cc46049f89fefd23223756 [term 2 FOLLOWER]: Refusing update from remote peer ff1bc986fc1e495ea54d77bcb51b56d6: Log matching property violated. Preceding OpId in replica: term: 2 index: 3. Preceding OpId from leader: term: 2 index: 4. (index mismatch)
I20260608 12:42:47.631069 16241 raft_consensus.cc:2243] T cae602925b9a4baf93316729d25f2cac P d92d2f4bc6ab47e79e9c82a02383a301 [term 2 FOLLOWER]: Raft consensus shutting down.
I20260608 12:42:47.631790 16241 raft_consensus.cc:2272] T cae602925b9a4baf93316729d25f2cac P d92d2f4bc6ab47e79e9c82a02383a301 [term 2 FOLLOWER]: Raft consensus is shut down!
I20260608 12:42:47.632508 16239 consensus_queue.cc:1048] T 37ac19ab06c34c06b00c58aaafdc556e P ff1bc986fc1e495ea54d77bcb51b56d6 [LEADER]: Connected to new peer: Peer: permanent_uuid: "db04042cc2cc46049f89fefd23223756" member_type: VOTER last_known_addr { host: "127.12.95.67" port: 42867 } attrs { replace: true }, Status: LMP_MISMATCH, Last received: 0.0, Next index: 4, Last known committed idx: 3, Time since last communication: 0.001s
I20260608 12:42:47.633916 15724 raft_consensus.cc:1275] T 37ac19ab06c34c06b00c58aaafdc556e P 72b09b13c58647489b7030c8607c400f [term 2 FOLLOWER]: Refusing update from remote peer ff1bc986fc1e495ea54d77bcb51b56d6: Log matching property violated. Preceding OpId in replica: term: 2 index: 3. Preceding OpId from leader: term: 2 index: 4. (index mismatch)
I20260608 12:42:47.635262 16241 ts_tablet_manager.cc:1916] T cae602925b9a4baf93316729d25f2cac P d92d2f4bc6ab47e79e9c82a02383a301: Deleting tablet data with delete state TABLET_DATA_TOMBSTONED
I20260608 12:42:47.635561 16232 consensus_queue.cc:1048] T 37ac19ab06c34c06b00c58aaafdc556e P ff1bc986fc1e495ea54d77bcb51b56d6 [LEADER]: Connected to new peer: Peer: permanent_uuid: "d92d2f4bc6ab47e79e9c82a02383a301" member_type: VOTER last_known_addr { host: "127.12.95.68" port: 38385 } attrs { promote: false }, Status: LMP_MISMATCH, Last received: 0.0, Next index: 4, Last known committed idx: 3, Time since last communication: 0.000s
I20260608 12:42:47.638326 16239 consensus_queue.cc:1048] T 37ac19ab06c34c06b00c58aaafdc556e P ff1bc986fc1e495ea54d77bcb51b56d6 [LEADER]: Connected to new peer: Peer: permanent_uuid: "72b09b13c58647489b7030c8607c400f" member_type: VOTER last_known_addr { host: "127.12.95.66" port: 43711 }, Status: LMP_MISMATCH, Last received: 0.0, Next index: 4, Last known committed idx: 3, Time since last communication: 0.000s
I20260608 12:42:47.643940 16238 raft_consensus.cc:1064] T 123decce2aca44219df6a02d32ed6506 P ff1bc986fc1e495ea54d77bcb51b56d6: attempting to promote NON_VOTER d92d2f4bc6ab47e79e9c82a02383a301 to VOTER
I20260608 12:42:47.650878 16238 consensus_queue.cc:237] T 123decce2aca44219df6a02d32ed6506 P ff1bc986fc1e495ea54d77bcb51b56d6 [LEADER]: Queue going to LEADER mode. State: All replicated index: 0, Majority replicated index: 3, Committed index: 3, Last appended: 2.3, Last appended by leader: 1, Current term: 2, Majority size: 3, State: 0, Mode: LEADER, active raft config: opid_index: 4 OBSOLETE_local: false peers { permanent_uuid: "ff1bc986fc1e495ea54d77bcb51b56d6" member_type: VOTER last_known_addr { host: "127.12.95.65" port: 39151 } } peers { permanent_uuid: "72b09b13c58647489b7030c8607c400f" member_type: VOTER last_known_addr { host: "127.12.95.66" port: 43711 } } peers { permanent_uuid: "db04042cc2cc46049f89fefd23223756" member_type: VOTER last_known_addr { host: "127.12.95.67" port: 42867 } attrs { replace: true } } peers { permanent_uuid: "d92d2f4bc6ab47e79e9c82a02383a301" member_type: VOTER last_known_addr { host: "127.12.95.68" port: 38385 } attrs { promote: false } }
I20260608 12:42:47.664311 16241 ts_tablet_manager.cc:1929] T cae602925b9a4baf93316729d25f2cac P d92d2f4bc6ab47e79e9c82a02383a301: tablet deleted with delete type TABLET_DATA_TOMBSTONED: last-logged OpId 2.4
I20260608 12:42:47.666244 16241 log.cc:1199] T cae602925b9a4baf93316729d25f2cac P d92d2f4bc6ab47e79e9c82a02383a301: Deleting WAL directory at /tmp/dist-test-task8w9GqG/test-tmp/auto_rebalancer-test.0.AutoRebalancerTest.RangeAwareRebalancesNewRangeReplicas.1780922479668112-12669-0/minicluster-data/ts-3-root/wals/cae602925b9a4baf93316729d25f2cac
I20260608 12:42:47.668371 15800 raft_consensus.cc:2955] T 37ac19ab06c34c06b00c58aaafdc556e P db04042cc2cc46049f89fefd23223756 [term 2 FOLLOWER]: Committing config change with OpId 2.4: config changed from index 3 to 4, d92d2f4bc6ab47e79e9c82a02383a301 (127.12.95.68) changed from NON_VOTER to VOTER. New config: { opid_index: 4 OBSOLETE_local: false peers { permanent_uuid: "ff1bc986fc1e495ea54d77bcb51b56d6" member_type: VOTER last_known_addr { host: "127.12.95.65" port: 39151 } } peers { permanent_uuid: "72b09b13c58647489b7030c8607c400f" member_type: VOTER last_known_addr { host: "127.12.95.66" port: 43711 } } peers { permanent_uuid: "db04042cc2cc46049f89fefd23223756" member_type: VOTER last_known_addr { host: "127.12.95.67" port: 42867 } attrs { replace: true } } peers { permanent_uuid: "d92d2f4bc6ab47e79e9c82a02383a301" member_type: VOTER last_known_addr { host: "127.12.95.68" port: 38385 } attrs { promote: false } } }
I20260608 12:42:47.673525 15535 catalog_manager.cc:5027] TS d92d2f4bc6ab47e79e9c82a02383a301 (127.12.95.68:38385): tablet cae602925b9a4baf93316729d25f2cac (table range_aware_rebalance_new_range [id=92ba7f05ad9c49c5bd3ccc1cf95fbe3b]) successfully deleted
I20260608 12:42:47.679566 16198 raft_consensus.cc:2955] T 37ac19ab06c34c06b00c58aaafdc556e P ff1bc986fc1e495ea54d77bcb51b56d6 [term 2 LEADER]: Committing config change with OpId 2.4: config changed from index 3 to 4, d92d2f4bc6ab47e79e9c82a02383a301 (127.12.95.68) changed from NON_VOTER to VOTER. New config: { opid_index: 4 OBSOLETE_local: false peers { permanent_uuid: "ff1bc986fc1e495ea54d77bcb51b56d6" member_type: VOTER last_known_addr { host: "127.12.95.65" port: 39151 } } peers { permanent_uuid: "72b09b13c58647489b7030c8607c400f" member_type: VOTER last_known_addr { host: "127.12.95.66" port: 43711 } } peers { permanent_uuid: "db04042cc2cc46049f89fefd23223756" member_type: VOTER last_known_addr { host: "127.12.95.67" port: 42867 } attrs { replace: true } } peers { permanent_uuid: "d92d2f4bc6ab47e79e9c82a02383a301" member_type: VOTER last_known_addr { host: "127.12.95.68" port: 38385 } attrs { promote: false } } }
I20260608 12:42:47.683147 15545 catalog_manager.cc:5696] T 37ac19ab06c34c06b00c58aaafdc556e P db04042cc2cc46049f89fefd23223756 reported cstate change: config changed from index 3 to 4, d92d2f4bc6ab47e79e9c82a02383a301 (127.12.95.68) changed from NON_VOTER to VOTER. New cstate: current_term: 2 leader_uuid: "ff1bc986fc1e495ea54d77bcb51b56d6" committed_config { opid_index: 4 OBSOLETE_local: false peers { permanent_uuid: "ff1bc986fc1e495ea54d77bcb51b56d6" member_type: VOTER last_known_addr { host: "127.12.95.65" port: 39151 } } peers { permanent_uuid: "72b09b13c58647489b7030c8607c400f" member_type: VOTER last_known_addr { host: "127.12.95.66" port: 43711 } } peers { permanent_uuid: "db04042cc2cc46049f89fefd23223756" member_type: VOTER last_known_addr { host: "127.12.95.67" port: 42867 } attrs { replace: true } } peers { permanent_uuid: "d92d2f4bc6ab47e79e9c82a02383a301" member_type: VOTER last_known_addr { host: "127.12.95.68" port: 38385 } attrs { promote: false } } }
I20260608 12:42:47.684621 15724 raft_consensus.cc:2955] T 37ac19ab06c34c06b00c58aaafdc556e P 72b09b13c58647489b7030c8607c400f [term 2 FOLLOWER]: Committing config change with OpId 2.4: config changed from index 3 to 4, d92d2f4bc6ab47e79e9c82a02383a301 (127.12.95.68) changed from NON_VOTER to VOTER. New config: { opid_index: 4 OBSOLETE_local: false peers { permanent_uuid: "ff1bc986fc1e495ea54d77bcb51b56d6" member_type: VOTER last_known_addr { host: "127.12.95.65" port: 39151 } } peers { permanent_uuid: "72b09b13c58647489b7030c8607c400f" member_type: VOTER last_known_addr { host: "127.12.95.66" port: 43711 } } peers { permanent_uuid: "db04042cc2cc46049f89fefd23223756" member_type: VOTER last_known_addr { host: "127.12.95.67" port: 42867 } attrs { replace: true } } peers { permanent_uuid: "d92d2f4bc6ab47e79e9c82a02383a301" member_type: VOTER last_known_addr { host: "127.12.95.68" port: 38385 } attrs { promote: false } } }
I20260608 12:42:47.691304 15953 raft_consensus.cc:2955] T 37ac19ab06c34c06b00c58aaafdc556e P d92d2f4bc6ab47e79e9c82a02383a301 [term 2 FOLLOWER]: Committing config change with OpId 2.4: config changed from index 3 to 4, d92d2f4bc6ab47e79e9c82a02383a301 (127.12.95.68) changed from NON_VOTER to VOTER. New config: { opid_index: 4 OBSOLETE_local: false peers { permanent_uuid: "ff1bc986fc1e495ea54d77bcb51b56d6" member_type: VOTER last_known_addr { host: "127.12.95.65" port: 39151 } } peers { permanent_uuid: "72b09b13c58647489b7030c8607c400f" member_type: VOTER last_known_addr { host: "127.12.95.66" port: 43711 } } peers { permanent_uuid: "db04042cc2cc46049f89fefd23223756" member_type: VOTER last_known_addr { host: "127.12.95.67" port: 42867 } attrs { replace: true } } peers { permanent_uuid: "d92d2f4bc6ab47e79e9c82a02383a301" member_type: VOTER last_known_addr { host: "127.12.95.68" port: 38385 } attrs { promote: false } } }
I20260608 12:42:47.721068 15953 raft_consensus.cc:1275] T 123decce2aca44219df6a02d32ed6506 P d92d2f4bc6ab47e79e9c82a02383a301 [term 2 LEARNER]: Refusing update from remote peer ff1bc986fc1e495ea54d77bcb51b56d6: Log matching property violated. Preceding OpId in replica: term: 2 index: 3. Preceding OpId from leader: term: 2 index: 4. (index mismatch)
I20260608 12:42:47.722558 16239 consensus_queue.cc:1048] T 123decce2aca44219df6a02d32ed6506 P ff1bc986fc1e495ea54d77bcb51b56d6 [LEADER]: Connected to new peer: Peer: permanent_uuid: "d92d2f4bc6ab47e79e9c82a02383a301" member_type: VOTER last_known_addr { host: "127.12.95.68" port: 38385 } attrs { promote: false }, Status: LMP_MISMATCH, Last received: 0.0, Next index: 4, Last known committed idx: 3, Time since last communication: 0.000s
I20260608 12:42:47.726850 15724 raft_consensus.cc:1275] T 123decce2aca44219df6a02d32ed6506 P 72b09b13c58647489b7030c8607c400f [term 2 FOLLOWER]: Refusing update from remote peer ff1bc986fc1e495ea54d77bcb51b56d6: Log matching property violated. Preceding OpId in replica: term: 2 index: 3. Preceding OpId from leader: term: 2 index: 4. (index mismatch)
I20260608 12:42:47.727232 15650 consensus_queue.cc:237] T 37ac19ab06c34c06b00c58aaafdc556e P ff1bc986fc1e495ea54d77bcb51b56d6 [LEADER]: Queue going to LEADER mode. State: All replicated index: 0, Majority replicated index: 4, Committed index: 4, Last appended: 2.4, Last appended by leader: 1, Current term: 2, Majority size: 2, State: 0, Mode: LEADER, active raft config: opid_index: 5 OBSOLETE_local: false peers { permanent_uuid: "ff1bc986fc1e495ea54d77bcb51b56d6" member_type: VOTER last_known_addr { host: "127.12.95.65" port: 39151 } } peers { permanent_uuid: "72b09b13c58647489b7030c8607c400f" member_type: VOTER last_known_addr { host: "127.12.95.66" port: 43711 } } peers { permanent_uuid: "d92d2f4bc6ab47e79e9c82a02383a301" member_type: VOTER last_known_addr { host: "127.12.95.68" port: 38385 } attrs { promote: false } }
I20260608 12:42:47.728432 16232 consensus_queue.cc:1048] T 123decce2aca44219df6a02d32ed6506 P ff1bc986fc1e495ea54d77bcb51b56d6 [LEADER]: Connected to new peer: Peer: permanent_uuid: "72b09b13c58647489b7030c8607c400f" member_type: VOTER last_known_addr { host: "127.12.95.66" port: 43711 }, Status: LMP_MISMATCH, Last received: 0.0, Next index: 4, Last known committed idx: 3, Time since last communication: 0.000s
I20260608 12:42:47.732992 15950 raft_consensus.cc:1275] T 37ac19ab06c34c06b00c58aaafdc556e P d92d2f4bc6ab47e79e9c82a02383a301 [term 2 FOLLOWER]: Refusing update from remote peer ff1bc986fc1e495ea54d77bcb51b56d6: Log matching property violated. Preceding OpId in replica: term: 2 index: 4. Preceding OpId from leader: term: 2 index: 5. (index mismatch)
I20260608 12:42:47.734519 16198 consensus_queue.cc:1048] T 37ac19ab06c34c06b00c58aaafdc556e P ff1bc986fc1e495ea54d77bcb51b56d6 [LEADER]: Connected to new peer: Peer: permanent_uuid: "d92d2f4bc6ab47e79e9c82a02383a301" member_type: VOTER last_known_addr { host: "127.12.95.68" port: 38385 } attrs { promote: false }, Status: LMP_MISMATCH, Last received: 0.0, Next index: 5, Last known committed idx: 4, Time since last communication: 0.000s
I20260608 12:42:47.735222 15800 raft_consensus.cc:1275] T 123decce2aca44219df6a02d32ed6506 P db04042cc2cc46049f89fefd23223756 [term 2 FOLLOWER]: Refusing update from remote peer ff1bc986fc1e495ea54d77bcb51b56d6: Log matching property violated. Preceding OpId in replica: term: 2 index: 3. Preceding OpId from leader: term: 2 index: 4. (index mismatch)
I20260608 12:42:47.737929 16198 consensus_queue.cc:1048] T 123decce2aca44219df6a02d32ed6506 P ff1bc986fc1e495ea54d77bcb51b56d6 [LEADER]: Connected to new peer: Peer: permanent_uuid: "db04042cc2cc46049f89fefd23223756" member_type: VOTER last_known_addr { host: "127.12.95.67" port: 42867 } attrs { replace: true }, Status: LMP_MISMATCH, Last received: 0.0, Next index: 4, Last known committed idx: 3, Time since last communication: 0.000s
I20260608 12:42:47.739740 15724 raft_consensus.cc:1275] T 37ac19ab06c34c06b00c58aaafdc556e P 72b09b13c58647489b7030c8607c400f [term 2 FOLLOWER]: Refusing update from remote peer ff1bc986fc1e495ea54d77bcb51b56d6: Log matching property violated. Preceding OpId in replica: term: 2 index: 4. Preceding OpId from leader: term: 2 index: 5. (index mismatch)
I20260608 12:42:47.741174 16232 consensus_queue.cc:1048] T 37ac19ab06c34c06b00c58aaafdc556e P ff1bc986fc1e495ea54d77bcb51b56d6 [LEADER]: Connected to new peer: Peer: permanent_uuid: "72b09b13c58647489b7030c8607c400f" member_type: VOTER last_known_addr { host: "127.12.95.66" port: 43711 }, Status: LMP_MISMATCH, Last received: 0.0, Next index: 5, Last known committed idx: 4, Time since last communication: 0.000s
I20260608 12:42:47.742764 16238 raft_consensus.cc:2955] T 37ac19ab06c34c06b00c58aaafdc556e P ff1bc986fc1e495ea54d77bcb51b56d6 [term 2 LEADER]: Committing config change with OpId 2.5: config changed from index 4 to 5, VOTER db04042cc2cc46049f89fefd23223756 (127.12.95.67) evicted. New config: { opid_index: 5 OBSOLETE_local: false peers { permanent_uuid: "ff1bc986fc1e495ea54d77bcb51b56d6" member_type: VOTER last_known_addr { host: "127.12.95.65" port: 39151 } } peers { permanent_uuid: "72b09b13c58647489b7030c8607c400f" member_type: VOTER last_known_addr { host: "127.12.95.66" port: 43711 } } peers { permanent_uuid: "d92d2f4bc6ab47e79e9c82a02383a301" member_type: VOTER last_known_addr { host: "127.12.95.68" port: 38385 } attrs { promote: false } } }
I20260608 12:42:47.747957 15950 raft_consensus.cc:2955] T 37ac19ab06c34c06b00c58aaafdc556e P d92d2f4bc6ab47e79e9c82a02383a301 [term 2 FOLLOWER]: Committing config change with OpId 2.5: config changed from index 4 to 5, VOTER db04042cc2cc46049f89fefd23223756 (127.12.95.67) evicted. New config: { opid_index: 5 OBSOLETE_local: false peers { permanent_uuid: "ff1bc986fc1e495ea54d77bcb51b56d6" member_type: VOTER last_known_addr { host: "127.12.95.65" port: 39151 } } peers { permanent_uuid: "72b09b13c58647489b7030c8607c400f" member_type: VOTER last_known_addr { host: "127.12.95.66" port: 43711 } } peers { permanent_uuid: "d92d2f4bc6ab47e79e9c82a02383a301" member_type: VOTER last_known_addr { host: "127.12.95.68" port: 38385 } attrs { promote: false } } }
I20260608 12:42:47.753424 15533 catalog_manager.cc:5209] ChangeConfig:REMOVE_PEER RPC for tablet 37ac19ab06c34c06b00c58aaafdc556e with cas_config_opid_index 4: ChangeConfig:REMOVE_PEER succeeded (attempt 1)
I20260608 12:42:47.755535 16219 raft_consensus.cc:2955] T 123decce2aca44219df6a02d32ed6506 P ff1bc986fc1e495ea54d77bcb51b56d6 [term 2 LEADER]: Committing config change with OpId 2.4: config changed from index 3 to 4, d92d2f4bc6ab47e79e9c82a02383a301 (127.12.95.68) changed from NON_VOTER to VOTER. New config: { opid_index: 4 OBSOLETE_local: false peers { permanent_uuid: "ff1bc986fc1e495ea54d77bcb51b56d6" member_type: VOTER last_known_addr { host: "127.12.95.65" port: 39151 } } peers { permanent_uuid: "72b09b13c58647489b7030c8607c400f" member_type: VOTER last_known_addr { host: "127.12.95.66" port: 43711 } } peers { permanent_uuid: "db04042cc2cc46049f89fefd23223756" member_type: VOTER last_known_addr { host: "127.12.95.67" port: 42867 } attrs { replace: true } } peers { permanent_uuid: "d92d2f4bc6ab47e79e9c82a02383a301" member_type: VOTER last_known_addr { host: "127.12.95.68" port: 38385 } attrs { promote: false } } }
I20260608 12:42:47.757202 15798 raft_consensus.cc:2955] T 123decce2aca44219df6a02d32ed6506 P db04042cc2cc46049f89fefd23223756 [term 2 FOLLOWER]: Committing config change with OpId 2.4: config changed from index 3 to 4, d92d2f4bc6ab47e79e9c82a02383a301 (127.12.95.68) changed from NON_VOTER to VOTER. New config: { opid_index: 4 OBSOLETE_local: false peers { permanent_uuid: "ff1bc986fc1e495ea54d77bcb51b56d6" member_type: VOTER last_known_addr { host: "127.12.95.65" port: 39151 } } peers { permanent_uuid: "72b09b13c58647489b7030c8607c400f" member_type: VOTER last_known_addr { host: "127.12.95.66" port: 43711 } } peers { permanent_uuid: "db04042cc2cc46049f89fefd23223756" member_type: VOTER last_known_addr { host: "127.12.95.67" port: 42867 } attrs { replace: true } } peers { permanent_uuid: "d92d2f4bc6ab47e79e9c82a02383a301" member_type: VOTER last_known_addr { host: "127.12.95.68" port: 38385 } attrs { promote: false } } }
I20260608 12:42:47.759645 15549 catalog_manager.cc:5696] T 37ac19ab06c34c06b00c58aaafdc556e P ff1bc986fc1e495ea54d77bcb51b56d6 reported cstate change: config changed from index 4 to 5, VOTER db04042cc2cc46049f89fefd23223756 (127.12.95.67) evicted. New cstate: current_term: 2 leader_uuid: "ff1bc986fc1e495ea54d77bcb51b56d6" committed_config { opid_index: 5 OBSOLETE_local: false peers { permanent_uuid: "ff1bc986fc1e495ea54d77bcb51b56d6" member_type: VOTER last_known_addr { host: "127.12.95.65" port: 39151 } health_report { overall_health: HEALTHY } } peers { permanent_uuid: "72b09b13c58647489b7030c8607c400f" member_type: VOTER last_known_addr { host: "127.12.95.66" port: 43711 } health_report { overall_health: UNKNOWN } } peers { permanent_uuid: "d92d2f4bc6ab47e79e9c82a02383a301" member_type: VOTER last_known_addr { host: "127.12.95.68" port: 38385 } attrs { promote: false } health_report { overall_health: HEALTHY } } }
I20260608 12:42:47.770231 15726 raft_consensus.cc:2955] T 37ac19ab06c34c06b00c58aaafdc556e P 72b09b13c58647489b7030c8607c400f [term 2 FOLLOWER]: Committing config change with OpId 2.5: config changed from index 4 to 5, VOTER db04042cc2cc46049f89fefd23223756 (127.12.95.67) evicted. New config: { opid_index: 5 OBSOLETE_local: false peers { permanent_uuid: "ff1bc986fc1e495ea54d77bcb51b56d6" member_type: VOTER last_known_addr { host: "127.12.95.65" port: 39151 } } peers { permanent_uuid: "72b09b13c58647489b7030c8607c400f" member_type: VOTER last_known_addr { host: "127.12.95.66" port: 43711 } } peers { permanent_uuid: "d92d2f4bc6ab47e79e9c82a02383a301" member_type: VOTER last_known_addr { host: "127.12.95.68" port: 38385 } attrs { promote: false } } }
I20260608 12:42:47.770355 15724 raft_consensus.cc:2955] T 123decce2aca44219df6a02d32ed6506 P 72b09b13c58647489b7030c8607c400f [term 2 FOLLOWER]: Committing config change with OpId 2.4: config changed from index 3 to 4, d92d2f4bc6ab47e79e9c82a02383a301 (127.12.95.68) changed from NON_VOTER to VOTER. New config: { opid_index: 4 OBSOLETE_local: false peers { permanent_uuid: "ff1bc986fc1e495ea54d77bcb51b56d6" member_type: VOTER last_known_addr { host: "127.12.95.65" port: 39151 } } peers { permanent_uuid: "72b09b13c58647489b7030c8607c400f" member_type: VOTER last_known_addr { host: "127.12.95.66" port: 43711 } } peers { permanent_uuid: "db04042cc2cc46049f89fefd23223756" member_type: VOTER last_known_addr { host: "127.12.95.67" port: 42867 } attrs { replace: true } } peers { permanent_uuid: "d92d2f4bc6ab47e79e9c82a02383a301" member_type: VOTER last_known_addr { host: "127.12.95.68" port: 38385 } attrs { promote: false } } }
I20260608 12:42:47.772145 15545 catalog_manager.cc:5696] T 123decce2aca44219df6a02d32ed6506 P db04042cc2cc46049f89fefd23223756 reported cstate change: config changed from index 3 to 4, d92d2f4bc6ab47e79e9c82a02383a301 (127.12.95.68) changed from NON_VOTER to VOTER. New cstate: current_term: 2 leader_uuid: "ff1bc986fc1e495ea54d77bcb51b56d6" committed_config { opid_index: 4 OBSOLETE_local: false peers { permanent_uuid: "ff1bc986fc1e495ea54d77bcb51b56d6" member_type: VOTER last_known_addr { host: "127.12.95.65" port: 39151 } } peers { permanent_uuid: "72b09b13c58647489b7030c8607c400f" member_type: VOTER last_known_addr { host: "127.12.95.66" port: 43711 } } peers { permanent_uuid: "db04042cc2cc46049f89fefd23223756" member_type: VOTER last_known_addr { host: "127.12.95.67" port: 42867 } attrs { replace: true } } peers { permanent_uuid: "d92d2f4bc6ab47e79e9c82a02383a301" member_type: VOTER last_known_addr { host: "127.12.95.68" port: 38385 } attrs { promote: false } } }
I20260608 12:42:47.774457 15788 tablet_service.cc:1558] Processing DeleteTablet for tablet 37ac19ab06c34c06b00c58aaafdc556e with delete_type TABLET_DATA_TOMBSTONED (TS db04042cc2cc46049f89fefd23223756 not found in new config with opid_index 5) from {username='slave'} at 127.0.0.1:51562
I20260608 12:42:47.802772 16249 tablet_replica.cc:333] T 37ac19ab06c34c06b00c58aaafdc556e P db04042cc2cc46049f89fefd23223756: stopping tablet replica
I20260608 12:42:47.803560 16249 raft_consensus.cc:2243] T 37ac19ab06c34c06b00c58aaafdc556e P db04042cc2cc46049f89fefd23223756 [term 2 FOLLOWER]: Raft consensus shutting down.
I20260608 12:42:47.804277 16249 raft_consensus.cc:2272] T 37ac19ab06c34c06b00c58aaafdc556e P db04042cc2cc46049f89fefd23223756 [term 2 FOLLOWER]: Raft consensus is shut down!
I20260608 12:42:47.808874 15953 raft_consensus.cc:2955] T 123decce2aca44219df6a02d32ed6506 P d92d2f4bc6ab47e79e9c82a02383a301 [term 2 FOLLOWER]: Committing config change with OpId 2.4: config changed from index 3 to 4, d92d2f4bc6ab47e79e9c82a02383a301 (127.12.95.68) changed from NON_VOTER to VOTER. New config: { opid_index: 4 OBSOLETE_local: false peers { permanent_uuid: "ff1bc986fc1e495ea54d77bcb51b56d6" member_type: VOTER last_known_addr { host: "127.12.95.65" port: 39151 } } peers { permanent_uuid: "72b09b13c58647489b7030c8607c400f" member_type: VOTER last_known_addr { host: "127.12.95.66" port: 43711 } } peers { permanent_uuid: "db04042cc2cc46049f89fefd23223756" member_type: VOTER last_known_addr { host: "127.12.95.67" port: 42867 } attrs { replace: true } } peers { permanent_uuid: "d92d2f4bc6ab47e79e9c82a02383a301" member_type: VOTER last_known_addr { host: "127.12.95.68" port: 38385 } attrs { promote: false } } }
I20260608 12:42:47.814985 16249 ts_tablet_manager.cc:1916] T 37ac19ab06c34c06b00c58aaafdc556e P db04042cc2cc46049f89fefd23223756: Deleting tablet data with delete state TABLET_DATA_TOMBSTONED
I20260608 12:42:47.819446 15650 consensus_queue.cc:237] T 123decce2aca44219df6a02d32ed6506 P ff1bc986fc1e495ea54d77bcb51b56d6 [LEADER]: Queue going to LEADER mode. State: All replicated index: 0, Majority replicated index: 4, Committed index: 4, Last appended: 2.4, Last appended by leader: 1, Current term: 2, Majority size: 2, State: 0, Mode: LEADER, active raft config: opid_index: 5 OBSOLETE_local: false peers { permanent_uuid: "ff1bc986fc1e495ea54d77bcb51b56d6" member_type: VOTER last_known_addr { host: "127.12.95.65" port: 39151 } } peers { permanent_uuid: "72b09b13c58647489b7030c8607c400f" member_type: VOTER last_known_addr { host: "127.12.95.66" port: 43711 } } peers { permanent_uuid: "d92d2f4bc6ab47e79e9c82a02383a301" member_type: VOTER last_known_addr { host: "127.12.95.68" port: 38385 } attrs { promote: false } }
I20260608 12:42:47.832639 16249 ts_tablet_manager.cc:1929] T 37ac19ab06c34c06b00c58aaafdc556e P db04042cc2cc46049f89fefd23223756: tablet deleted with delete type TABLET_DATA_TOMBSTONED: last-logged OpId 2.4
I20260608 12:42:47.833186 16249 log.cc:1199] T 37ac19ab06c34c06b00c58aaafdc556e P db04042cc2cc46049f89fefd23223756: Deleting WAL directory at /tmp/dist-test-task8w9GqG/test-tmp/auto_rebalancer-test.0.AutoRebalancerTest.RangeAwareRebalancesNewRangeReplicas.1780922479668112-12669-0/minicluster-data/ts-2-root/wals/37ac19ab06c34c06b00c58aaafdc556e
I20260608 12:42:47.835158 15533 catalog_manager.cc:5027] TS db04042cc2cc46049f89fefd23223756 (127.12.95.67:42867): tablet 37ac19ab06c34c06b00c58aaafdc556e (table range_aware_rebalance_new_range [id=92ba7f05ad9c49c5bd3ccc1cf95fbe3b]) successfully deleted
I20260608 12:42:47.835417 15724 raft_consensus.cc:1275] T 123decce2aca44219df6a02d32ed6506 P 72b09b13c58647489b7030c8607c400f [term 2 FOLLOWER]: Refusing update from remote peer ff1bc986fc1e495ea54d77bcb51b56d6: Log matching property violated. Preceding OpId in replica: term: 2 index: 4. Preceding OpId from leader: term: 2 index: 5. (index mismatch)
I20260608 12:42:47.836916 15953 raft_consensus.cc:1275] T 123decce2aca44219df6a02d32ed6506 P d92d2f4bc6ab47e79e9c82a02383a301 [term 2 FOLLOWER]: Refusing update from remote peer ff1bc986fc1e495ea54d77bcb51b56d6: Log matching property violated. Preceding OpId in replica: term: 2 index: 4. Preceding OpId from leader: term: 2 index: 5. (index mismatch)
I20260608 12:42:47.837050 16219 consensus_queue.cc:1048] T 123decce2aca44219df6a02d32ed6506 P ff1bc986fc1e495ea54d77bcb51b56d6 [LEADER]: Connected to new peer: Peer: permanent_uuid: "72b09b13c58647489b7030c8607c400f" member_type: VOTER last_known_addr { host: "127.12.95.66" port: 43711 }, Status: LMP_MISMATCH, Last received: 0.0, Next index: 5, Last known committed idx: 4, Time since last communication: 0.000s
I20260608 12:42:47.838518 16198 consensus_queue.cc:1048] T 123decce2aca44219df6a02d32ed6506 P ff1bc986fc1e495ea54d77bcb51b56d6 [LEADER]: Connected to new peer: Peer: permanent_uuid: "d92d2f4bc6ab47e79e9c82a02383a301" member_type: VOTER last_known_addr { host: "127.12.95.68" port: 38385 } attrs { promote: false }, Status: LMP_MISMATCH, Last received: 0.0, Next index: 5, Last known committed idx: 4, Time since last communication: 0.000s
I20260608 12:42:47.844224 16219 raft_consensus.cc:2955] T 123decce2aca44219df6a02d32ed6506 P ff1bc986fc1e495ea54d77bcb51b56d6 [term 2 LEADER]: Committing config change with OpId 2.5: config changed from index 4 to 5, VOTER db04042cc2cc46049f89fefd23223756 (127.12.95.67) evicted. New config: { opid_index: 5 OBSOLETE_local: false peers { permanent_uuid: "ff1bc986fc1e495ea54d77bcb51b56d6" member_type: VOTER last_known_addr { host: "127.12.95.65" port: 39151 } } peers { permanent_uuid: "72b09b13c58647489b7030c8607c400f" member_type: VOTER last_known_addr { host: "127.12.95.66" port: 43711 } } peers { permanent_uuid: "d92d2f4bc6ab47e79e9c82a02383a301" member_type: VOTER last_known_addr { host: "127.12.95.68" port: 38385 } attrs { promote: false } } }
I20260608 12:42:47.845953 15724 raft_consensus.cc:2955] T 123decce2aca44219df6a02d32ed6506 P 72b09b13c58647489b7030c8607c400f [term 2 FOLLOWER]: Committing config change with OpId 2.5: config changed from index 4 to 5, VOTER db04042cc2cc46049f89fefd23223756 (127.12.95.67) evicted. New config: { opid_index: 5 OBSOLETE_local: false peers { permanent_uuid: "ff1bc986fc1e495ea54d77bcb51b56d6" member_type: VOTER last_known_addr { host: "127.12.95.65" port: 39151 } } peers { permanent_uuid: "72b09b13c58647489b7030c8607c400f" member_type: VOTER last_known_addr { host: "127.12.95.66" port: 43711 } } peers { permanent_uuid: "d92d2f4bc6ab47e79e9c82a02383a301" member_type: VOTER last_known_addr { host: "127.12.95.68" port: 38385 } attrs { promote: false } } }
I20260608 12:42:47.848754 15950 raft_consensus.cc:2955] T 123decce2aca44219df6a02d32ed6506 P d92d2f4bc6ab47e79e9c82a02383a301 [term 2 FOLLOWER]: Committing config change with OpId 2.5: config changed from index 4 to 5, VOTER db04042cc2cc46049f89fefd23223756 (127.12.95.67) evicted. New config: { opid_index: 5 OBSOLETE_local: false peers { permanent_uuid: "ff1bc986fc1e495ea54d77bcb51b56d6" member_type: VOTER last_known_addr { host: "127.12.95.65" port: 39151 } } peers { permanent_uuid: "72b09b13c58647489b7030c8607c400f" member_type: VOTER last_known_addr { host: "127.12.95.66" port: 43711 } } peers { permanent_uuid: "d92d2f4bc6ab47e79e9c82a02383a301" member_type: VOTER last_known_addr { host: "127.12.95.68" port: 38385 } attrs { promote: false } } }
I20260608 12:42:47.858458 15533 catalog_manager.cc:5209] ChangeConfig:REMOVE_PEER RPC for tablet 123decce2aca44219df6a02d32ed6506 with cas_config_opid_index 4: ChangeConfig:REMOVE_PEER succeeded (attempt 1)
I20260608 12:42:47.861688 15545 catalog_manager.cc:5696] T 123decce2aca44219df6a02d32ed6506 P 72b09b13c58647489b7030c8607c400f reported cstate change: config changed from index 4 to 5, VOTER db04042cc2cc46049f89fefd23223756 (127.12.95.67) evicted. New cstate: current_term: 2 leader_uuid: "ff1bc986fc1e495ea54d77bcb51b56d6" committed_config { opid_index: 5 OBSOLETE_local: false peers { permanent_uuid: "ff1bc986fc1e495ea54d77bcb51b56d6" member_type: VOTER last_known_addr { host: "127.12.95.65" port: 39151 } } peers { permanent_uuid: "72b09b13c58647489b7030c8607c400f" member_type: VOTER last_known_addr { host: "127.12.95.66" port: 43711 } } peers { permanent_uuid: "d92d2f4bc6ab47e79e9c82a02383a301" member_type: VOTER last_known_addr { host: "127.12.95.68" port: 38385 } attrs { promote: false } } }
I20260608 12:42:47.879575 15788 tablet_service.cc:1558] Processing DeleteTablet for tablet 123decce2aca44219df6a02d32ed6506 with delete_type TABLET_DATA_TOMBSTONED (TS db04042cc2cc46049f89fefd23223756 not found in new config with opid_index 5) from {username='slave'} at 127.0.0.1:51562
I20260608 12:42:47.881999 15798 consensus_queue.cc:237] T 8c0ccdfdd73347749dfb0dd74065f1b5 P db04042cc2cc46049f89fefd23223756 [LEADER]: Queue going to LEADER mode. State: All replicated index: 0, Majority replicated index: 3, Committed index: 3, Last appended: 1.3, Last appended by leader: 0, Current term: 1, Majority size: 2, State: 0, Mode: LEADER, active raft config: opid_index: 4 OBSOLETE_local: false peers { permanent_uuid: "ff1bc986fc1e495ea54d77bcb51b56d6" member_type: VOTER last_known_addr { host: "127.12.95.65" port: 39151 } } peers { permanent_uuid: "db04042cc2cc46049f89fefd23223756" member_type: VOTER last_known_addr { host: "127.12.95.67" port: 42867 } } peers { permanent_uuid: "d92d2f4bc6ab47e79e9c82a02383a301" member_type: VOTER last_known_addr { host: "127.12.95.68" port: 38385 } attrs { promote: false } }
I20260608 12:42:47.887001 15953 raft_consensus.cc:1275] T 8c0ccdfdd73347749dfb0dd74065f1b5 P d92d2f4bc6ab47e79e9c82a02383a301 [term 1 FOLLOWER]: Refusing update from remote peer db04042cc2cc46049f89fefd23223756: Log matching property violated. Preceding OpId in replica: term: 1 index: 3. Preceding OpId from leader: term: 1 index: 4. (index mismatch)
I20260608 12:42:47.888285 15650 raft_consensus.cc:1275] T 8c0ccdfdd73347749dfb0dd74065f1b5 P ff1bc986fc1e495ea54d77bcb51b56d6 [term 1 FOLLOWER]: Refusing update from remote peer db04042cc2cc46049f89fefd23223756: Log matching property violated. Preceding OpId in replica: term: 1 index: 3. Preceding OpId from leader: term: 1 index: 4. (index mismatch)
I20260608 12:42:47.888527 16249 tablet_replica.cc:333] T 123decce2aca44219df6a02d32ed6506 P db04042cc2cc46049f89fefd23223756: stopping tablet replica
I20260608 12:42:47.889603 16249 raft_consensus.cc:2243] T 123decce2aca44219df6a02d32ed6506 P db04042cc2cc46049f89fefd23223756 [term 2 FOLLOWER]: Raft consensus shutting down.
I20260608 12:42:47.889832 16224 consensus_queue.cc:1048] T 8c0ccdfdd73347749dfb0dd74065f1b5 P db04042cc2cc46049f89fefd23223756 [LEADER]: Connected to new peer: Peer: permanent_uuid: "ff1bc986fc1e495ea54d77bcb51b56d6" member_type: VOTER last_known_addr { host: "127.12.95.65" port: 39151 }, Status: LMP_MISMATCH, Last received: 0.0, Next index: 4, Last known committed idx: 3, Time since last communication: 0.000s
I20260608 12:42:47.890321 16249 raft_consensus.cc:2272] T 123decce2aca44219df6a02d32ed6506 P db04042cc2cc46049f89fefd23223756 [term 2 FOLLOWER]: Raft consensus is shut down!
I20260608 12:42:47.890805 16180 consensus_queue.cc:1048] T 8c0ccdfdd73347749dfb0dd74065f1b5 P db04042cc2cc46049f89fefd23223756 [LEADER]: Connected to new peer: Peer: permanent_uuid: "d92d2f4bc6ab47e79e9c82a02383a301" member_type: VOTER last_known_addr { host: "127.12.95.68" port: 38385 } attrs { promote: false }, Status: LMP_MISMATCH, Last received: 0.0, Next index: 4, Last known committed idx: 3, Time since last communication: 0.000s
I20260608 12:42:47.893802 16249 ts_tablet_manager.cc:1916] T 123decce2aca44219df6a02d32ed6506 P db04042cc2cc46049f89fefd23223756: Deleting tablet data with delete state TABLET_DATA_TOMBSTONED
I20260608 12:42:47.898108 16223 raft_consensus.cc:2955] T 8c0ccdfdd73347749dfb0dd74065f1b5 P db04042cc2cc46049f89fefd23223756 [term 1 LEADER]: Committing config change with OpId 1.4: config changed from index 3 to 4, VOTER 72b09b13c58647489b7030c8607c400f (127.12.95.66) evicted. New config: { opid_index: 4 OBSOLETE_local: false peers { permanent_uuid: "ff1bc986fc1e495ea54d77bcb51b56d6" member_type: VOTER last_known_addr { host: "127.12.95.65" port: 39151 } } peers { permanent_uuid: "db04042cc2cc46049f89fefd23223756" member_type: VOTER last_known_addr { host: "127.12.95.67" port: 42867 } } peers { permanent_uuid: "d92d2f4bc6ab47e79e9c82a02383a301" member_type: VOTER last_known_addr { host: "127.12.95.68" port: 38385 } attrs { promote: false } } }
I20260608 12:42:47.906745 15533 catalog_manager.cc:5209] ChangeConfig:REMOVE_PEER RPC for tablet 8c0ccdfdd73347749dfb0dd74065f1b5 with cas_config_opid_index 3: ChangeConfig:REMOVE_PEER succeeded (attempt 1)
I20260608 12:42:47.912303 16249 ts_tablet_manager.cc:1929] T 123decce2aca44219df6a02d32ed6506 P db04042cc2cc46049f89fefd23223756: tablet deleted with delete type TABLET_DATA_TOMBSTONED: last-logged OpId 2.4
I20260608 12:42:47.912997 16249 log.cc:1199] T 123decce2aca44219df6a02d32ed6506 P db04042cc2cc46049f89fefd23223756: Deleting WAL directory at /tmp/dist-test-task8w9GqG/test-tmp/auto_rebalancer-test.0.AutoRebalancerTest.RangeAwareRebalancesNewRangeReplicas.1780922479668112-12669-0/minicluster-data/ts-2-root/wals/123decce2aca44219df6a02d32ed6506
I20260608 12:42:47.912948 15651 raft_consensus.cc:2955] T 8c0ccdfdd73347749dfb0dd74065f1b5 P ff1bc986fc1e495ea54d77bcb51b56d6 [term 1 FOLLOWER]: Committing config change with OpId 1.4: config changed from index 3 to 4, VOTER 72b09b13c58647489b7030c8607c400f (127.12.95.66) evicted. New config: { opid_index: 4 OBSOLETE_local: false peers { permanent_uuid: "ff1bc986fc1e495ea54d77bcb51b56d6" member_type: VOTER last_known_addr { host: "127.12.95.65" port: 39151 } } peers { permanent_uuid: "db04042cc2cc46049f89fefd23223756" member_type: VOTER last_known_addr { host: "127.12.95.67" port: 42867 } } peers { permanent_uuid: "d92d2f4bc6ab47e79e9c82a02383a301" member_type: VOTER last_known_addr { host: "127.12.95.68" port: 38385 } attrs { promote: false } } }
I20260608 12:42:47.909958 15953 raft_consensus.cc:2955] T 8c0ccdfdd73347749dfb0dd74065f1b5 P d92d2f4bc6ab47e79e9c82a02383a301 [term 1 FOLLOWER]: Committing config change with OpId 1.4: config changed from index 3 to 4, VOTER 72b09b13c58647489b7030c8607c400f (127.12.95.66) evicted. New config: { opid_index: 4 OBSOLETE_local: false peers { permanent_uuid: "ff1bc986fc1e495ea54d77bcb51b56d6" member_type: VOTER last_known_addr { host: "127.12.95.65" port: 39151 } } peers { permanent_uuid: "db04042cc2cc46049f89fefd23223756" member_type: VOTER last_known_addr { host: "127.12.95.67" port: 42867 } } peers { permanent_uuid: "d92d2f4bc6ab47e79e9c82a02383a301" member_type: VOTER last_known_addr { host: "127.12.95.68" port: 38385 } attrs { promote: false } } }
I20260608 12:42:47.917019 15533 catalog_manager.cc:5027] TS db04042cc2cc46049f89fefd23223756 (127.12.95.67:42867): tablet 123decce2aca44219df6a02d32ed6506 (table range_aware_rebalance_new_range [id=92ba7f05ad9c49c5bd3ccc1cf95fbe3b]) successfully deleted
I20260608 12:42:47.923022 15547 catalog_manager.cc:5696] T 8c0ccdfdd73347749dfb0dd74065f1b5 P db04042cc2cc46049f89fefd23223756 reported cstate change: config changed from index 3 to 4, VOTER 72b09b13c58647489b7030c8607c400f (127.12.95.66) evicted. New cstate: current_term: 1 leader_uuid: "db04042cc2cc46049f89fefd23223756" committed_config { opid_index: 4 OBSOLETE_local: false peers { permanent_uuid: "ff1bc986fc1e495ea54d77bcb51b56d6" member_type: VOTER last_known_addr { host: "127.12.95.65" port: 39151 } health_report { overall_health: HEALTHY } } peers { permanent_uuid: "db04042cc2cc46049f89fefd23223756" member_type: VOTER last_known_addr { host: "127.12.95.67" port: 42867 } health_report { overall_health: HEALTHY } } peers { permanent_uuid: "d92d2f4bc6ab47e79e9c82a02383a301" member_type: VOTER last_known_addr { host: "127.12.95.68" port: 38385 } attrs { promote: false } health_report { overall_health: HEALTHY } } }
I20260608 12:42:47.934993 15711 tablet_service.cc:1558] Processing DeleteTablet for tablet 8c0ccdfdd73347749dfb0dd74065f1b5 with delete_type TABLET_DATA_TOMBSTONED (TS 72b09b13c58647489b7030c8607c400f not found in new config with opid_index 4) from {username='slave'} at 127.0.0.1:44638
I20260608 12:42:47.936954 16251 tablet_replica.cc:333] T 8c0ccdfdd73347749dfb0dd74065f1b5 P 72b09b13c58647489b7030c8607c400f: stopping tablet replica
I20260608 12:42:47.938458 16251 raft_consensus.cc:2243] T 8c0ccdfdd73347749dfb0dd74065f1b5 P 72b09b13c58647489b7030c8607c400f [term 1 FOLLOWER]: Raft consensus shutting down.
I20260608 12:42:47.939242 16251 raft_consensus.cc:2272] T 8c0ccdfdd73347749dfb0dd74065f1b5 P 72b09b13c58647489b7030c8607c400f [term 1 FOLLOWER]: Raft consensus is shut down!
I20260608 12:42:47.942054 16251 ts_tablet_manager.cc:1916] T 8c0ccdfdd73347749dfb0dd74065f1b5 P 72b09b13c58647489b7030c8607c400f: Deleting tablet data with delete state TABLET_DATA_TOMBSTONED
I20260608 12:42:47.954705 16251 ts_tablet_manager.cc:1929] T 8c0ccdfdd73347749dfb0dd74065f1b5 P 72b09b13c58647489b7030c8607c400f: tablet deleted with delete type TABLET_DATA_TOMBSTONED: last-logged OpId 1.3
I20260608 12:42:47.955083 16251 log.cc:1199] T 8c0ccdfdd73347749dfb0dd74065f1b5 P 72b09b13c58647489b7030c8607c400f: Deleting WAL directory at /tmp/dist-test-task8w9GqG/test-tmp/auto_rebalancer-test.0.AutoRebalancerTest.RangeAwareRebalancesNewRangeReplicas.1780922479668112-12669-0/minicluster-data/ts-1-root/wals/8c0ccdfdd73347749dfb0dd74065f1b5
I20260608 12:42:47.956544 15534 catalog_manager.cc:5027] TS 72b09b13c58647489b7030c8607c400f (127.12.95.66:43711): tablet 8c0ccdfdd73347749dfb0dd74065f1b5 (table range_aware_rebalance_new_range [id=92ba7f05ad9c49c5bd3ccc1cf95fbe3b]) successfully deleted
I20260608 12:42:48.715399 15602 auto_leader_rebalancer.cc:140] leader rebalance for table range_aware_rebalance_new_range
I20260608 12:42:48.727950 15602 auto_leader_rebalancer.cc:388] table: range_aware_rebalance_new_range, leader rebalance finish, leader transfer count: 0
I20260608 12:42:48.728585 15602 auto_leader_rebalancer.cc:451] All tables' leader rebalancing finished this round
I20260608 12:42:48.959802 15798 consensus_queue.cc:237] T f3887e255a224e9aacd03a2eea285a14 P db04042cc2cc46049f89fefd23223756 [LEADER]: Queue going to LEADER mode. State: All replicated index: 0, Majority replicated index: 1, Committed index: 1, Last appended: 1.1, Last appended by leader: 0, Current term: 1, Majority size: 2, State: 0, Mode: LEADER, active raft config: opid_index: 2 OBSOLETE_local: false peers { permanent_uuid: "ff1bc986fc1e495ea54d77bcb51b56d6" member_type: VOTER last_known_addr { host: "127.12.95.65" port: 39151 } } peers { permanent_uuid: "d92d2f4bc6ab47e79e9c82a02383a301" member_type: VOTER last_known_addr { host: "127.12.95.68" port: 38385 } attrs { replace: true } } peers { permanent_uuid: "db04042cc2cc46049f89fefd23223756" member_type: VOTER last_known_addr { host: "127.12.95.67" port: 42867 } } peers { permanent_uuid: "72b09b13c58647489b7030c8607c400f" member_type: NON_VOTER last_known_addr { host: "127.12.95.66" port: 43711 } attrs { promote: true } }
I20260608 12:42:48.965857 15953 raft_consensus.cc:1275] T f3887e255a224e9aacd03a2eea285a14 P d92d2f4bc6ab47e79e9c82a02383a301 [term 1 FOLLOWER]: Refusing update from remote peer db04042cc2cc46049f89fefd23223756: Log matching property violated. Preceding OpId in replica: term: 1 index: 1. Preceding OpId from leader: term: 1 index: 2. (index mismatch)
I20260608 12:42:48.968628 16250 consensus_queue.cc:1048] T f3887e255a224e9aacd03a2eea285a14 P db04042cc2cc46049f89fefd23223756 [LEADER]: Connected to new peer: Peer: permanent_uuid: "d92d2f4bc6ab47e79e9c82a02383a301" member_type: VOTER last_known_addr { host: "127.12.95.68" port: 38385 } attrs { replace: true }, Status: LMP_MISMATCH, Last received: 0.0, Next index: 2, Last known committed idx: 1, Time since last communication: 0.001s
W20260608 12:42:48.969689 15764 consensus_peers.cc:597] T f3887e255a224e9aacd03a2eea285a14 P db04042cc2cc46049f89fefd23223756 -> Peer 72b09b13c58647489b7030c8607c400f (127.12.95.66:43711): Couldn't send request to peer 72b09b13c58647489b7030c8607c400f. Error code: TABLET_NOT_FOUND (6). Status: Not found: Tablet not found: f3887e255a224e9aacd03a2eea285a14. This is attempt 1: this message will repeat every 5th retry.
I20260608 12:42:48.971882 15651 raft_consensus.cc:1275] T f3887e255a224e9aacd03a2eea285a14 P ff1bc986fc1e495ea54d77bcb51b56d6 [term 1 FOLLOWER]: Refusing update from remote peer db04042cc2cc46049f89fefd23223756: Log matching property violated. Preceding OpId in replica: term: 1 index: 1. Preceding OpId from leader: term: 1 index: 2. (index mismatch)
I20260608 12:42:48.973603 16253 consensus_queue.cc:1048] T f3887e255a224e9aacd03a2eea285a14 P db04042cc2cc46049f89fefd23223756 [LEADER]: Connected to new peer: Peer: permanent_uuid: "ff1bc986fc1e495ea54d77bcb51b56d6" member_type: VOTER last_known_addr { host: "127.12.95.65" port: 39151 }, Status: LMP_MISMATCH, Last received: 0.0, Next index: 2, Last known committed idx: 1, Time since last communication: 0.000s
