I20260608 12:38:06.674247  3554 tablet_copy_service.cc:140] P 0319d029f0214f02831bd9cde0e85229: Received BeginTabletCopySession request for tablet 7a9bc657041c44479c2dfdf1e521417f from peer 9db41f872fc94f169128e9be3b662701 ({username='slave'} at 127.0.0.1:44422)
I20260608 12:38:06.674854  3554 tablet_copy_service.cc:161] P 0319d029f0214f02831bd9cde0e85229: Beginning new tablet copy session on tablet 7a9bc657041c44479c2dfdf1e521417f from peer 9db41f872fc94f169128e9be3b662701 at {username='slave'} at 127.0.0.1:44422: session id = 9db41f872fc94f169128e9be3b662701-7a9bc657041c44479c2dfdf1e521417f
I20260608 12:38:06.680533  3554 tablet_copy_source_session.cc:215] T 7a9bc657041c44479c2dfdf1e521417f P 0319d029f0214f02831bd9cde0e85229: Tablet Copy: opened 0 blocks and 1 log segments
I20260608 12:38:06.683755  3908 data_dirs.cc:400] Could only allocate 1 dirs of requested 3 for tablet 7a9bc657041c44479c2dfdf1e521417f. 1 dirs total, 0 dirs full, 0 dirs failed
I20260608 12:38:06.696053  3908 tablet_copy_client.cc:806] T 7a9bc657041c44479c2dfdf1e521417f P 9db41f872fc94f169128e9be3b662701: tablet copy: Starting download of 0 data blocks...
I20260608 12:38:06.697024  3908 tablet_copy_client.cc:670] T 7a9bc657041c44479c2dfdf1e521417f P 9db41f872fc94f169128e9be3b662701: tablet copy: Starting download of 1 WAL segments...
I20260608 12:38:06.701566  3908 tablet_copy_client.cc:538] T 7a9bc657041c44479c2dfdf1e521417f P 9db41f872fc94f169128e9be3b662701: tablet copy: Tablet Copy complete. Replacing tablet superblock.
I20260608 12:38:06.707413  3908 tablet_bootstrap.cc:492] T 7a9bc657041c44479c2dfdf1e521417f P 9db41f872fc94f169128e9be3b662701: Bootstrap starting.
I20260608 12:38:06.723177  3908 tablet_bootstrap.cc:492] T 7a9bc657041c44479c2dfdf1e521417f P 9db41f872fc94f169128e9be3b662701: Bootstrap replayed 1/1 log segments. Stats: ops{read=2 overwritten=0 applied=2 ignored=0} inserts{seen=0 ignored=0} mutations{seen=0 ignored=0} orphaned_commits=0. Pending: 0 replicates
I20260608 12:38:06.725149  3908 tablet_bootstrap.cc:492] T 7a9bc657041c44479c2dfdf1e521417f P 9db41f872fc94f169128e9be3b662701: Bootstrap complete.
I20260608 12:38:06.725688  3908 ts_tablet_manager.cc:1403] T 7a9bc657041c44479c2dfdf1e521417f P 9db41f872fc94f169128e9be3b662701: Time spent bootstrapping tablet: real 0.018s	user 0.015s	sys 0.001s
I20260608 12:38:06.727728  3908 raft_consensus.cc:359] T 7a9bc657041c44479c2dfdf1e521417f P 9db41f872fc94f169128e9be3b662701 [term 1 LEARNER]: Replica starting. Triggering 0 pending ops. Active config: opid_index: 2 OBSOLETE_local: false peers { permanent_uuid: "610c02cf13584a078eb4680a571ff2e0" member_type: VOTER last_known_addr { host: "127.0.107.193" port: 36309 } attrs { replace: true } } peers { permanent_uuid: "0319d029f0214f02831bd9cde0e85229" member_type: VOTER last_known_addr { host: "127.0.107.194" port: 44735 } } peers { permanent_uuid: "e9235a1ce673464990f6e1d5f432aff0" member_type: VOTER last_known_addr { host: "127.0.107.195" port: 44781 } } peers { permanent_uuid: "9db41f872fc94f169128e9be3b662701" member_type: NON_VOTER last_known_addr { host: "127.0.107.196" port: 38555 } attrs { promote: true } }
I20260608 12:38:06.728309  3908 raft_consensus.cc:740] T 7a9bc657041c44479c2dfdf1e521417f P 9db41f872fc94f169128e9be3b662701 [term 1 LEARNER]: Becoming Follower/Learner. State: Replica: 9db41f872fc94f169128e9be3b662701, State: Initialized, Role: LEARNER
I20260608 12:38:06.728791  3908 consensus_queue.cc:260] T 7a9bc657041c44479c2dfdf1e521417f P 9db41f872fc94f169128e9be3b662701 [NON_LEADER]: Queue going to NON_LEADER mode. State: All replicated index: 0, Majority replicated index: 0, Committed index: 2, Last appended: 1.2, Last appended by leader: 2, Current term: 0, Majority size: -1, State: 0, Mode: NON_LEADER, active raft config: opid_index: 2 OBSOLETE_local: false peers { permanent_uuid: "610c02cf13584a078eb4680a571ff2e0" member_type: VOTER last_known_addr { host: "127.0.107.193" port: 36309 } attrs { replace: true } } peers { permanent_uuid: "0319d029f0214f02831bd9cde0e85229" member_type: VOTER last_known_addr { host: "127.0.107.194" port: 44735 } } peers { permanent_uuid: "e9235a1ce673464990f6e1d5f432aff0" member_type: VOTER last_known_addr { host: "127.0.107.195" port: 44781 } } peers { permanent_uuid: "9db41f872fc94f169128e9be3b662701" member_type: NON_VOTER last_known_addr { host: "127.0.107.196" port: 38555 } attrs { promote: true } }
I20260608 12:38:06.730695  3908 ts_tablet_manager.cc:1434] T 7a9bc657041c44479c2dfdf1e521417f P 9db41f872fc94f169128e9be3b662701: Time spent starting tablet: real 0.005s	user 0.005s	sys 0.000s
I20260608 12:38:06.732859  3554 tablet_copy_service.cc:342] P 0319d029f0214f02831bd9cde0e85229: Request end of tablet copy session 9db41f872fc94f169128e9be3b662701-7a9bc657041c44479c2dfdf1e521417f received from {username='slave'} at 127.0.0.1:44422
I20260608 12:38:06.733304  3554 tablet_copy_service.cc:434] P 0319d029f0214f02831bd9cde0e85229: ending tablet copy session 9db41f872fc94f169128e9be3b662701-7a9bc657041c44479c2dfdf1e521417f on tablet 7a9bc657041c44479c2dfdf1e521417f with peer 9db41f872fc94f169128e9be3b662701
I20260608 12:38:06.789745  3468 raft_consensus.cc:1275] T 0864cafe320a4e04bf9ba2b8ef7a4c39 P 610c02cf13584a078eb4680a571ff2e0 [term 2 FOLLOWER]: Refusing update from remote peer 9db41f872fc94f169128e9be3b662701: Log matching property violated. Preceding OpId in replica: term: 1 index: 1. Preceding OpId from leader: term: 2 index: 2. (index mismatch)
I20260608 12:38:06.791698  3888 consensus_queue.cc:1048] T 0864cafe320a4e04bf9ba2b8ef7a4c39 P 9db41f872fc94f169128e9be3b662701 [LEADER]: Connected to new peer: Peer: permanent_uuid: "610c02cf13584a078eb4680a571ff2e0" member_type: VOTER last_known_addr { host: "127.0.107.193" port: 36309 }, Status: LMP_MISMATCH, Last received: 0.0, Next index: 2, Last known committed idx: 1, Time since last communication: 0.001s
I20260608 12:38:06.805721  3544 raft_consensus.cc:1275] T 0864cafe320a4e04bf9ba2b8ef7a4c39 P 0319d029f0214f02831bd9cde0e85229 [term 2 FOLLOWER]: Refusing update from remote peer 9db41f872fc94f169128e9be3b662701: Log matching property violated. Preceding OpId in replica: term: 1 index: 1. Preceding OpId from leader: term: 2 index: 2. (index mismatch)
I20260608 12:38:06.814896  3888 consensus_queue.cc:1048] T 0864cafe320a4e04bf9ba2b8ef7a4c39 P 9db41f872fc94f169128e9be3b662701 [LEADER]: Connected to new peer: Peer: permanent_uuid: "0319d029f0214f02831bd9cde0e85229" member_type: VOTER last_known_addr { host: "127.0.107.194" port: 44735 }, Status: LMP_MISMATCH, Last received: 0.0, Next index: 2, Last known committed idx: 1, Time since last communication: 0.000s
I20260608 12:38:06.886641  3763 raft_consensus.cc:1217] T b86f6a1c13a44d3c80d0dab3f0007139 P 9db41f872fc94f169128e9be3b662701 [term 1 LEARNER]: Deduplicated request from leader. Original: 1.1->[1.2-1.2]   Dedup: 1.2->[]
I20260608 12:38:06.927037  3763 raft_consensus.cc:1217] T f672dc18d4a8462791034c765a68ea1d P 9db41f872fc94f169128e9be3b662701 [term 1 LEARNER]: Deduplicated request from leader. Original: 1.1->[1.2-1.2]   Dedup: 1.2->[]
I20260608 12:38:06.937798  3763 raft_consensus.cc:1217] T ef8fe9b3c14348ed8dce0048c45811be P 9db41f872fc94f169128e9be3b662701 [term 1 LEARNER]: Deduplicated request from leader. Original: 1.1->[1.2-1.2]   Dedup: 1.2->[]
I20260608 12:38:07.176187  3763 raft_consensus.cc:1217] T 7a9bc657041c44479c2dfdf1e521417f P 9db41f872fc94f169128e9be3b662701 [term 1 LEARNER]: Deduplicated request from leader. Original: 1.1->[1.2-1.2]   Dedup: 1.2->[]
I20260608 12:38:07.285624  3865 raft_consensus.cc:1064] T b86f6a1c13a44d3c80d0dab3f0007139 P 610c02cf13584a078eb4680a571ff2e0: attempting to promote NON_VOTER 9db41f872fc94f169128e9be3b662701 to VOTER
I20260608 12:38:07.288254  3865 consensus_queue.cc:237] T b86f6a1c13a44d3c80d0dab3f0007139 P 610c02cf13584a078eb4680a571ff2e0 [LEADER]: Queue going to LEADER mode. State: All replicated index: 0, Majority replicated index: 2, Committed index: 2, Last appended: 1.2, Last appended by leader: 0, Current term: 1, Majority size: 3, State: 0, Mode: LEADER, active raft config: opid_index: 3 OBSOLETE_local: false peers { permanent_uuid: "610c02cf13584a078eb4680a571ff2e0" member_type: VOTER last_known_addr { host: "127.0.107.193" port: 36309 } } peers { permanent_uuid: "0319d029f0214f02831bd9cde0e85229" member_type: VOTER last_known_addr { host: "127.0.107.194" port: 44735 } } peers { permanent_uuid: "e9235a1ce673464990f6e1d5f432aff0" member_type: VOTER last_known_addr { host: "127.0.107.195" port: 44781 } attrs { replace: true } } peers { permanent_uuid: "9db41f872fc94f169128e9be3b662701" member_type: VOTER last_known_addr { host: "127.0.107.196" port: 38555 } attrs { promote: false } }
I20260608 12:38:07.297887  3763 raft_consensus.cc:1275] T b86f6a1c13a44d3c80d0dab3f0007139 P 9db41f872fc94f169128e9be3b662701 [term 1 LEARNER]: Refusing update from remote peer 610c02cf13584a078eb4680a571ff2e0: Log matching property violated. Preceding OpId in replica: term: 1 index: 2. Preceding OpId from leader: term: 1 index: 3. (index mismatch)
I20260608 12:38:07.298298  3543 raft_consensus.cc:1275] T b86f6a1c13a44d3c80d0dab3f0007139 P 0319d029f0214f02831bd9cde0e85229 [term 1 FOLLOWER]: Refusing update from remote peer 610c02cf13584a078eb4680a571ff2e0: Log matching property violated. Preceding OpId in replica: term: 1 index: 2. Preceding OpId from leader: term: 1 index: 3. (index mismatch)
I20260608 12:38:07.300017  3693 consensus_queue.cc:1048] T b86f6a1c13a44d3c80d0dab3f0007139 P 610c02cf13584a078eb4680a571ff2e0 [LEADER]: Connected to new peer: Peer: permanent_uuid: "9db41f872fc94f169128e9be3b662701" member_type: VOTER last_known_addr { host: "127.0.107.196" port: 38555 } attrs { promote: false }, Status: LMP_MISMATCH, Last received: 0.0, Next index: 3, Last known committed idx: 2, Time since last communication: 0.000s
I20260608 12:38:07.301043  3925 consensus_queue.cc:1048] T b86f6a1c13a44d3c80d0dab3f0007139 P 610c02cf13584a078eb4680a571ff2e0 [LEADER]: Connected to new peer: Peer: permanent_uuid: "0319d029f0214f02831bd9cde0e85229" member_type: VOTER last_known_addr { host: "127.0.107.194" port: 44735 }, Status: LMP_MISMATCH, Last received: 0.0, Next index: 3, Last known committed idx: 2, Time since last communication: 0.000s
I20260608 12:38:07.302577  3616 raft_consensus.cc:1275] T b86f6a1c13a44d3c80d0dab3f0007139 P e9235a1ce673464990f6e1d5f432aff0 [term 1 FOLLOWER]: Refusing update from remote peer 610c02cf13584a078eb4680a571ff2e0: Log matching property violated. Preceding OpId in replica: term: 1 index: 2. Preceding OpId from leader: term: 1 index: 3. (index mismatch)
I20260608 12:38:07.305119  3865 consensus_queue.cc:1048] T b86f6a1c13a44d3c80d0dab3f0007139 P 610c02cf13584a078eb4680a571ff2e0 [LEADER]: Connected to new peer: Peer: permanent_uuid: "e9235a1ce673464990f6e1d5f432aff0" member_type: VOTER last_known_addr { host: "127.0.107.195" port: 44781 } attrs { replace: true }, Status: LMP_MISMATCH, Last received: 0.0, Next index: 3, Last known committed idx: 2, Time since last communication: 0.000s
I20260608 12:38:07.319846  3865 raft_consensus.cc:2955] T b86f6a1c13a44d3c80d0dab3f0007139 P 610c02cf13584a078eb4680a571ff2e0 [term 1 LEADER]: Committing config change with OpId 1.3: config changed from index 2 to 3, 9db41f872fc94f169128e9be3b662701 (127.0.107.196) changed from NON_VOTER to VOTER. New config: { opid_index: 3 OBSOLETE_local: false peers { permanent_uuid: "610c02cf13584a078eb4680a571ff2e0" member_type: VOTER last_known_addr { host: "127.0.107.193" port: 36309 } } peers { permanent_uuid: "0319d029f0214f02831bd9cde0e85229" member_type: VOTER last_known_addr { host: "127.0.107.194" port: 44735 } } peers { permanent_uuid: "e9235a1ce673464990f6e1d5f432aff0" member_type: VOTER last_known_addr { host: "127.0.107.195" port: 44781 } attrs { replace: true } } peers { permanent_uuid: "9db41f872fc94f169128e9be3b662701" member_type: VOTER last_known_addr { host: "127.0.107.196" port: 38555 } attrs { promote: false } } }
I20260608 12:38:07.324081  3543 raft_consensus.cc:2955] T b86f6a1c13a44d3c80d0dab3f0007139 P 0319d029f0214f02831bd9cde0e85229 [term 1 FOLLOWER]: Committing config change with OpId 1.3: config changed from index 2 to 3, 9db41f872fc94f169128e9be3b662701 (127.0.107.196) changed from NON_VOTER to VOTER. New config: { opid_index: 3 OBSOLETE_local: false peers { permanent_uuid: "610c02cf13584a078eb4680a571ff2e0" member_type: VOTER last_known_addr { host: "127.0.107.193" port: 36309 } } peers { permanent_uuid: "0319d029f0214f02831bd9cde0e85229" member_type: VOTER last_known_addr { host: "127.0.107.194" port: 44735 } } peers { permanent_uuid: "e9235a1ce673464990f6e1d5f432aff0" member_type: VOTER last_known_addr { host: "127.0.107.195" port: 44781 } attrs { replace: true } } peers { permanent_uuid: "9db41f872fc94f169128e9be3b662701" member_type: VOTER last_known_addr { host: "127.0.107.196" port: 38555 } attrs { promote: false } } }
I20260608 12:38:07.326483  3710 raft_consensus.cc:1064] T ef8fe9b3c14348ed8dce0048c45811be P e9235a1ce673464990f6e1d5f432aff0: attempting to promote NON_VOTER 9db41f872fc94f169128e9be3b662701 to VOTER
I20260608 12:38:07.331358  3617 raft_consensus.cc:2955] T b86f6a1c13a44d3c80d0dab3f0007139 P e9235a1ce673464990f6e1d5f432aff0 [term 1 FOLLOWER]: Committing config change with OpId 1.3: config changed from index 2 to 3, 9db41f872fc94f169128e9be3b662701 (127.0.107.196) changed from NON_VOTER to VOTER. New config: { opid_index: 3 OBSOLETE_local: false peers { permanent_uuid: "610c02cf13584a078eb4680a571ff2e0" member_type: VOTER last_known_addr { host: "127.0.107.193" port: 36309 } } peers { permanent_uuid: "0319d029f0214f02831bd9cde0e85229" member_type: VOTER last_known_addr { host: "127.0.107.194" port: 44735 } } peers { permanent_uuid: "e9235a1ce673464990f6e1d5f432aff0" member_type: VOTER last_known_addr { host: "127.0.107.195" port: 44781 } attrs { replace: true } } peers { permanent_uuid: "9db41f872fc94f169128e9be3b662701" member_type: VOTER last_known_addr { host: "127.0.107.196" port: 38555 } attrs { promote: false } } }
I20260608 12:38:07.336001  3710 consensus_queue.cc:237] T ef8fe9b3c14348ed8dce0048c45811be P e9235a1ce673464990f6e1d5f432aff0 [LEADER]: Queue going to LEADER mode. State: All replicated index: 0, Majority replicated index: 2, Committed index: 2, Last appended: 1.2, Last appended by leader: 0, Current term: 1, Majority size: 3, State: 0, Mode: LEADER, active raft config: opid_index: 3 OBSOLETE_local: false peers { permanent_uuid: "610c02cf13584a078eb4680a571ff2e0" member_type: VOTER last_known_addr { host: "127.0.107.193" port: 36309 } attrs { replace: true } } peers { permanent_uuid: "0319d029f0214f02831bd9cde0e85229" member_type: VOTER last_known_addr { host: "127.0.107.194" port: 44735 } } peers { permanent_uuid: "e9235a1ce673464990f6e1d5f432aff0" member_type: VOTER last_known_addr { host: "127.0.107.195" port: 44781 } } peers { permanent_uuid: "9db41f872fc94f169128e9be3b662701" member_type: VOTER last_known_addr { host: "127.0.107.196" port: 38555 } attrs { promote: false } }
I20260608 12:38:07.339800  3367 catalog_manager.cc:5696] T b86f6a1c13a44d3c80d0dab3f0007139 P 0319d029f0214f02831bd9cde0e85229 reported cstate change: config changed from index 2 to 3, 9db41f872fc94f169128e9be3b662701 (127.0.107.196) changed from NON_VOTER to VOTER. New cstate: current_term: 1 leader_uuid: "610c02cf13584a078eb4680a571ff2e0" committed_config { opid_index: 3 OBSOLETE_local: false peers { permanent_uuid: "610c02cf13584a078eb4680a571ff2e0" member_type: VOTER last_known_addr { host: "127.0.107.193" port: 36309 } } peers { permanent_uuid: "0319d029f0214f02831bd9cde0e85229" member_type: VOTER last_known_addr { host: "127.0.107.194" port: 44735 } } peers { permanent_uuid: "e9235a1ce673464990f6e1d5f432aff0" member_type: VOTER last_known_addr { host: "127.0.107.195" port: 44781 } attrs { replace: true } } peers { permanent_uuid: "9db41f872fc94f169128e9be3b662701" member_type: VOTER last_known_addr { host: "127.0.107.196" port: 38555 } attrs { promote: false } } }
I20260608 12:38:07.352324  3763 raft_consensus.cc:2955] T b86f6a1c13a44d3c80d0dab3f0007139 P 9db41f872fc94f169128e9be3b662701 [term 1 FOLLOWER]: Committing config change with OpId 1.3: config changed from index 2 to 3, 9db41f872fc94f169128e9be3b662701 (127.0.107.196) changed from NON_VOTER to VOTER. New config: { opid_index: 3 OBSOLETE_local: false peers { permanent_uuid: "610c02cf13584a078eb4680a571ff2e0" member_type: VOTER last_known_addr { host: "127.0.107.193" port: 36309 } } peers { permanent_uuid: "0319d029f0214f02831bd9cde0e85229" member_type: VOTER last_known_addr { host: "127.0.107.194" port: 44735 } } peers { permanent_uuid: "e9235a1ce673464990f6e1d5f432aff0" member_type: VOTER last_known_addr { host: "127.0.107.195" port: 44781 } attrs { replace: true } } peers { permanent_uuid: "9db41f872fc94f169128e9be3b662701" member_type: VOTER last_known_addr { host: "127.0.107.196" port: 38555 } attrs { promote: false } } }
I20260608 12:38:07.362363  3762 raft_consensus.cc:1275] T ef8fe9b3c14348ed8dce0048c45811be P 9db41f872fc94f169128e9be3b662701 [term 1 LEARNER]: Refusing update from remote peer e9235a1ce673464990f6e1d5f432aff0: Log matching property violated. Preceding OpId in replica: term: 1 index: 2. Preceding OpId from leader: term: 1 index: 3. (index mismatch)
I20260608 12:38:07.363535  3468 raft_consensus.cc:1275] T ef8fe9b3c14348ed8dce0048c45811be P 610c02cf13584a078eb4680a571ff2e0 [term 1 FOLLOWER]: Refusing update from remote peer e9235a1ce673464990f6e1d5f432aff0: Log matching property violated. Preceding OpId in replica: term: 1 index: 2. Preceding OpId from leader: term: 1 index: 3. (index mismatch)
I20260608 12:38:07.365442  3800 consensus_queue.cc:1048] T ef8fe9b3c14348ed8dce0048c45811be P e9235a1ce673464990f6e1d5f432aff0 [LEADER]: Connected to new peer: Peer: permanent_uuid: "610c02cf13584a078eb4680a571ff2e0" member_type: VOTER last_known_addr { host: "127.0.107.193" port: 36309 } attrs { replace: true }, Status: LMP_MISMATCH, Last received: 0.0, Next index: 3, Last known committed idx: 2, Time since last communication: 0.000s
I20260608 12:38:07.370370  3543 raft_consensus.cc:1275] T ef8fe9b3c14348ed8dce0048c45811be P 0319d029f0214f02831bd9cde0e85229 [term 1 FOLLOWER]: Refusing update from remote peer e9235a1ce673464990f6e1d5f432aff0: Log matching property violated. Preceding OpId in replica: term: 1 index: 2. Preceding OpId from leader: term: 1 index: 3. (index mismatch)
I20260608 12:38:07.370537  3676 consensus_queue.cc:1048] T ef8fe9b3c14348ed8dce0048c45811be P e9235a1ce673464990f6e1d5f432aff0 [LEADER]: Connected to new peer: Peer: permanent_uuid: "9db41f872fc94f169128e9be3b662701" member_type: VOTER last_known_addr { host: "127.0.107.196" port: 38555 } attrs { promote: false }, Status: LMP_MISMATCH, Last received: 0.0, Next index: 3, Last known committed idx: 2, Time since last communication: 0.004s
I20260608 12:38:07.381155  3800 consensus_queue.cc:1048] T ef8fe9b3c14348ed8dce0048c45811be P e9235a1ce673464990f6e1d5f432aff0 [LEADER]: Connected to new peer: Peer: permanent_uuid: "0319d029f0214f02831bd9cde0e85229" member_type: VOTER last_known_addr { host: "127.0.107.194" port: 44735 }, Status: LMP_MISMATCH, Last received: 0.0, Next index: 3, Last known committed idx: 2, Time since last communication: 0.001s
I20260608 12:38:07.404655  3467 consensus_queue.cc:237] T b86f6a1c13a44d3c80d0dab3f0007139 P 610c02cf13584a078eb4680a571ff2e0 [LEADER]: Queue going to LEADER mode. State: All replicated index: 0, Majority replicated index: 3, Committed index: 3, Last appended: 1.3, Last appended by leader: 0, Current term: 1, Majority size: 2, State: 0, Mode: LEADER, active raft config: opid_index: 4 OBSOLETE_local: false peers { permanent_uuid: "610c02cf13584a078eb4680a571ff2e0" member_type: VOTER last_known_addr { host: "127.0.107.193" port: 36309 } } peers { permanent_uuid: "0319d029f0214f02831bd9cde0e85229" member_type: VOTER last_known_addr { host: "127.0.107.194" port: 44735 } } peers { permanent_uuid: "9db41f872fc94f169128e9be3b662701" member_type: VOTER last_known_addr { host: "127.0.107.196" port: 38555 } attrs { promote: false } }
I20260608 12:38:07.410432  3763 raft_consensus.cc:1275] T b86f6a1c13a44d3c80d0dab3f0007139 P 9db41f872fc94f169128e9be3b662701 [term 1 FOLLOWER]: Refusing update from remote peer 610c02cf13584a078eb4680a571ff2e0: Log matching property violated. Preceding OpId in replica: term: 1 index: 3. Preceding OpId from leader: term: 1 index: 4. (index mismatch)
I20260608 12:38:07.412174  3865 consensus_queue.cc:1048] T b86f6a1c13a44d3c80d0dab3f0007139 P 610c02cf13584a078eb4680a571ff2e0 [LEADER]: Connected to new peer: Peer: permanent_uuid: "9db41f872fc94f169128e9be3b662701" member_type: VOTER last_known_addr { host: "127.0.107.196" port: 38555 } attrs { promote: false }, Status: LMP_MISMATCH, Last received: 0.0, Next index: 4, Last known committed idx: 3, Time since last communication: 0.000s
I20260608 12:38:07.416357  3933 raft_consensus.cc:1064] T f672dc18d4a8462791034c765a68ea1d P e9235a1ce673464990f6e1d5f432aff0: attempting to promote NON_VOTER 9db41f872fc94f169128e9be3b662701 to VOTER
I20260608 12:38:07.416705  3710 raft_consensus.cc:2955] T ef8fe9b3c14348ed8dce0048c45811be P e9235a1ce673464990f6e1d5f432aff0 [term 1 LEADER]: Committing config change with OpId 1.3: config changed from index 2 to 3, 9db41f872fc94f169128e9be3b662701 (127.0.107.196) changed from NON_VOTER to VOTER. New config: { opid_index: 3 OBSOLETE_local: false peers { permanent_uuid: "610c02cf13584a078eb4680a571ff2e0" member_type: VOTER last_known_addr { host: "127.0.107.193" port: 36309 } attrs { replace: true } } peers { permanent_uuid: "0319d029f0214f02831bd9cde0e85229" member_type: VOTER last_known_addr { host: "127.0.107.194" port: 44735 } } peers { permanent_uuid: "e9235a1ce673464990f6e1d5f432aff0" member_type: VOTER last_known_addr { host: "127.0.107.195" port: 44781 } } peers { permanent_uuid: "9db41f872fc94f169128e9be3b662701" member_type: VOTER last_known_addr { host: "127.0.107.196" port: 38555 } attrs { promote: false } } }
I20260608 12:38:07.422276  3543 raft_consensus.cc:1275] T b86f6a1c13a44d3c80d0dab3f0007139 P 0319d029f0214f02831bd9cde0e85229 [term 1 FOLLOWER]: Refusing update from remote peer 610c02cf13584a078eb4680a571ff2e0: Log matching property violated. Preceding OpId in replica: term: 1 index: 3. Preceding OpId from leader: term: 1 index: 4. (index mismatch)
I20260608 12:38:07.421948  3933 consensus_queue.cc:237] T f672dc18d4a8462791034c765a68ea1d P e9235a1ce673464990f6e1d5f432aff0 [LEADER]: Queue going to LEADER mode. State: All replicated index: 0, Majority replicated index: 2, Committed index: 2, Last appended: 1.2, Last appended by leader: 0, Current term: 1, Majority size: 3, State: 0, Mode: LEADER, active raft config: opid_index: 3 OBSOLETE_local: false peers { permanent_uuid: "610c02cf13584a078eb4680a571ff2e0" member_type: VOTER last_known_addr { host: "127.0.107.193" port: 36309 } } peers { permanent_uuid: "0319d029f0214f02831bd9cde0e85229" member_type: VOTER last_known_addr { host: "127.0.107.194" port: 44735 } attrs { replace: true } } peers { permanent_uuid: "e9235a1ce673464990f6e1d5f432aff0" member_type: VOTER last_known_addr { host: "127.0.107.195" port: 44781 } } peers { permanent_uuid: "9db41f872fc94f169128e9be3b662701" member_type: VOTER last_known_addr { host: "127.0.107.196" port: 38555 } attrs { promote: false } }
I20260608 12:38:07.426256  3865 consensus_queue.cc:1048] T b86f6a1c13a44d3c80d0dab3f0007139 P 610c02cf13584a078eb4680a571ff2e0 [LEADER]: Connected to new peer: Peer: permanent_uuid: "0319d029f0214f02831bd9cde0e85229" member_type: VOTER last_known_addr { host: "127.0.107.194" port: 44735 }, Status: LMP_MISMATCH, Last received: 0.0, Next index: 4, Last known committed idx: 3, Time since last communication: 0.000s
I20260608 12:38:07.430048  3864 raft_consensus.cc:2955] T b86f6a1c13a44d3c80d0dab3f0007139 P 610c02cf13584a078eb4680a571ff2e0 [term 1 LEADER]: Committing config change with OpId 1.4: config changed from index 3 to 4, VOTER e9235a1ce673464990f6e1d5f432aff0 (127.0.107.195) evicted. New config: { opid_index: 4 OBSOLETE_local: false peers { permanent_uuid: "610c02cf13584a078eb4680a571ff2e0" member_type: VOTER last_known_addr { host: "127.0.107.193" port: 36309 } } peers { permanent_uuid: "0319d029f0214f02831bd9cde0e85229" member_type: VOTER last_known_addr { host: "127.0.107.194" port: 44735 } } peers { permanent_uuid: "9db41f872fc94f169128e9be3b662701" member_type: VOTER last_known_addr { host: "127.0.107.196" port: 38555 } attrs { promote: false } } }
I20260608 12:38:07.431340  3467 raft_consensus.cc:2955] T ef8fe9b3c14348ed8dce0048c45811be P 610c02cf13584a078eb4680a571ff2e0 [term 1 FOLLOWER]: Committing config change with OpId 1.3: config changed from index 2 to 3, 9db41f872fc94f169128e9be3b662701 (127.0.107.196) changed from NON_VOTER to VOTER. New config: { opid_index: 3 OBSOLETE_local: false peers { permanent_uuid: "610c02cf13584a078eb4680a571ff2e0" member_type: VOTER last_known_addr { host: "127.0.107.193" port: 36309 } attrs { replace: true } } peers { permanent_uuid: "0319d029f0214f02831bd9cde0e85229" member_type: VOTER last_known_addr { host: "127.0.107.194" port: 44735 } } peers { permanent_uuid: "e9235a1ce673464990f6e1d5f432aff0" member_type: VOTER last_known_addr { host: "127.0.107.195" port: 44781 } } peers { permanent_uuid: "9db41f872fc94f169128e9be3b662701" member_type: VOTER last_known_addr { host: "127.0.107.196" port: 38555 } attrs { promote: false } } }
I20260608 12:38:07.431864  3763 raft_consensus.cc:2955] T b86f6a1c13a44d3c80d0dab3f0007139 P 9db41f872fc94f169128e9be3b662701 [term 1 FOLLOWER]: Committing config change with OpId 1.4: config changed from index 3 to 4, VOTER e9235a1ce673464990f6e1d5f432aff0 (127.0.107.195) evicted. New config: { opid_index: 4 OBSOLETE_local: false peers { permanent_uuid: "610c02cf13584a078eb4680a571ff2e0" member_type: VOTER last_known_addr { host: "127.0.107.193" port: 36309 } } peers { permanent_uuid: "0319d029f0214f02831bd9cde0e85229" member_type: VOTER last_known_addr { host: "127.0.107.194" port: 44735 } } peers { permanent_uuid: "9db41f872fc94f169128e9be3b662701" member_type: VOTER last_known_addr { host: "127.0.107.196" port: 38555 } attrs { promote: false } } }
I20260608 12:38:07.435351  3762 raft_consensus.cc:2955] T ef8fe9b3c14348ed8dce0048c45811be P 9db41f872fc94f169128e9be3b662701 [term 1 FOLLOWER]: Committing config change with OpId 1.3: config changed from index 2 to 3, 9db41f872fc94f169128e9be3b662701 (127.0.107.196) changed from NON_VOTER to VOTER. New config: { opid_index: 3 OBSOLETE_local: false peers { permanent_uuid: "610c02cf13584a078eb4680a571ff2e0" member_type: VOTER last_known_addr { host: "127.0.107.193" port: 36309 } attrs { replace: true } } peers { permanent_uuid: "0319d029f0214f02831bd9cde0e85229" member_type: VOTER last_known_addr { host: "127.0.107.194" port: 44735 } } peers { permanent_uuid: "e9235a1ce673464990f6e1d5f432aff0" member_type: VOTER last_known_addr { host: "127.0.107.195" port: 44781 } } peers { permanent_uuid: "9db41f872fc94f169128e9be3b662701" member_type: VOTER last_known_addr { host: "127.0.107.196" port: 38555 } attrs { promote: false } } }
I20260608 12:38:07.439599  3544 raft_consensus.cc:2955] T ef8fe9b3c14348ed8dce0048c45811be P 0319d029f0214f02831bd9cde0e85229 [term 1 FOLLOWER]: Committing config change with OpId 1.3: config changed from index 2 to 3, 9db41f872fc94f169128e9be3b662701 (127.0.107.196) changed from NON_VOTER to VOTER. New config: { opid_index: 3 OBSOLETE_local: false peers { permanent_uuid: "610c02cf13584a078eb4680a571ff2e0" member_type: VOTER last_known_addr { host: "127.0.107.193" port: 36309 } attrs { replace: true } } peers { permanent_uuid: "0319d029f0214f02831bd9cde0e85229" member_type: VOTER last_known_addr { host: "127.0.107.194" port: 44735 } } peers { permanent_uuid: "e9235a1ce673464990f6e1d5f432aff0" member_type: VOTER last_known_addr { host: "127.0.107.195" port: 44781 } } peers { permanent_uuid: "9db41f872fc94f169128e9be3b662701" member_type: VOTER last_known_addr { host: "127.0.107.196" port: 38555 } attrs { promote: false } } }
I20260608 12:38:07.460901  3366 catalog_manager.cc:5696] T b86f6a1c13a44d3c80d0dab3f0007139 P 9db41f872fc94f169128e9be3b662701 reported cstate change: config changed from index 3 to 4, VOTER e9235a1ce673464990f6e1d5f432aff0 (127.0.107.195) evicted. New cstate: current_term: 1 leader_uuid: "610c02cf13584a078eb4680a571ff2e0" committed_config { opid_index: 4 OBSOLETE_local: false peers { permanent_uuid: "610c02cf13584a078eb4680a571ff2e0" member_type: VOTER last_known_addr { host: "127.0.107.193" port: 36309 } } peers { permanent_uuid: "0319d029f0214f02831bd9cde0e85229" member_type: VOTER last_known_addr { host: "127.0.107.194" port: 44735 } } peers { permanent_uuid: "9db41f872fc94f169128e9be3b662701" member_type: VOTER last_known_addr { host: "127.0.107.196" port: 38555 } attrs { promote: false } } }
I20260608 12:38:07.476785  3607 tablet_service.cc:1558] Processing DeleteTablet for tablet b86f6a1c13a44d3c80d0dab3f0007139 with delete_type TABLET_DATA_TOMBSTONED (TS e9235a1ce673464990f6e1d5f432aff0 not found in new config with opid_index 4) from {username='slave'} at 127.0.0.1:57940
I20260608 12:38:07.478284  3353 catalog_manager.cc:5209] ChangeConfig:REMOVE_PEER RPC for tablet b86f6a1c13a44d3c80d0dab3f0007139 with cas_config_opid_index 3: ChangeConfig:REMOVE_PEER succeeded (attempt 1)
I20260608 12:38:07.476298  3364 catalog_manager.cc:5696] T ef8fe9b3c14348ed8dce0048c45811be P e9235a1ce673464990f6e1d5f432aff0 reported cstate change: config changed from index 2 to 3, 9db41f872fc94f169128e9be3b662701 (127.0.107.196) changed from NON_VOTER to VOTER. New cstate: current_term: 1 leader_uuid: "e9235a1ce673464990f6e1d5f432aff0" committed_config { opid_index: 3 OBSOLETE_local: false peers { permanent_uuid: "610c02cf13584a078eb4680a571ff2e0" member_type: VOTER last_known_addr { host: "127.0.107.193" port: 36309 } attrs { replace: true } health_report { overall_health: HEALTHY } } peers { permanent_uuid: "0319d029f0214f02831bd9cde0e85229" member_type: VOTER last_known_addr { host: "127.0.107.194" port: 44735 } health_report { overall_health: HEALTHY } } peers { permanent_uuid: "e9235a1ce673464990f6e1d5f432aff0" member_type: VOTER last_known_addr { host: "127.0.107.195" port: 44781 } health_report { overall_health: HEALTHY } } peers { permanent_uuid: "9db41f872fc94f169128e9be3b662701" member_type: VOTER last_known_addr { host: "127.0.107.196" port: 38555 } attrs { promote: false } health_report { overall_health: HEALTHY } } }
I20260608 12:38:07.491190  3939 tablet_replica.cc:333] T b86f6a1c13a44d3c80d0dab3f0007139 P e9235a1ce673464990f6e1d5f432aff0: stopping tablet replica
I20260608 12:38:07.500829  3543 raft_consensus.cc:2955] T b86f6a1c13a44d3c80d0dab3f0007139 P 0319d029f0214f02831bd9cde0e85229 [term 1 FOLLOWER]: Committing config change with OpId 1.4: config changed from index 3 to 4, VOTER e9235a1ce673464990f6e1d5f432aff0 (127.0.107.195) evicted. New config: { opid_index: 4 OBSOLETE_local: false peers { permanent_uuid: "610c02cf13584a078eb4680a571ff2e0" member_type: VOTER last_known_addr { host: "127.0.107.193" port: 36309 } } peers { permanent_uuid: "0319d029f0214f02831bd9cde0e85229" member_type: VOTER last_known_addr { host: "127.0.107.194" port: 44735 } } peers { permanent_uuid: "9db41f872fc94f169128e9be3b662701" member_type: VOTER last_known_addr { host: "127.0.107.196" port: 38555 } attrs { promote: false } } }
I20260608 12:38:07.501869  3468 raft_consensus.cc:1275] T f672dc18d4a8462791034c765a68ea1d P 610c02cf13584a078eb4680a571ff2e0 [term 1 FOLLOWER]: Refusing update from remote peer e9235a1ce673464990f6e1d5f432aff0: Log matching property violated. Preceding OpId in replica: term: 1 index: 2. Preceding OpId from leader: term: 1 index: 3. (index mismatch)
I20260608 12:38:07.504978  3762 raft_consensus.cc:1275] T f672dc18d4a8462791034c765a68ea1d P 9db41f872fc94f169128e9be3b662701 [term 1 LEARNER]: Refusing update from remote peer e9235a1ce673464990f6e1d5f432aff0: Log matching property violated. Preceding OpId in replica: term: 1 index: 2. Preceding OpId from leader: term: 1 index: 3. (index mismatch)
I20260608 12:38:07.505353  3544 raft_consensus.cc:1275] T f672dc18d4a8462791034c765a68ea1d P 0319d029f0214f02831bd9cde0e85229 [term 1 FOLLOWER]: Refusing update from remote peer e9235a1ce673464990f6e1d5f432aff0: Log matching property violated. Preceding OpId in replica: term: 1 index: 2. Preceding OpId from leader: term: 1 index: 3. (index mismatch)
I20260608 12:38:07.504479  3933 consensus_queue.cc:1048] T f672dc18d4a8462791034c765a68ea1d P e9235a1ce673464990f6e1d5f432aff0 [LEADER]: Connected to new peer: Peer: permanent_uuid: "610c02cf13584a078eb4680a571ff2e0" member_type: VOTER last_known_addr { host: "127.0.107.193" port: 36309 }, Status: LMP_MISMATCH, Last received: 0.0, Next index: 3, Last known committed idx: 2, Time since last communication: 0.002s
I20260608 12:38:07.507813  3800 consensus_queue.cc:1048] T f672dc18d4a8462791034c765a68ea1d P e9235a1ce673464990f6e1d5f432aff0 [LEADER]: Connected to new peer: Peer: permanent_uuid: "9db41f872fc94f169128e9be3b662701" member_type: VOTER last_known_addr { host: "127.0.107.196" port: 38555 } attrs { promote: false }, Status: LMP_MISMATCH, Last received: 0.0, Next index: 3, Last known committed idx: 2, Time since last communication: 0.001s
I20260608 12:38:07.510638  3710 consensus_queue.cc:1048] T f672dc18d4a8462791034c765a68ea1d P e9235a1ce673464990f6e1d5f432aff0 [LEADER]: Connected to new peer: Peer: permanent_uuid: "0319d029f0214f02831bd9cde0e85229" member_type: VOTER last_known_addr { host: "127.0.107.194" port: 44735 } attrs { replace: true }, Status: LMP_MISMATCH, Last received: 0.0, Next index: 3, Last known committed idx: 2, Time since last communication: 0.001s
I20260608 12:38:07.514424  3939 raft_consensus.cc:2243] T b86f6a1c13a44d3c80d0dab3f0007139 P e9235a1ce673464990f6e1d5f432aff0 [term 1 FOLLOWER]: Raft consensus shutting down.
I20260608 12:38:07.515308  3939 raft_consensus.cc:2272] T b86f6a1c13a44d3c80d0dab3f0007139 P e9235a1ce673464990f6e1d5f432aff0 [term 1 FOLLOWER]: Raft consensus is shut down!
I20260608 12:38:07.525430  3617 consensus_queue.cc:237] T ef8fe9b3c14348ed8dce0048c45811be P e9235a1ce673464990f6e1d5f432aff0 [LEADER]: Queue going to LEADER mode. State: All replicated index: 0, Majority replicated index: 3, Committed index: 3, Last appended: 1.3, Last appended by leader: 0, Current term: 1, Majority size: 2, State: 0, Mode: LEADER, active raft config: opid_index: 4 OBSOLETE_local: false peers { permanent_uuid: "0319d029f0214f02831bd9cde0e85229" member_type: VOTER last_known_addr { host: "127.0.107.194" port: 44735 } } peers { permanent_uuid: "e9235a1ce673464990f6e1d5f432aff0" member_type: VOTER last_known_addr { host: "127.0.107.195" port: 44781 } } peers { permanent_uuid: "9db41f872fc94f169128e9be3b662701" member_type: VOTER last_known_addr { host: "127.0.107.196" port: 38555 } attrs { promote: false } }
I20260608 12:38:07.538957  3763 raft_consensus.cc:1275] T ef8fe9b3c14348ed8dce0048c45811be P 9db41f872fc94f169128e9be3b662701 [term 1 FOLLOWER]: Refusing update from remote peer e9235a1ce673464990f6e1d5f432aff0: Log matching property violated. Preceding OpId in replica: term: 1 index: 3. Preceding OpId from leader: term: 1 index: 4. (index mismatch)
I20260608 12:38:07.543708  3933 consensus_queue.cc:1048] T ef8fe9b3c14348ed8dce0048c45811be P e9235a1ce673464990f6e1d5f432aff0 [LEADER]: Connected to new peer: Peer: permanent_uuid: "9db41f872fc94f169128e9be3b662701" member_type: VOTER last_known_addr { host: "127.0.107.196" port: 38555 } attrs { promote: false }, Status: LMP_MISMATCH, Last received: 0.0, Next index: 4, Last known committed idx: 3, Time since last communication: 0.000s
I20260608 12:38:07.554710  3543 raft_consensus.cc:1275] T ef8fe9b3c14348ed8dce0048c45811be P 0319d029f0214f02831bd9cde0e85229 [term 1 FOLLOWER]: Refusing update from remote peer e9235a1ce673464990f6e1d5f432aff0: Log matching property violated. Preceding OpId in replica: term: 1 index: 3. Preceding OpId from leader: term: 1 index: 4. (index mismatch)
I20260608 12:38:07.562161  3939 ts_tablet_manager.cc:1916] T b86f6a1c13a44d3c80d0dab3f0007139 P e9235a1ce673464990f6e1d5f432aff0: Deleting tablet data with delete state TABLET_DATA_TOMBSTONED
I20260608 12:38:07.564788  3933 consensus_queue.cc:1048] T ef8fe9b3c14348ed8dce0048c45811be P e9235a1ce673464990f6e1d5f432aff0 [LEADER]: Connected to new peer: Peer: permanent_uuid: "0319d029f0214f02831bd9cde0e85229" member_type: VOTER last_known_addr { host: "127.0.107.194" port: 44735 }, Status: LMP_MISMATCH, Last received: 0.0, Next index: 4, Last known committed idx: 3, Time since last communication: 0.000s
I20260608 12:38:07.566455  3763 raft_consensus.cc:2955] T ef8fe9b3c14348ed8dce0048c45811be P 9db41f872fc94f169128e9be3b662701 [term 1 FOLLOWER]: Committing config change with OpId 1.4: config changed from index 3 to 4, VOTER 610c02cf13584a078eb4680a571ff2e0 (127.0.107.193) evicted. New config: { opid_index: 4 OBSOLETE_local: false peers { permanent_uuid: "0319d029f0214f02831bd9cde0e85229" member_type: VOTER last_known_addr { host: "127.0.107.194" port: 44735 } } peers { permanent_uuid: "e9235a1ce673464990f6e1d5f432aff0" member_type: VOTER last_known_addr { host: "127.0.107.195" port: 44781 } } peers { permanent_uuid: "9db41f872fc94f169128e9be3b662701" member_type: VOTER last_known_addr { host: "127.0.107.196" port: 38555 } attrs { promote: false } } }
I20260608 12:38:07.564112  3710 raft_consensus.cc:2955] T ef8fe9b3c14348ed8dce0048c45811be P e9235a1ce673464990f6e1d5f432aff0 [term 1 LEADER]: Committing config change with OpId 1.4: config changed from index 3 to 4, VOTER 610c02cf13584a078eb4680a571ff2e0 (127.0.107.193) evicted. New config: { opid_index: 4 OBSOLETE_local: false peers { permanent_uuid: "0319d029f0214f02831bd9cde0e85229" member_type: VOTER last_known_addr { host: "127.0.107.194" port: 44735 } } peers { permanent_uuid: "e9235a1ce673464990f6e1d5f432aff0" member_type: VOTER last_known_addr { host: "127.0.107.195" port: 44781 } } peers { permanent_uuid: "9db41f872fc94f169128e9be3b662701" member_type: VOTER last_known_addr { host: "127.0.107.196" port: 38555 } attrs { promote: false } } }
I20260608 12:38:07.579090  3543 raft_consensus.cc:2955] T ef8fe9b3c14348ed8dce0048c45811be P 0319d029f0214f02831bd9cde0e85229 [term 1 FOLLOWER]: Committing config change with OpId 1.4: config changed from index 3 to 4, VOTER 610c02cf13584a078eb4680a571ff2e0 (127.0.107.193) evicted. New config: { opid_index: 4 OBSOLETE_local: false peers { permanent_uuid: "0319d029f0214f02831bd9cde0e85229" member_type: VOTER last_known_addr { host: "127.0.107.194" port: 44735 } } peers { permanent_uuid: "e9235a1ce673464990f6e1d5f432aff0" member_type: VOTER last_known_addr { host: "127.0.107.195" port: 44781 } } peers { permanent_uuid: "9db41f872fc94f169128e9be3b662701" member_type: VOTER last_known_addr { host: "127.0.107.196" port: 38555 } attrs { promote: false } } }
I20260608 12:38:07.595288  3363 catalog_manager.cc:5696] T ef8fe9b3c14348ed8dce0048c45811be P 9db41f872fc94f169128e9be3b662701 reported cstate change: config changed from index 3 to 4, VOTER 610c02cf13584a078eb4680a571ff2e0 (127.0.107.193) evicted. New cstate: current_term: 1 leader_uuid: "e9235a1ce673464990f6e1d5f432aff0" committed_config { opid_index: 4 OBSOLETE_local: false peers { permanent_uuid: "0319d029f0214f02831bd9cde0e85229" member_type: VOTER last_known_addr { host: "127.0.107.194" port: 44735 } } peers { permanent_uuid: "e9235a1ce673464990f6e1d5f432aff0" member_type: VOTER last_known_addr { host: "127.0.107.195" port: 44781 } } peers { permanent_uuid: "9db41f872fc94f169128e9be3b662701" member_type: VOTER last_known_addr { host: "127.0.107.196" port: 38555 } attrs { promote: false } } }
I20260608 12:38:07.599995  3937 raft_consensus.cc:2955] T f672dc18d4a8462791034c765a68ea1d P e9235a1ce673464990f6e1d5f432aff0 [term 1 LEADER]: Committing config change with OpId 1.3: config changed from index 2 to 3, 9db41f872fc94f169128e9be3b662701 (127.0.107.196) changed from NON_VOTER to VOTER. New config: { opid_index: 3 OBSOLETE_local: false peers { permanent_uuid: "610c02cf13584a078eb4680a571ff2e0" member_type: VOTER last_known_addr { host: "127.0.107.193" port: 36309 } } peers { permanent_uuid: "0319d029f0214f02831bd9cde0e85229" member_type: VOTER last_known_addr { host: "127.0.107.194" port: 44735 } attrs { replace: true } } peers { permanent_uuid: "e9235a1ce673464990f6e1d5f432aff0" member_type: VOTER last_known_addr { host: "127.0.107.195" port: 44781 } } peers { permanent_uuid: "9db41f872fc94f169128e9be3b662701" member_type: VOTER last_known_addr { host: "127.0.107.196" port: 38555 } attrs { promote: false } } }
I20260608 12:38:07.605065  3468 raft_consensus.cc:2955] T f672dc18d4a8462791034c765a68ea1d P 610c02cf13584a078eb4680a571ff2e0 [term 1 FOLLOWER]: Committing config change with OpId 1.3: config changed from index 2 to 3, 9db41f872fc94f169128e9be3b662701 (127.0.107.196) changed from NON_VOTER to VOTER. New config: { opid_index: 3 OBSOLETE_local: false peers { permanent_uuid: "610c02cf13584a078eb4680a571ff2e0" member_type: VOTER last_known_addr { host: "127.0.107.193" port: 36309 } } peers { permanent_uuid: "0319d029f0214f02831bd9cde0e85229" member_type: VOTER last_known_addr { host: "127.0.107.194" port: 44735 } attrs { replace: true } } peers { permanent_uuid: "e9235a1ce673464990f6e1d5f432aff0" member_type: VOTER last_known_addr { host: "127.0.107.195" port: 44781 } } peers { permanent_uuid: "9db41f872fc94f169128e9be3b662701" member_type: VOTER last_known_addr { host: "127.0.107.196" port: 38555 } attrs { promote: false } } }
I20260608 12:38:07.610368  3353 catalog_manager.cc:5209] ChangeConfig:REMOVE_PEER RPC for tablet ef8fe9b3c14348ed8dce0048c45811be with cas_config_opid_index 3: ChangeConfig:REMOVE_PEER succeeded (attempt 1)
I20260608 12:38:07.618491  3455 tablet_service.cc:1558] Processing DeleteTablet for tablet ef8fe9b3c14348ed8dce0048c45811be with delete_type TABLET_DATA_TOMBSTONED (TS 610c02cf13584a078eb4680a571ff2e0 not found in new config with opid_index 4) from {username='slave'} at 127.0.0.1:45046
I20260608 12:38:07.617624  3762 raft_consensus.cc:2955] T f672dc18d4a8462791034c765a68ea1d P 9db41f872fc94f169128e9be3b662701 [term 1 FOLLOWER]: Committing config change with OpId 1.3: config changed from index 2 to 3, 9db41f872fc94f169128e9be3b662701 (127.0.107.196) changed from NON_VOTER to VOTER. New config: { opid_index: 3 OBSOLETE_local: false peers { permanent_uuid: "610c02cf13584a078eb4680a571ff2e0" member_type: VOTER last_known_addr { host: "127.0.107.193" port: 36309 } } peers { permanent_uuid: "0319d029f0214f02831bd9cde0e85229" member_type: VOTER last_known_addr { host: "127.0.107.194" port: 44735 } attrs { replace: true } } peers { permanent_uuid: "e9235a1ce673464990f6e1d5f432aff0" member_type: VOTER last_known_addr { host: "127.0.107.195" port: 44781 } } peers { permanent_uuid: "9db41f872fc94f169128e9be3b662701" member_type: VOTER last_known_addr { host: "127.0.107.196" port: 38555 } attrs { promote: false } } }
I20260608 12:38:07.620847  3939 ts_tablet_manager.cc:1929] T b86f6a1c13a44d3c80d0dab3f0007139 P e9235a1ce673464990f6e1d5f432aff0: tablet deleted with delete type TABLET_DATA_TOMBSTONED: last-logged OpId 1.3
I20260608 12:38:07.621344  3939 log.cc:1199] T b86f6a1c13a44d3c80d0dab3f0007139 P e9235a1ce673464990f6e1d5f432aff0: Deleting WAL directory at /tmp/dist-test-taskfo_acB/test-tmp/auto_rebalancer-test.0.AutoRebalancerTest.RangeAwareRebalancesNewRangeReplicas.1780922200090864-431-0/minicluster-data/ts-2-root/wals/b86f6a1c13a44d3c80d0dab3f0007139
I20260608 12:38:07.623282  3353 catalog_manager.cc:5027] TS e9235a1ce673464990f6e1d5f432aff0 (127.0.107.195:44781): tablet b86f6a1c13a44d3c80d0dab3f0007139 (table range_aware_rebalance_new_range [id=9f846f3624464bd989c7a07100f0ba11]) successfully deleted
I20260608 12:38:07.625603  3544 raft_consensus.cc:2955] T f672dc18d4a8462791034c765a68ea1d P 0319d029f0214f02831bd9cde0e85229 [term 1 FOLLOWER]: Committing config change with OpId 1.3: config changed from index 2 to 3, 9db41f872fc94f169128e9be3b662701 (127.0.107.196) changed from NON_VOTER to VOTER. New config: { opid_index: 3 OBSOLETE_local: false peers { permanent_uuid: "610c02cf13584a078eb4680a571ff2e0" member_type: VOTER last_known_addr { host: "127.0.107.193" port: 36309 } } peers { permanent_uuid: "0319d029f0214f02831bd9cde0e85229" member_type: VOTER last_known_addr { host: "127.0.107.194" port: 44735 } attrs { replace: true } } peers { permanent_uuid: "e9235a1ce673464990f6e1d5f432aff0" member_type: VOTER last_known_addr { host: "127.0.107.195" port: 44781 } } peers { permanent_uuid: "9db41f872fc94f169128e9be3b662701" member_type: VOTER last_known_addr { host: "127.0.107.196" port: 38555 } attrs { promote: false } } }
I20260608 12:38:07.636209  3363 catalog_manager.cc:5696] T f672dc18d4a8462791034c765a68ea1d P 9db41f872fc94f169128e9be3b662701 reported cstate change: config changed from index 2 to 3, 9db41f872fc94f169128e9be3b662701 (127.0.107.196) changed from NON_VOTER to VOTER. New cstate: current_term: 1 leader_uuid: "e9235a1ce673464990f6e1d5f432aff0" committed_config { opid_index: 3 OBSOLETE_local: false peers { permanent_uuid: "610c02cf13584a078eb4680a571ff2e0" member_type: VOTER last_known_addr { host: "127.0.107.193" port: 36309 } } peers { permanent_uuid: "0319d029f0214f02831bd9cde0e85229" member_type: VOTER last_known_addr { host: "127.0.107.194" port: 44735 } attrs { replace: true } } peers { permanent_uuid: "e9235a1ce673464990f6e1d5f432aff0" member_type: VOTER last_known_addr { host: "127.0.107.195" port: 44781 } } peers { permanent_uuid: "9db41f872fc94f169128e9be3b662701" member_type: VOTER last_known_addr { host: "127.0.107.196" port: 38555 } attrs { promote: false } } }
I20260608 12:38:07.650674  3943 tablet_replica.cc:333] T ef8fe9b3c14348ed8dce0048c45811be P 610c02cf13584a078eb4680a571ff2e0: stopping tablet replica
I20260608 12:38:07.651763  3943 raft_consensus.cc:2243] T ef8fe9b3c14348ed8dce0048c45811be P 610c02cf13584a078eb4680a571ff2e0 [term 1 FOLLOWER]: Raft consensus shutting down.
I20260608 12:38:07.652940  3943 raft_consensus.cc:2272] T ef8fe9b3c14348ed8dce0048c45811be P 610c02cf13584a078eb4680a571ff2e0 [term 1 FOLLOWER]: Raft consensus is shut down!
I20260608 12:38:07.659014  3943 ts_tablet_manager.cc:1916] T ef8fe9b3c14348ed8dce0048c45811be P 610c02cf13584a078eb4680a571ff2e0: Deleting tablet data with delete state TABLET_DATA_TOMBSTONED
I20260608 12:38:07.667677  3617 consensus_queue.cc:237] T f672dc18d4a8462791034c765a68ea1d P e9235a1ce673464990f6e1d5f432aff0 [LEADER]: Queue going to LEADER mode. State: All replicated index: 0, Majority replicated index: 3, Committed index: 3, Last appended: 1.3, Last appended by leader: 0, Current term: 1, Majority size: 2, State: 0, Mode: LEADER, active raft config: opid_index: 4 OBSOLETE_local: false peers { permanent_uuid: "610c02cf13584a078eb4680a571ff2e0" member_type: VOTER last_known_addr { host: "127.0.107.193" port: 36309 } } peers { permanent_uuid: "e9235a1ce673464990f6e1d5f432aff0" member_type: VOTER last_known_addr { host: "127.0.107.195" port: 44781 } } peers { permanent_uuid: "9db41f872fc94f169128e9be3b662701" member_type: VOTER last_known_addr { host: "127.0.107.196" port: 38555 } attrs { promote: false } }
I20260608 12:38:07.673771  3762 raft_consensus.cc:1275] T f672dc18d4a8462791034c765a68ea1d P 9db41f872fc94f169128e9be3b662701 [term 1 FOLLOWER]: Refusing update from remote peer e9235a1ce673464990f6e1d5f432aff0: Log matching property violated. Preceding OpId in replica: term: 1 index: 3. Preceding OpId from leader: term: 1 index: 4. (index mismatch)
I20260608 12:38:07.675555  3468 raft_consensus.cc:1275] T f672dc18d4a8462791034c765a68ea1d P 610c02cf13584a078eb4680a571ff2e0 [term 1 FOLLOWER]: Refusing update from remote peer e9235a1ce673464990f6e1d5f432aff0: Log matching property violated. Preceding OpId in replica: term: 1 index: 3. Preceding OpId from leader: term: 1 index: 4. (index mismatch)
I20260608 12:38:07.676793  3943 ts_tablet_manager.cc:1929] T ef8fe9b3c14348ed8dce0048c45811be P 610c02cf13584a078eb4680a571ff2e0: tablet deleted with delete type TABLET_DATA_TOMBSTONED: last-logged OpId 1.3
I20260608 12:38:07.676558  3937 consensus_queue.cc:1048] T f672dc18d4a8462791034c765a68ea1d P e9235a1ce673464990f6e1d5f432aff0 [LEADER]: Connected to new peer: Peer: permanent_uuid: "9db41f872fc94f169128e9be3b662701" member_type: VOTER last_known_addr { host: "127.0.107.196" port: 38555 } attrs { promote: false }, Status: LMP_MISMATCH, Last received: 0.0, Next index: 4, Last known committed idx: 3, Time since last communication: 0.000s
I20260608 12:38:07.677222  3943 log.cc:1199] T ef8fe9b3c14348ed8dce0048c45811be P 610c02cf13584a078eb4680a571ff2e0: Deleting WAL directory at /tmp/dist-test-taskfo_acB/test-tmp/auto_rebalancer-test.0.AutoRebalancerTest.RangeAwareRebalancesNewRangeReplicas.1780922200090864-431-0/minicluster-data/ts-0-root/wals/ef8fe9b3c14348ed8dce0048c45811be
I20260608 12:38:07.678723  3933 consensus_queue.cc:1048] T f672dc18d4a8462791034c765a68ea1d P e9235a1ce673464990f6e1d5f432aff0 [LEADER]: Connected to new peer: Peer: permanent_uuid: "610c02cf13584a078eb4680a571ff2e0" member_type: VOTER last_known_addr { host: "127.0.107.193" port: 36309 }, Status: LMP_MISMATCH, Last received: 0.0, Next index: 4, Last known committed idx: 3, Time since last communication: 0.000s
I20260608 12:38:07.679092  3353 catalog_manager.cc:5027] TS 610c02cf13584a078eb4680a571ff2e0 (127.0.107.193:36309): tablet ef8fe9b3c14348ed8dce0048c45811be (table range_aware_rebalance_new_range [id=9f846f3624464bd989c7a07100f0ba11]) successfully deleted
