I20260608 12:42:28.165747 15750 consensus_queue.cc:237] T 8b07c3a6806a4668abac250c3c45cd9a P 4915355ba1c040deb9836b819fa603fd [LEADER]: Queue going to LEADER mode. State: All replicated index: 0, Majority replicated index: 3, Committed index: 3, Last appended: 1.3, Last appended by leader: 0, Current term: 1, Majority size: 2, State: 0, Mode: LEADER, active raft config: opid_index: 4 OBSOLETE_local: false peers { permanent_uuid: "4b89b729a2614aa3b408ee7a6f4f2e3d" member_type: VOTER last_known_addr { host: "127.12.120.195" port: 40425 } } peers { permanent_uuid: "4915355ba1c040deb9836b819fa603fd" member_type: VOTER last_known_addr { host: "127.12.120.193" port: 41717 } } peers { permanent_uuid: "4985d84359ff41fd81cb777179d7697b" member_type: VOTER last_known_addr { host: "127.12.120.196" port: 46847 } attrs { promote: false } }
I20260608 12:42:28.172830 16094 raft_consensus.cc:1275] T 8b07c3a6806a4668abac250c3c45cd9a P 4985d84359ff41fd81cb777179d7697b [term 1 FOLLOWER]: Refusing update from remote peer 4915355ba1c040deb9836b819fa603fd: Log matching property violated. Preceding OpId in replica: term: 1 index: 3. Preceding OpId from leader: term: 1 index: 4. (index mismatch)
I20260608 12:42:28.173938 15648 catalog_manager.cc:5696] T 7897d9225bc148078a815c709509d71a P c633d27289854e528e05ff8323bfcd7d reported cstate change: config changed from index 3 to 4, VOTER 4985d84359ff41fd81cb777179d7697b (127.12.120.196) evicted. New cstate: current_term: 1 leader_uuid: "4915355ba1c040deb9836b819fa603fd" committed_config { opid_index: 4 OBSOLETE_local: false peers { permanent_uuid: "4b89b729a2614aa3b408ee7a6f4f2e3d" member_type: VOTER last_known_addr { host: "127.12.120.195" port: 40425 } } peers { permanent_uuid: "4915355ba1c040deb9836b819fa603fd" member_type: VOTER last_known_addr { host: "127.12.120.193" port: 41717 } } peers { permanent_uuid: "c633d27289854e528e05ff8323bfcd7d" member_type: VOTER last_known_addr { host: "127.12.120.194" port: 33619 } attrs { promote: false } } }
I20260608 12:42:28.174376 16336 consensus_queue.cc:1048] T 8b07c3a6806a4668abac250c3c45cd9a P 4915355ba1c040deb9836b819fa603fd [LEADER]: Connected to new peer: Peer: permanent_uuid: "4985d84359ff41fd81cb777179d7697b" member_type: VOTER last_known_addr { host: "127.12.120.196" port: 46847 } attrs { promote: false }, Status: LMP_MISMATCH, Last received: 0.0, Next index: 4, Last known committed idx: 3, Time since last communication: 0.000s
I20260608 12:42:28.175982 15900 raft_consensus.cc:1275] T 8b07c3a6806a4668abac250c3c45cd9a P 4b89b729a2614aa3b408ee7a6f4f2e3d [term 1 FOLLOWER]: Refusing update from remote peer 4915355ba1c040deb9836b819fa603fd: Log matching property violated. Preceding OpId in replica: term: 1 index: 3. Preceding OpId from leader: term: 1 index: 4. (index mismatch)
I20260608 12:42:28.179590 16336 consensus_queue.cc:1048] T 8b07c3a6806a4668abac250c3c45cd9a P 4915355ba1c040deb9836b819fa603fd [LEADER]: Connected to new peer: Peer: permanent_uuid: "4b89b729a2614aa3b408ee7a6f4f2e3d" member_type: VOTER last_known_addr { host: "127.12.120.195" port: 40425 }, Status: LMP_MISMATCH, Last received: 0.0, Next index: 4, Last known committed idx: 3, Time since last communication: 0.000s
I20260608 12:42:28.182358 16335 raft_consensus.cc:2955] T 8b07c3a6806a4668abac250c3c45cd9a P 4915355ba1c040deb9836b819fa603fd [term 1 LEADER]: Committing config change with OpId 1.4: config changed from index 3 to 4, VOTER c633d27289854e528e05ff8323bfcd7d (127.12.120.194) evicted. New config: { opid_index: 4 OBSOLETE_local: false peers { permanent_uuid: "4b89b729a2614aa3b408ee7a6f4f2e3d" member_type: VOTER last_known_addr { host: "127.12.120.195" port: 40425 } } peers { permanent_uuid: "4915355ba1c040deb9836b819fa603fd" member_type: VOTER last_known_addr { host: "127.12.120.193" port: 41717 } } peers { permanent_uuid: "4985d84359ff41fd81cb777179d7697b" member_type: VOTER last_known_addr { host: "127.12.120.196" port: 46847 } attrs { promote: false } } }
I20260608 12:42:28.186015 16093 raft_consensus.cc:2955] T 8b07c3a6806a4668abac250c3c45cd9a P 4985d84359ff41fd81cb777179d7697b [term 1 FOLLOWER]: Committing config change with OpId 1.4: config changed from index 3 to 4, VOTER c633d27289854e528e05ff8323bfcd7d (127.12.120.194) evicted. New config: { opid_index: 4 OBSOLETE_local: false peers { permanent_uuid: "4b89b729a2614aa3b408ee7a6f4f2e3d" member_type: VOTER last_known_addr { host: "127.12.120.195" port: 40425 } } peers { permanent_uuid: "4915355ba1c040deb9836b819fa603fd" member_type: VOTER last_known_addr { host: "127.12.120.193" port: 41717 } } peers { permanent_uuid: "4985d84359ff41fd81cb777179d7697b" member_type: VOTER last_known_addr { host: "127.12.120.196" port: 46847 } attrs { promote: false } } }
I20260608 12:42:28.192646 16344 ts_tablet_manager.cc:1929] T 41545f079aab46a0999a811fe9645926 P 4b89b729a2614aa3b408ee7a6f4f2e3d: tablet deleted with delete type TABLET_DATA_TOMBSTONED: last-logged OpId 1.3
I20260608 12:42:28.193277 16344 log.cc:1199] T 41545f079aab46a0999a811fe9645926 P 4b89b729a2614aa3b408ee7a6f4f2e3d: Deleting WAL directory at /tmp/dist-test-task0hgyW7/test-tmp/auto_rebalancer-test.0.AutoRebalancerTest.RangeAwareRebalancesNewRangeReplicas.1780922458114900-12771-0/minicluster-data/ts-2-root/wals/41545f079aab46a0999a811fe9645926
I20260608 12:42:28.194028 15900 raft_consensus.cc:2955] T 8b07c3a6806a4668abac250c3c45cd9a P 4b89b729a2614aa3b408ee7a6f4f2e3d [term 1 FOLLOWER]: Committing config change with OpId 1.4: config changed from index 3 to 4, VOTER c633d27289854e528e05ff8323bfcd7d (127.12.120.194) evicted. New config: { opid_index: 4 OBSOLETE_local: false peers { permanent_uuid: "4b89b729a2614aa3b408ee7a6f4f2e3d" member_type: VOTER last_known_addr { host: "127.12.120.195" port: 40425 } } peers { permanent_uuid: "4915355ba1c040deb9836b819fa603fd" member_type: VOTER last_known_addr { host: "127.12.120.193" port: 41717 } } peers { permanent_uuid: "4985d84359ff41fd81cb777179d7697b" member_type: VOTER last_known_addr { host: "127.12.120.196" port: 46847 } attrs { promote: false } } }
I20260608 12:42:28.194914 15633 catalog_manager.cc:5027] TS 4b89b729a2614aa3b408ee7a6f4f2e3d (127.12.120.195:40425): tablet 41545f079aab46a0999a811fe9645926 (table range_aware_rebalance_new_range [id=ef2ce32db8374b41a5dfbc6e002add73]) successfully deleted
I20260608 12:42:28.205818 16084 tablet_service.cc:1558] Processing DeleteTablet for tablet 7897d9225bc148078a815c709509d71a with delete_type TABLET_DATA_TOMBSTONED (TS 4985d84359ff41fd81cb777179d7697b not found in new config with opid_index 4) from {username='slave'} at 127.0.0.1:32998
I20260608 12:42:28.216621 15633 catalog_manager.cc:5209] ChangeConfig:REMOVE_PEER RPC for tablet 7897d9225bc148078a815c709509d71a with cas_config_opid_index 3: ChangeConfig:REMOVE_PEER succeeded (attempt 1)
I20260608 12:42:28.216912 15646 catalog_manager.cc:5696] T 8b07c3a6806a4668abac250c3c45cd9a P 4985d84359ff41fd81cb777179d7697b reported cstate change: config changed from index 3 to 4, VOTER c633d27289854e528e05ff8323bfcd7d (127.12.120.194) evicted. New cstate: current_term: 1 leader_uuid: "4915355ba1c040deb9836b819fa603fd" committed_config { opid_index: 4 OBSOLETE_local: false peers { permanent_uuid: "4b89b729a2614aa3b408ee7a6f4f2e3d" member_type: VOTER last_known_addr { host: "127.12.120.195" port: 40425 } } peers { permanent_uuid: "4915355ba1c040deb9836b819fa603fd" member_type: VOTER last_known_addr { host: "127.12.120.193" port: 41717 } } peers { permanent_uuid: "4985d84359ff41fd81cb777179d7697b" member_type: VOTER last_known_addr { host: "127.12.120.196" port: 46847 } attrs { promote: false } } }
I20260608 12:42:28.218817 16345 tablet_replica.cc:333] T 7897d9225bc148078a815c709509d71a P 4985d84359ff41fd81cb777179d7697b: stopping tablet replica
I20260608 12:42:28.219895 15633 catalog_manager.cc:5209] ChangeConfig:REMOVE_PEER RPC for tablet 8b07c3a6806a4668abac250c3c45cd9a with cas_config_opid_index 3: ChangeConfig:REMOVE_PEER succeeded (attempt 1)
I20260608 12:42:28.229344 15813 tablet_service.cc:1558] Processing DeleteTablet for tablet 8b07c3a6806a4668abac250c3c45cd9a with delete_type TABLET_DATA_TOMBSTONED (TS c633d27289854e528e05ff8323bfcd7d not found in new config with opid_index 4) from {username='slave'} at 127.0.0.1:53470
I20260608 12:42:28.231416 16346 tablet_replica.cc:333] T 8b07c3a6806a4668abac250c3c45cd9a P c633d27289854e528e05ff8323bfcd7d: stopping tablet replica
I20260608 12:42:28.232307 16346 raft_consensus.cc:2243] T 8b07c3a6806a4668abac250c3c45cd9a P c633d27289854e528e05ff8323bfcd7d [term 1 FOLLOWER]: Raft consensus shutting down.
I20260608 12:42:28.233044 16346 raft_consensus.cc:2272] T 8b07c3a6806a4668abac250c3c45cd9a P c633d27289854e528e05ff8323bfcd7d [term 1 FOLLOWER]: Raft consensus is shut down!
I20260608 12:42:28.219924 16345 raft_consensus.cc:2243] T 7897d9225bc148078a815c709509d71a P 4985d84359ff41fd81cb777179d7697b [term 1 FOLLOWER]: Raft consensus shutting down.
I20260608 12:42:28.234421 16345 raft_consensus.cc:2272] T 7897d9225bc148078a815c709509d71a P 4985d84359ff41fd81cb777179d7697b [term 1 FOLLOWER]: Raft consensus is shut down!
I20260608 12:42:28.238103 16345 ts_tablet_manager.cc:1916] T 7897d9225bc148078a815c709509d71a P 4985d84359ff41fd81cb777179d7697b: Deleting tablet data with delete state TABLET_DATA_TOMBSTONED
I20260608 12:42:28.238060 16346 ts_tablet_manager.cc:1916] T 8b07c3a6806a4668abac250c3c45cd9a P c633d27289854e528e05ff8323bfcd7d: Deleting tablet data with delete state TABLET_DATA_TOMBSTONED
I20260608 12:42:28.254763 16345 ts_tablet_manager.cc:1929] T 7897d9225bc148078a815c709509d71a P 4985d84359ff41fd81cb777179d7697b: tablet deleted with delete type TABLET_DATA_TOMBSTONED: last-logged OpId 1.3
I20260608 12:42:28.255268 16345 log.cc:1199] T 7897d9225bc148078a815c709509d71a P 4985d84359ff41fd81cb777179d7697b: Deleting WAL directory at /tmp/dist-test-task0hgyW7/test-tmp/auto_rebalancer-test.0.AutoRebalancerTest.RangeAwareRebalancesNewRangeReplicas.1780922458114900-12771-0/minicluster-data/ts-3-root/wals/7897d9225bc148078a815c709509d71a
I20260608 12:42:28.257138 16346 ts_tablet_manager.cc:1929] T 8b07c3a6806a4668abac250c3c45cd9a P c633d27289854e528e05ff8323bfcd7d: tablet deleted with delete type TABLET_DATA_TOMBSTONED: last-logged OpId 1.3
I20260608 12:42:28.257284 15636 catalog_manager.cc:5027] TS 4985d84359ff41fd81cb777179d7697b (127.12.120.196:46847): tablet 7897d9225bc148078a815c709509d71a (table range_aware_rebalance_new_range [id=ef2ce32db8374b41a5dfbc6e002add73]) successfully deleted
I20260608 12:42:28.257573 16346 log.cc:1199] T 8b07c3a6806a4668abac250c3c45cd9a P c633d27289854e528e05ff8323bfcd7d: Deleting WAL directory at /tmp/dist-test-task0hgyW7/test-tmp/auto_rebalancer-test.0.AutoRebalancerTest.RangeAwareRebalancesNewRangeReplicas.1780922458114900-12771-0/minicluster-data/ts-1-root/wals/8b07c3a6806a4668abac250c3c45cd9a
I20260608 12:42:28.259052 15636 catalog_manager.cc:5027] TS c633d27289854e528e05ff8323bfcd7d (127.12.120.194:33619): tablet 8b07c3a6806a4668abac250c3c45cd9a (table range_aware_rebalance_new_range [id=ef2ce32db8374b41a5dfbc6e002add73]) successfully deleted
I20260608 12:42:28.590260 15702 auto_leader_rebalancer.cc:140] leader rebalance for table range_aware_rebalance_new_range
I20260608 12:42:28.603513 15702 auto_leader_rebalancer.cc:388] table: range_aware_rebalance_new_range, leader rebalance finish, leader transfer count: 0
I20260608 12:42:28.604086 15702 auto_leader_rebalancer.cc:451] All tables' leader rebalancing finished this round
I20260608 12:42:29.270671 16094 consensus_queue.cc:237] T 962c10cdbef04b6f9f4a552510306eca P 4985d84359ff41fd81cb777179d7697b [LEADER]: Queue going to LEADER mode. State: All replicated index: 0, Majority replicated index: 2, Committed index: 2, Last appended: 2.2, Last appended by leader: 1, Current term: 2, Majority size: 2, State: 0, Mode: LEADER, active raft config: opid_index: 3 OBSOLETE_local: false peers { permanent_uuid: "4985d84359ff41fd81cb777179d7697b" member_type: VOTER last_known_addr { host: "127.12.120.196" port: 46847 } attrs { replace: true } } peers { permanent_uuid: "4915355ba1c040deb9836b819fa603fd" member_type: VOTER last_known_addr { host: "127.12.120.193" port: 41717 } } peers { permanent_uuid: "c633d27289854e528e05ff8323bfcd7d" member_type: VOTER last_known_addr { host: "127.12.120.194" port: 33619 } } peers { permanent_uuid: "4b89b729a2614aa3b408ee7a6f4f2e3d" member_type: NON_VOTER last_known_addr { host: "127.12.120.195" port: 40425 } attrs { promote: true } }
I20260608 12:42:29.280969 15826 raft_consensus.cc:1275] T 962c10cdbef04b6f9f4a552510306eca P c633d27289854e528e05ff8323bfcd7d [term 2 FOLLOWER]: Refusing update from remote peer 4985d84359ff41fd81cb777179d7697b: Log matching property violated. Preceding OpId in replica: term: 2 index: 2. Preceding OpId from leader: term: 2 index: 3. (index mismatch)
W20260608 12:42:29.281697 16058 consensus_peers.cc:597] T 962c10cdbef04b6f9f4a552510306eca P 4985d84359ff41fd81cb777179d7697b -> Peer 4b89b729a2614aa3b408ee7a6f4f2e3d (127.12.120.195:40425): Couldn't send request to peer 4b89b729a2614aa3b408ee7a6f4f2e3d. Error code: TABLET_NOT_FOUND (6). Status: Not found: Tablet not found: 962c10cdbef04b6f9f4a552510306eca. This is attempt 1: this message will repeat every 5th retry.
I20260608 12:42:29.283284 16347 consensus_queue.cc:1048] T 962c10cdbef04b6f9f4a552510306eca P 4985d84359ff41fd81cb777179d7697b [LEADER]: Connected to new peer: Peer: permanent_uuid: "c633d27289854e528e05ff8323bfcd7d" member_type: VOTER last_known_addr { host: "127.12.120.194" port: 33619 }, Status: LMP_MISMATCH, Last received: 0.0, Next index: 3, Last known committed idx: 2, Time since last communication: 0.001s
I20260608 12:42:29.284309 15751 raft_consensus.cc:1275] T 962c10cdbef04b6f9f4a552510306eca P 4915355ba1c040deb9836b819fa603fd [term 2 FOLLOWER]: Refusing update from remote peer 4985d84359ff41fd81cb777179d7697b: Log matching property violated. Preceding OpId in replica: term: 2 index: 2. Preceding OpId from leader: term: 2 index: 3. (index mismatch)
I20260608 12:42:29.285792 16347 consensus_queue.cc:1048] T 962c10cdbef04b6f9f4a552510306eca P 4985d84359ff41fd81cb777179d7697b [LEADER]: Connected to new peer: Peer: permanent_uuid: "4915355ba1c040deb9836b819fa603fd" member_type: VOTER last_known_addr { host: "127.12.120.193" port: 41717 }, Status: LMP_MISMATCH, Last received: 0.0, Next index: 3, Last known committed idx: 2, Time since last communication: 0.000s
I20260608 12:42:29.293219 16356 raft_consensus.cc:2955] T 962c10cdbef04b6f9f4a552510306eca P 4985d84359ff41fd81cb777179d7697b [term 2 LEADER]: Committing config change with OpId 2.3: config changed from index -1 to 3, NON_VOTER 4b89b729a2614aa3b408ee7a6f4f2e3d (127.12.120.195) added. New config: { opid_index: 3 OBSOLETE_local: false peers { permanent_uuid: "4985d84359ff41fd81cb777179d7697b" member_type: VOTER last_known_addr { host: "127.12.120.196" port: 46847 } attrs { replace: true } } peers { permanent_uuid: "4915355ba1c040deb9836b819fa603fd" member_type: VOTER last_known_addr { host: "127.12.120.193" port: 41717 } } peers { permanent_uuid: "c633d27289854e528e05ff8323bfcd7d" member_type: VOTER last_known_addr { host: "127.12.120.194" port: 33619 } } peers { permanent_uuid: "4b89b729a2614aa3b408ee7a6f4f2e3d" member_type: NON_VOTER last_known_addr { host: "127.12.120.195" port: 40425 } attrs { promote: true } } }
I20260608 12:42:29.295096 15826 raft_consensus.cc:2955] T 962c10cdbef04b6f9f4a552510306eca P c633d27289854e528e05ff8323bfcd7d [term 2 FOLLOWER]: Committing config change with OpId 2.3: config changed from index -1 to 3, NON_VOTER 4b89b729a2614aa3b408ee7a6f4f2e3d (127.12.120.195) added. New config: { opid_index: 3 OBSOLETE_local: false peers { permanent_uuid: "4985d84359ff41fd81cb777179d7697b" member_type: VOTER last_known_addr { host: "127.12.120.196" port: 46847 } attrs { replace: true } } peers { permanent_uuid: "4915355ba1c040deb9836b819fa603fd" member_type: VOTER last_known_addr { host: "127.12.120.193" port: 41717 } } peers { permanent_uuid: "c633d27289854e528e05ff8323bfcd7d" member_type: VOTER last_known_addr { host: "127.12.120.194" port: 33619 } } peers { permanent_uuid: "4b89b729a2614aa3b408ee7a6f4f2e3d" member_type: NON_VOTER last_known_addr { host: "127.12.120.195" port: 40425 } attrs { promote: true } } }
I20260608 12:42:29.297824 15750 raft_consensus.cc:2955] T 962c10cdbef04b6f9f4a552510306eca P 4915355ba1c040deb9836b819fa603fd [term 2 FOLLOWER]: Committing config change with OpId 2.3: config changed from index -1 to 3, NON_VOTER 4b89b729a2614aa3b408ee7a6f4f2e3d (127.12.120.195) added. New config: { opid_index: 3 OBSOLETE_local: false peers { permanent_uuid: "4985d84359ff41fd81cb777179d7697b" member_type: VOTER last_known_addr { host: "127.12.120.196" port: 46847 } attrs { replace: true } } peers { permanent_uuid: "4915355ba1c040deb9836b819fa603fd" member_type: VOTER last_known_addr { host: "127.12.120.193" port: 41717 } } peers { permanent_uuid: "c633d27289854e528e05ff8323bfcd7d" member_type: VOTER last_known_addr { host: "127.12.120.194" port: 33619 } } peers { permanent_uuid: "4b89b729a2614aa3b408ee7a6f4f2e3d" member_type: NON_VOTER last_known_addr { host: "127.12.120.195" port: 40425 } attrs { promote: true } } }
I20260608 12:42:29.315471 15648 catalog_manager.cc:5696] T 962c10cdbef04b6f9f4a552510306eca P 4915355ba1c040deb9836b819fa603fd reported cstate change: config changed from index -1 to 3, NON_VOTER 4b89b729a2614aa3b408ee7a6f4f2e3d (127.12.120.195) added. New cstate: current_term: 2 leader_uuid: "4985d84359ff41fd81cb777179d7697b" committed_config { opid_index: 3 OBSOLETE_local: false peers { permanent_uuid: "4985d84359ff41fd81cb777179d7697b" member_type: VOTER last_known_addr { host: "127.12.120.196" port: 46847 } attrs { replace: true } } peers { permanent_uuid: "4915355ba1c040deb9836b819fa603fd" member_type: VOTER last_known_addr { host: "127.12.120.193" port: 41717 } } peers { permanent_uuid: "c633d27289854e528e05ff8323bfcd7d" member_type: VOTER last_known_addr { host: "127.12.120.194" port: 33619 } } peers { permanent_uuid: "4b89b729a2614aa3b408ee7a6f4f2e3d" member_type: NON_VOTER last_known_addr { host: "127.12.120.195" port: 40425 } attrs { promote: true } } }
I20260608 12:42:29.322687 15750 consensus_queue.cc:237] T 198fa7eff5034ab999db7ff01e37086f P 4915355ba1c040deb9836b819fa603fd [LEADER]: Queue going to LEADER mode. State: All replicated index: 0, Majority replicated index: 2, Committed index: 2, Last appended: 2.2, Last appended by leader: 1, Current term: 2, Majority size: 2, State: 0, Mode: LEADER, active raft config: opid_index: 3 OBSOLETE_local: false peers { permanent_uuid: "4915355ba1c040deb9836b819fa603fd" member_type: VOTER last_known_addr { host: "127.12.120.193" port: 41717 } } peers { permanent_uuid: "c633d27289854e528e05ff8323bfcd7d" member_type: VOTER last_known_addr { host: "127.12.120.194" port: 33619 } } peers { permanent_uuid: "4b89b729a2614aa3b408ee7a6f4f2e3d" member_type: VOTER last_known_addr { host: "127.12.120.195" port: 40425 } attrs { replace: true } } peers { permanent_uuid: "4985d84359ff41fd81cb777179d7697b" member_type: NON_VOTER last_known_addr { host: "127.12.120.196" port: 46847 } attrs { promote: true } }
I20260608 12:42:29.332983 15897 raft_consensus.cc:1275] T 198fa7eff5034ab999db7ff01e37086f P 4b89b729a2614aa3b408ee7a6f4f2e3d [term 2 FOLLOWER]: Refusing update from remote peer 4915355ba1c040deb9836b819fa603fd: Log matching property violated. Preceding OpId in replica: term: 2 index: 2. Preceding OpId from leader: term: 2 index: 3. (index mismatch)
W20260608 12:42:29.334735 15717 consensus_peers.cc:597] T 198fa7eff5034ab999db7ff01e37086f P 4915355ba1c040deb9836b819fa603fd -> Peer 4985d84359ff41fd81cb777179d7697b (127.12.120.196:46847): Couldn't send request to peer 4985d84359ff41fd81cb777179d7697b. Error code: TABLET_NOT_FOUND (6). Status: Not found: Tablet not found: 198fa7eff5034ab999db7ff01e37086f. This is attempt 1: this message will repeat every 5th retry.
I20260608 12:42:29.334981 16349 consensus_queue.cc:1048] T 198fa7eff5034ab999db7ff01e37086f P 4915355ba1c040deb9836b819fa603fd [LEADER]: Connected to new peer: Peer: permanent_uuid: "4b89b729a2614aa3b408ee7a6f4f2e3d" member_type: VOTER last_known_addr { host: "127.12.120.195" port: 40425 } attrs { replace: true }, Status: LMP_MISMATCH, Last received: 0.0, Next index: 3, Last known committed idx: 2, Time since last communication: 0.001s
I20260608 12:42:29.336865 15826 raft_consensus.cc:1275] T 198fa7eff5034ab999db7ff01e37086f P c633d27289854e528e05ff8323bfcd7d [term 2 FOLLOWER]: Refusing update from remote peer 4915355ba1c040deb9836b819fa603fd: Log matching property violated. Preceding OpId in replica: term: 2 index: 2. Preceding OpId from leader: term: 2 index: 3. (index mismatch)
I20260608 12:42:29.339095 16348 consensus_queue.cc:1048] T 198fa7eff5034ab999db7ff01e37086f P 4915355ba1c040deb9836b819fa603fd [LEADER]: Connected to new peer: Peer: permanent_uuid: "c633d27289854e528e05ff8323bfcd7d" member_type: VOTER last_known_addr { host: "127.12.120.194" port: 33619 }, Status: LMP_MISMATCH, Last received: 0.0, Next index: 3, Last known committed idx: 2, Time since last communication: 0.001s
I20260608 12:42:29.352643 15900 raft_consensus.cc:2955] T 198fa7eff5034ab999db7ff01e37086f P 4b89b729a2614aa3b408ee7a6f4f2e3d [term 2 FOLLOWER]: Committing config change with OpId 2.3: config changed from index -1 to 3, NON_VOTER 4985d84359ff41fd81cb777179d7697b (127.12.120.196) added. New config: { opid_index: 3 OBSOLETE_local: false peers { permanent_uuid: "4915355ba1c040deb9836b819fa603fd" member_type: VOTER last_known_addr { host: "127.12.120.193" port: 41717 } } peers { permanent_uuid: "c633d27289854e528e05ff8323bfcd7d" member_type: VOTER last_known_addr { host: "127.12.120.194" port: 33619 } } peers { permanent_uuid: "4b89b729a2614aa3b408ee7a6f4f2e3d" member_type: VOTER last_known_addr { host: "127.12.120.195" port: 40425 } attrs { replace: true } } peers { permanent_uuid: "4985d84359ff41fd81cb777179d7697b" member_type: NON_VOTER last_known_addr { host: "127.12.120.196" port: 46847 } attrs { promote: true } } }
I20260608 12:42:29.354353 16349 raft_consensus.cc:2955] T 198fa7eff5034ab999db7ff01e37086f P 4915355ba1c040deb9836b819fa603fd [term 2 LEADER]: Committing config change with OpId 2.3: config changed from index -1 to 3, NON_VOTER 4985d84359ff41fd81cb777179d7697b (127.12.120.196) added. New config: { opid_index: 3 OBSOLETE_local: false peers { permanent_uuid: "4915355ba1c040deb9836b819fa603fd" member_type: VOTER last_known_addr { host: "127.12.120.193" port: 41717 } } peers { permanent_uuid: "c633d27289854e528e05ff8323bfcd7d" member_type: VOTER last_known_addr { host: "127.12.120.194" port: 33619 } } peers { permanent_uuid: "4b89b729a2614aa3b408ee7a6f4f2e3d" member_type: VOTER last_known_addr { host: "127.12.120.195" port: 40425 } attrs { replace: true } } peers { permanent_uuid: "4985d84359ff41fd81cb777179d7697b" member_type: NON_VOTER last_known_addr { host: "127.12.120.196" port: 46847 } attrs { promote: true } } }
I20260608 12:42:29.387066 16094 tablet_service.cc:2072] Received LeaderStepDown RPC: tablet_id: "962c10cdbef04b6f9f4a552510306eca"
dest_uuid: "4985d84359ff41fd81cb777179d7697b"
mode: GRACEFUL
 from {username='slave'} at 127.0.0.1:32998
I20260608 12:42:29.387830 16094 raft_consensus.cc:606] T 962c10cdbef04b6f9f4a552510306eca P 4985d84359ff41fd81cb777179d7697b [term 2 LEADER]: Received request to transfer leadership
I20260608 12:42:29.392730 15645 catalog_manager.cc:5696] T 198fa7eff5034ab999db7ff01e37086f P 4b89b729a2614aa3b408ee7a6f4f2e3d reported cstate change: config changed from index -1 to 3, NON_VOTER 4985d84359ff41fd81cb777179d7697b (127.12.120.196) added. New cstate: current_term: 2 leader_uuid: "4915355ba1c040deb9836b819fa603fd" committed_config { opid_index: 3 OBSOLETE_local: false peers { permanent_uuid: "4915355ba1c040deb9836b819fa603fd" member_type: VOTER last_known_addr { host: "127.12.120.193" port: 41717 } } peers { permanent_uuid: "c633d27289854e528e05ff8323bfcd7d" member_type: VOTER last_known_addr { host: "127.12.120.194" port: 33619 } } peers { permanent_uuid: "4b89b729a2614aa3b408ee7a6f4f2e3d" member_type: VOTER last_known_addr { host: "127.12.120.195" port: 40425 } attrs { replace: true } } peers { permanent_uuid: "4985d84359ff41fd81cb777179d7697b" member_type: NON_VOTER last_known_addr { host: "127.12.120.196" port: 46847 } attrs { promote: true } } }
I20260608 12:42:29.396428 16094 tablet_service.cc:2072] Received LeaderStepDown RPC: tablet_id: "962c10cdbef04b6f9f4a552510306eca"
dest_uuid: "4985d84359ff41fd81cb777179d7697b"
mode: GRACEFUL
 from {username='slave'} at 127.0.0.1:32998
I20260608 12:42:29.397004 16094 raft_consensus.cc:606] T 962c10cdbef04b6f9f4a552510306eca P 4985d84359ff41fd81cb777179d7697b [term 2 LEADER]: Received request to transfer leadership
W20260608 12:42:29.398437 15636 proxy.cc:239] Call had error, refreshing address and retrying: Remote error: Service unavailable: leadership transfer for 962c10cdbef04b6f9f4a552510306eca already in progress [suppressed 1 similar messages]
I20260608 12:42:29.399214 15826 raft_consensus.cc:2955] T 198fa7eff5034ab999db7ff01e37086f P c633d27289854e528e05ff8323bfcd7d [term 2 FOLLOWER]: Committing config change with OpId 2.3: config changed from index -1 to 3, NON_VOTER 4985d84359ff41fd81cb777179d7697b (127.12.120.196) added. New config: { opid_index: 3 OBSOLETE_local: false peers { permanent_uuid: "4915355ba1c040deb9836b819fa603fd" member_type: VOTER last_known_addr { host: "127.12.120.193" port: 41717 } } peers { permanent_uuid: "c633d27289854e528e05ff8323bfcd7d" member_type: VOTER last_known_addr { host: "127.12.120.194" port: 33619 } } peers { permanent_uuid: "4b89b729a2614aa3b408ee7a6f4f2e3d" member_type: VOTER last_known_addr { host: "127.12.120.195" port: 40425 } attrs { replace: true } } peers { permanent_uuid: "4985d84359ff41fd81cb777179d7697b" member_type: NON_VOTER last_known_addr { host: "127.12.120.196" port: 46847 } attrs { promote: true } } }
I20260608 12:42:29.413797 16094 tablet_service.cc:2072] Received LeaderStepDown RPC: tablet_id: "962c10cdbef04b6f9f4a552510306eca"
dest_uuid: "4985d84359ff41fd81cb777179d7697b"
mode: GRACEFUL
 from {username='slave'} at 127.0.0.1:32998
I20260608 12:42:29.414400 16094 raft_consensus.cc:606] T 962c10cdbef04b6f9f4a552510306eca P 4985d84359ff41fd81cb777179d7697b [term 2 LEADER]: Received request to transfer leadership
W20260608 12:42:29.420007 15697 auto_rebalancer.cc:855] Removing replace marker failed: Service unavailable: leader transfer in progress
W20260608 12:42:29.420467 15697 auto_rebalancer.cc:863] Could not move replica: Remote error: Service unavailable: leadership transfer for 962c10cdbef04b6f9f4a552510306eca already in progress
W20260608 12:42:29.420805 15697 auto_rebalancer.cc:301] scheduled replica move failed to complete: Remote error: Service unavailable: leadership transfer for 962c10cdbef04b6f9f4a552510306eca already in progress
I20260608 12:42:29.705255 16368 ts_tablet_manager.cc:933] T 962c10cdbef04b6f9f4a552510306eca P 4b89b729a2614aa3b408ee7a6f4f2e3d: Initiating tablet copy from peer 4985d84359ff41fd81cb777179d7697b (127.12.120.196:46847)
I20260608 12:42:29.707449 16368 tablet_copy_client.cc:323] T 962c10cdbef04b6f9f4a552510306eca P 4b89b729a2614aa3b408ee7a6f4f2e3d: tablet copy: Beginning tablet copy session from remote peer at address 127.12.120.196:46847
I20260608 12:42:29.709409 16105 tablet_copy_service.cc:140] P 4985d84359ff41fd81cb777179d7697b: Received BeginTabletCopySession request for tablet 962c10cdbef04b6f9f4a552510306eca from peer 4b89b729a2614aa3b408ee7a6f4f2e3d ({username='slave'} at 127.0.0.1:33022)
I20260608 12:42:29.709969 16105 tablet_copy_service.cc:161] P 4985d84359ff41fd81cb777179d7697b: Beginning new tablet copy session on tablet 962c10cdbef04b6f9f4a552510306eca from peer 4b89b729a2614aa3b408ee7a6f4f2e3d at {username='slave'} at 127.0.0.1:33022: session id = 4b89b729a2614aa3b408ee7a6f4f2e3d-962c10cdbef04b6f9f4a552510306eca
I20260608 12:42:29.715768 16105 tablet_copy_source_session.cc:215] T 962c10cdbef04b6f9f4a552510306eca P 4985d84359ff41fd81cb777179d7697b: Tablet Copy: opened 0 blocks and 1 log segments
I20260608 12:42:29.718780 16368 data_dirs.cc:400] Could only allocate 1 dirs of requested 3 for tablet 962c10cdbef04b6f9f4a552510306eca. 1 dirs total, 0 dirs full, 0 dirs failed
I20260608 12:42:29.730331 16368 tablet_copy_client.cc:806] T 962c10cdbef04b6f9f4a552510306eca P 4b89b729a2614aa3b408ee7a6f4f2e3d: tablet copy: Starting download of 0 data blocks...
I20260608 12:42:29.731074 16368 tablet_copy_client.cc:670] T 962c10cdbef04b6f9f4a552510306eca P 4b89b729a2614aa3b408ee7a6f4f2e3d: tablet copy: Starting download of 1 WAL segments...
I20260608 12:42:29.734834 16368 tablet_copy_client.cc:538] T 962c10cdbef04b6f9f4a552510306eca P 4b89b729a2614aa3b408ee7a6f4f2e3d: tablet copy: Tablet Copy complete. Replacing tablet superblock.
I20260608 12:42:29.742486 16368 tablet_bootstrap.cc:492] T 962c10cdbef04b6f9f4a552510306eca P 4b89b729a2614aa3b408ee7a6f4f2e3d: Bootstrap starting.
I20260608 12:42:29.762391 16368 tablet_bootstrap.cc:492] T 962c10cdbef04b6f9f4a552510306eca P 4b89b729a2614aa3b408ee7a6f4f2e3d: Bootstrap replayed 1/1 log segments. Stats: ops{read=3 overwritten=0 applied=3 ignored=0} inserts{seen=0 ignored=0} mutations{seen=0 ignored=0} orphaned_commits=0. Pending: 0 replicates
I20260608 12:42:29.763226 16368 tablet_bootstrap.cc:492] T 962c10cdbef04b6f9f4a552510306eca P 4b89b729a2614aa3b408ee7a6f4f2e3d: Bootstrap complete.
I20260608 12:42:29.763808 16368 ts_tablet_manager.cc:1403] T 962c10cdbef04b6f9f4a552510306eca P 4b89b729a2614aa3b408ee7a6f4f2e3d: Time spent bootstrapping tablet: real 0.022s	user 0.019s	sys 0.000s
I20260608 12:42:29.766680 16368 raft_consensus.cc:359] T 962c10cdbef04b6f9f4a552510306eca P 4b89b729a2614aa3b408ee7a6f4f2e3d [term 2 LEARNER]: Replica starting. Triggering 0 pending ops. Active config: opid_index: 3 OBSOLETE_local: false peers { permanent_uuid: "4985d84359ff41fd81cb777179d7697b" member_type: VOTER last_known_addr { host: "127.12.120.196" port: 46847 } attrs { replace: true } } peers { permanent_uuid: "4915355ba1c040deb9836b819fa603fd" member_type: VOTER last_known_addr { host: "127.12.120.193" port: 41717 } } peers { permanent_uuid: "c633d27289854e528e05ff8323bfcd7d" member_type: VOTER last_known_addr { host: "127.12.120.194" port: 33619 } } peers { permanent_uuid: "4b89b729a2614aa3b408ee7a6f4f2e3d" member_type: NON_VOTER last_known_addr { host: "127.12.120.195" port: 40425 } attrs { promote: true } }
I20260608 12:42:29.767370 16368 raft_consensus.cc:740] T 962c10cdbef04b6f9f4a552510306eca P 4b89b729a2614aa3b408ee7a6f4f2e3d [term 2 LEARNER]: Becoming Follower/Learner. State: Replica: 4b89b729a2614aa3b408ee7a6f4f2e3d, State: Initialized, Role: LEARNER
I20260608 12:42:29.768110 16368 consensus_queue.cc:260] T 962c10cdbef04b6f9f4a552510306eca P 4b89b729a2614aa3b408ee7a6f4f2e3d [NON_LEADER]: Queue going to NON_LEADER mode. State: All replicated index: 0, Majority replicated index: 0, Committed index: 3, Last appended: 2.3, Last appended by leader: 3, Current term: 0, Majority size: -1, State: 0, Mode: NON_LEADER, active raft config: opid_index: 3 OBSOLETE_local: false peers { permanent_uuid: "4985d84359ff41fd81cb777179d7697b" member_type: VOTER last_known_addr { host: "127.12.120.196" port: 46847 } attrs { replace: true } } peers { permanent_uuid: "4915355ba1c040deb9836b819fa603fd" member_type: VOTER last_known_addr { host: "127.12.120.193" port: 41717 } } peers { permanent_uuid: "c633d27289854e528e05ff8323bfcd7d" member_type: VOTER last_known_addr { host: "127.12.120.194" port: 33619 } } peers { permanent_uuid: "4b89b729a2614aa3b408ee7a6f4f2e3d" member_type: NON_VOTER last_known_addr { host: "127.12.120.195" port: 40425 } attrs { promote: true } }
I20260608 12:42:29.771044 16368 ts_tablet_manager.cc:1434] T 962c10cdbef04b6f9f4a552510306eca P 4b89b729a2614aa3b408ee7a6f4f2e3d: Time spent starting tablet: real 0.007s	user 0.005s	sys 0.004s
I20260608 12:42:29.773106 16105 tablet_copy_service.cc:342] P 4985d84359ff41fd81cb777179d7697b: Request end of tablet copy session 4b89b729a2614aa3b408ee7a6f4f2e3d-962c10cdbef04b6f9f4a552510306eca received from {username='slave'} at 127.0.0.1:33022
I20260608 12:42:29.773562 16105 tablet_copy_service.cc:434] P 4985d84359ff41fd81cb777179d7697b: ending tablet copy session 4b89b729a2614aa3b408ee7a6f4f2e3d-962c10cdbef04b6f9f4a552510306eca on tablet 962c10cdbef04b6f9f4a552510306eca with peer 4b89b729a2614aa3b408ee7a6f4f2e3d
I20260608 12:42:29.838353 16356 raft_consensus.cc:993] T 962c10cdbef04b6f9f4a552510306eca P 4985d84359ff41fd81cb777179d7697b: : Instructing follower c633d27289854e528e05ff8323bfcd7d to start an election
I20260608 12:42:29.839695 16355 raft_consensus.cc:1081] T 962c10cdbef04b6f9f4a552510306eca P 4985d84359ff41fd81cb777179d7697b [term 2 LEADER]: Signalling peer c633d27289854e528e05ff8323bfcd7d to start an election
I20260608 12:42:29.843971 15824 tablet_service.cc:2044] Received Run Leader Election RPC: tablet_id: "962c10cdbef04b6f9f4a552510306eca"
dest_uuid: "c633d27289854e528e05ff8323bfcd7d"
 from {username='slave'} at 127.0.0.1:53502
I20260608 12:42:29.845376 15824 raft_consensus.cc:493] T 962c10cdbef04b6f9f4a552510306eca P c633d27289854e528e05ff8323bfcd7d [term 2 FOLLOWER]: Starting forced leader election (received explicit request)
I20260608 12:42:29.845777 15824 raft_consensus.cc:3060] T 962c10cdbef04b6f9f4a552510306eca P c633d27289854e528e05ff8323bfcd7d [term 2 FOLLOWER]: Advancing to term 3
I20260608 12:42:29.853286 15824 raft_consensus.cc:515] T 962c10cdbef04b6f9f4a552510306eca P c633d27289854e528e05ff8323bfcd7d [term 3 FOLLOWER]: Starting forced leader election with config: opid_index: 3 OBSOLETE_local: false peers { permanent_uuid: "4985d84359ff41fd81cb777179d7697b" member_type: VOTER last_known_addr { host: "127.12.120.196" port: 46847 } attrs { replace: true } } peers { permanent_uuid: "4915355ba1c040deb9836b819fa603fd" member_type: VOTER last_known_addr { host: "127.12.120.193" port: 41717 } } peers { permanent_uuid: "c633d27289854e528e05ff8323bfcd7d" member_type: VOTER last_known_addr { host: "127.12.120.194" port: 33619 } } peers { permanent_uuid: "4b89b729a2614aa3b408ee7a6f4f2e3d" member_type: NON_VOTER last_known_addr { host: "127.12.120.195" port: 40425 } attrs { promote: true } }
I20260608 12:42:29.856408 15824 leader_election.cc:290] T 962c10cdbef04b6f9f4a552510306eca P c633d27289854e528e05ff8323bfcd7d [CANDIDATE]: Term 3 election: Requested vote from peers 4985d84359ff41fd81cb777179d7697b (127.12.120.196:46847), 4915355ba1c040deb9836b819fa603fd (127.12.120.193:41717)
I20260608 12:42:29.856452 16094 tablet_service.cc:1917] Received RequestConsensusVote() RPC: tablet_id: "962c10cdbef04b6f9f4a552510306eca" candidate_uuid: "c633d27289854e528e05ff8323bfcd7d" candidate_term: 3 candidate_status { last_received { term: 2 index: 3 } } ignore_live_leader: true dest_uuid: "4985d84359ff41fd81cb777179d7697b"
I20260608 12:42:29.857340 16094 raft_consensus.cc:3055] T 962c10cdbef04b6f9f4a552510306eca P 4985d84359ff41fd81cb777179d7697b [term 2 LEADER]: Stepping down as leader of term 2
I20260608 12:42:29.857687 16094 raft_consensus.cc:740] T 962c10cdbef04b6f9f4a552510306eca P 4985d84359ff41fd81cb777179d7697b [term 2 LEADER]: Becoming Follower/Learner. State: Replica: 4985d84359ff41fd81cb777179d7697b, State: Running, Role: LEADER
I20260608 12:42:29.858011 15750 tablet_service.cc:1917] Received RequestConsensusVote() RPC: tablet_id: "962c10cdbef04b6f9f4a552510306eca" candidate_uuid: "c633d27289854e528e05ff8323bfcd7d" candidate_term: 3 candidate_status { last_received { term: 2 index: 3 } } ignore_live_leader: true dest_uuid: "4915355ba1c040deb9836b819fa603fd"
I20260608 12:42:29.858670 15750 raft_consensus.cc:3060] T 962c10cdbef04b6f9f4a552510306eca P 4915355ba1c040deb9836b819fa603fd [term 2 FOLLOWER]: Advancing to term 3
I20260608 12:42:29.859038 16094 consensus_queue.cc:260] T 962c10cdbef04b6f9f4a552510306eca P 4985d84359ff41fd81cb777179d7697b [NON_LEADER]: Queue going to NON_LEADER mode. State: All replicated index: 0, Majority replicated index: 3, Committed index: 3, Last appended: 2.3, Last appended by leader: 3, Current term: 2, Majority size: -1, State: 0, Mode: NON_LEADER, active raft config: opid_index: 3 OBSOLETE_local: false peers { permanent_uuid: "4985d84359ff41fd81cb777179d7697b" member_type: VOTER last_known_addr { host: "127.12.120.196" port: 46847 } attrs { replace: true } } peers { permanent_uuid: "4915355ba1c040deb9836b819fa603fd" member_type: VOTER last_known_addr { host: "127.12.120.193" port: 41717 } } peers { permanent_uuid: "c633d27289854e528e05ff8323bfcd7d" member_type: VOTER last_known_addr { host: "127.12.120.194" port: 33619 } } peers { permanent_uuid: "4b89b729a2614aa3b408ee7a6f4f2e3d" member_type: NON_VOTER last_known_addr { host: "127.12.120.195" port: 40425 } attrs { promote: true } }
I20260608 12:42:29.860733 16094 raft_consensus.cc:3060] T 962c10cdbef04b6f9f4a552510306eca P 4985d84359ff41fd81cb777179d7697b [term 2 FOLLOWER]: Advancing to term 3
I20260608 12:42:29.864949 15750 raft_consensus.cc:2468] T 962c10cdbef04b6f9f4a552510306eca P 4915355ba1c040deb9836b819fa603fd [term 3 FOLLOWER]: Leader election vote request: Granting yes vote for candidate c633d27289854e528e05ff8323bfcd7d in term 3.
I20260608 12:42:29.866586 15789 leader_election.cc:304] T 962c10cdbef04b6f9f4a552510306eca P c633d27289854e528e05ff8323bfcd7d [CANDIDATE]: Term 3 election: Election decided. Result: candidate won. Election summary: received 2 responses out of 3 voters: 2 yes votes; 0 no votes. yes voters: 4915355ba1c040deb9836b819fa603fd, c633d27289854e528e05ff8323bfcd7d; no voters: 
I20260608 12:42:29.867494 16288 raft_consensus.cc:2804] T 962c10cdbef04b6f9f4a552510306eca P c633d27289854e528e05ff8323bfcd7d [term 3 FOLLOWER]: Leader election won for term 3
I20260608 12:42:29.868345 16094 raft_consensus.cc:2468] T 962c10cdbef04b6f9f4a552510306eca P 4985d84359ff41fd81cb777179d7697b [term 3 FOLLOWER]: Leader election vote request: Granting yes vote for candidate c633d27289854e528e05ff8323bfcd7d in term 3.
I20260608 12:42:29.870855 16288 raft_consensus.cc:697] T 962c10cdbef04b6f9f4a552510306eca P c633d27289854e528e05ff8323bfcd7d [term 3 LEADER]: Becoming Leader. State: Replica: c633d27289854e528e05ff8323bfcd7d, State: Running, Role: LEADER
I20260608 12:42:29.871958 16288 consensus_queue.cc:237] T 962c10cdbef04b6f9f4a552510306eca P c633d27289854e528e05ff8323bfcd7d [LEADER]: Queue going to LEADER mode. State: All replicated index: 0, Majority replicated index: 3, Committed index: 3, Last appended: 2.3, Last appended by leader: 3, Current term: 3, Majority size: 2, State: 0, Mode: LEADER, active raft config: opid_index: 3 OBSOLETE_local: false peers { permanent_uuid: "4985d84359ff41fd81cb777179d7697b" member_type: VOTER last_known_addr { host: "127.12.120.196" port: 46847 } attrs { replace: true } } peers { permanent_uuid: "4915355ba1c040deb9836b819fa603fd" member_type: VOTER last_known_addr { host: "127.12.120.193" port: 41717 } } peers { permanent_uuid: "c633d27289854e528e05ff8323bfcd7d" member_type: VOTER last_known_addr { host: "127.12.120.194" port: 33619 } } peers { permanent_uuid: "4b89b729a2614aa3b408ee7a6f4f2e3d" member_type: NON_VOTER last_known_addr { host: "127.12.120.195" port: 40425 } attrs { promote: true } }
I20260608 12:42:29.880800 15646 catalog_manager.cc:5696] T 962c10cdbef04b6f9f4a552510306eca P c633d27289854e528e05ff8323bfcd7d reported cstate change: term changed from 2 to 3, leader changed from 4985d84359ff41fd81cb777179d7697b (127.12.120.196) to c633d27289854e528e05ff8323bfcd7d (127.12.120.194). New cstate: current_term: 3 leader_uuid: "c633d27289854e528e05ff8323bfcd7d" committed_config { opid_index: 3 OBSOLETE_local: false peers { permanent_uuid: "4985d84359ff41fd81cb777179d7697b" member_type: VOTER last_known_addr { host: "127.12.120.196" port: 46847 } attrs { replace: true } health_report { overall_health: UNKNOWN } } peers { permanent_uuid: "4915355ba1c040deb9836b819fa603fd" member_type: VOTER last_known_addr { host: "127.12.120.193" port: 41717 } health_report { overall_health: UNKNOWN } } peers { permanent_uuid: "c633d27289854e528e05ff8323bfcd7d" member_type: VOTER last_known_addr { host: "127.12.120.194" port: 33619 } health_report { overall_health: HEALTHY } } peers { permanent_uuid: "4b89b729a2614aa3b408ee7a6f4f2e3d" member_type: NON_VOTER last_known_addr { host: "127.12.120.195" port: 40425 } attrs { promote: true } health_report { overall_health: UNKNOWN } } }
I20260608 12:42:29.895087 16373 ts_tablet_manager.cc:933] T 198fa7eff5034ab999db7ff01e37086f P 4985d84359ff41fd81cb777179d7697b: Initiating tablet copy from peer 4915355ba1c040deb9836b819fa603fd (127.12.120.193:41717)
I20260608 12:42:29.897207 16373 tablet_copy_client.cc:323] T 198fa7eff5034ab999db7ff01e37086f P 4985d84359ff41fd81cb777179d7697b: tablet copy: Beginning tablet copy session from remote peer at address 127.12.120.193:41717
I20260608 12:42:29.899274 15761 tablet_copy_service.cc:140] P 4915355ba1c040deb9836b819fa603fd: Received BeginTabletCopySession request for tablet 198fa7eff5034ab999db7ff01e37086f from peer 4985d84359ff41fd81cb777179d7697b ({username='slave'} at 127.0.0.1:37990)
I20260608 12:42:29.899853 15761 tablet_copy_service.cc:161] P 4915355ba1c040deb9836b819fa603fd: Beginning new tablet copy session on tablet 198fa7eff5034ab999db7ff01e37086f from peer 4985d84359ff41fd81cb777179d7697b at {username='slave'} at 127.0.0.1:37990: session id = 4985d84359ff41fd81cb777179d7697b-198fa7eff5034ab999db7ff01e37086f
I20260608 12:42:29.907878 15761 tablet_copy_source_session.cc:215] T 198fa7eff5034ab999db7ff01e37086f P 4915355ba1c040deb9836b819fa603fd: Tablet Copy: opened 0 blocks and 1 log segments
I20260608 12:42:29.911461 16373 data_dirs.cc:400] Could only allocate 1 dirs of requested 3 for tablet 198fa7eff5034ab999db7ff01e37086f. 1 dirs total, 0 dirs full, 0 dirs failed
I20260608 12:42:29.929476 16373 tablet_copy_client.cc:806] T 198fa7eff5034ab999db7ff01e37086f P 4985d84359ff41fd81cb777179d7697b: tablet copy: Starting download of 0 data blocks...
I20260608 12:42:29.930167 16373 tablet_copy_client.cc:670] T 198fa7eff5034ab999db7ff01e37086f P 4985d84359ff41fd81cb777179d7697b: tablet copy: Starting download of 1 WAL segments...
I20260608 12:42:29.935648 16373 tablet_copy_client.cc:538] T 198fa7eff5034ab999db7ff01e37086f P 4985d84359ff41fd81cb777179d7697b: tablet copy: Tablet Copy complete. Replacing tablet superblock.
I20260608 12:42:29.944550 16373 tablet_bootstrap.cc:492] T 198fa7eff5034ab999db7ff01e37086f P 4985d84359ff41fd81cb777179d7697b: Bootstrap starting.
I20260608 12:42:29.971271 16373 tablet_bootstrap.cc:492] T 198fa7eff5034ab999db7ff01e37086f P 4985d84359ff41fd81cb777179d7697b: Bootstrap replayed 1/1 log segments. Stats: ops{read=3 overwritten=0 applied=3 ignored=0} inserts{seen=0 ignored=0} mutations{seen=0 ignored=0} orphaned_commits=0. Pending: 0 replicates
I20260608 12:42:29.972304 16373 tablet_bootstrap.cc:492] T 198fa7eff5034ab999db7ff01e37086f P 4985d84359ff41fd81cb777179d7697b: Bootstrap complete.
I20260608 12:42:29.973140 16373 ts_tablet_manager.cc:1403] T 198fa7eff5034ab999db7ff01e37086f P 4985d84359ff41fd81cb777179d7697b: Time spent bootstrapping tablet: real 0.029s	user 0.012s	sys 0.012s
I20260608 12:42:29.976576 16373 raft_consensus.cc:359] T 198fa7eff5034ab999db7ff01e37086f P 4985d84359ff41fd81cb777179d7697b [term 2 LEARNER]: Replica starting. Triggering 0 pending ops. Active config: opid_index: 3 OBSOLETE_local: false peers { permanent_uuid: "4915355ba1c040deb9836b819fa603fd" member_type: VOTER last_known_addr { host: "127.12.120.193" port: 41717 } } peers { permanent_uuid: "c633d27289854e528e05ff8323bfcd7d" member_type: VOTER last_known_addr { host: "127.12.120.194" port: 33619 } } peers { permanent_uuid: "4b89b729a2614aa3b408ee7a6f4f2e3d" member_type: VOTER last_known_addr { host: "127.12.120.195" port: 40425 } attrs { replace: true } } peers { permanent_uuid: "4985d84359ff41fd81cb777179d7697b" member_type: NON_VOTER last_known_addr { host: "127.12.120.196" port: 46847 } attrs { promote: true } }
I20260608 12:42:29.977540 16373 raft_consensus.cc:740] T 198fa7eff5034ab999db7ff01e37086f P 4985d84359ff41fd81cb777179d7697b [term 2 LEARNER]: Becoming Follower/Learner. State: Replica: 4985d84359ff41fd81cb777179d7697b, State: Initialized, Role: LEARNER
I20260608 12:42:29.978340 16373 consensus_queue.cc:260] T 198fa7eff5034ab999db7ff01e37086f P 4985d84359ff41fd81cb777179d7697b [NON_LEADER]: Queue going to NON_LEADER mode. State: All replicated index: 0, Majority replicated index: 0, Committed index: 3, Last appended: 2.3, Last appended by leader: 3, Current term: 0, Majority size: -1, State: 0, Mode: NON_LEADER, active raft config: opid_index: 3 OBSOLETE_local: false peers { permanent_uuid: "4915355ba1c040deb9836b819fa603fd" member_type: VOTER last_known_addr { host: "127.12.120.193" port: 41717 } } peers { permanent_uuid: "c633d27289854e528e05ff8323bfcd7d" member_type: VOTER last_known_addr { host: "127.12.120.194" port: 33619 } } peers { permanent_uuid: "4b89b729a2614aa3b408ee7a6f4f2e3d" member_type: VOTER last_known_addr { host: "127.12.120.195" port: 40425 } attrs { replace: true } } peers { permanent_uuid: "4985d84359ff41fd81cb777179d7697b" member_type: NON_VOTER last_known_addr { host: "127.12.120.196" port: 46847 } attrs { promote: true } }
I20260608 12:42:29.981318 16373 ts_tablet_manager.cc:1434] T 198fa7eff5034ab999db7ff01e37086f P 4985d84359ff41fd81cb777179d7697b: Time spent starting tablet: real 0.008s	user 0.007s	sys 0.000s
I20260608 12:42:29.987972 15761 tablet_copy_service.cc:342] P 4915355ba1c040deb9836b819fa603fd: Request end of tablet copy session 4985d84359ff41fd81cb777179d7697b-198fa7eff5034ab999db7ff01e37086f received from {username='slave'} at 127.0.0.1:37990
I20260608 12:42:29.988433 15761 tablet_copy_service.cc:434] P 4915355ba1c040deb9836b819fa603fd: ending tablet copy session 4985d84359ff41fd81cb777179d7697b-198fa7eff5034ab999db7ff01e37086f on tablet 198fa7eff5034ab999db7ff01e37086f with peer 4985d84359ff41fd81cb777179d7697b
I20260608 12:42:30.274310 16094 raft_consensus.cc:1275] T 962c10cdbef04b6f9f4a552510306eca P 4985d84359ff41fd81cb777179d7697b [term 3 FOLLOWER]: Refusing update from remote peer c633d27289854e528e05ff8323bfcd7d: Log matching property violated. Preceding OpId in replica: term: 2 index: 3. Preceding OpId from leader: term: 3 index: 4. (index mismatch)
I20260608 12:42:30.275849 16288 consensus_queue.cc:1048] T 962c10cdbef04b6f9f4a552510306eca P c633d27289854e528e05ff8323bfcd7d [LEADER]: Connected to new peer: Peer: permanent_uuid: "4985d84359ff41fd81cb777179d7697b" member_type: VOTER last_known_addr { host: "127.12.120.196" port: 46847 } attrs { replace: true }, Status: LMP_MISMATCH, Last received: 0.0, Next index: 4, Last known committed idx: 3, Time since last communication: 0.000s
I20260608 12:42:30.306519 15900 raft_consensus.cc:3060] T 962c10cdbef04b6f9f4a552510306eca P 4b89b729a2614aa3b408ee7a6f4f2e3d [term 2 LEARNER]: Advancing to term 3
I20260608 12:42:30.308005 15750 raft_consensus.cc:1275] T 962c10cdbef04b6f9f4a552510306eca P 4915355ba1c040deb9836b819fa603fd [term 3 FOLLOWER]: Refusing update from remote peer c633d27289854e528e05ff8323bfcd7d: Log matching property violated. Preceding OpId in replica: term: 2 index: 3. Preceding OpId from leader: term: 3 index: 4. (index mismatch)
I20260608 12:42:30.315238 16288 consensus_queue.cc:1048] T 962c10cdbef04b6f9f4a552510306eca P c633d27289854e528e05ff8323bfcd7d [LEADER]: Connected to new peer: Peer: permanent_uuid: "4915355ba1c040deb9836b819fa603fd" member_type: VOTER last_known_addr { host: "127.12.120.193" port: 41717 }, Status: LMP_MISMATCH, Last received: 0.0, Next index: 4, Last known committed idx: 3, Time since last communication: 0.000s
I20260608 12:42:30.316434 15900 raft_consensus.cc:1275] T 962c10cdbef04b6f9f4a552510306eca P 4b89b729a2614aa3b408ee7a6f4f2e3d [term 3 LEARNER]: Refusing update from remote peer c633d27289854e528e05ff8323bfcd7d: Log matching property violated. Preceding OpId in replica: term: 2 index: 3. Preceding OpId from leader: term: 3 index: 4. (index mismatch)
I20260608 12:42:30.336023 16288 consensus_queue.cc:1048] T 962c10cdbef04b6f9f4a552510306eca P c633d27289854e528e05ff8323bfcd7d [LEADER]: Connected to new peer: Peer: permanent_uuid: "4b89b729a2614aa3b408ee7a6f4f2e3d" member_type: NON_VOTER last_known_addr { host: "127.12.120.195" port: 40425 } attrs { promote: true }, Status: LMP_MISMATCH, Last received: 0.0, Next index: 4, Last known committed idx: 3, Time since last communication: 0.000s
I20260608 12:42:30.374898 16378 raft_consensus.cc:1064] T 962c10cdbef04b6f9f4a552510306eca P c633d27289854e528e05ff8323bfcd7d: attempting to promote NON_VOTER 4b89b729a2614aa3b408ee7a6f4f2e3d to VOTER
I20260608 12:42:30.377797 16378 consensus_queue.cc:237] T 962c10cdbef04b6f9f4a552510306eca P c633d27289854e528e05ff8323bfcd7d [LEADER]: Queue going to LEADER mode. State: All replicated index: 0, Majority replicated index: 4, Committed index: 4, Last appended: 3.4, Last appended by leader: 3, Current term: 3, Majority size: 3, State: 0, Mode: LEADER, active raft config: opid_index: 5 OBSOLETE_local: false peers { permanent_uuid: "4985d84359ff41fd81cb777179d7697b" member_type: VOTER last_known_addr { host: "127.12.120.196" port: 46847 } attrs { replace: true } } peers { permanent_uuid: "4915355ba1c040deb9836b819fa603fd" member_type: VOTER last_known_addr { host: "127.12.120.193" port: 41717 } } peers { permanent_uuid: "c633d27289854e528e05ff8323bfcd7d" member_type: VOTER last_known_addr { host: "127.12.120.194" port: 33619 } } peers { permanent_uuid: "4b89b729a2614aa3b408ee7a6f4f2e3d" member_type: VOTER last_known_addr { host: "127.12.120.195" port: 40425 } attrs { promote: false } }
