I20260608 12:40:57.815955 13440 consensus_queue.cc:1048] T c53cce3432c1436ba79d7ecd20586197 P 2c38c7e8ff8344ca83bc6a84e9bdb941 [LEADER]: Connected to new peer: Peer: permanent_uuid: "a63324527c004cb5b90fc6ff3ccc2b47" member_type: VOTER last_known_addr { host: "127.12.71.1" port: 38493 }, Status: LMP_MISMATCH, Last received: 0.0, Next index: 1, Last known committed idx: 0, Time since last communication: 0.000s
I20260608 12:40:57.817391 12572 txn_system_client.cc:432] TxnSystemClient initialization is disabled...
I20260608 12:40:57.820482 12572 ts_tablet_manager.cc:585] Loaded tablet metadata (0 total tablets, 0 live tablets)
I20260608 12:40:57.820791 12572 ts_tablet_manager.cc:531] Time spent load tablet metadata: real 0.000s	user 0.000s	sys 0.000s
I20260608 12:40:57.821166 12572 ts_tablet_manager.cc:616] Registered 0 tablets
I20260608 12:40:57.821429 12572 ts_tablet_manager.cc:595] Time spent register tablets: real 0.000s	user 0.000s	sys 0.000s
I20260608 12:40:57.829790 13388 raft_consensus.cc:3060] T c53cce3432c1436ba79d7ecd20586197 P 0290453bbf684d9eb60b5ae8db66617a [term 0 FOLLOWER]: Advancing to term 1
I20260608 12:40:57.840449 13460 consensus_queue.cc:1048] T c53cce3432c1436ba79d7ecd20586197 P 2c38c7e8ff8344ca83bc6a84e9bdb941 [LEADER]: Connected to new peer: Peer: permanent_uuid: "0290453bbf684d9eb60b5ae8db66617a" member_type: VOTER last_known_addr { host: "127.12.71.3" port: 46495 }, Status: LMP_MISMATCH, Last received: 0.0, Next index: 1, Last known committed idx: 0, Time since last communication: 0.000s
I20260608 12:40:57.881301 12572 rpc_server.cc:307] RPC server started. Bound to: 127.12.71.4:38927
I20260608 12:40:57.881415 13566 acceptor_pool.cc:272] collecting diagnostics on the listening RPC socket 127.12.71.4:38927 every 8 connection(s)
I20260608 12:40:57.896366 13567 heartbeater.cc:344] Connected to a master server at 127.12.71.62:43135
I20260608 12:40:57.896759 13567 heartbeater.cc:461] Registering TS with master...
I20260608 12:40:57.897522 13567 heartbeater.cc:507] Master 127.12.71.62:43135 requested a full tablet report, sending...
I20260608 12:40:57.899385 13137 ts_manager.cc:194] Registered new tserver with Master: 08039de7c79045f1b0921b07e4e0d5bd (127.12.71.4:38927)
I20260608 12:40:57.900658 13137 master_service.cc:502] Signed X509 certificate for tserver {username='slave'} at 127.0.0.1:35720
I20260608 12:40:57.927138 13473 consensus_queue.cc:1048] T 1bd2947829ed4e7fb12ffcf95dd3c278 P a63324527c004cb5b90fc6ff3ccc2b47 [LEADER]: Connected to new peer: Peer: permanent_uuid: "2c38c7e8ff8344ca83bc6a84e9bdb941" member_type: VOTER last_known_addr { host: "127.12.71.2" port: 33859 }, Status: LMP_MISMATCH, Last received: 0.0, Next index: 1, Last known committed idx: 0, Time since last communication: 0.000s
I20260608 12:40:57.938153 13479 consensus_queue.cc:1048] T 1bd2947829ed4e7fb12ffcf95dd3c278 P a63324527c004cb5b90fc6ff3ccc2b47 [LEADER]: Connected to new peer: Peer: permanent_uuid: "0290453bbf684d9eb60b5ae8db66617a" member_type: VOTER last_known_addr { host: "127.12.71.3" port: 46495 }, Status: LMP_MISMATCH, Last received: 0.0, Next index: 1, Last known committed idx: 0, Time since last communication: 0.001s
I20260608 12:40:58.020740 13441 consensus_queue.cc:1048] T 7a994ce19c6046c49bb0fb07da68e97b P a63324527c004cb5b90fc6ff3ccc2b47 [LEADER]: Connected to new peer: Peer: permanent_uuid: "0290453bbf684d9eb60b5ae8db66617a" member_type: VOTER last_known_addr { host: "127.12.71.3" port: 46495 }, Status: LMP_MISMATCH, Last received: 0.0, Next index: 1, Last known committed idx: 0, Time since last communication: 0.000s
I20260608 12:40:58.031451 13479 consensus_queue.cc:1048] T 7a994ce19c6046c49bb0fb07da68e97b P a63324527c004cb5b90fc6ff3ccc2b47 [LEADER]: Connected to new peer: Peer: permanent_uuid: "2c38c7e8ff8344ca83bc6a84e9bdb941" member_type: VOTER last_known_addr { host: "127.12.71.2" port: 33859 }, Status: LMP_MISMATCH, Last received: 0.0, Next index: 1, Last known committed idx: 0, Time since last communication: 0.000s
I20260608 12:40:58.062160 13442 consensus_queue.cc:1048] T edd02dc5e71645b4b95c73741b8dba7b P 0290453bbf684d9eb60b5ae8db66617a [LEADER]: Connected to new peer: Peer: permanent_uuid: "2c38c7e8ff8344ca83bc6a84e9bdb941" member_type: VOTER last_known_addr { host: "127.12.71.2" port: 33859 }, Status: LMP_MISMATCH, Last received: 0.0, Next index: 1, Last known committed idx: 0, Time since last communication: 0.000s
I20260608 12:40:58.073549 13576 consensus_queue.cc:1048] T edd02dc5e71645b4b95c73741b8dba7b P 0290453bbf684d9eb60b5ae8db66617a [LEADER]: Connected to new peer: Peer: permanent_uuid: "a63324527c004cb5b90fc6ff3ccc2b47" member_type: VOTER last_known_addr { host: "127.12.71.1" port: 38493 }, Status: LMP_MISMATCH, Last received: 0.0, Next index: 1, Last known committed idx: 0, Time since last communication: 0.000s
I20260608 12:40:58.211222 13576 consensus_queue.cc:1048] T a9d23f460bc54972bfcdf01814781465 P 0290453bbf684d9eb60b5ae8db66617a [LEADER]: Connected to new peer: Peer: permanent_uuid: "a63324527c004cb5b90fc6ff3ccc2b47" member_type: VOTER last_known_addr { host: "127.12.71.1" port: 38493 }, Status: LMP_MISMATCH, Last received: 0.0, Next index: 1, Last known committed idx: 0, Time since last communication: 0.000s
I20260608 12:40:58.221762 13576 consensus_queue.cc:1048] T a9d23f460bc54972bfcdf01814781465 P 0290453bbf684d9eb60b5ae8db66617a [LEADER]: Connected to new peer: Peer: permanent_uuid: "2c38c7e8ff8344ca83bc6a84e9bdb941" member_type: VOTER last_known_addr { host: "127.12.71.2" port: 33859 }, Status: LMP_MISMATCH, Last received: 0.0, Next index: 1, Last known committed idx: 0, Time since last communication: 0.000s
I20260608 12:40:58.286170 13576 consensus_queue.cc:1048] T 8ec7347563124b139f12cac0e0332fbb P 0290453bbf684d9eb60b5ae8db66617a [LEADER]: Connected to new peer: Peer: permanent_uuid: "2c38c7e8ff8344ca83bc6a84e9bdb941" member_type: VOTER last_known_addr { host: "127.12.71.2" port: 33859 }, Status: LMP_MISMATCH, Last received: 0.0, Next index: 1, Last known committed idx: 0, Time since last communication: 0.000s
I20260608 12:40:58.297446 13576 consensus_queue.cc:1048] T 8ec7347563124b139f12cac0e0332fbb P 0290453bbf684d9eb60b5ae8db66617a [LEADER]: Connected to new peer: Peer: permanent_uuid: "a63324527c004cb5b90fc6ff3ccc2b47" member_type: VOTER last_known_addr { host: "127.12.71.1" port: 38493 }, Status: LMP_MISMATCH, Last received: 0.0, Next index: 1, Last known committed idx: 0, Time since last communication: 0.000s
I20260608 12:40:58.902853 13567 heartbeater.cc:499] Master 127.12.71.62:43135 was elected leader, sending a full tablet report...
I20260608 12:40:59.402587 13191 auto_leader_rebalancer.cc:140] leader rebalance for table test-workload
I20260608 12:40:59.408736 13191 auto_leader_rebalancer.cc:388] table: test-workload, leader rebalance finish, leader transfer count: 0
I20260608 12:40:59.409190 13191 auto_leader_rebalancer.cc:451] All tables' leader rebalancing finished this round
I20260608 12:41:01.410451 13191 auto_leader_rebalancer.cc:140] leader rebalance for table test-workload
I20260608 12:41:01.416594 13191 auto_leader_rebalancer.cc:388] table: test-workload, leader rebalance finish, leader transfer count: 0
I20260608 12:41:01.416958 13191 auto_leader_rebalancer.cc:451] All tables' leader rebalancing finished this round
I20260608 12:41:03.417901 13191 auto_leader_rebalancer.cc:140] leader rebalance for table test-workload
I20260608 12:41:03.424444 13191 auto_leader_rebalancer.cc:388] table: test-workload, leader rebalance finish, leader transfer count: 0
I20260608 12:41:03.424850 13191 auto_leader_rebalancer.cc:451] All tables' leader rebalancing finished this round
I20260608 12:41:03.432708 13240 consensus_queue.cc:237] T 7a994ce19c6046c49bb0fb07da68e97b P a63324527c004cb5b90fc6ff3ccc2b47 [LEADER]: Queue going to LEADER mode. State: All replicated index: 0, Majority replicated index: 1, Committed index: 1, Last appended: 1.1, Last appended by leader: 0, Current term: 1, Majority size: 2, State: 0, Mode: LEADER, active raft config: opid_index: 2 OBSOLETE_local: false peers { permanent_uuid: "a63324527c004cb5b90fc6ff3ccc2b47" member_type: VOTER last_known_addr { host: "127.12.71.1" port: 38493 } } peers { permanent_uuid: "2c38c7e8ff8344ca83bc6a84e9bdb941" member_type: VOTER last_known_addr { host: "127.12.71.2" port: 33859 } } peers { permanent_uuid: "0290453bbf684d9eb60b5ae8db66617a" member_type: VOTER last_known_addr { host: "127.12.71.3" port: 46495 } attrs { replace: true } } peers { permanent_uuid: "08039de7c79045f1b0921b07e4e0d5bd" member_type: NON_VOTER last_known_addr { host: "127.12.71.4" port: 38927 } attrs { promote: true } }
I20260608 12:41:03.441131 13389 raft_consensus.cc:1275] T 7a994ce19c6046c49bb0fb07da68e97b P 0290453bbf684d9eb60b5ae8db66617a [term 1 FOLLOWER]: Refusing update from remote peer a63324527c004cb5b90fc6ff3ccc2b47: Log matching property violated. Preceding OpId in replica: term: 1 index: 1. Preceding OpId from leader: term: 1 index: 2. (index mismatch)
I20260608 12:41:03.442991 13315 raft_consensus.cc:1275] T 7a994ce19c6046c49bb0fb07da68e97b P 2c38c7e8ff8344ca83bc6a84e9bdb941 [term 1 FOLLOWER]: Refusing update from remote peer a63324527c004cb5b90fc6ff3ccc2b47: Log matching property violated. Preceding OpId in replica: term: 1 index: 1. Preceding OpId from leader: term: 1 index: 2. (index mismatch)
I20260608 12:41:03.443214 13585 consensus_queue.cc:1048] T 7a994ce19c6046c49bb0fb07da68e97b P a63324527c004cb5b90fc6ff3ccc2b47 [LEADER]: Connected to new peer: Peer: permanent_uuid: "0290453bbf684d9eb60b5ae8db66617a" member_type: VOTER last_known_addr { host: "127.12.71.3" port: 46495 } attrs { replace: true }, Status: LMP_MISMATCH, Last received: 0.0, Next index: 2, Last known committed idx: 1, Time since last communication: 0.001s
I20260608 12:41:03.444566 13591 consensus_queue.cc:1048] T 7a994ce19c6046c49bb0fb07da68e97b P a63324527c004cb5b90fc6ff3ccc2b47 [LEADER]: Connected to new peer: Peer: permanent_uuid: "2c38c7e8ff8344ca83bc6a84e9bdb941" member_type: VOTER last_known_addr { host: "127.12.71.2" port: 33859 }, Status: LMP_MISMATCH, Last received: 0.0, Next index: 2, Last known committed idx: 1, Time since last communication: 0.001s
W20260608 12:41:03.457094 13206 consensus_peers.cc:597] T 7a994ce19c6046c49bb0fb07da68e97b P a63324527c004cb5b90fc6ff3ccc2b47 -> Peer 08039de7c79045f1b0921b07e4e0d5bd (127.12.71.4:38927): Couldn't send request to peer 08039de7c79045f1b0921b07e4e0d5bd. Error code: TABLET_NOT_FOUND (6). Status: Not found: Tablet not found: 7a994ce19c6046c49bb0fb07da68e97b. This is attempt 1: this message will repeat every 5th retry.
I20260608 12:41:03.457093 13591 raft_consensus.cc:2955] T 7a994ce19c6046c49bb0fb07da68e97b P a63324527c004cb5b90fc6ff3ccc2b47 [term 1 LEADER]: Committing config change with OpId 1.2: config changed from index -1 to 2, NON_VOTER 08039de7c79045f1b0921b07e4e0d5bd (127.12.71.4) added. New config: { opid_index: 2 OBSOLETE_local: false peers { permanent_uuid: "a63324527c004cb5b90fc6ff3ccc2b47" member_type: VOTER last_known_addr { host: "127.12.71.1" port: 38493 } } peers { permanent_uuid: "2c38c7e8ff8344ca83bc6a84e9bdb941" member_type: VOTER last_known_addr { host: "127.12.71.2" port: 33859 } } peers { permanent_uuid: "0290453bbf684d9eb60b5ae8db66617a" member_type: VOTER last_known_addr { host: "127.12.71.3" port: 46495 } attrs { replace: true } } peers { permanent_uuid: "08039de7c79045f1b0921b07e4e0d5bd" member_type: NON_VOTER last_known_addr { host: "127.12.71.4" port: 38927 } attrs { promote: true } } }
I20260608 12:41:03.459321 13315 raft_consensus.cc:2955] T 7a994ce19c6046c49bb0fb07da68e97b P 2c38c7e8ff8344ca83bc6a84e9bdb941 [term 1 FOLLOWER]: Committing config change with OpId 1.2: config changed from index -1 to 2, NON_VOTER 08039de7c79045f1b0921b07e4e0d5bd (127.12.71.4) added. New config: { opid_index: 2 OBSOLETE_local: false peers { permanent_uuid: "a63324527c004cb5b90fc6ff3ccc2b47" member_type: VOTER last_known_addr { host: "127.12.71.1" port: 38493 } } peers { permanent_uuid: "2c38c7e8ff8344ca83bc6a84e9bdb941" member_type: VOTER last_known_addr { host: "127.12.71.2" port: 33859 } } peers { permanent_uuid: "0290453bbf684d9eb60b5ae8db66617a" member_type: VOTER last_known_addr { host: "127.12.71.3" port: 46495 } attrs { replace: true } } peers { permanent_uuid: "08039de7c79045f1b0921b07e4e0d5bd" member_type: NON_VOTER last_known_addr { host: "127.12.71.4" port: 38927 } attrs { promote: true } } }
I20260608 12:41:03.468554 13389 raft_consensus.cc:2955] T 7a994ce19c6046c49bb0fb07da68e97b P 0290453bbf684d9eb60b5ae8db66617a [term 1 FOLLOWER]: Committing config change with OpId 1.2: config changed from index -1 to 2, NON_VOTER 08039de7c79045f1b0921b07e4e0d5bd (127.12.71.4) added. New config: { opid_index: 2 OBSOLETE_local: false peers { permanent_uuid: "a63324527c004cb5b90fc6ff3ccc2b47" member_type: VOTER last_known_addr { host: "127.12.71.1" port: 38493 } } peers { permanent_uuid: "2c38c7e8ff8344ca83bc6a84e9bdb941" member_type: VOTER last_known_addr { host: "127.12.71.2" port: 33859 } } peers { permanent_uuid: "0290453bbf684d9eb60b5ae8db66617a" member_type: VOTER last_known_addr { host: "127.12.71.3" port: 46495 } attrs { replace: true } } peers { permanent_uuid: "08039de7c79045f1b0921b07e4e0d5bd" member_type: NON_VOTER last_known_addr { host: "127.12.71.4" port: 38927 } attrs { promote: true } } }
I20260608 12:41:03.472505 13137 catalog_manager.cc:5696] T 7a994ce19c6046c49bb0fb07da68e97b P 2c38c7e8ff8344ca83bc6a84e9bdb941 reported cstate change: config changed from index -1 to 2, NON_VOTER 08039de7c79045f1b0921b07e4e0d5bd (127.12.71.4) added. New cstate: current_term: 1 leader_uuid: "a63324527c004cb5b90fc6ff3ccc2b47" committed_config { opid_index: 2 OBSOLETE_local: false peers { permanent_uuid: "a63324527c004cb5b90fc6ff3ccc2b47" member_type: VOTER last_known_addr { host: "127.12.71.1" port: 38493 } } peers { permanent_uuid: "2c38c7e8ff8344ca83bc6a84e9bdb941" member_type: VOTER last_known_addr { host: "127.12.71.2" port: 33859 } } peers { permanent_uuid: "0290453bbf684d9eb60b5ae8db66617a" member_type: VOTER last_known_addr { host: "127.12.71.3" port: 46495 } attrs { replace: true } } peers { permanent_uuid: "08039de7c79045f1b0921b07e4e0d5bd" member_type: NON_VOTER last_known_addr { host: "127.12.71.4" port: 38927 } attrs { promote: true } } }
I20260608 12:41:03.492280 13388 consensus_queue.cc:237] T 8ec7347563124b139f12cac0e0332fbb P 0290453bbf684d9eb60b5ae8db66617a [LEADER]: Queue going to LEADER mode. State: All replicated index: 0, Majority replicated index: 1, Committed index: 1, Last appended: 1.1, Last appended by leader: 0, Current term: 1, Majority size: 2, State: 0, Mode: LEADER, active raft config: opid_index: 2 OBSOLETE_local: false peers { permanent_uuid: "a63324527c004cb5b90fc6ff3ccc2b47" member_type: VOTER last_known_addr { host: "127.12.71.1" port: 38493 } } peers { permanent_uuid: "2c38c7e8ff8344ca83bc6a84e9bdb941" member_type: VOTER last_known_addr { host: "127.12.71.2" port: 33859 } attrs { replace: true } } peers { permanent_uuid: "0290453bbf684d9eb60b5ae8db66617a" member_type: VOTER last_known_addr { host: "127.12.71.3" port: 46495 } } peers { permanent_uuid: "08039de7c79045f1b0921b07e4e0d5bd" member_type: NON_VOTER last_known_addr { host: "127.12.71.4" port: 38927 } attrs { promote: true } }
I20260608 12:41:03.505029 13240 raft_consensus.cc:1275] T 8ec7347563124b139f12cac0e0332fbb P a63324527c004cb5b90fc6ff3ccc2b47 [term 1 FOLLOWER]: Refusing update from remote peer 0290453bbf684d9eb60b5ae8db66617a: Log matching property violated. Preceding OpId in replica: term: 1 index: 1. Preceding OpId from leader: term: 1 index: 2. (index mismatch)
I20260608 12:41:03.506946 13315 raft_consensus.cc:1275] T 8ec7347563124b139f12cac0e0332fbb P 2c38c7e8ff8344ca83bc6a84e9bdb941 [term 1 FOLLOWER]: Refusing update from remote peer 0290453bbf684d9eb60b5ae8db66617a: Log matching property violated. Preceding OpId in replica: term: 1 index: 1. Preceding OpId from leader: term: 1 index: 2. (index mismatch)
I20260608 12:41:03.507516 13586 consensus_queue.cc:1048] T 8ec7347563124b139f12cac0e0332fbb P 0290453bbf684d9eb60b5ae8db66617a [LEADER]: Connected to new peer: Peer: permanent_uuid: "a63324527c004cb5b90fc6ff3ccc2b47" member_type: VOTER last_known_addr { host: "127.12.71.1" port: 38493 }, Status: LMP_MISMATCH, Last received: 0.0, Next index: 2, Last known committed idx: 1, Time since last communication: 0.001s
I20260608 12:41:03.509768 13586 consensus_queue.cc:1048] T 8ec7347563124b139f12cac0e0332fbb P 0290453bbf684d9eb60b5ae8db66617a [LEADER]: Connected to new peer: Peer: permanent_uuid: "2c38c7e8ff8344ca83bc6a84e9bdb941" member_type: VOTER last_known_addr { host: "127.12.71.2" port: 33859 } attrs { replace: true }, Status: LMP_MISMATCH, Last received: 0.0, Next index: 2, Last known committed idx: 1, Time since last communication: 0.000s
W20260608 12:41:03.517673 13355 consensus_peers.cc:597] T 8ec7347563124b139f12cac0e0332fbb P 0290453bbf684d9eb60b5ae8db66617a -> Peer 08039de7c79045f1b0921b07e4e0d5bd (127.12.71.4:38927): Couldn't send request to peer 08039de7c79045f1b0921b07e4e0d5bd. Error code: TABLET_NOT_FOUND (6). Status: Not found: Tablet not found: 8ec7347563124b139f12cac0e0332fbb. This is attempt 1: this message will repeat every 5th retry.
I20260608 12:41:03.521886 13603 raft_consensus.cc:2955] T 8ec7347563124b139f12cac0e0332fbb P 0290453bbf684d9eb60b5ae8db66617a [term 1 LEADER]: Committing config change with OpId 1.2: config changed from index -1 to 2, NON_VOTER 08039de7c79045f1b0921b07e4e0d5bd (127.12.71.4) added. New config: { opid_index: 2 OBSOLETE_local: false peers { permanent_uuid: "a63324527c004cb5b90fc6ff3ccc2b47" member_type: VOTER last_known_addr { host: "127.12.71.1" port: 38493 } } peers { permanent_uuid: "2c38c7e8ff8344ca83bc6a84e9bdb941" member_type: VOTER last_known_addr { host: "127.12.71.2" port: 33859 } attrs { replace: true } } peers { permanent_uuid: "0290453bbf684d9eb60b5ae8db66617a" member_type: VOTER last_known_addr { host: "127.12.71.3" port: 46495 } } peers { permanent_uuid: "08039de7c79045f1b0921b07e4e0d5bd" member_type: NON_VOTER last_known_addr { host: "127.12.71.4" port: 38927 } attrs { promote: true } } }
I20260608 12:41:03.523798 13240 raft_consensus.cc:2955] T 8ec7347563124b139f12cac0e0332fbb P a63324527c004cb5b90fc6ff3ccc2b47 [term 1 FOLLOWER]: Committing config change with OpId 1.2: config changed from index -1 to 2, NON_VOTER 08039de7c79045f1b0921b07e4e0d5bd (127.12.71.4) added. New config: { opid_index: 2 OBSOLETE_local: false peers { permanent_uuid: "a63324527c004cb5b90fc6ff3ccc2b47" member_type: VOTER last_known_addr { host: "127.12.71.1" port: 38493 } } peers { permanent_uuid: "2c38c7e8ff8344ca83bc6a84e9bdb941" member_type: VOTER last_known_addr { host: "127.12.71.2" port: 33859 } attrs { replace: true } } peers { permanent_uuid: "0290453bbf684d9eb60b5ae8db66617a" member_type: VOTER last_known_addr { host: "127.12.71.3" port: 46495 } } peers { permanent_uuid: "08039de7c79045f1b0921b07e4e0d5bd" member_type: NON_VOTER last_known_addr { host: "127.12.71.4" port: 38927 } attrs { promote: true } } }
I20260608 12:41:03.523645 13315 raft_consensus.cc:2955] T 8ec7347563124b139f12cac0e0332fbb P 2c38c7e8ff8344ca83bc6a84e9bdb941 [term 1 FOLLOWER]: Committing config change with OpId 1.2: config changed from index -1 to 2, NON_VOTER 08039de7c79045f1b0921b07e4e0d5bd (127.12.71.4) added. New config: { opid_index: 2 OBSOLETE_local: false peers { permanent_uuid: "a63324527c004cb5b90fc6ff3ccc2b47" member_type: VOTER last_known_addr { host: "127.12.71.1" port: 38493 } } peers { permanent_uuid: "2c38c7e8ff8344ca83bc6a84e9bdb941" member_type: VOTER last_known_addr { host: "127.12.71.2" port: 33859 } attrs { replace: true } } peers { permanent_uuid: "0290453bbf684d9eb60b5ae8db66617a" member_type: VOTER last_known_addr { host: "127.12.71.3" port: 46495 } } peers { permanent_uuid: "08039de7c79045f1b0921b07e4e0d5bd" member_type: NON_VOTER last_known_addr { host: "127.12.71.4" port: 38927 } attrs { promote: true } } }
I20260608 12:41:03.535079 13138 catalog_manager.cc:5696] T 8ec7347563124b139f12cac0e0332fbb P a63324527c004cb5b90fc6ff3ccc2b47 reported cstate change: config changed from index -1 to 2, NON_VOTER 08039de7c79045f1b0921b07e4e0d5bd (127.12.71.4) added. New cstate: current_term: 1 leader_uuid: "0290453bbf684d9eb60b5ae8db66617a" committed_config { opid_index: 2 OBSOLETE_local: false peers { permanent_uuid: "a63324527c004cb5b90fc6ff3ccc2b47" member_type: VOTER last_known_addr { host: "127.12.71.1" port: 38493 } } peers { permanent_uuid: "2c38c7e8ff8344ca83bc6a84e9bdb941" member_type: VOTER last_known_addr { host: "127.12.71.2" port: 33859 } attrs { replace: true } } peers { permanent_uuid: "0290453bbf684d9eb60b5ae8db66617a" member_type: VOTER last_known_addr { host: "127.12.71.3" port: 46495 } } peers { permanent_uuid: "08039de7c79045f1b0921b07e4e0d5bd" member_type: NON_VOTER last_known_addr { host: "127.12.71.4" port: 38927 } attrs { promote: true } } }
I20260608 12:41:03.550001 13315 consensus_queue.cc:237] T c53cce3432c1436ba79d7ecd20586197 P 2c38c7e8ff8344ca83bc6a84e9bdb941 [LEADER]: Queue going to LEADER mode. State: All replicated index: 0, Majority replicated index: 1, Committed index: 1, Last appended: 1.1, Last appended by leader: 0, Current term: 1, Majority size: 2, State: 0, Mode: LEADER, active raft config: opid_index: 2 OBSOLETE_local: false peers { permanent_uuid: "a63324527c004cb5b90fc6ff3ccc2b47" member_type: VOTER last_known_addr { host: "127.12.71.1" port: 38493 } attrs { replace: true } } peers { permanent_uuid: "2c38c7e8ff8344ca83bc6a84e9bdb941" member_type: VOTER last_known_addr { host: "127.12.71.2" port: 33859 } } peers { permanent_uuid: "0290453bbf684d9eb60b5ae8db66617a" member_type: VOTER last_known_addr { host: "127.12.71.3" port: 46495 } } peers { permanent_uuid: "08039de7c79045f1b0921b07e4e0d5bd" member_type: NON_VOTER last_known_addr { host: "127.12.71.4" port: 38927 } attrs { promote: true } }
I20260608 12:41:03.558635 13388 raft_consensus.cc:1275] T c53cce3432c1436ba79d7ecd20586197 P 0290453bbf684d9eb60b5ae8db66617a [term 1 FOLLOWER]: Refusing update from remote peer 2c38c7e8ff8344ca83bc6a84e9bdb941: Log matching property violated. Preceding OpId in replica: term: 1 index: 1. Preceding OpId from leader: term: 1 index: 2. (index mismatch)
I20260608 12:41:03.560523 13240 raft_consensus.cc:1275] T c53cce3432c1436ba79d7ecd20586197 P a63324527c004cb5b90fc6ff3ccc2b47 [term 1 FOLLOWER]: Refusing update from remote peer 2c38c7e8ff8344ca83bc6a84e9bdb941: Log matching property violated. Preceding OpId in replica: term: 1 index: 1. Preceding OpId from leader: term: 1 index: 2. (index mismatch)
I20260608 12:41:03.560298 13584 consensus_queue.cc:1048] T c53cce3432c1436ba79d7ecd20586197 P 2c38c7e8ff8344ca83bc6a84e9bdb941 [LEADER]: Connected to new peer: Peer: permanent_uuid: "0290453bbf684d9eb60b5ae8db66617a" member_type: VOTER last_known_addr { host: "127.12.71.3" port: 46495 }, Status: LMP_MISMATCH, Last received: 0.0, Next index: 2, Last known committed idx: 1, Time since last communication: 0.001s
I20260608 12:41:03.562008 13611 consensus_queue.cc:1048] T c53cce3432c1436ba79d7ecd20586197 P 2c38c7e8ff8344ca83bc6a84e9bdb941 [LEADER]: Connected to new peer: Peer: permanent_uuid: "a63324527c004cb5b90fc6ff3ccc2b47" member_type: VOTER last_known_addr { host: "127.12.71.1" port: 38493 } attrs { replace: true }, Status: LMP_MISMATCH, Last received: 0.0, Next index: 2, Last known committed idx: 1, Time since last communication: 0.003s
W20260608 12:41:03.572252 13281 consensus_peers.cc:597] T c53cce3432c1436ba79d7ecd20586197 P 2c38c7e8ff8344ca83bc6a84e9bdb941 -> Peer 08039de7c79045f1b0921b07e4e0d5bd (127.12.71.4:38927): Couldn't send request to peer 08039de7c79045f1b0921b07e4e0d5bd. Error code: TABLET_NOT_FOUND (6). Status: Not found: Tablet not found: c53cce3432c1436ba79d7ecd20586197. This is attempt 1: this message will repeat every 5th retry.
I20260608 12:41:03.575475 13611 raft_consensus.cc:2955] T c53cce3432c1436ba79d7ecd20586197 P 2c38c7e8ff8344ca83bc6a84e9bdb941 [term 1 LEADER]: Committing config change with OpId 1.2: config changed from index -1 to 2, NON_VOTER 08039de7c79045f1b0921b07e4e0d5bd (127.12.71.4) added. New config: { opid_index: 2 OBSOLETE_local: false peers { permanent_uuid: "a63324527c004cb5b90fc6ff3ccc2b47" member_type: VOTER last_known_addr { host: "127.12.71.1" port: 38493 } attrs { replace: true } } peers { permanent_uuid: "2c38c7e8ff8344ca83bc6a84e9bdb941" member_type: VOTER last_known_addr { host: "127.12.71.2" port: 33859 } } peers { permanent_uuid: "0290453bbf684d9eb60b5ae8db66617a" member_type: VOTER last_known_addr { host: "127.12.71.3" port: 46495 } } peers { permanent_uuid: "08039de7c79045f1b0921b07e4e0d5bd" member_type: NON_VOTER last_known_addr { host: "127.12.71.4" port: 38927 } attrs { promote: true } } }
I20260608 12:41:03.578366 13240 raft_consensus.cc:2955] T c53cce3432c1436ba79d7ecd20586197 P a63324527c004cb5b90fc6ff3ccc2b47 [term 1 FOLLOWER]: Committing config change with OpId 1.2: config changed from index -1 to 2, NON_VOTER 08039de7c79045f1b0921b07e4e0d5bd (127.12.71.4) added. New config: { opid_index: 2 OBSOLETE_local: false peers { permanent_uuid: "a63324527c004cb5b90fc6ff3ccc2b47" member_type: VOTER last_known_addr { host: "127.12.71.1" port: 38493 } attrs { replace: true } } peers { permanent_uuid: "2c38c7e8ff8344ca83bc6a84e9bdb941" member_type: VOTER last_known_addr { host: "127.12.71.2" port: 33859 } } peers { permanent_uuid: "0290453bbf684d9eb60b5ae8db66617a" member_type: VOTER last_known_addr { host: "127.12.71.3" port: 46495 } } peers { permanent_uuid: "08039de7c79045f1b0921b07e4e0d5bd" member_type: NON_VOTER last_known_addr { host: "127.12.71.4" port: 38927 } attrs { promote: true } } }
I20260608 12:41:03.591090 13136 catalog_manager.cc:5696] T c53cce3432c1436ba79d7ecd20586197 P 2c38c7e8ff8344ca83bc6a84e9bdb941 reported cstate change: config changed from index -1 to 2, NON_VOTER 08039de7c79045f1b0921b07e4e0d5bd (127.12.71.4) added. New cstate: current_term: 1 leader_uuid: "2c38c7e8ff8344ca83bc6a84e9bdb941" committed_config { opid_index: 2 OBSOLETE_local: false peers { permanent_uuid: "a63324527c004cb5b90fc6ff3ccc2b47" member_type: VOTER last_known_addr { host: "127.12.71.1" port: 38493 } attrs { replace: true } health_report { overall_health: HEALTHY } } peers { permanent_uuid: "2c38c7e8ff8344ca83bc6a84e9bdb941" member_type: VOTER last_known_addr { host: "127.12.71.2" port: 33859 } health_report { overall_health: HEALTHY } } peers { permanent_uuid: "0290453bbf684d9eb60b5ae8db66617a" member_type: VOTER last_known_addr { host: "127.12.71.3" port: 46495 } health_report { overall_health: UNKNOWN } } peers { permanent_uuid: "08039de7c79045f1b0921b07e4e0d5bd" member_type: NON_VOTER last_known_addr { host: "127.12.71.4" port: 38927 } attrs { promote: true } health_report { overall_health: UNKNOWN } } }
I20260608 12:41:03.592795 13389 raft_consensus.cc:2955] T c53cce3432c1436ba79d7ecd20586197 P 0290453bbf684d9eb60b5ae8db66617a [term 1 FOLLOWER]: Committing config change with OpId 1.2: config changed from index -1 to 2, NON_VOTER 08039de7c79045f1b0921b07e4e0d5bd (127.12.71.4) added. New config: { opid_index: 2 OBSOLETE_local: false peers { permanent_uuid: "a63324527c004cb5b90fc6ff3ccc2b47" member_type: VOTER last_known_addr { host: "127.12.71.1" port: 38493 } attrs { replace: true } } peers { permanent_uuid: "2c38c7e8ff8344ca83bc6a84e9bdb941" member_type: VOTER last_known_addr { host: "127.12.71.2" port: 33859 } } peers { permanent_uuid: "0290453bbf684d9eb60b5ae8db66617a" member_type: VOTER last_known_addr { host: "127.12.71.3" port: 46495 } } peers { permanent_uuid: "08039de7c79045f1b0921b07e4e0d5bd" member_type: NON_VOTER last_known_addr { host: "127.12.71.4" port: 38927 } attrs { promote: true } } }
I20260608 12:41:03.593214 13388 consensus_queue.cc:237] T a9d23f460bc54972bfcdf01814781465 P 0290453bbf684d9eb60b5ae8db66617a [LEADER]: Queue going to LEADER mode. State: All replicated index: 0, Majority replicated index: 1, Committed index: 1, Last appended: 1.1, Last appended by leader: 0, Current term: 1, Majority size: 2, State: 0, Mode: LEADER, active raft config: opid_index: 2 OBSOLETE_local: false peers { permanent_uuid: "a63324527c004cb5b90fc6ff3ccc2b47" member_type: VOTER last_known_addr { host: "127.12.71.1" port: 38493 } } peers { permanent_uuid: "2c38c7e8ff8344ca83bc6a84e9bdb941" member_type: VOTER last_known_addr { host: "127.12.71.2" port: 33859 } attrs { replace: true } } peers { permanent_uuid: "0290453bbf684d9eb60b5ae8db66617a" member_type: VOTER last_known_addr { host: "127.12.71.3" port: 46495 } } peers { permanent_uuid: "08039de7c79045f1b0921b07e4e0d5bd" member_type: NON_VOTER last_known_addr { host: "127.12.71.4" port: 38927 } attrs { promote: true } }
W20260608 12:41:03.600724 13355 consensus_peers.cc:597] T a9d23f460bc54972bfcdf01814781465 P 0290453bbf684d9eb60b5ae8db66617a -> Peer 08039de7c79045f1b0921b07e4e0d5bd (127.12.71.4:38927): Couldn't send request to peer 08039de7c79045f1b0921b07e4e0d5bd. Error code: TABLET_NOT_FOUND (6). Status: Not found: Tablet not found: a9d23f460bc54972bfcdf01814781465. This is attempt 1: this message will repeat every 5th retry.
I20260608 12:41:03.602309 13315 raft_consensus.cc:1275] T a9d23f460bc54972bfcdf01814781465 P 2c38c7e8ff8344ca83bc6a84e9bdb941 [term 1 FOLLOWER]: Refusing update from remote peer 0290453bbf684d9eb60b5ae8db66617a: Log matching property violated. Preceding OpId in replica: term: 1 index: 1. Preceding OpId from leader: term: 1 index: 2. (index mismatch)
I20260608 12:41:03.603765 13240 raft_consensus.cc:1275] T a9d23f460bc54972bfcdf01814781465 P a63324527c004cb5b90fc6ff3ccc2b47 [term 1 FOLLOWER]: Refusing update from remote peer 0290453bbf684d9eb60b5ae8db66617a: Log matching property violated. Preceding OpId in replica: term: 1 index: 1. Preceding OpId from leader: term: 1 index: 2. (index mismatch)
I20260608 12:41:03.605003 13608 consensus_queue.cc:1048] T a9d23f460bc54972bfcdf01814781465 P 0290453bbf684d9eb60b5ae8db66617a [LEADER]: Connected to new peer: Peer: permanent_uuid: "2c38c7e8ff8344ca83bc6a84e9bdb941" member_type: VOTER last_known_addr { host: "127.12.71.2" port: 33859 } attrs { replace: true }, Status: LMP_MISMATCH, Last received: 0.0, Next index: 2, Last known committed idx: 1, Time since last communication: 0.001s
I20260608 12:41:03.606452 13603 consensus_queue.cc:1048] T a9d23f460bc54972bfcdf01814781465 P 0290453bbf684d9eb60b5ae8db66617a [LEADER]: Connected to new peer: Peer: permanent_uuid: "a63324527c004cb5b90fc6ff3ccc2b47" member_type: VOTER last_known_addr { host: "127.12.71.1" port: 38493 }, Status: LMP_MISMATCH, Last received: 0.0, Next index: 2, Last known committed idx: 1, Time since last communication: 0.000s
I20260608 12:41:03.617616 13608 raft_consensus.cc:2955] T a9d23f460bc54972bfcdf01814781465 P 0290453bbf684d9eb60b5ae8db66617a [term 1 LEADER]: Committing config change with OpId 1.2: config changed from index -1 to 2, NON_VOTER 08039de7c79045f1b0921b07e4e0d5bd (127.12.71.4) added. New config: { opid_index: 2 OBSOLETE_local: false peers { permanent_uuid: "a63324527c004cb5b90fc6ff3ccc2b47" member_type: VOTER last_known_addr { host: "127.12.71.1" port: 38493 } } peers { permanent_uuid: "2c38c7e8ff8344ca83bc6a84e9bdb941" member_type: VOTER last_known_addr { host: "127.12.71.2" port: 33859 } attrs { replace: true } } peers { permanent_uuid: "0290453bbf684d9eb60b5ae8db66617a" member_type: VOTER last_known_addr { host: "127.12.71.3" port: 46495 } } peers { permanent_uuid: "08039de7c79045f1b0921b07e4e0d5bd" member_type: NON_VOTER last_known_addr { host: "127.12.71.4" port: 38927 } attrs { promote: true } } }
I20260608 12:41:03.619441 13315 raft_consensus.cc:2955] T a9d23f460bc54972bfcdf01814781465 P 2c38c7e8ff8344ca83bc6a84e9bdb941 [term 1 FOLLOWER]: Committing config change with OpId 1.2: config changed from index -1 to 2, NON_VOTER 08039de7c79045f1b0921b07e4e0d5bd (127.12.71.4) added. New config: { opid_index: 2 OBSOLETE_local: false peers { permanent_uuid: "a63324527c004cb5b90fc6ff3ccc2b47" member_type: VOTER last_known_addr { host: "127.12.71.1" port: 38493 } } peers { permanent_uuid: "2c38c7e8ff8344ca83bc6a84e9bdb941" member_type: VOTER last_known_addr { host: "127.12.71.2" port: 33859 } attrs { replace: true } } peers { permanent_uuid: "0290453bbf684d9eb60b5ae8db66617a" member_type: VOTER last_known_addr { host: "127.12.71.3" port: 46495 } } peers { permanent_uuid: "08039de7c79045f1b0921b07e4e0d5bd" member_type: NON_VOTER last_known_addr { host: "127.12.71.4" port: 38927 } attrs { promote: true } } }
I20260608 12:41:03.620146 13240 raft_consensus.cc:2955] T a9d23f460bc54972bfcdf01814781465 P a63324527c004cb5b90fc6ff3ccc2b47 [term 1 FOLLOWER]: Committing config change with OpId 1.2: config changed from index -1 to 2, NON_VOTER 08039de7c79045f1b0921b07e4e0d5bd (127.12.71.4) added. New config: { opid_index: 2 OBSOLETE_local: false peers { permanent_uuid: "a63324527c004cb5b90fc6ff3ccc2b47" member_type: VOTER last_known_addr { host: "127.12.71.1" port: 38493 } } peers { permanent_uuid: "2c38c7e8ff8344ca83bc6a84e9bdb941" member_type: VOTER last_known_addr { host: "127.12.71.2" port: 33859 } attrs { replace: true } } peers { permanent_uuid: "0290453bbf684d9eb60b5ae8db66617a" member_type: VOTER last_known_addr { host: "127.12.71.3" port: 46495 } } peers { permanent_uuid: "08039de7c79045f1b0921b07e4e0d5bd" member_type: NON_VOTER last_known_addr { host: "127.12.71.4" port: 38927 } attrs { promote: true } } }
I20260608 12:41:03.630638 13138 catalog_manager.cc:5696] T a9d23f460bc54972bfcdf01814781465 P a63324527c004cb5b90fc6ff3ccc2b47 reported cstate change: config changed from index -1 to 2, NON_VOTER 08039de7c79045f1b0921b07e4e0d5bd (127.12.71.4) added. New cstate: current_term: 1 leader_uuid: "0290453bbf684d9eb60b5ae8db66617a" committed_config { opid_index: 2 OBSOLETE_local: false peers { permanent_uuid: "a63324527c004cb5b90fc6ff3ccc2b47" member_type: VOTER last_known_addr { host: "127.12.71.1" port: 38493 } } peers { permanent_uuid: "2c38c7e8ff8344ca83bc6a84e9bdb941" member_type: VOTER last_known_addr { host: "127.12.71.2" port: 33859 } attrs { replace: true } } peers { permanent_uuid: "0290453bbf684d9eb60b5ae8db66617a" member_type: VOTER last_known_addr { host: "127.12.71.3" port: 46495 } } peers { permanent_uuid: "08039de7c79045f1b0921b07e4e0d5bd" member_type: NON_VOTER last_known_addr { host: "127.12.71.4" port: 38927 } attrs { promote: true } } }
I20260608 12:41:03.914485 12572 tablet_server.cc:179] TabletServer@127.12.71.1:0 shutting down...
W20260608 12:41:03.920403 13353 proxy.cc:239] Call had error, refreshing address and retrying: Remote error: Service unavailable: service kudu.consensus.ConsensusService not registered on TabletServer [suppressed 5 similar messages]
W20260608 12:41:03.927803 13353 consensus_peers.cc:597] T edd02dc5e71645b4b95c73741b8dba7b P 0290453bbf684d9eb60b5ae8db66617a -> Peer a63324527c004cb5b90fc6ff3ccc2b47 (127.12.71.1:38493): Couldn't send request to peer a63324527c004cb5b90fc6ff3ccc2b47. Status: Remote error: Service unavailable: service kudu.consensus.ConsensusService not registered on TabletServer. This is attempt 1: this message will repeat every 5th retry.
I20260608 12:41:03.950700 12572 ts_tablet_manager.cc:1507] Shutting down tablet manager...
I20260608 12:41:03.951725 12572 tablet_replica.cc:333] T 45f38f9532c3471682a4d143bfe13eb9 P a63324527c004cb5b90fc6ff3ccc2b47: stopping tablet replica
I20260608 12:41:03.952646 12572 raft_consensus.cc:2243] T 45f38f9532c3471682a4d143bfe13eb9 P a63324527c004cb5b90fc6ff3ccc2b47 [term 1 FOLLOWER]: Raft consensus shutting down.
I20260608 12:41:03.953235 12572 raft_consensus.cc:2272] T 45f38f9532c3471682a4d143bfe13eb9 P a63324527c004cb5b90fc6ff3ccc2b47 [term 1 FOLLOWER]: Raft consensus is shut down!
I20260608 12:41:03.956297 12572 tablet_replica.cc:333] T a9d23f460bc54972bfcdf01814781465 P a63324527c004cb5b90fc6ff3ccc2b47: stopping tablet replica
I20260608 12:41:03.957015 12572 raft_consensus.cc:2243] T a9d23f460bc54972bfcdf01814781465 P a63324527c004cb5b90fc6ff3ccc2b47 [term 1 FOLLOWER]: Raft consensus shutting down.
I20260608 12:41:03.957587 12572 raft_consensus.cc:2272] T a9d23f460bc54972bfcdf01814781465 P a63324527c004cb5b90fc6ff3ccc2b47 [term 1 FOLLOWER]: Raft consensus is shut down!
I20260608 12:41:03.960341 12572 tablet_replica.cc:333] T 7a994ce19c6046c49bb0fb07da68e97b P a63324527c004cb5b90fc6ff3ccc2b47: stopping tablet replica
I20260608 12:41:03.961052 12572 raft_consensus.cc:2243] T 7a994ce19c6046c49bb0fb07da68e97b P a63324527c004cb5b90fc6ff3ccc2b47 [term 1 LEADER]: Raft consensus shutting down.
I20260608 12:41:03.962286 12572 raft_consensus.cc:2272] T 7a994ce19c6046c49bb0fb07da68e97b P a63324527c004cb5b90fc6ff3ccc2b47 [term 1 FOLLOWER]: Raft consensus is shut down!
I20260608 12:41:03.965101 12572 tablet_replica.cc:333] T eb7c3a3e266b467abf8e332ef15e56ed P a63324527c004cb5b90fc6ff3ccc2b47: stopping tablet replica
I20260608 12:41:03.965795 12572 raft_consensus.cc:2243] T eb7c3a3e266b467abf8e332ef15e56ed P a63324527c004cb5b90fc6ff3ccc2b47 [term 1 FOLLOWER]: Raft consensus shutting down.
I20260608 12:41:03.966388 12572 raft_consensus.cc:2272] T eb7c3a3e266b467abf8e332ef15e56ed P a63324527c004cb5b90fc6ff3ccc2b47 [term 1 FOLLOWER]: Raft consensus is shut down!
I20260608 12:41:03.969005 12572 tablet_replica.cc:333] T c53cce3432c1436ba79d7ecd20586197 P a63324527c004cb5b90fc6ff3ccc2b47: stopping tablet replica
W20260608 12:41:03.969528 13279 consensus_peers.cc:597] T eb7c3a3e266b467abf8e332ef15e56ed P 2c38c7e8ff8344ca83bc6a84e9bdb941 -> Peer a63324527c004cb5b90fc6ff3ccc2b47 (127.12.71.1:38493): Couldn't send request to peer a63324527c004cb5b90fc6ff3ccc2b47. Status: Remote error: Service unavailable: service kudu.consensus.ConsensusService not registered on TabletServer. This is attempt 1: this message will repeat every 5th retry.
I20260608 12:41:03.969748 12572 raft_consensus.cc:2243] T c53cce3432c1436ba79d7ecd20586197 P a63324527c004cb5b90fc6ff3ccc2b47 [term 1 FOLLOWER]: Raft consensus shutting down.
I20260608 12:41:03.970440 12572 raft_consensus.cc:2272] T c53cce3432c1436ba79d7ecd20586197 P a63324527c004cb5b90fc6ff3ccc2b47 [term 1 FOLLOWER]: Raft consensus is shut down!
I20260608 12:41:03.973193 12572 tablet_replica.cc:333] T edd02dc5e71645b4b95c73741b8dba7b P a63324527c004cb5b90fc6ff3ccc2b47: stopping tablet replica
I20260608 12:41:03.973897 12572 raft_consensus.cc:2243] T edd02dc5e71645b4b95c73741b8dba7b P a63324527c004cb5b90fc6ff3ccc2b47 [term 1 FOLLOWER]: Raft consensus shutting down.
I20260608 12:41:03.974418 12572 raft_consensus.cc:2272] T edd02dc5e71645b4b95c73741b8dba7b P a63324527c004cb5b90fc6ff3ccc2b47 [term 1 FOLLOWER]: Raft consensus is shut down!
I20260608 12:41:03.976792 12572 tablet_replica.cc:333] T 1bd2947829ed4e7fb12ffcf95dd3c278 P a63324527c004cb5b90fc6ff3ccc2b47: stopping tablet replica
I20260608 12:41:03.977409 12572 raft_consensus.cc:2243] T 1bd2947829ed4e7fb12ffcf95dd3c278 P a63324527c004cb5b90fc6ff3ccc2b47 [term 1 LEADER]: Raft consensus shutting down.
I20260608 12:41:03.978343 12572 raft_consensus.cc:2272] T 1bd2947829ed4e7fb12ffcf95dd3c278 P a63324527c004cb5b90fc6ff3ccc2b47 [term 1 FOLLOWER]: Raft consensus is shut down!
I20260608 12:41:03.980767 12572 tablet_replica.cc:333] T 8ec7347563124b139f12cac0e0332fbb P a63324527c004cb5b90fc6ff3ccc2b47: stopping tablet replica
I20260608 12:41:03.981369 12572 raft_consensus.cc:2243] T 8ec7347563124b139f12cac0e0332fbb P a63324527c004cb5b90fc6ff3ccc2b47 [term 1 FOLLOWER]: Raft consensus shutting down.
I20260608 12:41:03.981988 12572 raft_consensus.cc:2272] T 8ec7347563124b139f12cac0e0332fbb P a63324527c004cb5b90fc6ff3ccc2b47 [term 1 FOLLOWER]: Raft consensus is shut down!
W20260608 12:41:03.999507 13353 consensus_peers.cc:597] T 8ec7347563124b139f12cac0e0332fbb P 0290453bbf684d9eb60b5ae8db66617a -> Peer a63324527c004cb5b90fc6ff3ccc2b47 (127.12.71.1:38493): Couldn't send request to peer a63324527c004cb5b90fc6ff3ccc2b47. Status: Network error: Client connection negotiation failed: client connection to 127.12.71.1:38493: connect: Connection refused (error 111). This is attempt 1: this message will repeat every 5th retry.
I20260608 12:41:04.013885 12572 tablet_server.cc:196] TabletServer@127.12.71.1:0 shutdown complete.
W20260608 12:41:04.023551 13353 consensus_peers.cc:597] T a9d23f460bc54972bfcdf01814781465 P 0290453bbf684d9eb60b5ae8db66617a -> Peer a63324527c004cb5b90fc6ff3ccc2b47 (127.12.71.1:38493): Couldn't send request to peer a63324527c004cb5b90fc6ff3ccc2b47. Status: Network error: Client connection negotiation failed: client connection to 127.12.71.1:38493: connect: Connection refused (error 111). This is attempt 1: this message will repeat every 5th retry.
W20260608 12:41:04.026660 13279 consensus_peers.cc:597] T c53cce3432c1436ba79d7ecd20586197 P 2c38c7e8ff8344ca83bc6a84e9bdb941 -> Peer a63324527c004cb5b90fc6ff3ccc2b47 (127.12.71.1:38493): Couldn't send request to peer a63324527c004cb5b90fc6ff3ccc2b47. Status: Network error: Client connection negotiation failed: client connection to 127.12.71.1:38493: connect: Connection refused (error 111). This is attempt 1: this message will repeat every 5th retry.
I20260608 12:41:04.039634 12572 tablet_server.cc:179] TabletServer@127.12.71.2:0 shutting down...
W20260608 12:41:04.042655 13279 consensus_peers.cc:597] T 45f38f9532c3471682a4d143bfe13eb9 P 2c38c7e8ff8344ca83bc6a84e9bdb941 -> Peer a63324527c004cb5b90fc6ff3ccc2b47 (127.12.71.1:38493): Couldn't send request to peer a63324527c004cb5b90fc6ff3ccc2b47. Status: Network error: Client connection negotiation failed: client connection to 127.12.71.1:38493: connect: Connection refused (error 111). This is attempt 1: this message will repeat every 5th retry.
I20260608 12:41:04.080560 12572 ts_tablet_manager.cc:1507] Shutting down tablet manager...
I20260608 12:41:04.081496 12572 tablet_replica.cc:333] T 8ec7347563124b139f12cac0e0332fbb P 2c38c7e8ff8344ca83bc6a84e9bdb941: stopping tablet replica
I20260608 12:41:04.082329 12572 raft_consensus.cc:2243] T 8ec7347563124b139f12cac0e0332fbb P 2c38c7e8ff8344ca83bc6a84e9bdb941 [term 1 FOLLOWER]: Raft consensus shutting down.
I20260608 12:41:04.082917 12572 raft_consensus.cc:2272] T 8ec7347563124b139f12cac0e0332fbb P 2c38c7e8ff8344ca83bc6a84e9bdb941 [term 1 FOLLOWER]: Raft consensus is shut down!
I20260608 12:41:04.086860 13622 ts_tablet_manager.cc:933] T 8ec7347563124b139f12cac0e0332fbb P 08039de7c79045f1b0921b07e4e0d5bd: Initiating tablet copy from peer 0290453bbf684d9eb60b5ae8db66617a (127.12.71.3:46495)
I20260608 12:41:04.086920 12572 tablet_replica.cc:333] T edd02dc5e71645b4b95c73741b8dba7b P 2c38c7e8ff8344ca83bc6a84e9bdb941: stopping tablet replica
I20260608 12:41:04.087914 12572 raft_consensus.cc:2243] T edd02dc5e71645b4b95c73741b8dba7b P 2c38c7e8ff8344ca83bc6a84e9bdb941 [term 1 FOLLOWER]: Raft consensus shutting down.
I20260608 12:41:04.088671 12572 raft_consensus.cc:2272] T edd02dc5e71645b4b95c73741b8dba7b P 2c38c7e8ff8344ca83bc6a84e9bdb941 [term 1 FOLLOWER]: Raft consensus is shut down!
I20260608 12:41:04.089401 13622 tablet_copy_client.cc:323] T 8ec7347563124b139f12cac0e0332fbb P 08039de7c79045f1b0921b07e4e0d5bd: tablet copy: Beginning tablet copy session from remote peer at address 127.12.71.3:46495
I20260608 12:41:04.091678 12572 tablet_replica.cc:333] T eb7c3a3e266b467abf8e332ef15e56ed P 2c38c7e8ff8344ca83bc6a84e9bdb941: stopping tablet replica
I20260608 12:41:04.093106 12572 raft_consensus.cc:2243] T eb7c3a3e266b467abf8e332ef15e56ed P 2c38c7e8ff8344ca83bc6a84e9bdb941 [term 1 LEADER]: Raft consensus shutting down.
I20260608 12:41:04.094470 12572 raft_consensus.cc:2272] T eb7c3a3e266b467abf8e332ef15e56ed P 2c38c7e8ff8344ca83bc6a84e9bdb941 [term 1 FOLLOWER]: Raft consensus is shut down!
I20260608 12:41:04.097805 12572 tablet_replica.cc:333] T c53cce3432c1436ba79d7ecd20586197 P 2c38c7e8ff8344ca83bc6a84e9bdb941: stopping tablet replica
I20260608 12:41:04.100199 12572 raft_consensus.cc:2243] T c53cce3432c1436ba79d7ecd20586197 P 2c38c7e8ff8344ca83bc6a84e9bdb941 [term 1 LEADER]: Raft consensus shutting down.
I20260608 12:41:04.101192 12572 raft_consensus.cc:2272] T c53cce3432c1436ba79d7ecd20586197 P 2c38c7e8ff8344ca83bc6a84e9bdb941 [term 1 FOLLOWER]: Raft consensus is shut down!
I20260608 12:41:04.103715 12572 tablet_replica.cc:333] T 1bd2947829ed4e7fb12ffcf95dd3c278 P 2c38c7e8ff8344ca83bc6a84e9bdb941: stopping tablet replica
I20260608 12:41:04.104305 12572 raft_consensus.cc:2243] T 1bd2947829ed4e7fb12ffcf95dd3c278 P 2c38c7e8ff8344ca83bc6a84e9bdb941 [term 1 FOLLOWER]: Raft consensus shutting down.
I20260608 12:41:04.104753 12572 raft_consensus.cc:2272] T 1bd2947829ed4e7fb12ffcf95dd3c278 P 2c38c7e8ff8344ca83bc6a84e9bdb941 [term 1 FOLLOWER]: Raft consensus is shut down!
I20260608 12:41:04.107429 12572 tablet_replica.cc:333] T 7a994ce19c6046c49bb0fb07da68e97b P 2c38c7e8ff8344ca83bc6a84e9bdb941: stopping tablet replica
I20260608 12:41:04.107909 12572 raft_consensus.cc:2243] T 7a994ce19c6046c49bb0fb07da68e97b P 2c38c7e8ff8344ca83bc6a84e9bdb941 [term 1 FOLLOWER]: Raft consensus shutting down.
I20260608 12:41:04.108330 12572 raft_consensus.cc:2272] T 7a994ce19c6046c49bb0fb07da68e97b P 2c38c7e8ff8344ca83bc6a84e9bdb941 [term 1 FOLLOWER]: Raft consensus is shut down!
I20260608 12:41:04.109992 13399 tablet_copy_service.cc:140] P 0290453bbf684d9eb60b5ae8db66617a: Received BeginTabletCopySession request for tablet 8ec7347563124b139f12cac0e0332fbb from peer 08039de7c79045f1b0921b07e4e0d5bd ({username='slave'} at 127.0.0.1:41412)
I20260608 12:41:04.110822 12572 tablet_replica.cc:333] T a9d23f460bc54972bfcdf01814781465 P 2c38c7e8ff8344ca83bc6a84e9bdb941: stopping tablet replica
I20260608 12:41:04.110728 13399 tablet_copy_service.cc:161] P 0290453bbf684d9eb60b5ae8db66617a: Beginning new tablet copy session on tablet 8ec7347563124b139f12cac0e0332fbb from peer 08039de7c79045f1b0921b07e4e0d5bd at {username='slave'} at 127.0.0.1:41412: session id = 08039de7c79045f1b0921b07e4e0d5bd-8ec7347563124b139f12cac0e0332fbb
I20260608 12:41:04.111445 12572 raft_consensus.cc:2243] T a9d23f460bc54972bfcdf01814781465 P 2c38c7e8ff8344ca83bc6a84e9bdb941 [term 1 FOLLOWER]: Raft consensus shutting down.
I20260608 12:41:04.111933 12572 raft_consensus.cc:2272] T a9d23f460bc54972bfcdf01814781465 P 2c38c7e8ff8344ca83bc6a84e9bdb941 [term 1 FOLLOWER]: Raft consensus is shut down!
I20260608 12:41:04.114291 12572 tablet_replica.cc:333] T 45f38f9532c3471682a4d143bfe13eb9 P 2c38c7e8ff8344ca83bc6a84e9bdb941: stopping tablet replica
I20260608 12:41:04.114779 12572 raft_consensus.cc:2243] T 45f38f9532c3471682a4d143bfe13eb9 P 2c38c7e8ff8344ca83bc6a84e9bdb941 [term 1 LEADER]: Raft consensus shutting down.
I20260608 12:41:04.115506 12572 raft_consensus.cc:2272] T 45f38f9532c3471682a4d143bfe13eb9 P 2c38c7e8ff8344ca83bc6a84e9bdb941 [term 1 FOLLOWER]: Raft consensus is shut down!
I20260608 12:41:04.119174 13399 tablet_copy_source_session.cc:215] T 8ec7347563124b139f12cac0e0332fbb P 0290453bbf684d9eb60b5ae8db66617a: Tablet Copy: opened 0 blocks and 1 log segments
I20260608 12:41:04.123526 13622 data_dirs.cc:400] Could only allocate 1 dirs of requested 3 for tablet 8ec7347563124b139f12cac0e0332fbb. 1 dirs total, 0 dirs full, 0 dirs failed
I20260608 12:41:04.135895 13626 ts_tablet_manager.cc:933] T a9d23f460bc54972bfcdf01814781465 P 08039de7c79045f1b0921b07e4e0d5bd: Initiating tablet copy from peer 0290453bbf684d9eb60b5ae8db66617a (127.12.71.3:46495)
I20260608 12:41:04.137835 13626 tablet_copy_client.cc:323] T a9d23f460bc54972bfcdf01814781465 P 08039de7c79045f1b0921b07e4e0d5bd: tablet copy: Beginning tablet copy session from remote peer at address 127.12.71.3:46495
I20260608 12:41:04.139722 13399 tablet_copy_service.cc:140] P 0290453bbf684d9eb60b5ae8db66617a: Received BeginTabletCopySession request for tablet a9d23f460bc54972bfcdf01814781465 from peer 08039de7c79045f1b0921b07e4e0d5bd ({username='slave'} at 127.0.0.1:41412)
I20260608 12:41:04.140236 13399 tablet_copy_service.cc:161] P 0290453bbf684d9eb60b5ae8db66617a: Beginning new tablet copy session on tablet a9d23f460bc54972bfcdf01814781465 from peer 08039de7c79045f1b0921b07e4e0d5bd at {username='slave'} at 127.0.0.1:41412: session id = 08039de7c79045f1b0921b07e4e0d5bd-a9d23f460bc54972bfcdf01814781465
I20260608 12:41:04.141976 13622 tablet_copy_client.cc:806] T 8ec7347563124b139f12cac0e0332fbb P 08039de7c79045f1b0921b07e4e0d5bd: tablet copy: Starting download of 0 data blocks...
I20260608 12:41:04.142640 13622 tablet_copy_client.cc:670] T 8ec7347563124b139f12cac0e0332fbb P 08039de7c79045f1b0921b07e4e0d5bd: tablet copy: Starting download of 1 WAL segments...
I20260608 12:41:04.146898 13622 tablet_copy_client.cc:538] T 8ec7347563124b139f12cac0e0332fbb P 08039de7c79045f1b0921b07e4e0d5bd: tablet copy: Tablet Copy complete. Replacing tablet superblock.
I20260608 12:41:04.147552 13399 tablet_copy_source_session.cc:215] T a9d23f460bc54972bfcdf01814781465 P 0290453bbf684d9eb60b5ae8db66617a: Tablet Copy: opened 0 blocks and 1 log segments
I20260608 12:41:04.149963 12572 tablet_server.cc:196] TabletServer@127.12.71.2:0 shutdown complete.
I20260608 12:41:04.151209 13626 data_dirs.cc:400] Could only allocate 1 dirs of requested 3 for tablet a9d23f460bc54972bfcdf01814781465. 1 dirs total, 0 dirs full, 0 dirs failed
I20260608 12:41:04.156387 13622 tablet_bootstrap.cc:492] T 8ec7347563124b139f12cac0e0332fbb P 08039de7c79045f1b0921b07e4e0d5bd: Bootstrap starting.
I20260608 12:41:04.167681 13626 tablet_copy_client.cc:806] T a9d23f460bc54972bfcdf01814781465 P 08039de7c79045f1b0921b07e4e0d5bd: tablet copy: Starting download of 0 data blocks...
I20260608 12:41:04.168320 13626 tablet_copy_client.cc:670] T a9d23f460bc54972bfcdf01814781465 P 08039de7c79045f1b0921b07e4e0d5bd: tablet copy: Starting download of 1 WAL segments...
