I20260608 12:40:48.306231 12769 sys_catalog.cc:458] T 00000000000000000000000000000000 P 7c76f06ba9f548ac8338df54b327c9ce [sys.catalog]: This master's current role is: FOLLOWER
I20260608 12:40:48.315964 12816 catalog_manager.cc:1382] Generated new cluster ID: 0520530877f54265b6dda307da5ec8af
I20260608 12:40:48.316315 12816 catalog_manager.cc:1530] Initializing Kudu internal certificate authority...
I20260608 12:40:48.317533 12832 sys_catalog.cc:455] T 00000000000000000000000000000000 P 67f8ccac07c742f7b81068e185bb04f0 [sys.catalog]: SysCatalogTable state changed. Reason: Peer health change. Latest consensus state: current_term: 1 leader_uuid: "67f8ccac07c742f7b81068e185bb04f0" committed_config { opid_index: -1 OBSOLETE_local: false peers { permanent_uuid: "67f8ccac07c742f7b81068e185bb04f0" member_type: VOTER last_known_addr { host: "127.12.68.190" port: 42539 } } peers { permanent_uuid: "7c76f06ba9f548ac8338df54b327c9ce" member_type: VOTER last_known_addr { host: "127.12.68.189" port: 34503 } } peers { permanent_uuid: "feee95c259544b5c959550ba3867374b" member_type: VOTER last_known_addr { host: "127.12.68.188" port: 41269 } } }
I20260608 12:40:48.318413 12832 sys_catalog.cc:458] T 00000000000000000000000000000000 P 67f8ccac07c742f7b81068e185bb04f0 [sys.catalog]: This master's current role is: LEADER
I20260608 12:40:48.324025 12768 sys_catalog.cc:455] T 00000000000000000000000000000000 P feee95c259544b5c959550ba3867374b [sys.catalog]: SysCatalogTable state changed. Reason: Replicated consensus-only round. Latest consensus state: current_term: 1 leader_uuid: "67f8ccac07c742f7b81068e185bb04f0" committed_config { opid_index: -1 OBSOLETE_local: false peers { permanent_uuid: "67f8ccac07c742f7b81068e185bb04f0" member_type: VOTER last_known_addr { host: "127.12.68.190" port: 42539 } } peers { permanent_uuid: "7c76f06ba9f548ac8338df54b327c9ce" member_type: VOTER last_known_addr { host: "127.12.68.189" port: 34503 } } peers { permanent_uuid: "feee95c259544b5c959550ba3867374b" member_type: VOTER last_known_addr { host: "127.12.68.188" port: 41269 } } }
I20260608 12:40:48.324759 12768 sys_catalog.cc:458] T 00000000000000000000000000000000 P feee95c259544b5c959550ba3867374b [sys.catalog]: This master's current role is: FOLLOWER
I20260608 12:40:48.366210 12816 catalog_manager.cc:1405] Generated new certificate authority record
I20260608 12:40:48.368561 12816 catalog_manager.cc:1539] Loading token signing keys...
I20260608 12:40:48.403159 12816 catalog_manager.cc:6069] T 00000000000000000000000000000000 P 67f8ccac07c742f7b81068e185bb04f0: Generated new TSK 0
I20260608 12:40:48.404726 12816 catalog_manager.cc:1549] Initializing in-progress tserver states...
I20260608 12:40:48.465317 12562 rpc_server.cc:307] RPC server started. Bound to: 127.12.68.129:41667
I20260608 12:40:48.465581 12887 acceptor_pool.cc:272] collecting diagnostics on the listening RPC socket 127.12.68.129:41667 every 8 connection(s)
I20260608 12:40:48.489465 12562 file_cache.cc:492] Constructed file cache file cache with capacity 419430
I20260608 12:40:48.502972 12888 heartbeater.cc:344] Connected to a master server at 127.12.68.189:34503
I20260608 12:40:48.503667 12888 heartbeater.cc:461] Registering TS with master...
I20260608 12:40:48.505126 12888 heartbeater.cc:507] Master 127.12.68.189:34503 requested a full tablet report, sending...
W20260608 12:40:48.508296 12895 instance_detector.cc:116] could not retrieve AWS instance metadata: Network error: curl error: HTTP response code said error: The requested URL returned error: 404
I20260608 12:40:48.510214 12659 ts_manager.cc:194] Registered new tserver with Master: a9589e5b8751482e98f54cc9643f0a96 (127.12.68.129:41667)
I20260608 12:40:48.525962 12890 heartbeater.cc:344] Connected to a master server at 127.12.68.190:42539
I20260608 12:40:48.526461 12890 heartbeater.cc:461] Registering TS with master...
I20260608 12:40:48.527799 12890 heartbeater.cc:507] Master 127.12.68.190:42539 requested a full tablet report, sending...
I20260608 12:40:48.529958 12889 heartbeater.cc:344] Connected to a master server at 127.12.68.188:41269
I20260608 12:40:48.530339 12889 heartbeater.cc:461] Registering TS with master...
I20260608 12:40:48.531318 12889 heartbeater.cc:507] Master 127.12.68.188:41269 requested a full tablet report, sending...
I20260608 12:40:48.531574 12594 ts_manager.cc:194] Registered new tserver with Master: a9589e5b8751482e98f54cc9643f0a96 (127.12.68.129:41667)
I20260608 12:40:48.535648 12724 ts_manager.cc:194] Registered new tserver with Master: a9589e5b8751482e98f54cc9643f0a96 (127.12.68.129:41667)
I20260608 12:40:48.536470 12594 master_service.cc:502] Signed X509 certificate for tserver {username='slave'} at 127.0.0.1:43876
W20260608 12:40:48.539862 12896 instance_detector.cc:116] could not retrieve Azure instance metadata: Network error: curl error: HTTP response code said error: The requested URL returned error: 404
W20260608 12:40:48.543290 12898 instance_detector.cc:116] could not retrieve OpenStack instance metadata: Network error: curl error: HTTP response code said error: The requested URL returned error: 404
I20260608 12:40:48.545301 12562 server_base.cc:1061] running on GCE node
I20260608 12:40:48.546172 12562 hybrid_clock.cc:584] initializing the hybrid clock with 'system_unsync' time source
W20260608 12:40:48.546397 12562 system_unsync_time.cc:38] NTP support is disabled. Clock error bounds will not be accurate. This configuration is not suitable for distributed clusters.
I20260608 12:40:48.546623 12562 hybrid_clock.cc:648] HybridClock initialized: now 1780922448546602 us; error 0 us; skew 500 ppm
I20260608 12:40:48.547286 12562 server_base.cc:861] Flag tcmalloc_max_total_thread_cache_bytes is not working since tcmalloc is not enabled.
I20260608 12:40:48.550200 12562 webserver.cc:533] Webserver started at http://127.12.68.130:40833/ using document root <none> and password file <none>
I20260608 12:40:48.550722 12562 fs_manager.cc:362] Metadata directory not provided
I20260608 12:40:48.550951 12562 fs_manager.cc:368] Using write-ahead log directory (fs_wal_dir) as metadata directory
I20260608 12:40:48.551234 12562 server_base.cc:909] This appears to be a new deployment of Kudu; creating new FS layout
I20260608 12:40:48.552392 12562 fs_manager.cc:1068] Generated new instance metadata in path /tmp/dist-test-task0Hss9r/test-tmp/auto_rebalancer-test.0.AutoRebalancerTest.OnlyLeaderDoesAutoRebalancing.1780922446187713-12562-0/minicluster-data/ts-1-root/instance:
uuid: "629f601c4abe482b99d553c466a5f254"
format_stamp: "Formatted at 2026-06-08 12:40:48 on dist-test-slave-zdpc"
I20260608 12:40:48.557437 12562 fs_manager.cc:696] Time spent creating directory manager: real 0.005s	user 0.005s	sys 0.000s
I20260608 12:40:48.561251 12903 log_block_manager.cc:4031] Time spent loading block containers with low live blocks: real 0.000s	user 0.000s	sys 0.000s
I20260608 12:40:48.562186 12562 fs_manager.cc:730] Time spent opening block manager: real 0.003s	user 0.003s	sys 0.000s
I20260608 12:40:48.562561 12562 fs_manager.cc:647] Opened local filesystem: /tmp/dist-test-task0Hss9r/test-tmp/auto_rebalancer-test.0.AutoRebalancerTest.OnlyLeaderDoesAutoRebalancing.1780922446187713-12562-0/minicluster-data/ts-1-root
uuid: "629f601c4abe482b99d553c466a5f254"
format_stamp: "Formatted at 2026-06-08 12:40:48 on dist-test-slave-zdpc"
I20260608 12:40:48.562911 12562 fs_report.cc:389] FS layout report
--------------------
wal directory: /tmp/dist-test-task0Hss9r/test-tmp/auto_rebalancer-test.0.AutoRebalancerTest.OnlyLeaderDoesAutoRebalancing.1780922446187713-12562-0/minicluster-data/ts-1-root
metadata directory: /tmp/dist-test-task0Hss9r/test-tmp/auto_rebalancer-test.0.AutoRebalancerTest.OnlyLeaderDoesAutoRebalancing.1780922446187713-12562-0/minicluster-data/ts-1-root
1 data directories: /tmp/dist-test-task0Hss9r/test-tmp/auto_rebalancer-test.0.AutoRebalancerTest.OnlyLeaderDoesAutoRebalancing.1780922446187713-12562-0/minicluster-data/ts-1-root/data
Total live blocks: 0
Total live bytes: 0
Total live bytes (after alignment): 0
Total number of LBM containers: 0 (0 full)
Did not check for missing blocks
Did not check for orphaned blocks
Total full LBM containers with extra space: 0 (0 repaired)
Total full LBM container extra space in bytes: 0 (0 repaired)
Total incomplete LBM containers: 0 (0 repaired)
Total LBM partial records: 0 (0 repaired)
Total corrupted LBM metadata records in RocksDB: 0 (0 repaired)
I20260608 12:40:48.597302 12562 rpc_server.cc:225] running with OpenSSL 1.1.1  11 Sep 2018
I20260608 12:40:48.599031 12562 kserver.cc:163] Server-wide thread pool size limit: 3276
I20260608 12:40:48.600648 12562 txn_system_client.cc:432] TxnSystemClient initialization is disabled...
I20260608 12:40:48.603621 12562 ts_tablet_manager.cc:585] Loaded tablet metadata (0 total tablets, 0 live tablets)
I20260608 12:40:48.603896 12562 ts_tablet_manager.cc:531] Time spent load tablet metadata: real 0.000s	user 0.000s	sys 0.000s
I20260608 12:40:48.604173 12562 ts_tablet_manager.cc:616] Registered 0 tablets
I20260608 12:40:48.604380 12562 ts_tablet_manager.cc:595] Time spent register tablets: real 0.000s	user 0.000s	sys 0.000s
I20260608 12:40:48.687592 12562 rpc_server.cc:307] RPC server started. Bound to: 127.12.68.130:37435
I20260608 12:40:48.687682 12965 acceptor_pool.cc:272] collecting diagnostics on the listening RPC socket 127.12.68.130:37435 every 8 connection(s)
I20260608 12:40:48.714205 12562 file_cache.cc:492] Constructed file cache file cache with capacity 419430
I20260608 12:40:48.723057 12967 heartbeater.cc:344] Connected to a master server at 127.12.68.188:41269
I20260608 12:40:48.723502 12967 heartbeater.cc:461] Registering TS with master...
I20260608 12:40:48.724459 12967 heartbeater.cc:507] Master 127.12.68.188:41269 requested a full tablet report, sending...
I20260608 12:40:48.727540 12724 ts_manager.cc:194] Registered new tserver with Master: 629f601c4abe482b99d553c466a5f254 (127.12.68.130:37435)
W20260608 12:40:48.731330 12972 instance_detector.cc:116] could not retrieve AWS instance metadata: Network error: curl error: HTTP response code said error: The requested URL returned error: 404
W20260608 12:40:48.733745 12973 instance_detector.cc:116] could not retrieve Azure instance metadata: Network error: curl error: HTTP response code said error: The requested URL returned error: 404
I20260608 12:40:48.739017 12966 heartbeater.cc:344] Connected to a master server at 127.12.68.189:34503
I20260608 12:40:48.739578 12966 heartbeater.cc:461] Registering TS with master...
I20260608 12:40:48.740603 12966 heartbeater.cc:507] Master 127.12.68.189:34503 requested a full tablet report, sending...
I20260608 12:40:48.740958 12562 server_base.cc:1061] running on GCE node
W20260608 12:40:48.742431 12975 instance_detector.cc:116] could not retrieve OpenStack instance metadata: Network error: curl error: HTTP response code said error: The requested URL returned error: 404
I20260608 12:40:48.743747 12659 ts_manager.cc:194] Registered new tserver with Master: 629f601c4abe482b99d553c466a5f254 (127.12.68.130:37435)
I20260608 12:40:48.743757 12562 hybrid_clock.cc:584] initializing the hybrid clock with 'system_unsync' time source
W20260608 12:40:48.744236 12562 system_unsync_time.cc:38] NTP support is disabled. Clock error bounds will not be accurate. This configuration is not suitable for distributed clusters.
I20260608 12:40:48.744467 12562 hybrid_clock.cc:648] HybridClock initialized: now 1780922448744449 us; error 0 us; skew 500 ppm
I20260608 12:40:48.744877 12968 heartbeater.cc:344] Connected to a master server at 127.12.68.190:42539
I20260608 12:40:48.745304 12968 heartbeater.cc:461] Registering TS with master...
I20260608 12:40:48.745399 12562 server_base.cc:861] Flag tcmalloc_max_total_thread_cache_bytes is not working since tcmalloc is not enabled.
I20260608 12:40:48.746129 12968 heartbeater.cc:507] Master 127.12.68.190:42539 requested a full tablet report, sending...
I20260608 12:40:48.748374 12594 ts_manager.cc:194] Registered new tserver with Master: 629f601c4abe482b99d553c466a5f254 (127.12.68.130:37435)
I20260608 12:40:48.748749 12562 webserver.cc:533] Webserver started at http://127.12.68.131:45633/ using document root <none> and password file <none>
I20260608 12:40:48.749486 12562 fs_manager.cc:362] Metadata directory not provided
I20260608 12:40:48.749738 12562 fs_manager.cc:368] Using write-ahead log directory (fs_wal_dir) as metadata directory
I20260608 12:40:48.749915 12594 master_service.cc:502] Signed X509 certificate for tserver {username='slave'} at 127.0.0.1:43888
I20260608 12:40:48.750098 12562 server_base.cc:909] This appears to be a new deployment of Kudu; creating new FS layout
I20260608 12:40:48.751642 12562 fs_manager.cc:1068] Generated new instance metadata in path /tmp/dist-test-task0Hss9r/test-tmp/auto_rebalancer-test.0.AutoRebalancerTest.OnlyLeaderDoesAutoRebalancing.1780922446187713-12562-0/minicluster-data/ts-2-root/instance:
uuid: "9623714e580c4be18ef73824e199f57a"
format_stamp: "Formatted at 2026-06-08 12:40:48 on dist-test-slave-zdpc"
I20260608 12:40:48.757746 12562 fs_manager.cc:696] Time spent creating directory manager: real 0.005s	user 0.005s	sys 0.000s
I20260608 12:40:48.762638 12980 log_block_manager.cc:4031] Time spent loading block containers with low live blocks: real 0.000s	user 0.000s	sys 0.000s
I20260608 12:40:48.763553 12562 fs_manager.cc:730] Time spent opening block manager: real 0.003s	user 0.003s	sys 0.000s
I20260608 12:40:48.763907 12562 fs_manager.cc:647] Opened local filesystem: /tmp/dist-test-task0Hss9r/test-tmp/auto_rebalancer-test.0.AutoRebalancerTest.OnlyLeaderDoesAutoRebalancing.1780922446187713-12562-0/minicluster-data/ts-2-root
uuid: "9623714e580c4be18ef73824e199f57a"
format_stamp: "Formatted at 2026-06-08 12:40:48 on dist-test-slave-zdpc"
I20260608 12:40:48.764364 12562 fs_report.cc:389] FS layout report
--------------------
wal directory: /tmp/dist-test-task0Hss9r/test-tmp/auto_rebalancer-test.0.AutoRebalancerTest.OnlyLeaderDoesAutoRebalancing.1780922446187713-12562-0/minicluster-data/ts-2-root
metadata directory: /tmp/dist-test-task0Hss9r/test-tmp/auto_rebalancer-test.0.AutoRebalancerTest.OnlyLeaderDoesAutoRebalancing.1780922446187713-12562-0/minicluster-data/ts-2-root
1 data directories: /tmp/dist-test-task0Hss9r/test-tmp/auto_rebalancer-test.0.AutoRebalancerTest.OnlyLeaderDoesAutoRebalancing.1780922446187713-12562-0/minicluster-data/ts-2-root/data
Total live blocks: 0
Total live bytes: 0
Total live bytes (after alignment): 0
Total number of LBM containers: 0 (0 full)
Did not check for missing blocks
Did not check for orphaned blocks
Total full LBM containers with extra space: 0 (0 repaired)
Total full LBM container extra space in bytes: 0 (0 repaired)
Total incomplete LBM containers: 0 (0 repaired)
Total LBM partial records: 0 (0 repaired)
Total corrupted LBM metadata records in RocksDB: 0 (0 repaired)
I20260608 12:40:48.785548 12562 rpc_server.cc:225] running with OpenSSL 1.1.1  11 Sep 2018
I20260608 12:40:48.787362 12562 kserver.cc:163] Server-wide thread pool size limit: 3276
I20260608 12:40:48.789933 12562 txn_system_client.cc:432] TxnSystemClient initialization is disabled...
I20260608 12:40:48.793762 12562 ts_tablet_manager.cc:585] Loaded tablet metadata (0 total tablets, 0 live tablets)
I20260608 12:40:48.794034 12562 ts_tablet_manager.cc:531] Time spent load tablet metadata: real 0.000s	user 0.000s	sys 0.000s
I20260608 12:40:48.794332 12562 ts_tablet_manager.cc:616] Registered 0 tablets
I20260608 12:40:48.794545 12562 ts_tablet_manager.cc:595] Time spent register tablets: real 0.000s	user 0.000s	sys 0.000s
I20260608 12:40:48.882416 12562 rpc_server.cc:307] RPC server started. Bound to: 127.12.68.131:37857
I20260608 12:40:48.882545 13042 acceptor_pool.cc:272] collecting diagnostics on the listening RPC socket 127.12.68.131:37857 every 8 connection(s)
I20260608 12:40:48.920162 13044 heartbeater.cc:344] Connected to a master server at 127.12.68.188:41269
I20260608 12:40:48.920660 13044 heartbeater.cc:461] Registering TS with master...
I20260608 12:40:48.921576 13044 heartbeater.cc:507] Master 127.12.68.188:41269 requested a full tablet report, sending...
I20260608 12:40:48.924607 12724 ts_manager.cc:194] Registered new tserver with Master: 9623714e580c4be18ef73824e199f57a (127.12.68.131:37857)
I20260608 12:40:48.931418 13043 heartbeater.cc:344] Connected to a master server at 127.12.68.189:34503
I20260608 12:40:48.931877 13043 heartbeater.cc:461] Registering TS with master...
I20260608 12:40:48.932834 13043 heartbeater.cc:507] Master 127.12.68.189:34503 requested a full tablet report, sending...
I20260608 12:40:48.934403 13045 heartbeater.cc:344] Connected to a master server at 127.12.68.190:42539
I20260608 12:40:48.934825 13045 heartbeater.cc:461] Registering TS with master...
I20260608 12:40:48.935746 13045 heartbeater.cc:507] Master 127.12.68.190:42539 requested a full tablet report, sending...
I20260608 12:40:48.936740 12659 ts_manager.cc:194] Registered new tserver with Master: 9623714e580c4be18ef73824e199f57a (127.12.68.131:37857)
I20260608 12:40:48.938351 12594 ts_manager.cc:194] Registered new tserver with Master: 9623714e580c4be18ef73824e199f57a (127.12.68.131:37857)
I20260608 12:40:48.939244 12562 internal_mini_cluster.cc:371] 3 TS(s) registered with all masters after 0.034148566s
I20260608 12:40:48.940171 12594 master_service.cc:502] Signed X509 certificate for tserver {username='slave'} at 127.0.0.1:43896
I20260608 12:40:49.168854 12801 catalog_manager.cc:1294] Loaded cluster ID: 0520530877f54265b6dda307da5ec8af
I20260608 12:40:49.169124 12801 catalog_manager.cc:1587] T 00000000000000000000000000000000 P 7c76f06ba9f548ac8338df54b327c9ce: loading cluster ID for follower catalog manager: success
I20260608 12:40:49.175690 12803 catalog_manager.cc:1294] Loaded cluster ID: 0520530877f54265b6dda307da5ec8af
I20260608 12:40:49.176023 12803 catalog_manager.cc:1587] T 00000000000000000000000000000000 P feee95c259544b5c959550ba3867374b: loading cluster ID for follower catalog manager: success
I20260608 12:40:49.176160 12801 catalog_manager.cc:1609] T 00000000000000000000000000000000 P 7c76f06ba9f548ac8338df54b327c9ce: acquiring CA information for follower catalog manager: success
I20260608 12:40:49.181917 12801 catalog_manager.cc:1637] T 00000000000000000000000000000000 P 7c76f06ba9f548ac8338df54b327c9ce: importing token verification keys for follower catalog manager: success; most recent TSK sequence number 0
I20260608 12:40:49.183017 12803 catalog_manager.cc:1609] T 00000000000000000000000000000000 P feee95c259544b5c959550ba3867374b: acquiring CA information for follower catalog manager: success
I20260608 12:40:49.186720 12803 catalog_manager.cc:1637] T 00000000000000000000000000000000 P feee95c259544b5c959550ba3867374b: importing token verification keys for follower catalog manager: success; most recent TSK sequence number 0
I20260608 12:40:49.542160 12890 heartbeater.cc:499] Master 127.12.68.190:42539 was elected leader, sending a full tablet report...
I20260608 12:40:49.752317 12968 heartbeater.cc:499] Master 127.12.68.190:42539 was elected leader, sending a full tablet report...
I20260608 12:40:49.942898 13045 heartbeater.cc:499] Master 127.12.68.190:42539 was elected leader, sending a full tablet report...
I20260608 12:40:50.155141 12797 auto_leader_rebalancer.cc:451] All tables' leader rebalancing finished this round
I20260608 12:40:50.296047 12594 catalog_manager.cc:2282] Servicing CreateTable request from {username='slave'} at 127.0.0.1:43906:
name: "test-workload"
schema {
  columns {
    name: "key"
    type: INT32
    is_key: true
    is_nullable: false
    encoding: AUTO_ENCODING
    compression: DEFAULT_COMPRESSION
    cfile_block_size: 0
    immutable: false
  }
  columns {
    name: "int_val"
    type: INT32
    is_key: false
    is_nullable: false
    encoding: AUTO_ENCODING
    compression: DEFAULT_COMPRESSION
    cfile_block_size: 0
    immutable: false
  }
  columns {
    name: "string_val"
    type: STRING
    is_key: false
    is_nullable: true
    encoding: AUTO_ENCODING
    compression: DEFAULT_COMPRESSION
    cfile_block_size: 0
    immutable: false
  }
}
num_replicas: 1
split_rows_range_bounds {
  rows: "\004\001\000\377\377\377\037\004\001\000\376\377\377?\004\001\000\375\377\377_""\004\001\000\377\377\377\037\004\001\000\376\377\377?\004\001\000\375\377\377_"
  indirect_data: """"
}
partition_schema {
  range_schema {
    columns {
      name: "key"
    }
  }
}
I20260608 12:40:50.390401 12931 tablet_service.cc:1511] Processing CreateTablet for tablet 25125728ff1e40cea2f4feb4dc875cf2 (DEFAULT_TABLE table=test-workload [id=967988563ea34ee5a2c9aee07583e383]), partition=RANGE (key) PARTITION VALUES < 536870911
I20260608 12:40:50.392887 12931 data_dirs.cc:400] Could only allocate 1 dirs of requested 3 for tablet 25125728ff1e40cea2f4feb4dc875cf2. 1 dirs total, 0 dirs full, 0 dirs failed
I20260608 12:40:50.405752 12852 tablet_service.cc:1511] Processing CreateTablet for tablet 1c183e00cb404f31aa23cc686d9bc198 (DEFAULT_TABLE table=test-workload [id=967988563ea34ee5a2c9aee07583e383]), partition=RANGE (key) PARTITION 1610612733 <= VALUES
I20260608 12:40:50.405588 12853 tablet_service.cc:1511] Processing CreateTablet for tablet 404d0968a07b4bd89adf9f796c0280c5 (DEFAULT_TABLE table=test-workload [id=967988563ea34ee5a2c9aee07583e383]), partition=RANGE (key) PARTITION 536870911 <= VALUES < 1073741822
I20260608 12:40:50.407110 12852 data_dirs.cc:400] Could only allocate 1 dirs of requested 3 for tablet 1c183e00cb404f31aa23cc686d9bc198. 1 dirs total, 0 dirs full, 0 dirs failed
I20260608 12:40:50.408555 12853 data_dirs.cc:400] Could only allocate 1 dirs of requested 3 for tablet 404d0968a07b4bd89adf9f796c0280c5. 1 dirs total, 0 dirs full, 0 dirs failed
I20260608 12:40:50.410924 13079 tablet_bootstrap.cc:492] T 25125728ff1e40cea2f4feb4dc875cf2 P 629f601c4abe482b99d553c466a5f254: Bootstrap starting.
I20260608 12:40:50.412899 13008 tablet_service.cc:1511] Processing CreateTablet for tablet f2b2d24f74b746eeb6966f292cc42683 (DEFAULT_TABLE table=test-workload [id=967988563ea34ee5a2c9aee07583e383]), partition=RANGE (key) PARTITION 1073741822 <= VALUES < 1610612733
I20260608 12:40:50.414889 13008 data_dirs.cc:400] Could only allocate 1 dirs of requested 3 for tablet f2b2d24f74b746eeb6966f292cc42683. 1 dirs total, 0 dirs full, 0 dirs failed
I20260608 12:40:50.419507 13079 tablet_bootstrap.cc:654] T 25125728ff1e40cea2f4feb4dc875cf2 P 629f601c4abe482b99d553c466a5f254: Neither blocks nor log segments found. Creating new log.
I20260608 12:40:50.431769 13079 tablet_bootstrap.cc:492] T 25125728ff1e40cea2f4feb4dc875cf2 P 629f601c4abe482b99d553c466a5f254: No bootstrap required, opened a new log
I20260608 12:40:50.432403 13079 ts_tablet_manager.cc:1403] T 25125728ff1e40cea2f4feb4dc875cf2 P 629f601c4abe482b99d553c466a5f254: Time spent bootstrapping tablet: real 0.022s	user 0.012s	sys 0.008s
I20260608 12:40:50.433808 13080 tablet_bootstrap.cc:492] T 1c183e00cb404f31aa23cc686d9bc198 P a9589e5b8751482e98f54cc9643f0a96: Bootstrap starting.
I20260608 12:40:50.434389 13082 tablet_bootstrap.cc:492] T f2b2d24f74b746eeb6966f292cc42683 P 9623714e580c4be18ef73824e199f57a: Bootstrap starting.
I20260608 12:40:50.436779 13079 raft_consensus.cc:359] T 25125728ff1e40cea2f4feb4dc875cf2 P 629f601c4abe482b99d553c466a5f254 [term 0 FOLLOWER]: Replica starting. Triggering 0 pending ops. Active config: opid_index: -1 OBSOLETE_local: true peers { permanent_uuid: "629f601c4abe482b99d553c466a5f254" member_type: VOTER last_known_addr { host: "127.12.68.130" port: 37435 } }
I20260608 12:40:50.437453 13079 raft_consensus.cc:385] T 25125728ff1e40cea2f4feb4dc875cf2 P 629f601c4abe482b99d553c466a5f254 [term 0 FOLLOWER]: Consensus starting up: Expiring failure detector timer to make a prompt election more likely
I20260608 12:40:50.437817 13079 raft_consensus.cc:740] T 25125728ff1e40cea2f4feb4dc875cf2 P 629f601c4abe482b99d553c466a5f254 [term 0 FOLLOWER]: Becoming Follower/Learner. State: Replica: 629f601c4abe482b99d553c466a5f254, State: Initialized, Role: FOLLOWER
I20260608 12:40:50.438647 13079 consensus_queue.cc:260] T 25125728ff1e40cea2f4feb4dc875cf2 P 629f601c4abe482b99d553c466a5f254 [NON_LEADER]: Queue going to NON_LEADER mode. State: All replicated index: 0, Majority replicated index: 0, Committed index: 0, Last appended: 0.0, Last appended by leader: 0, Current term: 0, Majority size: -1, State: 0, Mode: NON_LEADER, active raft config: opid_index: -1 OBSOLETE_local: true peers { permanent_uuid: "629f601c4abe482b99d553c466a5f254" member_type: VOTER last_known_addr { host: "127.12.68.130" port: 37435 } }
I20260608 12:40:50.439375 13079 raft_consensus.cc:399] T 25125728ff1e40cea2f4feb4dc875cf2 P 629f601c4abe482b99d553c466a5f254 [term 0 FOLLOWER]: Only one voter in the Raft config. Triggering election immediately
I20260608 12:40:50.439757 13079 raft_consensus.cc:493] T 25125728ff1e40cea2f4feb4dc875cf2 P 629f601c4abe482b99d553c466a5f254 [term 0 FOLLOWER]: Starting leader election (initial election of a single-replica configuration)
I20260608 12:40:50.440121 13079 raft_consensus.cc:3060] T 25125728ff1e40cea2f4feb4dc875cf2 P 629f601c4abe482b99d553c466a5f254 [term 0 FOLLOWER]: Advancing to term 1
I20260608 12:40:50.441527 13080 tablet_bootstrap.cc:654] T 1c183e00cb404f31aa23cc686d9bc198 P a9589e5b8751482e98f54cc9643f0a96: Neither blocks nor log segments found. Creating new log.
I20260608 12:40:50.442344 13082 tablet_bootstrap.cc:654] T f2b2d24f74b746eeb6966f292cc42683 P 9623714e580c4be18ef73824e199f57a: Neither blocks nor log segments found. Creating new log.
I20260608 12:40:50.447659 13079 raft_consensus.cc:515] T 25125728ff1e40cea2f4feb4dc875cf2 P 629f601c4abe482b99d553c466a5f254 [term 1 FOLLOWER]: Starting leader election with config: opid_index: -1 OBSOLETE_local: true peers { permanent_uuid: "629f601c4abe482b99d553c466a5f254" member_type: VOTER last_known_addr { host: "127.12.68.130" port: 37435 } }
I20260608 12:40:50.448426 13079 leader_election.cc:304] T 25125728ff1e40cea2f4feb4dc875cf2 P 629f601c4abe482b99d553c466a5f254 [CANDIDATE]: Term 1 election: Election decided. Result: candidate won. Election summary: received 1 responses out of 1 voters: 1 yes votes; 0 no votes. yes voters: 629f601c4abe482b99d553c466a5f254; no voters: 
I20260608 12:40:50.449007 13082 tablet_bootstrap.cc:492] T f2b2d24f74b746eeb6966f292cc42683 P 9623714e580c4be18ef73824e199f57a: No bootstrap required, opened a new log
I20260608 12:40:50.449326 13080 tablet_bootstrap.cc:492] T 1c183e00cb404f31aa23cc686d9bc198 P a9589e5b8751482e98f54cc9643f0a96: No bootstrap required, opened a new log
I20260608 12:40:50.449961 13082 ts_tablet_manager.cc:1403] T f2b2d24f74b746eeb6966f292cc42683 P 9623714e580c4be18ef73824e199f57a: Time spent bootstrapping tablet: real 0.016s	user 0.000s	sys 0.011s
I20260608 12:40:50.449967 13080 ts_tablet_manager.cc:1403] T 1c183e00cb404f31aa23cc686d9bc198 P a9589e5b8751482e98f54cc9643f0a96: Time spent bootstrapping tablet: real 0.017s	user 0.015s	sys 0.000s
I20260608 12:40:50.450764 13079 leader_election.cc:290] T 25125728ff1e40cea2f4feb4dc875cf2 P 629f601c4abe482b99d553c466a5f254 [CANDIDATE]: Term 1 election: Requested vote from peers 
I20260608 12:40:50.451321 13085 raft_consensus.cc:2804] T 25125728ff1e40cea2f4feb4dc875cf2 P 629f601c4abe482b99d553c466a5f254 [term 1 FOLLOWER]: Leader election won for term 1
I20260608 12:40:50.453395 13080 raft_consensus.cc:359] T 1c183e00cb404f31aa23cc686d9bc198 P a9589e5b8751482e98f54cc9643f0a96 [term 0 FOLLOWER]: Replica starting. Triggering 0 pending ops. Active config: opid_index: -1 OBSOLETE_local: true peers { permanent_uuid: "a9589e5b8751482e98f54cc9643f0a96" member_type: VOTER last_known_addr { host: "127.12.68.129" port: 41667 } }
I20260608 12:40:50.454036 13080 raft_consensus.cc:385] T 1c183e00cb404f31aa23cc686d9bc198 P a9589e5b8751482e98f54cc9643f0a96 [term 0 FOLLOWER]: Consensus starting up: Expiring failure detector timer to make a prompt election more likely
I20260608 12:40:50.454442 13080 raft_consensus.cc:740] T 1c183e00cb404f31aa23cc686d9bc198 P a9589e5b8751482e98f54cc9643f0a96 [term 0 FOLLOWER]: Becoming Follower/Learner. State: Replica: a9589e5b8751482e98f54cc9643f0a96, State: Initialized, Role: FOLLOWER
I20260608 12:40:50.455528 13085 raft_consensus.cc:697] T 25125728ff1e40cea2f4feb4dc875cf2 P 629f601c4abe482b99d553c466a5f254 [term 1 LEADER]: Becoming Leader. State: Replica: 629f601c4abe482b99d553c466a5f254, State: Running, Role: LEADER
I20260608 12:40:50.456372 13085 consensus_queue.cc:237] T 25125728ff1e40cea2f4feb4dc875cf2 P 629f601c4abe482b99d553c466a5f254 [LEADER]: Queue going to LEADER mode. State: All replicated index: 0, Majority replicated index: 0, Committed index: 0, Last appended: 0.0, Last appended by leader: 0, Current term: 1, Majority size: 1, State: 0, Mode: LEADER, active raft config: opid_index: -1 OBSOLETE_local: true peers { permanent_uuid: "629f601c4abe482b99d553c466a5f254" member_type: VOTER last_known_addr { host: "127.12.68.130" port: 37435 } }
I20260608 12:40:50.459744 13080 consensus_queue.cc:260] T 1c183e00cb404f31aa23cc686d9bc198 P a9589e5b8751482e98f54cc9643f0a96 [NON_LEADER]: Queue going to NON_LEADER mode. State: All replicated index: 0, Majority replicated index: 0, Committed index: 0, Last appended: 0.0, Last appended by leader: 0, Current term: 0, Majority size: -1, State: 0, Mode: NON_LEADER, active raft config: opid_index: -1 OBSOLETE_local: true peers { permanent_uuid: "a9589e5b8751482e98f54cc9643f0a96" member_type: VOTER last_known_addr { host: "127.12.68.129" port: 41667 } }
I20260608 12:40:50.460843 13080 raft_consensus.cc:399] T 1c183e00cb404f31aa23cc686d9bc198 P a9589e5b8751482e98f54cc9643f0a96 [term 0 FOLLOWER]: Only one voter in the Raft config. Triggering election immediately
I20260608 12:40:50.461284 13080 raft_consensus.cc:493] T 1c183e00cb404f31aa23cc686d9bc198 P a9589e5b8751482e98f54cc9643f0a96 [term 0 FOLLOWER]: Starting leader election (initial election of a single-replica configuration)
I20260608 12:40:50.463526 13082 raft_consensus.cc:359] T f2b2d24f74b746eeb6966f292cc42683 P 9623714e580c4be18ef73824e199f57a [term 0 FOLLOWER]: Replica starting. Triggering 0 pending ops. Active config: opid_index: -1 OBSOLETE_local: true peers { permanent_uuid: "9623714e580c4be18ef73824e199f57a" member_type: VOTER last_known_addr { host: "127.12.68.131" port: 37857 } }
I20260608 12:40:50.461771 13080 raft_consensus.cc:3060] T 1c183e00cb404f31aa23cc686d9bc198 P a9589e5b8751482e98f54cc9643f0a96 [term 0 FOLLOWER]: Advancing to term 1
I20260608 12:40:50.464293 13082 raft_consensus.cc:385] T f2b2d24f74b746eeb6966f292cc42683 P 9623714e580c4be18ef73824e199f57a [term 0 FOLLOWER]: Consensus starting up: Expiring failure detector timer to make a prompt election more likely
I20260608 12:40:50.466842 13082 raft_consensus.cc:740] T f2b2d24f74b746eeb6966f292cc42683 P 9623714e580c4be18ef73824e199f57a [term 0 FOLLOWER]: Becoming Follower/Learner. State: Replica: 9623714e580c4be18ef73824e199f57a, State: Initialized, Role: FOLLOWER
I20260608 12:40:50.467970 13082 consensus_queue.cc:260] T f2b2d24f74b746eeb6966f292cc42683 P 9623714e580c4be18ef73824e199f57a [NON_LEADER]: Queue going to NON_LEADER mode. State: All replicated index: 0, Majority replicated index: 0, Committed index: 0, Last appended: 0.0, Last appended by leader: 0, Current term: 0, Majority size: -1, State: 0, Mode: NON_LEADER, active raft config: opid_index: -1 OBSOLETE_local: true peers { permanent_uuid: "9623714e580c4be18ef73824e199f57a" member_type: VOTER last_known_addr { host: "127.12.68.131" port: 37857 } }
I20260608 12:40:50.473354 13079 ts_tablet_manager.cc:1434] T 25125728ff1e40cea2f4feb4dc875cf2 P 629f601c4abe482b99d553c466a5f254: Time spent starting tablet: real 0.041s	user 0.019s	sys 0.018s
I20260608 12:40:50.473984 13090 raft_consensus.cc:493] T f2b2d24f74b746eeb6966f292cc42683 P 9623714e580c4be18ef73824e199f57a [term 0 FOLLOWER]: Starting pre-election (no leader contacted us within the election timeout)
I20260608 12:40:50.474840 13090 raft_consensus.cc:515] T f2b2d24f74b746eeb6966f292cc42683 P 9623714e580c4be18ef73824e199f57a [term 0 FOLLOWER]: Starting pre-election with config: opid_index: -1 OBSOLETE_local: true peers { permanent_uuid: "9623714e580c4be18ef73824e199f57a" member_type: VOTER last_known_addr { host: "127.12.68.131" port: 37857 } }
I20260608 12:40:50.476438 13090 leader_election.cc:304] T f2b2d24f74b746eeb6966f292cc42683 P 9623714e580c4be18ef73824e199f57a [CANDIDATE]: Term 1 pre-election: Election decided. Result: candidate won. Election summary: received 1 responses out of 1 voters: 1 yes votes; 0 no votes. yes voters: 9623714e580c4be18ef73824e199f57a; no voters: 
I20260608 12:40:50.478420 13080 raft_consensus.cc:515] T 1c183e00cb404f31aa23cc686d9bc198 P a9589e5b8751482e98f54cc9643f0a96 [term 1 FOLLOWER]: Starting leader election with config: opid_index: -1 OBSOLETE_local: true peers { permanent_uuid: "a9589e5b8751482e98f54cc9643f0a96" member_type: VOTER last_known_addr { host: "127.12.68.129" port: 41667 } }
I20260608 12:40:50.480405 13080 leader_election.cc:304] T 1c183e00cb404f31aa23cc686d9bc198 P a9589e5b8751482e98f54cc9643f0a96 [CANDIDATE]: Term 1 election: Election decided. Result: candidate won. Election summary: received 1 responses out of 1 voters: 1 yes votes; 0 no votes. yes voters: a9589e5b8751482e98f54cc9643f0a96; no voters: 
I20260608 12:40:50.473757 13082 raft_consensus.cc:399] T f2b2d24f74b746eeb6966f292cc42683 P 9623714e580c4be18ef73824e199f57a [term 0 FOLLOWER]: Only one voter in the Raft config. Triggering election immediately
I20260608 12:40:50.481598 13082 raft_consensus.cc:493] T f2b2d24f74b746eeb6966f292cc42683 P 9623714e580c4be18ef73824e199f57a [term 0 FOLLOWER]: Starting leader election (initial election of a single-replica configuration)
I20260608 12:40:50.482061 13082 raft_consensus.cc:3060] T f2b2d24f74b746eeb6966f292cc42683 P 9623714e580c4be18ef73824e199f57a [term 0 FOLLOWER]: Advancing to term 1
I20260608 12:40:50.481446 12594 catalog_manager.cc:5696] T 25125728ff1e40cea2f4feb4dc875cf2 P 629f601c4abe482b99d553c466a5f254 reported cstate change: term changed from 0 to 1, leader changed from <none> to 629f601c4abe482b99d553c466a5f254 (127.12.68.130). New cstate: current_term: 1 leader_uuid: "629f601c4abe482b99d553c466a5f254" committed_config { opid_index: -1 OBSOLETE_local: true peers { permanent_uuid: "629f601c4abe482b99d553c466a5f254" member_type: VOTER last_known_addr { host: "127.12.68.130" port: 37435 } health_report { overall_health: HEALTHY } } }
I20260608 12:40:50.488682 13082 raft_consensus.cc:515] T f2b2d24f74b746eeb6966f292cc42683 P 9623714e580c4be18ef73824e199f57a [term 1 FOLLOWER]: Starting leader election with config: opid_index: -1 OBSOLETE_local: true peers { permanent_uuid: "9623714e580c4be18ef73824e199f57a" member_type: VOTER last_known_addr { host: "127.12.68.131" port: 37857 } }
I20260608 12:40:50.489487 13082 leader_election.cc:304] T f2b2d24f74b746eeb6966f292cc42683 P 9623714e580c4be18ef73824e199f57a [CANDIDATE]: Term 1 election: Election decided. Result: candidate won. Election summary: received 1 responses out of 1 voters: 1 yes votes; 0 no votes. yes voters: 9623714e580c4be18ef73824e199f57a; no voters: 
I20260608 12:40:50.596771 13090 leader_election.cc:290] T f2b2d24f74b746eeb6966f292cc42683 P 9623714e580c4be18ef73824e199f57a [CANDIDATE]: Term 1 pre-election: Requested pre-vote from peers 
I20260608 12:40:50.597342 13091 raft_consensus.cc:2764] T f2b2d24f74b746eeb6966f292cc42683 P 9623714e580c4be18ef73824e199f57a [term 1 FOLLOWER]: Leader pre-election decision vote started in defunct term 0: won
I20260608 12:40:50.598578 13090 raft_consensus.cc:2804] T f2b2d24f74b746eeb6966f292cc42683 P 9623714e580c4be18ef73824e199f57a [term 1 FOLLOWER]: Leader election won for term 1
I20260608 12:40:50.599323 13090 raft_consensus.cc:697] T f2b2d24f74b746eeb6966f292cc42683 P 9623714e580c4be18ef73824e199f57a [term 1 LEADER]: Becoming Leader. State: Replica: 9623714e580c4be18ef73824e199f57a, State: Running, Role: LEADER
I20260608 12:40:50.601177 13090 consensus_queue.cc:237] T f2b2d24f74b746eeb6966f292cc42683 P 9623714e580c4be18ef73824e199f57a [LEADER]: Queue going to LEADER mode. State: All replicated index: 0, Majority replicated index: 0, Committed index: 0, Last appended: 0.0, Last appended by leader: 0, Current term: 1, Majority size: 1, State: 0, Mode: LEADER, active raft config: opid_index: -1 OBSOLETE_local: true peers { permanent_uuid: "9623714e580c4be18ef73824e199f57a" member_type: VOTER last_known_addr { host: "127.12.68.131" port: 37857 } }
I20260608 12:40:50.602584 13080 leader_election.cc:290] T 1c183e00cb404f31aa23cc686d9bc198 P a9589e5b8751482e98f54cc9643f0a96 [CANDIDATE]: Term 1 election: Requested vote from peers 
I20260608 12:40:50.603250 13082 leader_election.cc:290] T f2b2d24f74b746eeb6966f292cc42683 P 9623714e580c4be18ef73824e199f57a [CANDIDATE]: Term 1 election: Requested vote from peers 
I20260608 12:40:50.603350 13092 raft_consensus.cc:2804] T 1c183e00cb404f31aa23cc686d9bc198 P a9589e5b8751482e98f54cc9643f0a96 [term 1 FOLLOWER]: Leader election won for term 1
I20260608 12:40:50.605746 13082 ts_tablet_manager.cc:1434] T f2b2d24f74b746eeb6966f292cc42683 P 9623714e580c4be18ef73824e199f57a: Time spent starting tablet: real 0.155s	user 0.076s	sys 0.050s
I20260608 12:40:50.608731 13080 ts_tablet_manager.cc:1434] T 1c183e00cb404f31aa23cc686d9bc198 P a9589e5b8751482e98f54cc9643f0a96: Time spent starting tablet: real 0.158s	user 0.056s	sys 0.049s
I20260608 12:40:50.609776 13080 tablet_bootstrap.cc:492] T 404d0968a07b4bd89adf9f796c0280c5 P a9589e5b8751482e98f54cc9643f0a96: Bootstrap starting.
I20260608 12:40:50.618682 12593 catalog_manager.cc:5696] T f2b2d24f74b746eeb6966f292cc42683 P 9623714e580c4be18ef73824e199f57a reported cstate change: term changed from 0 to 1, leader changed from <none> to 9623714e580c4be18ef73824e199f57a (127.12.68.131). New cstate: current_term: 1 leader_uuid: "9623714e580c4be18ef73824e199f57a" committed_config { opid_index: -1 OBSOLETE_local: true peers { permanent_uuid: "9623714e580c4be18ef73824e199f57a" member_type: VOTER last_known_addr { host: "127.12.68.131" port: 37857 } health_report { overall_health: HEALTHY } } }
I20260608 12:40:50.620474 13092 raft_consensus.cc:697] T 1c183e00cb404f31aa23cc686d9bc198 P a9589e5b8751482e98f54cc9643f0a96 [term 1 LEADER]: Becoming Leader. State: Replica: a9589e5b8751482e98f54cc9643f0a96, State: Running, Role: LEADER
I20260608 12:40:50.622944 13080 tablet_bootstrap.cc:654] T 404d0968a07b4bd89adf9f796c0280c5 P a9589e5b8751482e98f54cc9643f0a96: Neither blocks nor log segments found. Creating new log.
I20260608 12:40:50.621245 13092 consensus_queue.cc:237] T 1c183e00cb404f31aa23cc686d9bc198 P a9589e5b8751482e98f54cc9643f0a96 [LEADER]: Queue going to LEADER mode. State: All replicated index: 0, Majority replicated index: 0, Committed index: 0, Last appended: 0.0, Last appended by leader: 0, Current term: 1, Majority size: 1, State: 0, Mode: LEADER, active raft config: opid_index: -1 OBSOLETE_local: true peers { permanent_uuid: "a9589e5b8751482e98f54cc9643f0a96" member_type: VOTER last_known_addr { host: "127.12.68.129" port: 41667 } }
I20260608 12:40:50.635634 13080 tablet_bootstrap.cc:492] T 404d0968a07b4bd89adf9f796c0280c5 P a9589e5b8751482e98f54cc9643f0a96: No bootstrap required, opened a new log
I20260608 12:40:50.645179 12592 catalog_manager.cc:5696] T 1c183e00cb404f31aa23cc686d9bc198 P a9589e5b8751482e98f54cc9643f0a96 reported cstate change: term changed from 0 to 1, leader changed from <none> to a9589e5b8751482e98f54cc9643f0a96 (127.12.68.129). New cstate: current_term: 1 leader_uuid: "a9589e5b8751482e98f54cc9643f0a96" committed_config { opid_index: -1 OBSOLETE_local: true peers { permanent_uuid: "a9589e5b8751482e98f54cc9643f0a96" member_type: VOTER last_known_addr { host: "127.12.68.129" port: 41667 } health_report { overall_health: HEALTHY } } }
I20260608 12:40:50.648157 13080 ts_tablet_manager.cc:1403] T 404d0968a07b4bd89adf9f796c0280c5 P a9589e5b8751482e98f54cc9643f0a96: Time spent bootstrapping tablet: real 0.039s	user 0.012s	sys 0.006s
I20260608 12:40:50.652704 13080 raft_consensus.cc:359] T 404d0968a07b4bd89adf9f796c0280c5 P a9589e5b8751482e98f54cc9643f0a96 [term 0 FOLLOWER]: Replica starting. Triggering 0 pending ops. Active config: opid_index: -1 OBSOLETE_local: true peers { permanent_uuid: "a9589e5b8751482e98f54cc9643f0a96" member_type: VOTER last_known_addr { host: "127.12.68.129" port: 41667 } }
I20260608 12:40:50.653508 13080 raft_consensus.cc:385] T 404d0968a07b4bd89adf9f796c0280c5 P a9589e5b8751482e98f54cc9643f0a96 [term 0 FOLLOWER]: Consensus starting up: Expiring failure detector timer to make a prompt election more likely
I20260608 12:40:50.653900 13080 raft_consensus.cc:740] T 404d0968a07b4bd89adf9f796c0280c5 P a9589e5b8751482e98f54cc9643f0a96 [term 0 FOLLOWER]: Becoming Follower/Learner. State: Replica: a9589e5b8751482e98f54cc9643f0a96, State: Initialized, Role: FOLLOWER
I20260608 12:40:50.655002 13080 consensus_queue.cc:260] T 404d0968a07b4bd89adf9f796c0280c5 P a9589e5b8751482e98f54cc9643f0a96 [NON_LEADER]: Queue going to NON_LEADER mode. State: All replicated index: 0, Majority replicated index: 0, Committed index: 0, Last appended: 0.0, Last appended by leader: 0, Current term: 0, Majority size: -1, State: 0, Mode: NON_LEADER, active raft config: opid_index: -1 OBSOLETE_local: true peers { permanent_uuid: "a9589e5b8751482e98f54cc9643f0a96" member_type: VOTER last_known_addr { host: "127.12.68.129" port: 41667 } }
I20260608 12:40:50.656019 13080 raft_consensus.cc:399] T 404d0968a07b4bd89adf9f796c0280c5 P a9589e5b8751482e98f54cc9643f0a96 [term 0 FOLLOWER]: Only one voter in the Raft config. Triggering election immediately
I20260608 12:40:50.656515 13080 raft_consensus.cc:493] T 404d0968a07b4bd89adf9f796c0280c5 P a9589e5b8751482e98f54cc9643f0a96 [term 0 FOLLOWER]: Starting leader election (initial election of a single-replica configuration)
I20260608 12:40:50.657037 13080 raft_consensus.cc:3060] T 404d0968a07b4bd89adf9f796c0280c5 P a9589e5b8751482e98f54cc9643f0a96 [term 0 FOLLOWER]: Advancing to term 1
I20260608 12:40:50.665691 13080 raft_consensus.cc:515] T 404d0968a07b4bd89adf9f796c0280c5 P a9589e5b8751482e98f54cc9643f0a96 [term 1 FOLLOWER]: Starting leader election with config: opid_index: -1 OBSOLETE_local: true peers { permanent_uuid: "a9589e5b8751482e98f54cc9643f0a96" member_type: VOTER last_known_addr { host: "127.12.68.129" port: 41667 } }
I20260608 12:40:50.666488 13080 leader_election.cc:304] T 404d0968a07b4bd89adf9f796c0280c5 P a9589e5b8751482e98f54cc9643f0a96 [CANDIDATE]: Term 1 election: Election decided. Result: candidate won. Election summary: received 1 responses out of 1 voters: 1 yes votes; 0 no votes. yes voters: a9589e5b8751482e98f54cc9643f0a96; no voters: 
I20260608 12:40:50.667308 13092 raft_consensus.cc:2804] T 404d0968a07b4bd89adf9f796c0280c5 P a9589e5b8751482e98f54cc9643f0a96 [term 1 FOLLOWER]: Leader election won for term 1
I20260608 12:40:50.667861 13092 raft_consensus.cc:697] T 404d0968a07b4bd89adf9f796c0280c5 P a9589e5b8751482e98f54cc9643f0a96 [term 1 LEADER]: Becoming Leader. State: Replica: a9589e5b8751482e98f54cc9643f0a96, State: Running, Role: LEADER
I20260608 12:40:50.668820 13080 leader_election.cc:290] T 404d0968a07b4bd89adf9f796c0280c5 P a9589e5b8751482e98f54cc9643f0a96 [CANDIDATE]: Term 1 election: Requested vote from peers 
I20260608 12:40:50.668579 13092 consensus_queue.cc:237] T 404d0968a07b4bd89adf9f796c0280c5 P a9589e5b8751482e98f54cc9643f0a96 [LEADER]: Queue going to LEADER mode. State: All replicated index: 0, Majority replicated index: 0, Committed index: 0, Last appended: 0.0, Last appended by leader: 0, Current term: 1, Majority size: 1, State: 0, Mode: LEADER, active raft config: opid_index: -1 OBSOLETE_local: true peers { permanent_uuid: "a9589e5b8751482e98f54cc9643f0a96" member_type: VOTER last_known_addr { host: "127.12.68.129" port: 41667 } }
I20260608 12:40:50.670547 13080 ts_tablet_manager.cc:1434] T 404d0968a07b4bd89adf9f796c0280c5 P a9589e5b8751482e98f54cc9643f0a96: Time spent starting tablet: real 0.022s	user 0.011s	sys 0.005s
I20260608 12:40:50.688508 12592 catalog_manager.cc:5696] T 404d0968a07b4bd89adf9f796c0280c5 P a9589e5b8751482e98f54cc9643f0a96 reported cstate change: term changed from 0 to 1, leader changed from <none> to a9589e5b8751482e98f54cc9643f0a96 (127.12.68.129). New cstate: current_term: 1 leader_uuid: "a9589e5b8751482e98f54cc9643f0a96" committed_config { opid_index: -1 OBSOLETE_local: true peers { permanent_uuid: "a9589e5b8751482e98f54cc9643f0a96" member_type: VOTER last_known_addr { host: "127.12.68.129" port: 41667 } health_report { overall_health: HEALTHY } } }
I20260608 12:40:50.705222 12562 tablet_server.cc:179] TabletServer@127.12.68.129:0 shutting down...
I20260608 12:40:50.722250 12562 ts_tablet_manager.cc:1507] Shutting down tablet manager...
I20260608 12:40:50.723091 12562 tablet_replica.cc:333] T 404d0968a07b4bd89adf9f796c0280c5 P a9589e5b8751482e98f54cc9643f0a96: stopping tablet replica
I20260608 12:40:50.723780 12562 raft_consensus.cc:2243] T 404d0968a07b4bd89adf9f796c0280c5 P a9589e5b8751482e98f54cc9643f0a96 [term 1 LEADER]: Raft consensus shutting down.
I20260608 12:40:50.724255 12562 raft_consensus.cc:2272] T 404d0968a07b4bd89adf9f796c0280c5 P a9589e5b8751482e98f54cc9643f0a96 [term 1 FOLLOWER]: Raft consensus is shut down!
I20260608 12:40:50.726924 12562 tablet_replica.cc:333] T 1c183e00cb404f31aa23cc686d9bc198 P a9589e5b8751482e98f54cc9643f0a96: stopping tablet replica
I20260608 12:40:50.727422 12562 raft_consensus.cc:2243] T 1c183e00cb404f31aa23cc686d9bc198 P a9589e5b8751482e98f54cc9643f0a96 [term 1 LEADER]: Raft consensus shutting down.
I20260608 12:40:50.727937 12562 raft_consensus.cc:2272] T 1c183e00cb404f31aa23cc686d9bc198 P a9589e5b8751482e98f54cc9643f0a96 [term 1 FOLLOWER]: Raft consensus is shut down!
I20260608 12:40:50.875748 12562 tablet_server.cc:196] TabletServer@127.12.68.129:0 shutdown complete.
I20260608 12:40:50.885357 12562 tablet_server.cc:179] TabletServer@127.12.68.130:0 shutting down...
I20260608 12:40:50.904971 12562 ts_tablet_manager.cc:1507] Shutting down tablet manager...
I20260608 12:40:50.905793 12562 tablet_replica.cc:333] T 25125728ff1e40cea2f4feb4dc875cf2 P 629f601c4abe482b99d553c466a5f254: stopping tablet replica
I20260608 12:40:50.906350 12562 raft_consensus.cc:2243] T 25125728ff1e40cea2f4feb4dc875cf2 P 629f601c4abe482b99d553c466a5f254 [term 1 LEADER]: Raft consensus shutting down.
I20260608 12:40:50.906806 12562 raft_consensus.cc:2272] T 25125728ff1e40cea2f4feb4dc875cf2 P 629f601c4abe482b99d553c466a5f254 [term 1 FOLLOWER]: Raft consensus is shut down!
I20260608 12:40:50.926071 12562 tablet_server.cc:196] TabletServer@127.12.68.130:0 shutdown complete.
I20260608 12:40:50.933967 12562 tablet_server.cc:179] TabletServer@127.12.68.131:0 shutting down...
I20260608 12:40:50.949352 12562 ts_tablet_manager.cc:1507] Shutting down tablet manager...
I20260608 12:40:50.950177 12562 tablet_replica.cc:333] T f2b2d24f74b746eeb6966f292cc42683 P 9623714e580c4be18ef73824e199f57a: stopping tablet replica
I20260608 12:40:50.950716 12562 raft_consensus.cc:2243] T f2b2d24f74b746eeb6966f292cc42683 P 9623714e580c4be18ef73824e199f57a [term 1 LEADER]: Raft consensus shutting down.
I20260608 12:40:50.951155 12562 raft_consensus.cc:2272] T f2b2d24f74b746eeb6966f292cc42683 P 9623714e580c4be18ef73824e199f57a [term 1 FOLLOWER]: Raft consensus is shut down!
I20260608 12:40:50.959878 12562 tablet_server.cc:196] TabletServer@127.12.68.131:0 shutdown complete.
I20260608 12:40:50.967634 12562 master.cc:562] Master@127.12.68.190:42539 shutting down...
I20260608 12:40:51.084124 12562 raft_consensus.cc:2243] T 00000000000000000000000000000000 P 67f8ccac07c742f7b81068e185bb04f0 [term 1 LEADER]: Raft consensus shutting down.
I20260608 12:40:51.084981 12562 raft_consensus.cc:2272] T 00000000000000000000000000000000 P 67f8ccac07c742f7b81068e185bb04f0 [term 1 FOLLOWER]: Raft consensus is shut down!
I20260608 12:40:51.085337 12562 tablet_replica.cc:333] T 00000000000000000000000000000000 P 67f8ccac07c742f7b81068e185bb04f0: stopping tablet replica
I20260608 12:40:51.105599 12562 master.cc:584] Master@127.12.68.190:42539 shutdown complete.
I20260608 12:40:51.117444 12562 master.cc:562] Master@127.12.68.189:34503 shutting down...
I20260608 12:40:51.130827 12562 raft_consensus.cc:2243] T 00000000000000000000000000000000 P 7c76f06ba9f548ac8338df54b327c9ce [term 1 FOLLOWER]: Raft consensus shutting down.
I20260608 12:40:51.131340 12562 raft_consensus.cc:2272] T 00000000000000000000000000000000 P 7c76f06ba9f548ac8338df54b327c9ce [term 1 FOLLOWER]: Raft consensus is shut down!
I20260608 12:40:51.131716 12562 tablet_replica.cc:333] T 00000000000000000000000000000000 P 7c76f06ba9f548ac8338df54b327c9ce: stopping tablet replica
I20260608 12:40:51.177450 12562 master.cc:584] Master@127.12.68.189:34503 shutdown complete.
I20260608 12:40:51.189409 12562 master.cc:562] Master@127.12.68.188:41269 shutting down...
I20260608 12:40:51.204202 12562 raft_consensus.cc:2243] T 00000000000000000000000000000000 P feee95c259544b5c959550ba3867374b [term 1 FOLLOWER]: Raft consensus shutting down.
I20260608 12:40:51.204748 12562 raft_consensus.cc:2272] T 00000000000000000000000000000000 P feee95c259544b5c959550ba3867374b [term 1 FOLLOWER]: Raft consensus is shut down!
I20260608 12:40:51.205084 12562 tablet_replica.cc:333] T 00000000000000000000000000000000 P feee95c259544b5c959550ba3867374b: stopping tablet replica
I20260608 12:40:51.222988 12562 master.cc:584] Master@127.12.68.188:41269 shutdown complete.
[       OK ] AutoRebalancerTest.OnlyLeaderDoesAutoRebalancing (4894 ms)
[ RUN      ] AutoRebalancerTest.AutoRebalancingTurnOffAndOn
I20260608 12:40:51.248824 12562 internal_mini_cluster.cc:156] Creating distributed mini masters. Addrs: 127.12.68.190:46597
