I20260608 12:41:57.878234 15342 raft_consensus.cc:2468] T 07bc302df3014f378b8fbd0d12c4be6e P 01888b8bd2974d8f95ff280f3576dae3 [term 0 FOLLOWER]: Leader pre-election vote request: Granting yes vote for candidate 9d4ec4f871a445f5a368d80e83591aa7 in term 0.
I20260608 12:41:57.878748 15341 raft_consensus.cc:2468] T 45da52975d0f4dde952b738c90fefb53 P 01888b8bd2974d8f95ff280f3576dae3 [term 0 FOLLOWER]: Leader pre-election vote request: Granting yes vote for candidate 43bedc05ca0546e5844423eff5ebe288 in term 0.
I20260608 12:41:57.875558 15269 tablet_service.cc:1917] Received RequestConsensusVote() RPC: tablet_id: "45da52975d0f4dde952b738c90fefb53" candidate_uuid: "43bedc05ca0546e5844423eff5ebe288" candidate_term: 1 candidate_status { last_received { term: 0 index: 0 } } ignore_live_leader: false dest_uuid: "9d4ec4f871a445f5a368d80e83591aa7" is_pre_election: true
I20260608 12:41:57.879951 15158 leader_election.cc:304] T 45da52975d0f4dde952b738c90fefb53 P 43bedc05ca0546e5844423eff5ebe288 [CANDIDATE]: Term 1 pre-election: Election decided. Result: candidate won. Election summary: received 2 responses out of 3 voters: 2 yes votes; 0 no votes. yes voters: 01888b8bd2974d8f95ff280f3576dae3, 43bedc05ca0546e5844423eff5ebe288; no voters: 
I20260608 12:41:57.880349 15269 raft_consensus.cc:2468] T 45da52975d0f4dde952b738c90fefb53 P 9d4ec4f871a445f5a368d80e83591aa7 [term 0 FOLLOWER]: Leader pre-election vote request: Granting yes vote for candidate 43bedc05ca0546e5844423eff5ebe288 in term 0.
I20260608 12:41:57.881603 15340 raft_consensus.cc:2468] T a9090b9757ce4c90a6c63a0fb6bda856 P 01888b8bd2974d8f95ff280f3576dae3 [term 1 FOLLOWER]: Leader election vote request: Granting yes vote for candidate 9d4ec4f871a445f5a368d80e83591aa7 in term 1.
I20260608 12:41:57.877540 15343 tablet_service.cc:1917] Received RequestConsensusVote() RPC: tablet_id: "07bc302df3014f378b8fbd0d12c4be6e" candidate_uuid: "43bedc05ca0546e5844423eff5ebe288" candidate_term: 1 candidate_status { last_received { term: 0 index: 0 } } ignore_live_leader: false dest_uuid: "01888b8bd2974d8f95ff280f3576dae3"
I20260608 12:41:57.882246 15412 raft_consensus.cc:2804] T 45da52975d0f4dde952b738c90fefb53 P 43bedc05ca0546e5844423eff5ebe288 [term 0 FOLLOWER]: Leader pre-election won for term 1
I20260608 12:41:57.882764 15343 raft_consensus.cc:3060] T 07bc302df3014f378b8fbd0d12c4be6e P 01888b8bd2974d8f95ff280f3576dae3 [term 0 FOLLOWER]: Advancing to term 1
I20260608 12:41:57.882853 15412 raft_consensus.cc:493] T 45da52975d0f4dde952b738c90fefb53 P 43bedc05ca0546e5844423eff5ebe288 [term 0 FOLLOWER]: Starting leader election (no leader contacted us within the election timeout)
I20260608 12:41:57.886034 15412 raft_consensus.cc:3060] T 45da52975d0f4dde952b738c90fefb53 P 43bedc05ca0546e5844423eff5ebe288 [term 0 FOLLOWER]: Advancing to term 1
I20260608 12:41:57.887517 15233 leader_election.cc:304] T a9090b9757ce4c90a6c63a0fb6bda856 P 9d4ec4f871a445f5a368d80e83591aa7 [CANDIDATE]: Term 1 election: Election decided. Result: candidate won. Election summary: received 2 responses out of 3 voters: 2 yes votes; 0 no votes. yes voters: 01888b8bd2974d8f95ff280f3576dae3, 9d4ec4f871a445f5a368d80e83591aa7; no voters: 
I20260608 12:41:57.890190 15343 raft_consensus.cc:2468] T 07bc302df3014f378b8fbd0d12c4be6e P 01888b8bd2974d8f95ff280f3576dae3 [term 1 FOLLOWER]: Leader election vote request: Granting yes vote for candidate 43bedc05ca0546e5844423eff5ebe288 in term 1.
I20260608 12:41:57.891742 15158 leader_election.cc:304] T 07bc302df3014f378b8fbd0d12c4be6e P 43bedc05ca0546e5844423eff5ebe288 [CANDIDATE]: Term 1 election: Election decided. Result: candidate won. Election summary: received 2 responses out of 3 voters: 2 yes votes; 0 no votes. yes voters: 01888b8bd2974d8f95ff280f3576dae3, 43bedc05ca0546e5844423eff5ebe288; no voters: 
I20260608 12:41:57.893311 15194 raft_consensus.cc:2468] T a9090b9757ce4c90a6c63a0fb6bda856 P 43bedc05ca0546e5844423eff5ebe288 [term 1 FOLLOWER]: Leader election vote request: Granting yes vote for candidate 9d4ec4f871a445f5a368d80e83591aa7 in term 1.
I20260608 12:41:57.893910 15396 raft_consensus.cc:2764] T a9090b9757ce4c90a6c63a0fb6bda856 P 43bedc05ca0546e5844423eff5ebe288 [term 1 FOLLOWER]: Leader pre-election decision vote started in defunct term 0: won
I20260608 12:41:57.894618 15411 raft_consensus.cc:2804] T a9090b9757ce4c90a6c63a0fb6bda856 P 9d4ec4f871a445f5a368d80e83591aa7 [term 1 FOLLOWER]: Leader election won for term 1
I20260608 12:41:57.897486 15396 raft_consensus.cc:2804] T 07bc302df3014f378b8fbd0d12c4be6e P 43bedc05ca0546e5844423eff5ebe288 [term 1 FOLLOWER]: Leader election won for term 1
I20260608 12:41:57.898476 15396 raft_consensus.cc:697] T 07bc302df3014f378b8fbd0d12c4be6e P 43bedc05ca0546e5844423eff5ebe288 [term 1 LEADER]: Becoming Leader. State: Replica: 43bedc05ca0546e5844423eff5ebe288, State: Running, Role: LEADER
I20260608 12:41:57.898183 15392 raft_consensus.cc:515] T 07bc302df3014f378b8fbd0d12c4be6e P 9d4ec4f871a445f5a368d80e83591aa7 [term 1 FOLLOWER]: Starting leader election with config: opid_index: -1 OBSOLETE_local: false peers { permanent_uuid: "9d4ec4f871a445f5a368d80e83591aa7" member_type: VOTER last_known_addr { host: "127.12.74.194" port: 46655 } } peers { permanent_uuid: "43bedc05ca0546e5844423eff5ebe288" member_type: VOTER last_known_addr { host: "127.12.74.193" port: 33465 } } peers { permanent_uuid: "01888b8bd2974d8f95ff280f3576dae3" member_type: VOTER last_known_addr { host: "127.12.74.195" port: 38121 } }
I20260608 12:41:57.900058 15268 raft_consensus.cc:2393] T 07bc302df3014f378b8fbd0d12c4be6e P 9d4ec4f871a445f5a368d80e83591aa7 [term 1 FOLLOWER]: Leader election vote request: Denying vote to candidate 43bedc05ca0546e5844423eff5ebe288 in current term 1: Already voted for candidate 9d4ec4f871a445f5a368d80e83591aa7 in this term.
I20260608 12:41:57.899715 15396 consensus_queue.cc:237] T 07bc302df3014f378b8fbd0d12c4be6e P 43bedc05ca0546e5844423eff5ebe288 [LEADER]: Queue going to LEADER mode. State: All replicated index: 0, Majority replicated index: 0, Committed index: 0, Last appended: 0.0, Last appended by leader: 0, Current term: 1, Majority size: 2, State: 0, Mode: LEADER, active raft config: opid_index: -1 OBSOLETE_local: false peers { permanent_uuid: "9d4ec4f871a445f5a368d80e83591aa7" member_type: VOTER last_known_addr { host: "127.12.74.194" port: 46655 } } peers { permanent_uuid: "43bedc05ca0546e5844423eff5ebe288" member_type: VOTER last_known_addr { host: "127.12.74.193" port: 33465 } } peers { permanent_uuid: "01888b8bd2974d8f95ff280f3576dae3" member_type: VOTER last_known_addr { host: "127.12.74.195" port: 38121 } }
I20260608 12:41:57.903834 15392 leader_election.cc:290] T 07bc302df3014f378b8fbd0d12c4be6e P 9d4ec4f871a445f5a368d80e83591aa7 [CANDIDATE]: Term 1 election: Requested vote from peers 43bedc05ca0546e5844423eff5ebe288 (127.12.74.193:33465), 01888b8bd2974d8f95ff280f3576dae3 (127.12.74.195:38121)
I20260608 12:41:57.903908 15194 tablet_service.cc:1917] Received RequestConsensusVote() RPC: tablet_id: "07bc302df3014f378b8fbd0d12c4be6e" candidate_uuid: "9d4ec4f871a445f5a368d80e83591aa7" candidate_term: 1 candidate_status { last_received { term: 0 index: 0 } } ignore_live_leader: false dest_uuid: "43bedc05ca0546e5844423eff5ebe288"
I20260608 12:41:57.904495 15343 tablet_service.cc:1917] Received RequestConsensusVote() RPC: tablet_id: "07bc302df3014f378b8fbd0d12c4be6e" candidate_uuid: "9d4ec4f871a445f5a368d80e83591aa7" candidate_term: 1 candidate_status { last_received { term: 0 index: 0 } } ignore_live_leader: false dest_uuid: "01888b8bd2974d8f95ff280f3576dae3"
I20260608 12:41:57.905232 15343 raft_consensus.cc:2393] T 07bc302df3014f378b8fbd0d12c4be6e P 01888b8bd2974d8f95ff280f3576dae3 [term 1 FOLLOWER]: Leader election vote request: Denying vote to candidate 9d4ec4f871a445f5a368d80e83591aa7 in current term 1: Already voted for candidate 43bedc05ca0546e5844423eff5ebe288 in this term.
I20260608 12:41:57.906656 15233 leader_election.cc:304] T 07bc302df3014f378b8fbd0d12c4be6e P 9d4ec4f871a445f5a368d80e83591aa7 [CANDIDATE]: Term 1 election: Election decided. Result: candidate lost. Election summary: received 3 responses out of 3 voters: 1 yes votes; 2 no votes. yes voters: 9d4ec4f871a445f5a368d80e83591aa7; no voters: 01888b8bd2974d8f95ff280f3576dae3, 43bedc05ca0546e5844423eff5ebe288
I20260608 12:41:57.907855 15411 raft_consensus.cc:697] T a9090b9757ce4c90a6c63a0fb6bda856 P 9d4ec4f871a445f5a368d80e83591aa7 [term 1 LEADER]: Becoming Leader. State: Replica: 9d4ec4f871a445f5a368d80e83591aa7, State: Running, Role: LEADER
I20260608 12:41:57.908423 15414 raft_consensus.cc:2749] T 07bc302df3014f378b8fbd0d12c4be6e P 9d4ec4f871a445f5a368d80e83591aa7 [term 1 FOLLOWER]: Leader election lost for term 1. Reason: could not achieve majority
I20260608 12:41:57.908815 15411 consensus_queue.cc:237] T a9090b9757ce4c90a6c63a0fb6bda856 P 9d4ec4f871a445f5a368d80e83591aa7 [LEADER]: Queue going to LEADER mode. State: All replicated index: 0, Majority replicated index: 0, Committed index: 0, Last appended: 0.0, Last appended by leader: 0, Current term: 1, Majority size: 2, State: 0, Mode: LEADER, active raft config: opid_index: -1 OBSOLETE_local: false peers { permanent_uuid: "43bedc05ca0546e5844423eff5ebe288" member_type: VOTER last_known_addr { host: "127.12.74.193" port: 33465 } } peers { permanent_uuid: "9d4ec4f871a445f5a368d80e83591aa7" member_type: VOTER last_known_addr { host: "127.12.74.194" port: 46655 } } peers { permanent_uuid: "01888b8bd2974d8f95ff280f3576dae3" member_type: VOTER last_known_addr { host: "127.12.74.195" port: 38121 } }
I20260608 12:41:57.907343 15412 raft_consensus.cc:515] T 45da52975d0f4dde952b738c90fefb53 P 43bedc05ca0546e5844423eff5ebe288 [term 1 FOLLOWER]: Starting leader election with config: opid_index: -1 OBSOLETE_local: false peers { permanent_uuid: "43bedc05ca0546e5844423eff5ebe288" member_type: VOTER last_known_addr { host: "127.12.74.193" port: 33465 } } peers { permanent_uuid: "9d4ec4f871a445f5a368d80e83591aa7" member_type: VOTER last_known_addr { host: "127.12.74.194" port: 46655 } } peers { permanent_uuid: "01888b8bd2974d8f95ff280f3576dae3" member_type: VOTER last_known_addr { host: "127.12.74.195" port: 38121 } }
I20260608 12:41:57.912483 15412 leader_election.cc:290] T 45da52975d0f4dde952b738c90fefb53 P 43bedc05ca0546e5844423eff5ebe288 [CANDIDATE]: Term 1 election: Requested vote from peers 9d4ec4f871a445f5a368d80e83591aa7 (127.12.74.194:46655), 01888b8bd2974d8f95ff280f3576dae3 (127.12.74.195:38121)
I20260608 12:41:57.912684 15268 tablet_service.cc:1917] Received RequestConsensusVote() RPC: tablet_id: "45da52975d0f4dde952b738c90fefb53" candidate_uuid: "43bedc05ca0546e5844423eff5ebe288" candidate_term: 1 candidate_status { last_received { term: 0 index: 0 } } ignore_live_leader: false dest_uuid: "9d4ec4f871a445f5a368d80e83591aa7"
I20260608 12:41:57.913439 15268 raft_consensus.cc:3060] T 45da52975d0f4dde952b738c90fefb53 P 9d4ec4f871a445f5a368d80e83591aa7 [term 0 FOLLOWER]: Advancing to term 1
I20260608 12:41:57.916208 15089 catalog_manager.cc:5696] T 07bc302df3014f378b8fbd0d12c4be6e P 43bedc05ca0546e5844423eff5ebe288 reported cstate change: term changed from 0 to 1, leader changed from <none> to 43bedc05ca0546e5844423eff5ebe288 (127.12.74.193). New cstate: current_term: 1 leader_uuid: "43bedc05ca0546e5844423eff5ebe288" committed_config { opid_index: -1 OBSOLETE_local: false peers { permanent_uuid: "9d4ec4f871a445f5a368d80e83591aa7" member_type: VOTER last_known_addr { host: "127.12.74.194" port: 46655 } health_report { overall_health: UNKNOWN } } peers { permanent_uuid: "43bedc05ca0546e5844423eff5ebe288" member_type: VOTER last_known_addr { host: "127.12.74.193" port: 33465 } health_report { overall_health: HEALTHY } } peers { permanent_uuid: "01888b8bd2974d8f95ff280f3576dae3" member_type: VOTER last_known_addr { host: "127.12.74.195" port: 38121 } health_report { overall_health: UNKNOWN } } }
I20260608 12:41:57.917486 15343 tablet_service.cc:1917] Received RequestConsensusVote() RPC: tablet_id: "45da52975d0f4dde952b738c90fefb53" candidate_uuid: "43bedc05ca0546e5844423eff5ebe288" candidate_term: 1 candidate_status { last_received { term: 0 index: 0 } } ignore_live_leader: false dest_uuid: "01888b8bd2974d8f95ff280f3576dae3"
I20260608 12:41:57.918043 15343 raft_consensus.cc:3060] T 45da52975d0f4dde952b738c90fefb53 P 01888b8bd2974d8f95ff280f3576dae3 [term 0 FOLLOWER]: Advancing to term 1
I20260608 12:41:57.922765 15268 raft_consensus.cc:2468] T 45da52975d0f4dde952b738c90fefb53 P 9d4ec4f871a445f5a368d80e83591aa7 [term 1 FOLLOWER]: Leader election vote request: Granting yes vote for candidate 43bedc05ca0546e5844423eff5ebe288 in term 1.
I20260608 12:41:57.924226 15157 leader_election.cc:304] T 45da52975d0f4dde952b738c90fefb53 P 43bedc05ca0546e5844423eff5ebe288 [CANDIDATE]: Term 1 election: Election decided. Result: candidate won. Election summary: received 2 responses out of 3 voters: 2 yes votes; 0 no votes. yes voters: 43bedc05ca0546e5844423eff5ebe288, 9d4ec4f871a445f5a368d80e83591aa7; no voters: 
I20260608 12:41:57.925050 15343 raft_consensus.cc:2468] T 45da52975d0f4dde952b738c90fefb53 P 01888b8bd2974d8f95ff280f3576dae3 [term 1 FOLLOWER]: Leader election vote request: Granting yes vote for candidate 43bedc05ca0546e5844423eff5ebe288 in term 1.
I20260608 12:41:57.925211 15396 raft_consensus.cc:2804] T 45da52975d0f4dde952b738c90fefb53 P 43bedc05ca0546e5844423eff5ebe288 [term 1 FOLLOWER]: Leader election won for term 1
I20260608 12:41:57.925794 15396 raft_consensus.cc:697] T 45da52975d0f4dde952b738c90fefb53 P 43bedc05ca0546e5844423eff5ebe288 [term 1 LEADER]: Becoming Leader. State: Replica: 43bedc05ca0546e5844423eff5ebe288, State: Running, Role: LEADER
I20260608 12:41:57.926674 15396 consensus_queue.cc:237] T 45da52975d0f4dde952b738c90fefb53 P 43bedc05ca0546e5844423eff5ebe288 [LEADER]: Queue going to LEADER mode. State: All replicated index: 0, Majority replicated index: 0, Committed index: 0, Last appended: 0.0, Last appended by leader: 0, Current term: 1, Majority size: 2, State: 0, Mode: LEADER, active raft config: opid_index: -1 OBSOLETE_local: false peers { permanent_uuid: "43bedc05ca0546e5844423eff5ebe288" member_type: VOTER last_known_addr { host: "127.12.74.193" port: 33465 } } peers { permanent_uuid: "9d4ec4f871a445f5a368d80e83591aa7" member_type: VOTER last_known_addr { host: "127.12.74.194" port: 46655 } } peers { permanent_uuid: "01888b8bd2974d8f95ff280f3576dae3" member_type: VOTER last_known_addr { host: "127.12.74.195" port: 38121 } }
I20260608 12:41:57.929005 15091 catalog_manager.cc:5696] T a9090b9757ce4c90a6c63a0fb6bda856 P 9d4ec4f871a445f5a368d80e83591aa7 reported cstate change: term changed from 0 to 1, leader changed from <none> to 9d4ec4f871a445f5a368d80e83591aa7 (127.12.74.194). New cstate: current_term: 1 leader_uuid: "9d4ec4f871a445f5a368d80e83591aa7" committed_config { opid_index: -1 OBSOLETE_local: false peers { permanent_uuid: "43bedc05ca0546e5844423eff5ebe288" member_type: VOTER last_known_addr { host: "127.12.74.193" port: 33465 } health_report { overall_health: UNKNOWN } } peers { permanent_uuid: "9d4ec4f871a445f5a368d80e83591aa7" member_type: VOTER last_known_addr { host: "127.12.74.194" port: 46655 } health_report { overall_health: HEALTHY } } peers { permanent_uuid: "01888b8bd2974d8f95ff280f3576dae3" member_type: VOTER last_known_addr { host: "127.12.74.195" port: 38121 } health_report { overall_health: UNKNOWN } } }
I20260608 12:41:57.937743 15089 catalog_manager.cc:5696] T 45da52975d0f4dde952b738c90fefb53 P 43bedc05ca0546e5844423eff5ebe288 reported cstate change: term changed from 0 to 1, leader changed from <none> to 43bedc05ca0546e5844423eff5ebe288 (127.12.74.193). New cstate: current_term: 1 leader_uuid: "43bedc05ca0546e5844423eff5ebe288" committed_config { opid_index: -1 OBSOLETE_local: false peers { permanent_uuid: "43bedc05ca0546e5844423eff5ebe288" member_type: VOTER last_known_addr { host: "127.12.74.193" port: 33465 } health_report { overall_health: HEALTHY } } peers { permanent_uuid: "9d4ec4f871a445f5a368d80e83591aa7" member_type: VOTER last_known_addr { host: "127.12.74.194" port: 46655 } health_report { overall_health: UNKNOWN } } peers { permanent_uuid: "01888b8bd2974d8f95ff280f3576dae3" member_type: VOTER last_known_addr { host: "127.12.74.195" port: 38121 } health_report { overall_health: UNKNOWN } } }
I20260608 12:41:57.953392 15397 raft_consensus.cc:493] T 7c3e3643e1f94b7390eb4faec8d6cf0f P 01888b8bd2974d8f95ff280f3576dae3 [term 0 FOLLOWER]: Starting pre-election (no leader contacted us within the election timeout)
I20260608 12:41:57.953979 15397 raft_consensus.cc:515] T 7c3e3643e1f94b7390eb4faec8d6cf0f P 01888b8bd2974d8f95ff280f3576dae3 [term 0 FOLLOWER]: Starting pre-election with config: opid_index: -1 OBSOLETE_local: false peers { permanent_uuid: "43bedc05ca0546e5844423eff5ebe288" member_type: VOTER last_known_addr { host: "127.12.74.193" port: 33465 } } peers { permanent_uuid: "9d4ec4f871a445f5a368d80e83591aa7" member_type: VOTER last_known_addr { host: "127.12.74.194" port: 46655 } } peers { permanent_uuid: "01888b8bd2974d8f95ff280f3576dae3" member_type: VOTER last_known_addr { host: "127.12.74.195" port: 38121 } }
I20260608 12:41:57.956312 15397 leader_election.cc:290] T 7c3e3643e1f94b7390eb4faec8d6cf0f P 01888b8bd2974d8f95ff280f3576dae3 [CANDIDATE]: Term 1 pre-election: Requested pre-vote from peers 43bedc05ca0546e5844423eff5ebe288 (127.12.74.193:33465), 9d4ec4f871a445f5a368d80e83591aa7 (127.12.74.194:46655)
I20260608 12:41:57.967727 15268 tablet_service.cc:1917] Received RequestConsensusVote() RPC: tablet_id: "7c3e3643e1f94b7390eb4faec8d6cf0f" candidate_uuid: "01888b8bd2974d8f95ff280f3576dae3" candidate_term: 1 candidate_status { last_received { term: 0 index: 0 } } ignore_live_leader: false dest_uuid: "9d4ec4f871a445f5a368d80e83591aa7" is_pre_election: true
I20260608 12:41:57.968345 15194 tablet_service.cc:1917] Received RequestConsensusVote() RPC: tablet_id: "7c3e3643e1f94b7390eb4faec8d6cf0f" candidate_uuid: "01888b8bd2974d8f95ff280f3576dae3" candidate_term: 1 candidate_status { last_received { term: 0 index: 0 } } ignore_live_leader: false dest_uuid: "43bedc05ca0546e5844423eff5ebe288" is_pre_election: true
I20260608 12:41:57.968420 15268 raft_consensus.cc:2468] T 7c3e3643e1f94b7390eb4faec8d6cf0f P 9d4ec4f871a445f5a368d80e83591aa7 [term 0 FOLLOWER]: Leader pre-election vote request: Granting yes vote for candidate 01888b8bd2974d8f95ff280f3576dae3 in term 0.
I20260608 12:41:57.969157 15194 raft_consensus.cc:2468] T 7c3e3643e1f94b7390eb4faec8d6cf0f P 43bedc05ca0546e5844423eff5ebe288 [term 0 FOLLOWER]: Leader pre-election vote request: Granting yes vote for candidate 01888b8bd2974d8f95ff280f3576dae3 in term 0.
I20260608 12:41:57.969997 15306 leader_election.cc:304] T 7c3e3643e1f94b7390eb4faec8d6cf0f P 01888b8bd2974d8f95ff280f3576dae3 [CANDIDATE]: Term 1 pre-election: Election decided. Result: candidate won. Election summary: received 2 responses out of 3 voters: 2 yes votes; 0 no votes. yes voters: 01888b8bd2974d8f95ff280f3576dae3, 9d4ec4f871a445f5a368d80e83591aa7; no voters: 
I20260608 12:41:57.970774 15397 raft_consensus.cc:2804] T 7c3e3643e1f94b7390eb4faec8d6cf0f P 01888b8bd2974d8f95ff280f3576dae3 [term 0 FOLLOWER]: Leader pre-election won for term 1
I20260608 12:41:57.971037 15397 raft_consensus.cc:493] T 7c3e3643e1f94b7390eb4faec8d6cf0f P 01888b8bd2974d8f95ff280f3576dae3 [term 0 FOLLOWER]: Starting leader election (no leader contacted us within the election timeout)
I20260608 12:41:57.971248 15397 raft_consensus.cc:3060] T 7c3e3643e1f94b7390eb4faec8d6cf0f P 01888b8bd2974d8f95ff280f3576dae3 [term 0 FOLLOWER]: Advancing to term 1
I20260608 12:41:57.975963 15397 raft_consensus.cc:515] T 7c3e3643e1f94b7390eb4faec8d6cf0f P 01888b8bd2974d8f95ff280f3576dae3 [term 1 FOLLOWER]: Starting leader election with config: opid_index: -1 OBSOLETE_local: false peers { permanent_uuid: "43bedc05ca0546e5844423eff5ebe288" member_type: VOTER last_known_addr { host: "127.12.74.193" port: 33465 } } peers { permanent_uuid: "9d4ec4f871a445f5a368d80e83591aa7" member_type: VOTER last_known_addr { host: "127.12.74.194" port: 46655 } } peers { permanent_uuid: "01888b8bd2974d8f95ff280f3576dae3" member_type: VOTER last_known_addr { host: "127.12.74.195" port: 38121 } }
I20260608 12:41:57.977626 15397 leader_election.cc:290] T 7c3e3643e1f94b7390eb4faec8d6cf0f P 01888b8bd2974d8f95ff280f3576dae3 [CANDIDATE]: Term 1 election: Requested vote from peers 43bedc05ca0546e5844423eff5ebe288 (127.12.74.193:33465), 9d4ec4f871a445f5a368d80e83591aa7 (127.12.74.194:46655)
I20260608 12:41:57.978612 15194 tablet_service.cc:1917] Received RequestConsensusVote() RPC: tablet_id: "7c3e3643e1f94b7390eb4faec8d6cf0f" candidate_uuid: "01888b8bd2974d8f95ff280f3576dae3" candidate_term: 1 candidate_status { last_received { term: 0 index: 0 } } ignore_live_leader: false dest_uuid: "43bedc05ca0546e5844423eff5ebe288"
I20260608 12:41:57.978924 15268 tablet_service.cc:1917] Received RequestConsensusVote() RPC: tablet_id: "7c3e3643e1f94b7390eb4faec8d6cf0f" candidate_uuid: "01888b8bd2974d8f95ff280f3576dae3" candidate_term: 1 candidate_status { last_received { term: 0 index: 0 } } ignore_live_leader: false dest_uuid: "9d4ec4f871a445f5a368d80e83591aa7"
I20260608 12:41:57.979249 15194 raft_consensus.cc:3060] T 7c3e3643e1f94b7390eb4faec8d6cf0f P 43bedc05ca0546e5844423eff5ebe288 [term 0 FOLLOWER]: Advancing to term 1
I20260608 12:41:57.979468 15268 raft_consensus.cc:3060] T 7c3e3643e1f94b7390eb4faec8d6cf0f P 9d4ec4f871a445f5a368d80e83591aa7 [term 0 FOLLOWER]: Advancing to term 1
I20260608 12:41:57.986088 15268 raft_consensus.cc:2468] T 7c3e3643e1f94b7390eb4faec8d6cf0f P 9d4ec4f871a445f5a368d80e83591aa7 [term 1 FOLLOWER]: Leader election vote request: Granting yes vote for candidate 01888b8bd2974d8f95ff280f3576dae3 in term 1.
I20260608 12:41:57.986088 15194 raft_consensus.cc:2468] T 7c3e3643e1f94b7390eb4faec8d6cf0f P 43bedc05ca0546e5844423eff5ebe288 [term 1 FOLLOWER]: Leader election vote request: Granting yes vote for candidate 01888b8bd2974d8f95ff280f3576dae3 in term 1.
I20260608 12:41:57.987756 15307 leader_election.cc:304] T 7c3e3643e1f94b7390eb4faec8d6cf0f P 01888b8bd2974d8f95ff280f3576dae3 [CANDIDATE]: Term 1 election: Election decided. Result: candidate won. Election summary: received 2 responses out of 3 voters: 2 yes votes; 0 no votes. yes voters: 01888b8bd2974d8f95ff280f3576dae3, 43bedc05ca0546e5844423eff5ebe288; no voters: 
I20260608 12:41:57.988481 15397 raft_consensus.cc:2804] T 7c3e3643e1f94b7390eb4faec8d6cf0f P 01888b8bd2974d8f95ff280f3576dae3 [term 1 FOLLOWER]: Leader election won for term 1
I20260608 12:41:57.989605 15397 raft_consensus.cc:697] T 7c3e3643e1f94b7390eb4faec8d6cf0f P 01888b8bd2974d8f95ff280f3576dae3 [term 1 LEADER]: Becoming Leader. State: Replica: 01888b8bd2974d8f95ff280f3576dae3, State: Running, Role: LEADER
I20260608 12:41:57.990337 15397 consensus_queue.cc:237] T 7c3e3643e1f94b7390eb4faec8d6cf0f P 01888b8bd2974d8f95ff280f3576dae3 [LEADER]: Queue going to LEADER mode. State: All replicated index: 0, Majority replicated index: 0, Committed index: 0, Last appended: 0.0, Last appended by leader: 0, Current term: 1, Majority size: 2, State: 0, Mode: LEADER, active raft config: opid_index: -1 OBSOLETE_local: false peers { permanent_uuid: "43bedc05ca0546e5844423eff5ebe288" member_type: VOTER last_known_addr { host: "127.12.74.193" port: 33465 } } peers { permanent_uuid: "9d4ec4f871a445f5a368d80e83591aa7" member_type: VOTER last_known_addr { host: "127.12.74.194" port: 46655 } } peers { permanent_uuid: "01888b8bd2974d8f95ff280f3576dae3" member_type: VOTER last_known_addr { host: "127.12.74.195" port: 38121 } }
I20260608 12:41:57.998070 15089 catalog_manager.cc:5696] T 7c3e3643e1f94b7390eb4faec8d6cf0f P 01888b8bd2974d8f95ff280f3576dae3 reported cstate change: term changed from 0 to 1, leader changed from <none> to 01888b8bd2974d8f95ff280f3576dae3 (127.12.74.195). New cstate: current_term: 1 leader_uuid: "01888b8bd2974d8f95ff280f3576dae3" committed_config { opid_index: -1 OBSOLETE_local: false peers { permanent_uuid: "43bedc05ca0546e5844423eff5ebe288" member_type: VOTER last_known_addr { host: "127.12.74.193" port: 33465 } health_report { overall_health: UNKNOWN } } peers { permanent_uuid: "9d4ec4f871a445f5a368d80e83591aa7" member_type: VOTER last_known_addr { host: "127.12.74.194" port: 46655 } health_report { overall_health: UNKNOWN } } peers { permanent_uuid: "01888b8bd2974d8f95ff280f3576dae3" member_type: VOTER last_known_addr { host: "127.12.74.195" port: 38121 } health_report { overall_health: HEALTHY } } }
I20260608 12:41:58.015547 15145 auto_leader_rebalancer.cc:140] leader rebalance for table range_aware_auto_rebalancer_test
I20260608 12:41:58.019600 15145 auto_leader_rebalancer.cc:388] table: range_aware_auto_rebalancer_test, leader rebalance finish, leader transfer count: 0
I20260608 12:41:58.020074 15145 auto_leader_rebalancer.cc:451] All tables' leader rebalancing finished this round
I20260608 12:41:58.040647 12587 tablet_server.cc:179] TabletServer@127.12.74.193:0 shutting down...
I20260608 12:41:58.060351 12587 ts_tablet_manager.cc:1507] Shutting down tablet manager...
I20260608 12:41:58.061267 12587 tablet_replica.cc:333] T 7c3e3643e1f94b7390eb4faec8d6cf0f P 43bedc05ca0546e5844423eff5ebe288: stopping tablet replica
I20260608 12:41:58.061873 12587 raft_consensus.cc:2243] T 7c3e3643e1f94b7390eb4faec8d6cf0f P 43bedc05ca0546e5844423eff5ebe288 [term 1 FOLLOWER]: Raft consensus shutting down.
I20260608 12:41:58.062295 12587 raft_consensus.cc:2272] T 7c3e3643e1f94b7390eb4faec8d6cf0f P 43bedc05ca0546e5844423eff5ebe288 [term 1 FOLLOWER]: Raft consensus is shut down!
I20260608 12:41:58.064307 12587 tablet_replica.cc:333] T 07bc302df3014f378b8fbd0d12c4be6e P 43bedc05ca0546e5844423eff5ebe288: stopping tablet replica
I20260608 12:41:58.064842 12587 raft_consensus.cc:2243] T 07bc302df3014f378b8fbd0d12c4be6e P 43bedc05ca0546e5844423eff5ebe288 [term 1 LEADER]: Raft consensus shutting down.
I20260608 12:41:58.065416 12587 pending_rounds.cc:70] T 07bc302df3014f378b8fbd0d12c4be6e P 43bedc05ca0546e5844423eff5ebe288: Trying to abort 1 pending ops.
I20260608 12:41:58.065660 12587 pending_rounds.cc:77] T 07bc302df3014f378b8fbd0d12c4be6e P 43bedc05ca0546e5844423eff5ebe288: Aborting op as it isn't in flight: id { term: 1 index: 1 } timestamp: 7294658633349369856 op_type: NO_OP noop_request { }
I20260608 12:41:58.065966 12587 raft_consensus.cc:2889] T 07bc302df3014f378b8fbd0d12c4be6e P 43bedc05ca0546e5844423eff5ebe288 [term 1 LEADER]: NO_OP replication failed: Aborted: Op aborted
I20260608 12:41:58.066265 12587 raft_consensus.cc:2272] T 07bc302df3014f378b8fbd0d12c4be6e P 43bedc05ca0546e5844423eff5ebe288 [term 1 FOLLOWER]: Raft consensus is shut down!
I20260608 12:41:58.068537 12587 tablet_replica.cc:333] T a9090b9757ce4c90a6c63a0fb6bda856 P 43bedc05ca0546e5844423eff5ebe288: stopping tablet replica
I20260608 12:41:58.069056 12587 raft_consensus.cc:2243] T a9090b9757ce4c90a6c63a0fb6bda856 P 43bedc05ca0546e5844423eff5ebe288 [term 1 FOLLOWER]: Raft consensus shutting down.
I20260608 12:41:58.069437 12587 raft_consensus.cc:2272] T a9090b9757ce4c90a6c63a0fb6bda856 P 43bedc05ca0546e5844423eff5ebe288 [term 1 FOLLOWER]: Raft consensus is shut down!
I20260608 12:41:58.071295 12587 tablet_replica.cc:333] T 45da52975d0f4dde952b738c90fefb53 P 43bedc05ca0546e5844423eff5ebe288: stopping tablet replica
I20260608 12:41:58.071795 12587 raft_consensus.cc:2243] T 45da52975d0f4dde952b738c90fefb53 P 43bedc05ca0546e5844423eff5ebe288 [term 1 LEADER]: Raft consensus shutting down.
I20260608 12:41:58.072342 12587 pending_rounds.cc:70] T 45da52975d0f4dde952b738c90fefb53 P 43bedc05ca0546e5844423eff5ebe288: Trying to abort 1 pending ops.
I20260608 12:41:58.072495 12587 pending_rounds.cc:77] T 45da52975d0f4dde952b738c90fefb53 P 43bedc05ca0546e5844423eff5ebe288: Aborting op as it isn't in flight: id { term: 1 index: 1 } timestamp: 7294658633438965760 op_type: NO_OP noop_request { }
I20260608 12:41:58.072810 12587 raft_consensus.cc:2889] T 45da52975d0f4dde952b738c90fefb53 P 43bedc05ca0546e5844423eff5ebe288 [term 1 LEADER]: NO_OP replication failed: Aborted: Op aborted
I20260608 12:41:58.073081 12587 raft_consensus.cc:2272] T 45da52975d0f4dde952b738c90fefb53 P 43bedc05ca0546e5844423eff5ebe288 [term 1 FOLLOWER]: Raft consensus is shut down!
I20260608 12:41:58.096935 12587 tablet_server.cc:196] TabletServer@127.12.74.193:0 shutdown complete.
I20260608 12:41:58.108345 12587 tablet_server.cc:179] TabletServer@127.12.74.194:0 shutting down...
I20260608 12:41:58.125777 12587 ts_tablet_manager.cc:1507] Shutting down tablet manager...
I20260608 12:41:58.126591 12587 tablet_replica.cc:333] T 45da52975d0f4dde952b738c90fefb53 P 9d4ec4f871a445f5a368d80e83591aa7: stopping tablet replica
I20260608 12:41:58.127194 12587 raft_consensus.cc:2243] T 45da52975d0f4dde952b738c90fefb53 P 9d4ec4f871a445f5a368d80e83591aa7 [term 1 FOLLOWER]: Raft consensus shutting down.
I20260608 12:41:58.127632 12587 raft_consensus.cc:2272] T 45da52975d0f4dde952b738c90fefb53 P 9d4ec4f871a445f5a368d80e83591aa7 [term 1 FOLLOWER]: Raft consensus is shut down!
I20260608 12:41:58.129604 12587 tablet_replica.cc:333] T a9090b9757ce4c90a6c63a0fb6bda856 P 9d4ec4f871a445f5a368d80e83591aa7: stopping tablet replica
I20260608 12:41:58.130144 12587 raft_consensus.cc:2243] T a9090b9757ce4c90a6c63a0fb6bda856 P 9d4ec4f871a445f5a368d80e83591aa7 [term 1 LEADER]: Raft consensus shutting down.
I20260608 12:41:58.130752 12587 pending_rounds.cc:70] T a9090b9757ce4c90a6c63a0fb6bda856 P 9d4ec4f871a445f5a368d80e83591aa7: Trying to abort 1 pending ops.
I20260608 12:41:58.130908 12587 pending_rounds.cc:77] T a9090b9757ce4c90a6c63a0fb6bda856 P 9d4ec4f871a445f5a368d80e83591aa7: Aborting op as it isn't in flight: id { term: 1 index: 1 } timestamp: 7294658633367703552 op_type: NO_OP noop_request { }
I20260608 12:41:58.131208 12587 raft_consensus.cc:2889] T a9090b9757ce4c90a6c63a0fb6bda856 P 9d4ec4f871a445f5a368d80e83591aa7 [term 1 LEADER]: NO_OP replication failed: Aborted: Op aborted
I20260608 12:41:58.131515 12587 raft_consensus.cc:2272] T a9090b9757ce4c90a6c63a0fb6bda856 P 9d4ec4f871a445f5a368d80e83591aa7 [term 1 FOLLOWER]: Raft consensus is shut down!
I20260608 12:41:58.134006 12587 tablet_replica.cc:333] T 7c3e3643e1f94b7390eb4faec8d6cf0f P 9d4ec4f871a445f5a368d80e83591aa7: stopping tablet replica
I20260608 12:41:58.134603 12587 raft_consensus.cc:2243] T 7c3e3643e1f94b7390eb4faec8d6cf0f P 9d4ec4f871a445f5a368d80e83591aa7 [term 1 FOLLOWER]: Raft consensus shutting down.
I20260608 12:41:58.134974 12587 raft_consensus.cc:2272] T 7c3e3643e1f94b7390eb4faec8d6cf0f P 9d4ec4f871a445f5a368d80e83591aa7 [term 1 FOLLOWER]: Raft consensus is shut down!
I20260608 12:41:58.136698 12587 tablet_replica.cc:333] T 07bc302df3014f378b8fbd0d12c4be6e P 9d4ec4f871a445f5a368d80e83591aa7: stopping tablet replica
I20260608 12:41:58.137162 12587 raft_consensus.cc:2243] T 07bc302df3014f378b8fbd0d12c4be6e P 9d4ec4f871a445f5a368d80e83591aa7 [term 1 FOLLOWER]: Raft consensus shutting down.
I20260608 12:41:58.137516 12587 raft_consensus.cc:2272] T 07bc302df3014f378b8fbd0d12c4be6e P 9d4ec4f871a445f5a368d80e83591aa7 [term 1 FOLLOWER]: Raft consensus is shut down!
I20260608 12:41:58.159727 12587 tablet_server.cc:196] TabletServer@127.12.74.194:0 shutdown complete.
I20260608 12:41:58.170837 12587 tablet_server.cc:179] TabletServer@127.12.74.195:0 shutting down...
I20260608 12:41:58.187644 12587 ts_tablet_manager.cc:1507] Shutting down tablet manager...
I20260608 12:41:58.188438 12587 tablet_replica.cc:333] T 07bc302df3014f378b8fbd0d12c4be6e P 01888b8bd2974d8f95ff280f3576dae3: stopping tablet replica
I20260608 12:41:58.189010 12587 raft_consensus.cc:2243] T 07bc302df3014f378b8fbd0d12c4be6e P 01888b8bd2974d8f95ff280f3576dae3 [term 1 FOLLOWER]: Raft consensus shutting down.
I20260608 12:41:58.189420 12587 raft_consensus.cc:2272] T 07bc302df3014f378b8fbd0d12c4be6e P 01888b8bd2974d8f95ff280f3576dae3 [term 1 FOLLOWER]: Raft consensus is shut down!
I20260608 12:41:58.191305 12587 tablet_replica.cc:333] T 45da52975d0f4dde952b738c90fefb53 P 01888b8bd2974d8f95ff280f3576dae3: stopping tablet replica
I20260608 12:41:58.191828 12587 raft_consensus.cc:2243] T 45da52975d0f4dde952b738c90fefb53 P 01888b8bd2974d8f95ff280f3576dae3 [term 1 FOLLOWER]: Raft consensus shutting down.
I20260608 12:41:58.192195 12587 raft_consensus.cc:2272] T 45da52975d0f4dde952b738c90fefb53 P 01888b8bd2974d8f95ff280f3576dae3 [term 1 FOLLOWER]: Raft consensus is shut down!
I20260608 12:41:58.194530 12587 tablet_replica.cc:333] T a9090b9757ce4c90a6c63a0fb6bda856 P 01888b8bd2974d8f95ff280f3576dae3: stopping tablet replica
I20260608 12:41:58.195040 12587 raft_consensus.cc:2243] T a9090b9757ce4c90a6c63a0fb6bda856 P 01888b8bd2974d8f95ff280f3576dae3 [term 1 FOLLOWER]: Raft consensus shutting down.
I20260608 12:41:58.195438 12587 raft_consensus.cc:2272] T a9090b9757ce4c90a6c63a0fb6bda856 P 01888b8bd2974d8f95ff280f3576dae3 [term 1 FOLLOWER]: Raft consensus is shut down!
I20260608 12:41:58.197216 12587 tablet_replica.cc:333] T 7c3e3643e1f94b7390eb4faec8d6cf0f P 01888b8bd2974d8f95ff280f3576dae3: stopping tablet replica
I20260608 12:41:58.197702 12587 raft_consensus.cc:2243] T 7c3e3643e1f94b7390eb4faec8d6cf0f P 01888b8bd2974d8f95ff280f3576dae3 [term 1 LEADER]: Raft consensus shutting down.
I20260608 12:41:58.198290 12587 pending_rounds.cc:70] T 7c3e3643e1f94b7390eb4faec8d6cf0f P 01888b8bd2974d8f95ff280f3576dae3: Trying to abort 1 pending ops.
I20260608 12:41:58.198570 12587 pending_rounds.cc:77] T 7c3e3643e1f94b7390eb4faec8d6cf0f P 01888b8bd2974d8f95ff280f3576dae3: Aborting op as it isn't in flight: id { term: 1 index: 1 } timestamp: 7294658633696325632 op_type: NO_OP noop_request { }
I20260608 12:41:58.198848 12587 raft_consensus.cc:2889] T 7c3e3643e1f94b7390eb4faec8d6cf0f P 01888b8bd2974d8f95ff280f3576dae3 [term 1 LEADER]: NO_OP replication failed: Aborted: Op aborted
I20260608 12:41:58.199132 12587 raft_consensus.cc:2272] T 7c3e3643e1f94b7390eb4faec8d6cf0f P 01888b8bd2974d8f95ff280f3576dae3 [term 1 FOLLOWER]: Raft consensus is shut down!
I20260608 12:41:58.222231 12587 tablet_server.cc:196] TabletServer@127.12.74.195:0 shutdown complete.
I20260608 12:41:58.233340 12587 master.cc:562] Master@127.12.74.254:46223 shutting down...
I20260608 12:41:58.249500 12587 raft_consensus.cc:2243] T 00000000000000000000000000000000 P 3b10eb03d5894a139e4fc48c17d66b92 [term 1 LEADER]: Raft consensus shutting down.
I20260608 12:41:58.250047 12587 raft_consensus.cc:2272] T 00000000000000000000000000000000 P 3b10eb03d5894a139e4fc48c17d66b92 [term 1 FOLLOWER]: Raft consensus is shut down!
I20260608 12:41:58.250434 12587 tablet_replica.cc:333] T 00000000000000000000000000000000 P 3b10eb03d5894a139e4fc48c17d66b92: stopping tablet replica
I20260608 12:41:58.268766 12587 master.cc:584] Master@127.12.74.254:46223 shutdown complete.
[       OK ] AutoRebalancerTest.RangeAwareBuildClusterInfoGroupsByRange (2425 ms)
[ RUN      ] AutoRebalancerTest.RangeAwareRebalancesNewRangeReplicas
I20260608 12:41:58.302634 12587 internal_mini_cluster.cc:156] Creating distributed mini masters. Addrs: 127.12.74.254:42563
I20260608 12:41:58.303831 12587 file_cache.cc:492] Constructed file cache file cache with capacity 419430
W20260608 12:41:58.309062 15422 instance_detector.cc:116] could not retrieve AWS instance metadata: Network error: curl error: HTTP response code said error: The requested URL returned error: 404
W20260608 12:41:58.310138 15423 instance_detector.cc:116] could not retrieve Azure instance metadata: Network error: curl error: HTTP response code said error: The requested URL returned error: 404
W20260608 12:41:58.310819 15425 instance_detector.cc:116] could not retrieve OpenStack instance metadata: Network error: curl error: HTTP response code said error: The requested URL returned error: 404
I20260608 12:41:58.312355 12587 server_base.cc:1061] running on GCE node
I20260608 12:41:58.313406 12587 hybrid_clock.cc:584] initializing the hybrid clock with 'system_unsync' time source
W20260608 12:41:58.313596 12587 system_unsync_time.cc:38] NTP support is disabled. Clock error bounds will not be accurate. This configuration is not suitable for distributed clusters.
I20260608 12:41:58.313797 12587 hybrid_clock.cc:648] HybridClock initialized: now 1780922518313780 us; error 0 us; skew 500 ppm
I20260608 12:41:58.314478 12587 server_base.cc:861] Flag tcmalloc_max_total_thread_cache_bytes is not working since tcmalloc is not enabled.
I20260608 12:41:58.316898 12587 webserver.cc:533] Webserver started at http://127.12.74.254:42985/ using document root <none> and password file <none>
I20260608 12:41:58.317425 12587 fs_manager.cc:362] Metadata directory not provided
I20260608 12:41:58.317620 12587 fs_manager.cc:368] Using write-ahead log directory (fs_wal_dir) as metadata directory
I20260608 12:41:58.317900 12587 server_base.cc:909] This appears to be a new deployment of Kudu; creating new FS layout
I20260608 12:41:58.319083 12587 fs_manager.cc:1068] Generated new instance metadata in path /tmp/dist-test-taskh6owaf/test-tmp/auto_rebalancer-test.0.AutoRebalancerTest.RangeAwareRebalancesNewRangeReplicas.1780922442141353-12587-0/minicluster-data/master-0-root/instance:
uuid: "744a212b08dc49d29bc36fccd53f3397"
format_stamp: "Formatted at 2026-06-08 12:41:58 on dist-test-slave-xgqp"
I20260608 12:41:58.324015 12587 fs_manager.cc:696] Time spent creating directory manager: real 0.004s	user 0.005s	sys 0.000s
I20260608 12:41:58.327894 15430 log_block_manager.cc:4031] Time spent loading block containers with low live blocks: real 0.000s	user 0.000s	sys 0.000s
I20260608 12:41:58.328912 12587 fs_manager.cc:730] Time spent opening block manager: real 0.003s	user 0.003s	sys 0.001s
I20260608 12:41:58.329210 12587 fs_manager.cc:647] Opened local filesystem: /tmp/dist-test-taskh6owaf/test-tmp/auto_rebalancer-test.0.AutoRebalancerTest.RangeAwareRebalancesNewRangeReplicas.1780922442141353-12587-0/minicluster-data/master-0-root
uuid: "744a212b08dc49d29bc36fccd53f3397"
format_stamp: "Formatted at 2026-06-08 12:41:58 on dist-test-slave-xgqp"
I20260608 12:41:58.329492 12587 fs_report.cc:389] FS layout report
--------------------
wal directory: /tmp/dist-test-taskh6owaf/test-tmp/auto_rebalancer-test.0.AutoRebalancerTest.RangeAwareRebalancesNewRangeReplicas.1780922442141353-12587-0/minicluster-data/master-0-root
metadata directory: /tmp/dist-test-taskh6owaf/test-tmp/auto_rebalancer-test.0.AutoRebalancerTest.RangeAwareRebalancesNewRangeReplicas.1780922442141353-12587-0/minicluster-data/master-0-root
1 data directories: /tmp/dist-test-taskh6owaf/test-tmp/auto_rebalancer-test.0.AutoRebalancerTest.RangeAwareRebalancesNewRangeReplicas.1780922442141353-12587-0/minicluster-data/master-0-root/data
Total live blocks: 0
Total live bytes: 0
Total live bytes (after alignment): 0
Total number of LBM containers: 0 (0 full)
Did not check for missing blocks
Did not check for orphaned blocks
Total full LBM containers with extra space: 0 (0 repaired)
Total full LBM container extra space in bytes: 0 (0 repaired)
Total incomplete LBM containers: 0 (0 repaired)
Total LBM partial records: 0 (0 repaired)
Total corrupted LBM metadata records in RocksDB: 0 (0 repaired)
I20260608 12:41:58.351531 12587 rpc_server.cc:225] running with OpenSSL 1.1.1  11 Sep 2018
I20260608 12:41:58.352659 12587 kserver.cc:163] Server-wide thread pool size limit: 3276
I20260608 12:41:58.391635 12587 rpc_server.cc:307] RPC server started. Bound to: 127.12.74.254:42563
I20260608 12:41:58.391741 15481 acceptor_pool.cc:272] collecting diagnostics on the listening RPC socket 127.12.74.254:42563 every 8 connection(s)
I20260608 12:41:58.396225 15482 data_dirs.cc:400] Could only allocate 1 dirs of requested 3 for tablet 00000000000000000000000000000000. 1 dirs total, 0 dirs full, 0 dirs failed
I20260608 12:41:58.406208 15482 tablet_bootstrap.cc:492] T 00000000000000000000000000000000 P 744a212b08dc49d29bc36fccd53f3397: Bootstrap starting.
I20260608 12:41:58.411217 15482 tablet_bootstrap.cc:654] T 00000000000000000000000000000000 P 744a212b08dc49d29bc36fccd53f3397: Neither blocks nor log segments found. Creating new log.
I20260608 12:41:58.415587 15482 tablet_bootstrap.cc:492] T 00000000000000000000000000000000 P 744a212b08dc49d29bc36fccd53f3397: No bootstrap required, opened a new log
I20260608 12:41:58.417855 15482 raft_consensus.cc:359] T 00000000000000000000000000000000 P 744a212b08dc49d29bc36fccd53f3397 [term 0 FOLLOWER]: Replica starting. Triggering 0 pending ops. Active config: opid_index: -1 OBSOLETE_local: true peers { permanent_uuid: "744a212b08dc49d29bc36fccd53f3397" member_type: VOTER }
I20260608 12:41:58.418311 15482 raft_consensus.cc:385] T 00000000000000000000000000000000 P 744a212b08dc49d29bc36fccd53f3397 [term 0 FOLLOWER]: Consensus starting up: Expiring failure detector timer to make a prompt election more likely
I20260608 12:41:58.418563 15482 raft_consensus.cc:740] T 00000000000000000000000000000000 P 744a212b08dc49d29bc36fccd53f3397 [term 0 FOLLOWER]: Becoming Follower/Learner. State: Replica: 744a212b08dc49d29bc36fccd53f3397, State: Initialized, Role: FOLLOWER
I20260608 12:41:58.419190 15482 consensus_queue.cc:260] T 00000000000000000000000000000000 P 744a212b08dc49d29bc36fccd53f3397 [NON_LEADER]: Queue going to NON_LEADER mode. State: All replicated index: 0, Majority replicated index: 0, Committed index: 0, Last appended: 0.0, Last appended by leader: 0, Current term: 0, Majority size: -1, State: 0, Mode: NON_LEADER, active raft config: opid_index: -1 OBSOLETE_local: true peers { permanent_uuid: "744a212b08dc49d29bc36fccd53f3397" member_type: VOTER }
I20260608 12:41:58.419644 15482 raft_consensus.cc:399] T 00000000000000000000000000000000 P 744a212b08dc49d29bc36fccd53f3397 [term 0 FOLLOWER]: Only one voter in the Raft config. Triggering election immediately
I20260608 12:41:58.419894 15482 raft_consensus.cc:493] T 00000000000000000000000000000000 P 744a212b08dc49d29bc36fccd53f3397 [term 0 FOLLOWER]: Starting leader election (initial election of a single-replica configuration)
I20260608 12:41:58.420153 15482 raft_consensus.cc:3060] T 00000000000000000000000000000000 P 744a212b08dc49d29bc36fccd53f3397 [term 0 FOLLOWER]: Advancing to term 1
I20260608 12:41:58.424644 15482 raft_consensus.cc:515] T 00000000000000000000000000000000 P 744a212b08dc49d29bc36fccd53f3397 [term 1 FOLLOWER]: Starting leader election with config: opid_index: -1 OBSOLETE_local: true peers { permanent_uuid: "744a212b08dc49d29bc36fccd53f3397" member_type: VOTER }
I20260608 12:41:58.425209 15482 leader_election.cc:304] T 00000000000000000000000000000000 P 744a212b08dc49d29bc36fccd53f3397 [CANDIDATE]: Term 1 election: Election decided. Result: candidate won. Election summary: received 1 responses out of 1 voters: 1 yes votes; 0 no votes. yes voters: 744a212b08dc49d29bc36fccd53f3397; no voters: 
I20260608 12:41:58.426501 15482 leader_election.cc:290] T 00000000000000000000000000000000 P 744a212b08dc49d29bc36fccd53f3397 [CANDIDATE]: Term 1 election: Requested vote from peers 
I20260608 12:41:58.426994 15485 raft_consensus.cc:2804] T 00000000000000000000000000000000 P 744a212b08dc49d29bc36fccd53f3397 [term 1 FOLLOWER]: Leader election won for term 1
I20260608 12:41:58.428503 15485 raft_consensus.cc:697] T 00000000000000000000000000000000 P 744a212b08dc49d29bc36fccd53f3397 [term 1 LEADER]: Becoming Leader. State: Replica: 744a212b08dc49d29bc36fccd53f3397, State: Running, Role: LEADER
I20260608 12:41:58.429257 15485 consensus_queue.cc:237] T 00000000000000000000000000000000 P 744a212b08dc49d29bc36fccd53f3397 [LEADER]: Queue going to LEADER mode. State: All replicated index: 0, Majority replicated index: 0, Committed index: 0, Last appended: 0.0, Last appended by leader: 0, Current term: 1, Majority size: 1, State: 0, Mode: LEADER, active raft config: opid_index: -1 OBSOLETE_local: true peers { permanent_uuid: "744a212b08dc49d29bc36fccd53f3397" member_type: VOTER }
I20260608 12:41:58.429464 15482 sys_catalog.cc:565] T 00000000000000000000000000000000 P 744a212b08dc49d29bc36fccd53f3397 [sys.catalog]: configured and running, proceeding with master startup.
I20260608 12:41:58.432469 15487 sys_catalog.cc:455] T 00000000000000000000000000000000 P 744a212b08dc49d29bc36fccd53f3397 [sys.catalog]: SysCatalogTable state changed. Reason: New leader 744a212b08dc49d29bc36fccd53f3397. Latest consensus state: current_term: 1 leader_uuid: "744a212b08dc49d29bc36fccd53f3397" committed_config { opid_index: -1 OBSOLETE_local: true peers { permanent_uuid: "744a212b08dc49d29bc36fccd53f3397" member_type: VOTER } }
I20260608 12:41:58.432400 15486 sys_catalog.cc:455] T 00000000000000000000000000000000 P 744a212b08dc49d29bc36fccd53f3397 [sys.catalog]: SysCatalogTable state changed. Reason: RaftConsensus started. Latest consensus state: current_term: 1 leader_uuid: "744a212b08dc49d29bc36fccd53f3397" committed_config { opid_index: -1 OBSOLETE_local: true peers { permanent_uuid: "744a212b08dc49d29bc36fccd53f3397" member_type: VOTER } }
I20260608 12:41:58.433171 15487 sys_catalog.cc:458] T 00000000000000000000000000000000 P 744a212b08dc49d29bc36fccd53f3397 [sys.catalog]: This master's current role is: LEADER
I20260608 12:41:58.433251 15486 sys_catalog.cc:458] T 00000000000000000000000000000000 P 744a212b08dc49d29bc36fccd53f3397 [sys.catalog]: This master's current role is: LEADER
I20260608 12:41:58.437541 15490 catalog_manager.cc:1510] Loading table and tablet metadata into memory...
I20260608 12:41:58.443181 15490 catalog_manager.cc:1519] Initializing Kudu cluster ID...
I20260608 12:41:58.445937 12587 internal_mini_cluster.cc:184] Waiting to initialize catalog manager on master 0
I20260608 12:41:58.453225 15490 catalog_manager.cc:1382] Generated new cluster ID: 4d0767557d8d4fb1ad197a2f77b60b72
I20260608 12:41:58.453572 15490 catalog_manager.cc:1530] Initializing Kudu internal certificate authority...
I20260608 12:41:58.481863 15490 catalog_manager.cc:1405] Generated new certificate authority record
I20260608 12:41:58.483289 15490 catalog_manager.cc:1539] Loading token signing keys...
I20260608 12:41:58.498906 15490 catalog_manager.cc:6069] T 00000000000000000000000000000000 P 744a212b08dc49d29bc36fccd53f3397: Generated new TSK 0
I20260608 12:41:58.499554 15490 catalog_manager.cc:1549] Initializing in-progress tserver states...
I20260608 12:41:58.512782 12587 file_cache.cc:492] Constructed file cache file cache with capacity 419430
W20260608 12:41:58.519160 15503 instance_detector.cc:116] could not retrieve AWS instance metadata: Network error: curl error: HTTP response code said error: The requested URL returned error: 404
W20260608 12:41:58.520661 15504 instance_detector.cc:116] could not retrieve Azure instance metadata: Network error: curl error: HTTP response code said error: The requested URL returned error: 404
W20260608 12:41:58.522428 15506 instance_detector.cc:116] could not retrieve OpenStack instance metadata: Network error: curl error: HTTP response code said error: The requested URL returned error: 404
I20260608 12:41:58.522742 12587 server_base.cc:1061] running on GCE node
I20260608 12:41:58.523715 12587 hybrid_clock.cc:584] initializing the hybrid clock with 'system_unsync' time source
W20260608 12:41:58.523914 12587 system_unsync_time.cc:38] NTP support is disabled. Clock error bounds will not be accurate. This configuration is not suitable for distributed clusters.
I20260608 12:41:58.524060 12587 hybrid_clock.cc:648] HybridClock initialized: now 1780922518524040 us; error 0 us; skew 500 ppm
I20260608 12:41:58.524641 12587 server_base.cc:861] Flag tcmalloc_max_total_thread_cache_bytes is not working since tcmalloc is not enabled.
I20260608 12:41:58.527338 12587 webserver.cc:533] Webserver started at http://127.12.74.193:40967/ using document root <none> and password file <none>
I20260608 12:41:58.527873 12587 fs_manager.cc:362] Metadata directory not provided
I20260608 12:41:58.528048 12587 fs_manager.cc:368] Using write-ahead log directory (fs_wal_dir) as metadata directory
I20260608 12:41:58.528309 12587 server_base.cc:909] This appears to be a new deployment of Kudu; creating new FS layout
I20260608 12:41:58.529505 12587 fs_manager.cc:1068] Generated new instance metadata in path /tmp/dist-test-taskh6owaf/test-tmp/auto_rebalancer-test.0.AutoRebalancerTest.RangeAwareRebalancesNewRangeReplicas.1780922442141353-12587-0/minicluster-data/ts-0-root/instance:
uuid: "4ee4b65f26c94aa2906039b5b6e442cc"
format_stamp: "Formatted at 2026-06-08 12:41:58 on dist-test-slave-xgqp"
I20260608 12:41:58.535149 12587 fs_manager.cc:696] Time spent creating directory manager: real 0.005s	user 0.006s	sys 0.001s
I20260608 12:41:58.539342 15511 log_block_manager.cc:4031] Time spent loading block containers with low live blocks: real 0.000s	user 0.000s	sys 0.000s
I20260608 12:41:58.540397 12587 fs_manager.cc:730] Time spent opening block manager: real 0.003s	user 0.003s	sys 0.001s
I20260608 12:41:58.540724 12587 fs_manager.cc:647] Opened local filesystem: /tmp/dist-test-taskh6owaf/test-tmp/auto_rebalancer-test.0.AutoRebalancerTest.RangeAwareRebalancesNewRangeReplicas.1780922442141353-12587-0/minicluster-data/ts-0-root
uuid: "4ee4b65f26c94aa2906039b5b6e442cc"
format_stamp: "Formatted at 2026-06-08 12:41:58 on dist-test-slave-xgqp"
I20260608 12:41:58.541006 12587 fs_report.cc:389] FS layout report
--------------------
wal directory: /tmp/dist-test-taskh6owaf/test-tmp/auto_rebalancer-test.0.AutoRebalancerTest.RangeAwareRebalancesNewRangeReplicas.1780922442141353-12587-0/minicluster-data/ts-0-root
metadata directory: /tmp/dist-test-taskh6owaf/test-tmp/auto_rebalancer-test.0.AutoRebalancerTest.RangeAwareRebalancesNewRangeReplicas.1780922442141353-12587-0/minicluster-data/ts-0-root
1 data directories: /tmp/dist-test-taskh6owaf/test-tmp/auto_rebalancer-test.0.AutoRebalancerTest.RangeAwareRebalancesNewRangeReplicas.1780922442141353-12587-0/minicluster-data/ts-0-root/data
Total live blocks: 0
