I20260608 12:40:57.079581 14052 log_block_manager.cc:4031] Time spent loading block containers with low live blocks: real 0.000s	user 0.000s	sys 0.000s
I20260608 12:40:57.080603 12587 fs_manager.cc:730] Time spent opening block manager: real 0.003s	user 0.004s	sys 0.000s
I20260608 12:40:57.081001 12587 fs_manager.cc:647] Opened local filesystem: /tmp/dist-test-taskh6owaf/test-tmp/auto_rebalancer-test.0.AutoRebalancerTest.NextLeaderResumesAutoRebalancing.1780922442141353-12587-0/minicluster-data/ts-2-root
uuid: "80cc85aef36242c6b9e7267e0e642080"
format_stamp: "Formatted at 2026-06-08 12:40:57 on dist-test-slave-xgqp"
I20260608 12:40:57.081353 12587 fs_report.cc:389] FS layout report
--------------------
wal directory: /tmp/dist-test-taskh6owaf/test-tmp/auto_rebalancer-test.0.AutoRebalancerTest.NextLeaderResumesAutoRebalancing.1780922442141353-12587-0/minicluster-data/ts-2-root
metadata directory: /tmp/dist-test-taskh6owaf/test-tmp/auto_rebalancer-test.0.AutoRebalancerTest.NextLeaderResumesAutoRebalancing.1780922442141353-12587-0/minicluster-data/ts-2-root
1 data directories: /tmp/dist-test-taskh6owaf/test-tmp/auto_rebalancer-test.0.AutoRebalancerTest.NextLeaderResumesAutoRebalancing.1780922442141353-12587-0/minicluster-data/ts-2-root/data
Total live blocks: 0
Total live bytes: 0
Total live bytes (after alignment): 0
Total number of LBM containers: 0 (0 full)
Did not check for missing blocks
Did not check for orphaned blocks
Total full LBM containers with extra space: 0 (0 repaired)
Total full LBM container extra space in bytes: 0 (0 repaired)
Total incomplete LBM containers: 0 (0 repaired)
Total LBM partial records: 0 (0 repaired)
Total corrupted LBM metadata records in RocksDB: 0 (0 repaired)
I20260608 12:40:57.102550 12587 rpc_server.cc:225] running with OpenSSL 1.1.1  11 Sep 2018
I20260608 12:40:57.104028 12587 kserver.cc:163] Server-wide thread pool size limit: 3276
I20260608 12:40:57.105741 12587 txn_system_client.cc:432] TxnSystemClient initialization is disabled...
I20260608 12:40:57.108491 12587 ts_tablet_manager.cc:585] Loaded tablet metadata (0 total tablets, 0 live tablets)
I20260608 12:40:57.108767 12587 ts_tablet_manager.cc:531] Time spent load tablet metadata: real 0.000s	user 0.000s	sys 0.000s
I20260608 12:40:57.109051 12587 ts_tablet_manager.cc:616] Registered 0 tablets
I20260608 12:40:57.109263 12587 ts_tablet_manager.cc:595] Time spent register tablets: real 0.000s	user 0.000s	sys 0.000s
I20260608 12:40:57.156553 12587 rpc_server.cc:307] RPC server started. Bound to: 127.12.74.195:43387
I20260608 12:40:57.156692 14114 acceptor_pool.cc:272] collecting diagnostics on the listening RPC socket 127.12.74.195:43387 every 8 connection(s)
I20260608 12:40:57.177345 14115 heartbeater.cc:344] Connected to a master server at 127.12.74.252:38779
I20260608 12:40:57.177871 14115 heartbeater.cc:461] Registering TS with master...
I20260608 12:40:57.178963 14115 heartbeater.cc:507] Master 127.12.74.252:38779 requested a full tablet report, sending...
I20260608 12:40:57.179505 14116 heartbeater.cc:344] Connected to a master server at 127.12.74.253:42799
I20260608 12:40:57.180284 14116 heartbeater.cc:461] Registering TS with master...
I20260608 12:40:57.181862 13798 ts_manager.cc:194] Registered new tserver with Master: 80cc85aef36242c6b9e7267e0e642080 (127.12.74.195:43387)
I20260608 12:40:57.181921 14116 heartbeater.cc:507] Master 127.12.74.253:42799 requested a full tablet report, sending...
I20260608 12:40:57.184033 14117 heartbeater.cc:344] Connected to a master server at 127.12.74.254:42137
I20260608 12:40:57.184257 13798 master_service.cc:502] Signed X509 certificate for tserver {username='slave'} at 127.0.0.1:37482
I20260608 12:40:57.184439 14117 heartbeater.cc:461] Registering TS with master...
I20260608 12:40:57.185360 14117 heartbeater.cc:507] Master 127.12.74.254:42137 requested a full tablet report, sending...
I20260608 12:40:57.185743 13733 ts_manager.cc:194] Registered new tserver with Master: 80cc85aef36242c6b9e7267e0e642080 (127.12.74.195:43387)
I20260608 12:40:57.188333 13668 ts_manager.cc:194] Registered new tserver with Master: 80cc85aef36242c6b9e7267e0e642080 (127.12.74.195:43387)
I20260608 12:40:57.189105 12587 internal_mini_cluster.cc:371] 3 TS(s) registered with all masters after 0.023064256s
I20260608 12:40:57.695864 13851 catalog_manager.cc:1294] Loaded cluster ID: eb4626f82592496cb83e9b329f9a7dcd
I20260608 12:40:57.696233 13851 catalog_manager.cc:1587] T 00000000000000000000000000000000 P 448f81c83ffe45bdaa6d0c0961ffa5ef: loading cluster ID for follower catalog manager: success
I20260608 12:40:57.702493 13851 catalog_manager.cc:1609] T 00000000000000000000000000000000 P 448f81c83ffe45bdaa6d0c0961ffa5ef: acquiring CA information for follower catalog manager: success
I20260608 12:40:57.706229 13851 catalog_manager.cc:1637] T 00000000000000000000000000000000 P 448f81c83ffe45bdaa6d0c0961ffa5ef: importing token verification keys for follower catalog manager: success; most recent TSK sequence number 0
I20260608 12:40:57.714808 13874 catalog_manager.cc:1294] Loaded cluster ID: eb4626f82592496cb83e9b329f9a7dcd
I20260608 12:40:57.715126 13874 catalog_manager.cc:1587] T 00000000000000000000000000000000 P 4dc971f3f7204fe5bfd40f25e5f5cf57: loading cluster ID for follower catalog manager: success
I20260608 12:40:57.719848 13874 catalog_manager.cc:1609] T 00000000000000000000000000000000 P 4dc971f3f7204fe5bfd40f25e5f5cf57: acquiring CA information for follower catalog manager: success
I20260608 12:40:57.723352 13874 catalog_manager.cc:1637] T 00000000000000000000000000000000 P 4dc971f3f7204fe5bfd40f25e5f5cf57: importing token verification keys for follower catalog manager: success; most recent TSK sequence number 0
I20260608 12:40:57.912808 13959 heartbeater.cc:499] Master 127.12.74.252:38779 was elected leader, sending a full tablet report...
I20260608 12:40:58.063499 14037 heartbeater.cc:499] Master 127.12.74.252:38779 was elected leader, sending a full tablet report...
I20260608 12:40:58.188681 14115 heartbeater.cc:499] Master 127.12.74.252:38779 was elected leader, sending a full tablet report...
I20260608 12:40:58.706969 13873 auto_leader_rebalancer.cc:451] All tables' leader rebalancing finished this round
I20260608 12:40:58.790603 13798 catalog_manager.cc:2282] Servicing CreateTable request from {username='slave'} at 127.0.0.1:57276:
name: "test-workload"
schema {
  columns {
    name: "key"
    type: INT32
    is_key: true
    is_nullable: false
    encoding: AUTO_ENCODING
    compression: DEFAULT_COMPRESSION
    cfile_block_size: 0
    immutable: false
  }
  columns {
    name: "int_val"
    type: INT32
    is_key: false
    is_nullable: false
    encoding: AUTO_ENCODING
    compression: DEFAULT_COMPRESSION
    cfile_block_size: 0
    immutable: false
  }
  columns {
    name: "string_val"
    type: STRING
    is_key: false
    is_nullable: true
    encoding: AUTO_ENCODING
    compression: DEFAULT_COMPRESSION
    cfile_block_size: 0
    immutable: false
  }
}
num_replicas: 1
split_rows_range_bounds {
  rows: "\004\001\000\252\252\252*\004\001\000TUUU""\004\001\000\252\252\252*\004\001\000TUUU"
  indirect_data: """"
}
partition_schema {
  range_schema {
    columns {
      name: "key"
    }
  }
}
I20260608 12:40:58.882259 14002 tablet_service.cc:1511] Processing CreateTablet for tablet 3aa4fa5cb1714e7ab49d005826eb9be4 (DEFAULT_TABLE table=test-workload [id=5be348c59cc342ab8de8bf5214ab53ec]), partition=RANGE (key) PARTITION VALUES < 715827882
I20260608 12:40:58.883893 14002 data_dirs.cc:400] Could only allocate 1 dirs of requested 3 for tablet 3aa4fa5cb1714e7ab49d005826eb9be4. 1 dirs total, 0 dirs full, 0 dirs failed
I20260608 12:40:58.886644 13924 tablet_service.cc:1511] Processing CreateTablet for tablet 4ffca0058dbc477b82ebca5ad83074ea (DEFAULT_TABLE table=test-workload [id=5be348c59cc342ab8de8bf5214ab53ec]), partition=RANGE (key) PARTITION 715827882 <= VALUES < 1431655764
I20260608 12:40:58.888002 13924 data_dirs.cc:400] Could only allocate 1 dirs of requested 3 for tablet 4ffca0058dbc477b82ebca5ad83074ea. 1 dirs total, 0 dirs full, 0 dirs failed
I20260608 12:40:58.889621 14080 tablet_service.cc:1511] Processing CreateTablet for tablet 3e2395c8a98446b4adbbc3fb346b34da (DEFAULT_TABLE table=test-workload [id=5be348c59cc342ab8de8bf5214ab53ec]), partition=RANGE (key) PARTITION 1431655764 <= VALUES
I20260608 12:40:58.891273 14080 data_dirs.cc:400] Could only allocate 1 dirs of requested 3 for tablet 3e2395c8a98446b4adbbc3fb346b34da. 1 dirs total, 0 dirs full, 0 dirs failed
I20260608 12:40:58.901244 14150 tablet_bootstrap.cc:492] T 3aa4fa5cb1714e7ab49d005826eb9be4 P fa3ff5f9c5f342809551063ef4ba9c67: Bootstrap starting.
I20260608 12:40:58.905750 14151 tablet_bootstrap.cc:492] T 4ffca0058dbc477b82ebca5ad83074ea P 52f8e93fbdef46d08419002704b4f33e: Bootstrap starting.
I20260608 12:40:58.907879 14150 tablet_bootstrap.cc:654] T 3aa4fa5cb1714e7ab49d005826eb9be4 P fa3ff5f9c5f342809551063ef4ba9c67: Neither blocks nor log segments found. Creating new log.
I20260608 12:40:58.908782 14152 tablet_bootstrap.cc:492] T 3e2395c8a98446b4adbbc3fb346b34da P 80cc85aef36242c6b9e7267e0e642080: Bootstrap starting.
I20260608 12:40:58.914820 14151 tablet_bootstrap.cc:654] T 4ffca0058dbc477b82ebca5ad83074ea P 52f8e93fbdef46d08419002704b4f33e: Neither blocks nor log segments found. Creating new log.
I20260608 12:40:58.916215 14152 tablet_bootstrap.cc:654] T 3e2395c8a98446b4adbbc3fb346b34da P 80cc85aef36242c6b9e7267e0e642080: Neither blocks nor log segments found. Creating new log.
I20260608 12:40:58.918834 14150 tablet_bootstrap.cc:492] T 3aa4fa5cb1714e7ab49d005826eb9be4 P fa3ff5f9c5f342809551063ef4ba9c67: No bootstrap required, opened a new log
I20260608 12:40:58.919488 14150 ts_tablet_manager.cc:1403] T 3aa4fa5cb1714e7ab49d005826eb9be4 P fa3ff5f9c5f342809551063ef4ba9c67: Time spent bootstrapping tablet: real 0.019s	user 0.010s	sys 0.006s
I20260608 12:40:58.923174 14150 raft_consensus.cc:359] T 3aa4fa5cb1714e7ab49d005826eb9be4 P fa3ff5f9c5f342809551063ef4ba9c67 [term 0 FOLLOWER]: Replica starting. Triggering 0 pending ops. Active config: opid_index: -1 OBSOLETE_local: true peers { permanent_uuid: "fa3ff5f9c5f342809551063ef4ba9c67" member_type: VOTER last_known_addr { host: "127.12.74.194" port: 37215 } }
I20260608 12:40:58.924028 14150 raft_consensus.cc:385] T 3aa4fa5cb1714e7ab49d005826eb9be4 P fa3ff5f9c5f342809551063ef4ba9c67 [term 0 FOLLOWER]: Consensus starting up: Expiring failure detector timer to make a prompt election more likely
I20260608 12:40:58.924441 14150 raft_consensus.cc:740] T 3aa4fa5cb1714e7ab49d005826eb9be4 P fa3ff5f9c5f342809551063ef4ba9c67 [term 0 FOLLOWER]: Becoming Follower/Learner. State: Replica: fa3ff5f9c5f342809551063ef4ba9c67, State: Initialized, Role: FOLLOWER
I20260608 12:40:58.925812 14150 consensus_queue.cc:260] T 3aa4fa5cb1714e7ab49d005826eb9be4 P fa3ff5f9c5f342809551063ef4ba9c67 [NON_LEADER]: Queue going to NON_LEADER mode. State: All replicated index: 0, Majority replicated index: 0, Committed index: 0, Last appended: 0.0, Last appended by leader: 0, Current term: 0, Majority size: -1, State: 0, Mode: NON_LEADER, active raft config: opid_index: -1 OBSOLETE_local: true peers { permanent_uuid: "fa3ff5f9c5f342809551063ef4ba9c67" member_type: VOTER last_known_addr { host: "127.12.74.194" port: 37215 } }
I20260608 12:40:58.926715 14150 raft_consensus.cc:399] T 3aa4fa5cb1714e7ab49d005826eb9be4 P fa3ff5f9c5f342809551063ef4ba9c67 [term 0 FOLLOWER]: Only one voter in the Raft config. Triggering election immediately
I20260608 12:40:58.927160 14150 raft_consensus.cc:493] T 3aa4fa5cb1714e7ab49d005826eb9be4 P fa3ff5f9c5f342809551063ef4ba9c67 [term 0 FOLLOWER]: Starting leader election (initial election of a single-replica configuration)
I20260608 12:40:58.927587 14150 raft_consensus.cc:3060] T 3aa4fa5cb1714e7ab49d005826eb9be4 P fa3ff5f9c5f342809551063ef4ba9c67 [term 0 FOLLOWER]: Advancing to term 1
I20260608 12:40:58.935624 14152 tablet_bootstrap.cc:492] T 3e2395c8a98446b4adbbc3fb346b34da P 80cc85aef36242c6b9e7267e0e642080: No bootstrap required, opened a new log
I20260608 12:40:58.936081 14151 tablet_bootstrap.cc:492] T 4ffca0058dbc477b82ebca5ad83074ea P 52f8e93fbdef46d08419002704b4f33e: No bootstrap required, opened a new log
I20260608 12:40:58.936195 14152 ts_tablet_manager.cc:1403] T 3e2395c8a98446b4adbbc3fb346b34da P 80cc85aef36242c6b9e7267e0e642080: Time spent bootstrapping tablet: real 0.028s	user 0.020s	sys 0.004s
I20260608 12:40:58.936595 14151 ts_tablet_manager.cc:1403] T 4ffca0058dbc477b82ebca5ad83074ea P 52f8e93fbdef46d08419002704b4f33e: Time spent bootstrapping tablet: real 0.031s	user 0.017s	sys 0.005s
I20260608 12:40:58.937700 14150 raft_consensus.cc:515] T 3aa4fa5cb1714e7ab49d005826eb9be4 P fa3ff5f9c5f342809551063ef4ba9c67 [term 1 FOLLOWER]: Starting leader election with config: opid_index: -1 OBSOLETE_local: true peers { permanent_uuid: "fa3ff5f9c5f342809551063ef4ba9c67" member_type: VOTER last_known_addr { host: "127.12.74.194" port: 37215 } }
I20260608 12:40:58.938580 14150 leader_election.cc:304] T 3aa4fa5cb1714e7ab49d005826eb9be4 P fa3ff5f9c5f342809551063ef4ba9c67 [CANDIDATE]: Term 1 election: Election decided. Result: candidate won. Election summary: received 1 responses out of 1 voters: 1 yes votes; 0 no votes. yes voters: fa3ff5f9c5f342809551063ef4ba9c67; no voters: 
I20260608 12:40:58.939633 14152 raft_consensus.cc:359] T 3e2395c8a98446b4adbbc3fb346b34da P 80cc85aef36242c6b9e7267e0e642080 [term 0 FOLLOWER]: Replica starting. Triggering 0 pending ops. Active config: opid_index: -1 OBSOLETE_local: true peers { permanent_uuid: "80cc85aef36242c6b9e7267e0e642080" member_type: VOTER last_known_addr { host: "127.12.74.195" port: 43387 } }
I20260608 12:40:58.939787 14151 raft_consensus.cc:359] T 4ffca0058dbc477b82ebca5ad83074ea P 52f8e93fbdef46d08419002704b4f33e [term 0 FOLLOWER]: Replica starting. Triggering 0 pending ops. Active config: opid_index: -1 OBSOLETE_local: true peers { permanent_uuid: "52f8e93fbdef46d08419002704b4f33e" member_type: VOTER last_known_addr { host: "127.12.74.193" port: 41127 } }
I20260608 12:40:58.940263 14150 leader_election.cc:290] T 3aa4fa5cb1714e7ab49d005826eb9be4 P fa3ff5f9c5f342809551063ef4ba9c67 [CANDIDATE]: Term 1 election: Requested vote from peers 
I20260608 12:40:58.940543 14152 raft_consensus.cc:385] T 3e2395c8a98446b4adbbc3fb346b34da P 80cc85aef36242c6b9e7267e0e642080 [term 0 FOLLOWER]: Consensus starting up: Expiring failure detector timer to make a prompt election more likely
I20260608 12:40:58.940739 14151 raft_consensus.cc:385] T 4ffca0058dbc477b82ebca5ad83074ea P 52f8e93fbdef46d08419002704b4f33e [term 0 FOLLOWER]: Consensus starting up: Expiring failure detector timer to make a prompt election more likely
I20260608 12:40:58.940892 14156 raft_consensus.cc:2804] T 3aa4fa5cb1714e7ab49d005826eb9be4 P fa3ff5f9c5f342809551063ef4ba9c67 [term 1 FOLLOWER]: Leader election won for term 1
I20260608 12:40:58.941082 14152 raft_consensus.cc:740] T 3e2395c8a98446b4adbbc3fb346b34da P 80cc85aef36242c6b9e7267e0e642080 [term 0 FOLLOWER]: Becoming Follower/Learner. State: Replica: 80cc85aef36242c6b9e7267e0e642080, State: Initialized, Role: FOLLOWER
I20260608 12:40:58.941460 14151 raft_consensus.cc:740] T 4ffca0058dbc477b82ebca5ad83074ea P 52f8e93fbdef46d08419002704b4f33e [term 0 FOLLOWER]: Becoming Follower/Learner. State: Replica: 52f8e93fbdef46d08419002704b4f33e, State: Initialized, Role: FOLLOWER
I20260608 12:40:58.942906 14151 consensus_queue.cc:260] T 4ffca0058dbc477b82ebca5ad83074ea P 52f8e93fbdef46d08419002704b4f33e [NON_LEADER]: Queue going to NON_LEADER mode. State: All replicated index: 0, Majority replicated index: 0, Committed index: 0, Last appended: 0.0, Last appended by leader: 0, Current term: 0, Majority size: -1, State: 0, Mode: NON_LEADER, active raft config: opid_index: -1 OBSOLETE_local: true peers { permanent_uuid: "52f8e93fbdef46d08419002704b4f33e" member_type: VOTER last_known_addr { host: "127.12.74.193" port: 41127 } }
I20260608 12:40:58.943977 14151 raft_consensus.cc:399] T 4ffca0058dbc477b82ebca5ad83074ea P 52f8e93fbdef46d08419002704b4f33e [term 0 FOLLOWER]: Only one voter in the Raft config. Triggering election immediately
I20260608 12:40:58.944468 14151 raft_consensus.cc:493] T 4ffca0058dbc477b82ebca5ad83074ea P 52f8e93fbdef46d08419002704b4f33e [term 0 FOLLOWER]: Starting leader election (initial election of a single-replica configuration)
I20260608 12:40:58.945042 14151 raft_consensus.cc:3060] T 4ffca0058dbc477b82ebca5ad83074ea P 52f8e93fbdef46d08419002704b4f33e [term 0 FOLLOWER]: Advancing to term 1
I20260608 12:40:58.950497 14150 ts_tablet_manager.cc:1434] T 3aa4fa5cb1714e7ab49d005826eb9be4 P fa3ff5f9c5f342809551063ef4ba9c67: Time spent starting tablet: real 0.031s	user 0.011s	sys 0.012s
I20260608 12:40:58.950567 14156 raft_consensus.cc:697] T 3aa4fa5cb1714e7ab49d005826eb9be4 P fa3ff5f9c5f342809551063ef4ba9c67 [term 1 LEADER]: Becoming Leader. State: Replica: fa3ff5f9c5f342809551063ef4ba9c67, State: Running, Role: LEADER
I20260608 12:40:58.952400 14156 consensus_queue.cc:237] T 3aa4fa5cb1714e7ab49d005826eb9be4 P fa3ff5f9c5f342809551063ef4ba9c67 [LEADER]: Queue going to LEADER mode. State: All replicated index: 0, Majority replicated index: 0, Committed index: 0, Last appended: 0.0, Last appended by leader: 0, Current term: 1, Majority size: 1, State: 0, Mode: LEADER, active raft config: opid_index: -1 OBSOLETE_local: true peers { permanent_uuid: "fa3ff5f9c5f342809551063ef4ba9c67" member_type: VOTER last_known_addr { host: "127.12.74.194" port: 37215 } }
I20260608 12:40:58.955389 14151 raft_consensus.cc:515] T 4ffca0058dbc477b82ebca5ad83074ea P 52f8e93fbdef46d08419002704b4f33e [term 1 FOLLOWER]: Starting leader election with config: opid_index: -1 OBSOLETE_local: true peers { permanent_uuid: "52f8e93fbdef46d08419002704b4f33e" member_type: VOTER last_known_addr { host: "127.12.74.193" port: 41127 } }
I20260608 12:40:58.955489 14152 consensus_queue.cc:260] T 3e2395c8a98446b4adbbc3fb346b34da P 80cc85aef36242c6b9e7267e0e642080 [NON_LEADER]: Queue going to NON_LEADER mode. State: All replicated index: 0, Majority replicated index: 0, Committed index: 0, Last appended: 0.0, Last appended by leader: 0, Current term: 0, Majority size: -1, State: 0, Mode: NON_LEADER, active raft config: opid_index: -1 OBSOLETE_local: true peers { permanent_uuid: "80cc85aef36242c6b9e7267e0e642080" member_type: VOTER last_known_addr { host: "127.12.74.195" port: 43387 } }
I20260608 12:40:58.956734 14152 raft_consensus.cc:399] T 3e2395c8a98446b4adbbc3fb346b34da P 80cc85aef36242c6b9e7267e0e642080 [term 0 FOLLOWER]: Only one voter in the Raft config. Triggering election immediately
I20260608 12:40:58.956843 14151 leader_election.cc:304] T 4ffca0058dbc477b82ebca5ad83074ea P 52f8e93fbdef46d08419002704b4f33e [CANDIDATE]: Term 1 election: Election decided. Result: candidate won. Election summary: received 1 responses out of 1 voters: 1 yes votes; 0 no votes. yes voters: 52f8e93fbdef46d08419002704b4f33e; no voters: 
I20260608 12:40:58.957295 14159 raft_consensus.cc:493] T 3e2395c8a98446b4adbbc3fb346b34da P 80cc85aef36242c6b9e7267e0e642080 [term 0 FOLLOWER]: Starting pre-election (no leader contacted us within the election timeout)
I20260608 12:40:58.958168 14159 raft_consensus.cc:515] T 3e2395c8a98446b4adbbc3fb346b34da P 80cc85aef36242c6b9e7267e0e642080 [term 0 FOLLOWER]: Starting pre-election with config: opid_index: -1 OBSOLETE_local: true peers { permanent_uuid: "80cc85aef36242c6b9e7267e0e642080" member_type: VOTER last_known_addr { host: "127.12.74.195" port: 43387 } }
I20260608 12:40:58.959514 14152 raft_consensus.cc:493] T 3e2395c8a98446b4adbbc3fb346b34da P 80cc85aef36242c6b9e7267e0e642080 [term 0 FOLLOWER]: Starting leader election (initial election of a single-replica configuration)
I20260608 12:40:58.959990 14152 raft_consensus.cc:3060] T 3e2395c8a98446b4adbbc3fb346b34da P 80cc85aef36242c6b9e7267e0e642080 [term 0 FOLLOWER]: Advancing to term 1
I20260608 12:40:58.971652 14151 leader_election.cc:290] T 4ffca0058dbc477b82ebca5ad83074ea P 52f8e93fbdef46d08419002704b4f33e [CANDIDATE]: Term 1 election: Requested vote from peers 
I20260608 12:40:58.972812 14161 raft_consensus.cc:2804] T 4ffca0058dbc477b82ebca5ad83074ea P 52f8e93fbdef46d08419002704b4f33e [term 1 FOLLOWER]: Leader election won for term 1
I20260608 12:40:58.974256 14159 leader_election.cc:304] T 3e2395c8a98446b4adbbc3fb346b34da P 80cc85aef36242c6b9e7267e0e642080 [CANDIDATE]: Term 1 pre-election: Election decided. Result: candidate won. Election summary: received 1 responses out of 1 voters: 1 yes votes; 0 no votes. yes voters: 80cc85aef36242c6b9e7267e0e642080; no voters: 
I20260608 12:40:58.978021 13798 catalog_manager.cc:5696] T 3aa4fa5cb1714e7ab49d005826eb9be4 P fa3ff5f9c5f342809551063ef4ba9c67 reported cstate change: term changed from 0 to 1, leader changed from <none> to fa3ff5f9c5f342809551063ef4ba9c67 (127.12.74.194). New cstate: current_term: 1 leader_uuid: "fa3ff5f9c5f342809551063ef4ba9c67" committed_config { opid_index: -1 OBSOLETE_local: true peers { permanent_uuid: "fa3ff5f9c5f342809551063ef4ba9c67" member_type: VOTER last_known_addr { host: "127.12.74.194" port: 37215 } health_report { overall_health: HEALTHY } } }
I20260608 12:40:58.979979 14152 raft_consensus.cc:515] T 3e2395c8a98446b4adbbc3fb346b34da P 80cc85aef36242c6b9e7267e0e642080 [term 1 FOLLOWER]: Starting leader election with config: opid_index: -1 OBSOLETE_local: true peers { permanent_uuid: "80cc85aef36242c6b9e7267e0e642080" member_type: VOTER last_known_addr { host: "127.12.74.195" port: 43387 } }
I20260608 12:40:58.982260 14152 leader_election.cc:304] T 3e2395c8a98446b4adbbc3fb346b34da P 80cc85aef36242c6b9e7267e0e642080 [CANDIDATE]: Term 1 election: Election decided. Result: candidate won. Election summary: received 1 responses out of 1 voters: 1 yes votes; 0 no votes. yes voters: 80cc85aef36242c6b9e7267e0e642080; no voters: 
I20260608 12:40:58.983920 14151 ts_tablet_manager.cc:1434] T 4ffca0058dbc477b82ebca5ad83074ea P 52f8e93fbdef46d08419002704b4f33e: Time spent starting tablet: real 0.047s	user 0.031s	sys 0.003s
I20260608 12:40:58.984675 14166 raft_consensus.cc:2764] T 3e2395c8a98446b4adbbc3fb346b34da P 80cc85aef36242c6b9e7267e0e642080 [term 1 FOLLOWER]: Leader pre-election decision vote started in defunct term 0: won
I20260608 12:40:58.985987 14166 raft_consensus.cc:2804] T 3e2395c8a98446b4adbbc3fb346b34da P 80cc85aef36242c6b9e7267e0e642080 [term 1 FOLLOWER]: Leader election won for term 1
I20260608 12:40:58.986753 14159 leader_election.cc:290] T 3e2395c8a98446b4adbbc3fb346b34da P 80cc85aef36242c6b9e7267e0e642080 [CANDIDATE]: Term 1 pre-election: Requested pre-vote from peers 
I20260608 12:40:58.986845 14166 raft_consensus.cc:697] T 3e2395c8a98446b4adbbc3fb346b34da P 80cc85aef36242c6b9e7267e0e642080 [term 1 LEADER]: Becoming Leader. State: Replica: 80cc85aef36242c6b9e7267e0e642080, State: Running, Role: LEADER
I20260608 12:40:58.987528 14152 leader_election.cc:290] T 3e2395c8a98446b4adbbc3fb346b34da P 80cc85aef36242c6b9e7267e0e642080 [CANDIDATE]: Term 1 election: Requested vote from peers 
I20260608 12:40:58.987939 14166 consensus_queue.cc:237] T 3e2395c8a98446b4adbbc3fb346b34da P 80cc85aef36242c6b9e7267e0e642080 [LEADER]: Queue going to LEADER mode. State: All replicated index: 0, Majority replicated index: 0, Committed index: 0, Last appended: 0.0, Last appended by leader: 0, Current term: 1, Majority size: 1, State: 0, Mode: LEADER, active raft config: opid_index: -1 OBSOLETE_local: true peers { permanent_uuid: "80cc85aef36242c6b9e7267e0e642080" member_type: VOTER last_known_addr { host: "127.12.74.195" port: 43387 } }
I20260608 12:40:58.989600 14152 ts_tablet_manager.cc:1434] T 3e2395c8a98446b4adbbc3fb346b34da P 80cc85aef36242c6b9e7267e0e642080: Time spent starting tablet: real 0.053s	user 0.027s	sys 0.008s
I20260608 12:40:58.990674 14161 raft_consensus.cc:697] T 4ffca0058dbc477b82ebca5ad83074ea P 52f8e93fbdef46d08419002704b4f33e [term 1 LEADER]: Becoming Leader. State: Replica: 52f8e93fbdef46d08419002704b4f33e, State: Running, Role: LEADER
I20260608 12:40:58.991816 14161 consensus_queue.cc:237] T 4ffca0058dbc477b82ebca5ad83074ea P 52f8e93fbdef46d08419002704b4f33e [LEADER]: Queue going to LEADER mode. State: All replicated index: 0, Majority replicated index: 0, Committed index: 0, Last appended: 0.0, Last appended by leader: 0, Current term: 1, Majority size: 1, State: 0, Mode: LEADER, active raft config: opid_index: -1 OBSOLETE_local: true peers { permanent_uuid: "52f8e93fbdef46d08419002704b4f33e" member_type: VOTER last_known_addr { host: "127.12.74.193" port: 41127 } }
I20260608 12:40:59.023907 13797 catalog_manager.cc:5696] T 3e2395c8a98446b4adbbc3fb346b34da P 80cc85aef36242c6b9e7267e0e642080 reported cstate change: term changed from 0 to 1, leader changed from <none> to 80cc85aef36242c6b9e7267e0e642080 (127.12.74.195). New cstate: current_term: 1 leader_uuid: "80cc85aef36242c6b9e7267e0e642080" committed_config { opid_index: -1 OBSOLETE_local: true peers { permanent_uuid: "80cc85aef36242c6b9e7267e0e642080" member_type: VOTER last_known_addr { host: "127.12.74.195" port: 43387 } health_report { overall_health: HEALTHY } } }
I20260608 12:40:59.036733 13798 catalog_manager.cc:5696] T 4ffca0058dbc477b82ebca5ad83074ea P 52f8e93fbdef46d08419002704b4f33e reported cstate change: term changed from 0 to 1, leader changed from <none> to 52f8e93fbdef46d08419002704b4f33e (127.12.74.193). New cstate: current_term: 1 leader_uuid: "52f8e93fbdef46d08419002704b4f33e" committed_config { opid_index: -1 OBSOLETE_local: true peers { permanent_uuid: "52f8e93fbdef46d08419002704b4f33e" member_type: VOTER last_known_addr { host: "127.12.74.193" port: 41127 } health_report { overall_health: HEALTHY } } }
I20260608 12:40:59.118899 12587 master.cc:562] Master@127.12.74.252:38779 shutting down...
I20260608 12:40:59.137599 12587 raft_consensus.cc:2243] T 00000000000000000000000000000000 P 41023e11a37c426ab285e3f53cf54555 [term 1 LEADER]: Raft consensus shutting down.
I20260608 12:40:59.138586 12587 raft_consensus.cc:2272] T 00000000000000000000000000000000 P 41023e11a37c426ab285e3f53cf54555 [term 1 FOLLOWER]: Raft consensus is shut down!
I20260608 12:40:59.138994 12587 tablet_replica.cc:333] T 00000000000000000000000000000000 P 41023e11a37c426ab285e3f53cf54555: stopping tablet replica
I20260608 12:40:59.152274 12587 master.cc:584] Master@127.12.74.252:38779 shutdown complete.
W20260608 12:41:00.019150 14037 heartbeater.cc:646] Failed to heartbeat to 127.12.74.252:38779 (0 consecutive failures): Network error: Failed to send heartbeat to master: Client connection negotiation failed: client connection to 127.12.74.252:38779: connect: Connection refused (error 111)
I20260608 12:41:00.582715 14175 raft_consensus.cc:493] T 00000000000000000000000000000000 P 448f81c83ffe45bdaa6d0c0961ffa5ef [term 1 FOLLOWER]: Starting pre-election (detected failure of leader 41023e11a37c426ab285e3f53cf54555)
I20260608 12:41:00.583456 14175 raft_consensus.cc:515] T 00000000000000000000000000000000 P 448f81c83ffe45bdaa6d0c0961ffa5ef [term 1 FOLLOWER]: Starting pre-election with config: opid_index: -1 OBSOLETE_local: false peers { permanent_uuid: "448f81c83ffe45bdaa6d0c0961ffa5ef" member_type: VOTER last_known_addr { host: "127.12.74.254" port: 42137 } } peers { permanent_uuid: "4dc971f3f7204fe5bfd40f25e5f5cf57" member_type: VOTER last_known_addr { host: "127.12.74.253" port: 42799 } } peers { permanent_uuid: "41023e11a37c426ab285e3f53cf54555" member_type: VOTER last_known_addr { host: "127.12.74.252" port: 38779 } }
I20260608 12:41:00.584132 14176 raft_consensus.cc:493] T 00000000000000000000000000000000 P 4dc971f3f7204fe5bfd40f25e5f5cf57 [term 1 FOLLOWER]: Starting pre-election (detected failure of leader 41023e11a37c426ab285e3f53cf54555)
I20260608 12:41:00.584661 14176 raft_consensus.cc:515] T 00000000000000000000000000000000 P 4dc971f3f7204fe5bfd40f25e5f5cf57 [term 1 FOLLOWER]: Starting pre-election with config: opid_index: -1 OBSOLETE_local: false peers { permanent_uuid: "448f81c83ffe45bdaa6d0c0961ffa5ef" member_type: VOTER last_known_addr { host: "127.12.74.254" port: 42137 } } peers { permanent_uuid: "4dc971f3f7204fe5bfd40f25e5f5cf57" member_type: VOTER last_known_addr { host: "127.12.74.253" port: 42799 } } peers { permanent_uuid: "41023e11a37c426ab285e3f53cf54555" member_type: VOTER last_known_addr { host: "127.12.74.252" port: 38779 } }
I20260608 12:41:00.585831 14175 leader_election.cc:290] T 00000000000000000000000000000000 P 448f81c83ffe45bdaa6d0c0961ffa5ef [CANDIDATE]: Term 2 pre-election: Requested pre-vote from peers 4dc971f3f7204fe5bfd40f25e5f5cf57 (127.12.74.253:42799), 41023e11a37c426ab285e3f53cf54555 (127.12.74.252:38779)
I20260608 12:41:00.586791 13743 tablet_service.cc:1917] Received RequestConsensusVote() RPC: tablet_id: "00000000000000000000000000000000" candidate_uuid: "448f81c83ffe45bdaa6d0c0961ffa5ef" candidate_term: 2 candidate_status { last_received { term: 1 index: 10 } } ignore_live_leader: false dest_uuid: "4dc971f3f7204fe5bfd40f25e5f5cf57" is_pre_election: true
I20260608 12:41:00.587005 14176 leader_election.cc:290] T 00000000000000000000000000000000 P 4dc971f3f7204fe5bfd40f25e5f5cf57 [CANDIDATE]: Term 2 pre-election: Requested pre-vote from peers 448f81c83ffe45bdaa6d0c0961ffa5ef (127.12.74.254:42137), 41023e11a37c426ab285e3f53cf54555 (127.12.74.252:38779)
I20260608 12:41:00.587525 13743 raft_consensus.cc:2468] T 00000000000000000000000000000000 P 4dc971f3f7204fe5bfd40f25e5f5cf57 [term 1 FOLLOWER]: Leader pre-election vote request: Granting yes vote for candidate 448f81c83ffe45bdaa6d0c0961ffa5ef in term 1.
I20260608 12:41:00.587852 13678 tablet_service.cc:1917] Received RequestConsensusVote() RPC: tablet_id: "00000000000000000000000000000000" candidate_uuid: "4dc971f3f7204fe5bfd40f25e5f5cf57" candidate_term: 2 candidate_status { last_received { term: 1 index: 10 } } ignore_live_leader: false dest_uuid: "448f81c83ffe45bdaa6d0c0961ffa5ef" is_pre_election: true
I20260608 12:41:00.588510 13678 raft_consensus.cc:2468] T 00000000000000000000000000000000 P 448f81c83ffe45bdaa6d0c0961ffa5ef [term 1 FOLLOWER]: Leader pre-election vote request: Granting yes vote for candidate 4dc971f3f7204fe5bfd40f25e5f5cf57 in term 1.
I20260608 12:41:00.589179 13654 leader_election.cc:304] T 00000000000000000000000000000000 P 448f81c83ffe45bdaa6d0c0961ffa5ef [CANDIDATE]: Term 2 pre-election: Election decided. Result: candidate won. Election summary: received 2 responses out of 3 voters: 2 yes votes; 0 no votes. yes voters: 448f81c83ffe45bdaa6d0c0961ffa5ef, 4dc971f3f7204fe5bfd40f25e5f5cf57; no voters: 
I20260608 12:41:00.590040 13719 leader_election.cc:304] T 00000000000000000000000000000000 P 4dc971f3f7204fe5bfd40f25e5f5cf57 [CANDIDATE]: Term 2 pre-election: Election decided. Result: candidate won. Election summary: received 2 responses out of 3 voters: 2 yes votes; 0 no votes. yes voters: 448f81c83ffe45bdaa6d0c0961ffa5ef, 4dc971f3f7204fe5bfd40f25e5f5cf57; no voters: 
I20260608 12:41:00.591058 14175 raft_consensus.cc:2804] T 00000000000000000000000000000000 P 448f81c83ffe45bdaa6d0c0961ffa5ef [term 1 FOLLOWER]: Leader pre-election won for term 2
I20260608 12:41:00.591773 14175 raft_consensus.cc:493] T 00000000000000000000000000000000 P 448f81c83ffe45bdaa6d0c0961ffa5ef [term 1 FOLLOWER]: Starting leader election (detected failure of leader 41023e11a37c426ab285e3f53cf54555)
I20260608 12:41:00.592541 14175 raft_consensus.cc:3060] T 00000000000000000000000000000000 P 448f81c83ffe45bdaa6d0c0961ffa5ef [term 1 FOLLOWER]: Advancing to term 2
I20260608 12:41:00.595008 14176 raft_consensus.cc:2804] T 00000000000000000000000000000000 P 4dc971f3f7204fe5bfd40f25e5f5cf57 [term 1 FOLLOWER]: Leader pre-election won for term 2
I20260608 12:41:00.596135 14176 raft_consensus.cc:493] T 00000000000000000000000000000000 P 4dc971f3f7204fe5bfd40f25e5f5cf57 [term 1 FOLLOWER]: Starting leader election (detected failure of leader 41023e11a37c426ab285e3f53cf54555)
I20260608 12:41:00.596607 14176 raft_consensus.cc:3060] T 00000000000000000000000000000000 P 4dc971f3f7204fe5bfd40f25e5f5cf57 [term 1 FOLLOWER]: Advancing to term 2
I20260608 12:41:00.602907 14175 raft_consensus.cc:515] T 00000000000000000000000000000000 P 448f81c83ffe45bdaa6d0c0961ffa5ef [term 2 FOLLOWER]: Starting leader election with config: opid_index: -1 OBSOLETE_local: false peers { permanent_uuid: "448f81c83ffe45bdaa6d0c0961ffa5ef" member_type: VOTER last_known_addr { host: "127.12.74.254" port: 42137 } } peers { permanent_uuid: "4dc971f3f7204fe5bfd40f25e5f5cf57" member_type: VOTER last_known_addr { host: "127.12.74.253" port: 42799 } } peers { permanent_uuid: "41023e11a37c426ab285e3f53cf54555" member_type: VOTER last_known_addr { host: "127.12.74.252" port: 38779 } }
I20260608 12:41:00.604558 14176 raft_consensus.cc:515] T 00000000000000000000000000000000 P 4dc971f3f7204fe5bfd40f25e5f5cf57 [term 2 FOLLOWER]: Starting leader election with config: opid_index: -1 OBSOLETE_local: false peers { permanent_uuid: "448f81c83ffe45bdaa6d0c0961ffa5ef" member_type: VOTER last_known_addr { host: "127.12.74.254" port: 42137 } } peers { permanent_uuid: "4dc971f3f7204fe5bfd40f25e5f5cf57" member_type: VOTER last_known_addr { host: "127.12.74.253" port: 42799 } } peers { permanent_uuid: "41023e11a37c426ab285e3f53cf54555" member_type: VOTER last_known_addr { host: "127.12.74.252" port: 38779 } }
W20260608 12:41:00.606525 13717 leader_election.cc:336] T 00000000000000000000000000000000 P 4dc971f3f7204fe5bfd40f25e5f5cf57 [CANDIDATE]: Term 2 pre-election: RPC error from VoteRequest() call to peer 41023e11a37c426ab285e3f53cf54555 (127.12.74.252:38779): Network error: Client connection negotiation failed: client connection to 127.12.74.252:38779: connect: Connection refused (error 111)
I20260608 12:41:00.607491 14175 leader_election.cc:290] T 00000000000000000000000000000000 P 448f81c83ffe45bdaa6d0c0961ffa5ef [CANDIDATE]: Term 2 election: Requested vote from peers 4dc971f3f7204fe5bfd40f25e5f5cf57 (127.12.74.253:42799), 41023e11a37c426ab285e3f53cf54555 (127.12.74.252:38779)
I20260608 12:41:00.607748 13743 tablet_service.cc:1917] Received RequestConsensusVote() RPC: tablet_id: "00000000000000000000000000000000" candidate_uuid: "448f81c83ffe45bdaa6d0c0961ffa5ef" candidate_term: 2 candidate_status { last_received { term: 1 index: 10 } } ignore_live_leader: false dest_uuid: "4dc971f3f7204fe5bfd40f25e5f5cf57"
I20260608 12:41:00.607889 13678 tablet_service.cc:1917] Received RequestConsensusVote() RPC: tablet_id: "00000000000000000000000000000000" candidate_uuid: "4dc971f3f7204fe5bfd40f25e5f5cf57" candidate_term: 2 candidate_status { last_received { term: 1 index: 10 } } ignore_live_leader: false dest_uuid: "448f81c83ffe45bdaa6d0c0961ffa5ef"
I20260608 12:41:00.608603 13743 raft_consensus.cc:2393] T 00000000000000000000000000000000 P 4dc971f3f7204fe5bfd40f25e5f5cf57 [term 2 FOLLOWER]: Leader election vote request: Denying vote to candidate 448f81c83ffe45bdaa6d0c0961ffa5ef in current term 2: Already voted for candidate 4dc971f3f7204fe5bfd40f25e5f5cf57 in this term.
I20260608 12:41:00.608767 13678 raft_consensus.cc:2393] T 00000000000000000000000000000000 P 448f81c83ffe45bdaa6d0c0961ffa5ef [term 2 FOLLOWER]: Leader election vote request: Denying vote to candidate 4dc971f3f7204fe5bfd40f25e5f5cf57 in current term 2: Already voted for candidate 448f81c83ffe45bdaa6d0c0961ffa5ef in this term.
I20260608 12:41:00.609587 14176 leader_election.cc:290] T 00000000000000000000000000000000 P 4dc971f3f7204fe5bfd40f25e5f5cf57 [CANDIDATE]: Term 2 election: Requested vote from peers 448f81c83ffe45bdaa6d0c0961ffa5ef (127.12.74.254:42137), 41023e11a37c426ab285e3f53cf54555 (127.12.74.252:38779)
W20260608 12:41:00.612689 13652 leader_election.cc:336] T 00000000000000000000000000000000 P 448f81c83ffe45bdaa6d0c0961ffa5ef [CANDIDATE]: Term 2 election: RPC error from VoteRequest() call to peer 41023e11a37c426ab285e3f53cf54555 (127.12.74.252:38779): Network error: Client connection negotiation failed: client connection to 127.12.74.252:38779: connect: Connection refused (error 111)
I20260608 12:41:00.613224 13652 leader_election.cc:304] T 00000000000000000000000000000000 P 448f81c83ffe45bdaa6d0c0961ffa5ef [CANDIDATE]: Term 2 election: Election decided. Result: candidate lost. Election summary: received 3 responses out of 3 voters: 1 yes votes; 2 no votes. yes voters: 448f81c83ffe45bdaa6d0c0961ffa5ef; no voters: 41023e11a37c426ab285e3f53cf54555, 4dc971f3f7204fe5bfd40f25e5f5cf57
W20260608 12:41:00.613844 13717 leader_election.cc:336] T 00000000000000000000000000000000 P 4dc971f3f7204fe5bfd40f25e5f5cf57 [CANDIDATE]: Term 2 election: RPC error from VoteRequest() call to peer 41023e11a37c426ab285e3f53cf54555 (127.12.74.252:38779): Network error: Client connection negotiation failed: client connection to 127.12.74.252:38779: connect: Connection refused (error 111)
I20260608 12:41:00.614141 14175 raft_consensus.cc:2749] T 00000000000000000000000000000000 P 448f81c83ffe45bdaa6d0c0961ffa5ef [term 2 FOLLOWER]: Leader election lost for term 2. Reason: could not achieve majority
W20260608 12:41:00.614289 13652 leader_election.cc:336] T 00000000000000000000000000000000 P 448f81c83ffe45bdaa6d0c0961ffa5ef [CANDIDATE]: Term 2 pre-election: RPC error from VoteRequest() call to peer 41023e11a37c426ab285e3f53cf54555 (127.12.74.252:38779): Network error: Client connection negotiation failed: client connection to 127.12.74.252:38779: connect: Connection refused (error 111)
I20260608 12:41:00.614363 13717 leader_election.cc:304] T 00000000000000000000000000000000 P 4dc971f3f7204fe5bfd40f25e5f5cf57 [CANDIDATE]: Term 2 election: Election decided. Result: candidate lost. Election summary: received 3 responses out of 3 voters: 1 yes votes; 2 no votes. yes voters: 4dc971f3f7204fe5bfd40f25e5f5cf57; no voters: 41023e11a37c426ab285e3f53cf54555, 448f81c83ffe45bdaa6d0c0961ffa5ef
I20260608 12:41:00.615372 14176 raft_consensus.cc:2749] T 00000000000000000000000000000000 P 4dc971f3f7204fe5bfd40f25e5f5cf57 [term 2 FOLLOWER]: Leader election lost for term 2. Reason: could not achieve majority
I20260608 12:41:02.436964 14189 raft_consensus.cc:493] T 00000000000000000000000000000000 P 4dc971f3f7204fe5bfd40f25e5f5cf57 [term 2 FOLLOWER]: Starting pre-election (no leader contacted us within the election timeout)
I20260608 12:41:02.437851 14189 raft_consensus.cc:515] T 00000000000000000000000000000000 P 4dc971f3f7204fe5bfd40f25e5f5cf57 [term 2 FOLLOWER]: Starting pre-election with config: opid_index: -1 OBSOLETE_local: false peers { permanent_uuid: "448f81c83ffe45bdaa6d0c0961ffa5ef" member_type: VOTER last_known_addr { host: "127.12.74.254" port: 42137 } } peers { permanent_uuid: "4dc971f3f7204fe5bfd40f25e5f5cf57" member_type: VOTER last_known_addr { host: "127.12.74.253" port: 42799 } } peers { permanent_uuid: "41023e11a37c426ab285e3f53cf54555" member_type: VOTER last_known_addr { host: "127.12.74.252" port: 38779 } }
I20260608 12:41:02.440824 14189 leader_election.cc:290] T 00000000000000000000000000000000 P 4dc971f3f7204fe5bfd40f25e5f5cf57 [CANDIDATE]: Term 3 pre-election: Requested pre-vote from peers 448f81c83ffe45bdaa6d0c0961ffa5ef (127.12.74.254:42137), 41023e11a37c426ab285e3f53cf54555 (127.12.74.252:38779)
I20260608 12:41:02.442935 13678 tablet_service.cc:1917] Received RequestConsensusVote() RPC: tablet_id: "00000000000000000000000000000000" candidate_uuid: "4dc971f3f7204fe5bfd40f25e5f5cf57" candidate_term: 3 candidate_status { last_received { term: 1 index: 10 } } ignore_live_leader: false dest_uuid: "448f81c83ffe45bdaa6d0c0961ffa5ef" is_pre_election: true
I20260608 12:41:02.443940 13678 raft_consensus.cc:2468] T 00000000000000000000000000000000 P 448f81c83ffe45bdaa6d0c0961ffa5ef [term 2 FOLLOWER]: Leader pre-election vote request: Granting yes vote for candidate 4dc971f3f7204fe5bfd40f25e5f5cf57 in term 2.
W20260608 12:41:02.444823 13717 proxy.cc:239] Call had error, refreshing address and retrying: Network error: Client connection negotiation failed: client connection to 127.12.74.252:38779: connect: Connection refused (error 111) [suppressed 10 similar messages]
I20260608 12:41:02.446101 13719 leader_election.cc:304] T 00000000000000000000000000000000 P 4dc971f3f7204fe5bfd40f25e5f5cf57 [CANDIDATE]: Term 3 pre-election: Election decided. Result: candidate won. Election summary: received 2 responses out of 3 voters: 2 yes votes; 0 no votes. yes voters: 448f81c83ffe45bdaa6d0c0961ffa5ef, 4dc971f3f7204fe5bfd40f25e5f5cf57; no voters: 
I20260608 12:41:02.448104 14189 raft_consensus.cc:2804] T 00000000000000000000000000000000 P 4dc971f3f7204fe5bfd40f25e5f5cf57 [term 2 FOLLOWER]: Leader pre-election won for term 3
I20260608 12:41:02.448589 14189 raft_consensus.cc:493] T 00000000000000000000000000000000 P 4dc971f3f7204fe5bfd40f25e5f5cf57 [term 2 FOLLOWER]: Starting leader election (no leader contacted us within the election timeout)
I20260608 12:41:02.448987 14189 raft_consensus.cc:3060] T 00000000000000000000000000000000 P 4dc971f3f7204fe5bfd40f25e5f5cf57 [term 2 FOLLOWER]: Advancing to term 3
W20260608 12:41:02.451272 13717 leader_election.cc:336] T 00000000000000000000000000000000 P 4dc971f3f7204fe5bfd40f25e5f5cf57 [CANDIDATE]: Term 3 pre-election: RPC error from VoteRequest() call to peer 41023e11a37c426ab285e3f53cf54555 (127.12.74.252:38779): Network error: Client connection negotiation failed: client connection to 127.12.74.252:38779: connect: Connection refused (error 111)
I20260608 12:41:02.455655 14189 raft_consensus.cc:515] T 00000000000000000000000000000000 P 4dc971f3f7204fe5bfd40f25e5f5cf57 [term 3 FOLLOWER]: Starting leader election with config: opid_index: -1 OBSOLETE_local: false peers { permanent_uuid: "448f81c83ffe45bdaa6d0c0961ffa5ef" member_type: VOTER last_known_addr { host: "127.12.74.254" port: 42137 } } peers { permanent_uuid: "4dc971f3f7204fe5bfd40f25e5f5cf57" member_type: VOTER last_known_addr { host: "127.12.74.253" port: 42799 } } peers { permanent_uuid: "41023e11a37c426ab285e3f53cf54555" member_type: VOTER last_known_addr { host: "127.12.74.252" port: 38779 } }
I20260608 12:41:02.457506 14189 leader_election.cc:290] T 00000000000000000000000000000000 P 4dc971f3f7204fe5bfd40f25e5f5cf57 [CANDIDATE]: Term 3 election: Requested vote from peers 448f81c83ffe45bdaa6d0c0961ffa5ef (127.12.74.254:42137), 41023e11a37c426ab285e3f53cf54555 (127.12.74.252:38779)
I20260608 12:41:02.458532 13678 tablet_service.cc:1917] Received RequestConsensusVote() RPC: tablet_id: "00000000000000000000000000000000" candidate_uuid: "4dc971f3f7204fe5bfd40f25e5f5cf57" candidate_term: 3 candidate_status { last_received { term: 1 index: 10 } } ignore_live_leader: false dest_uuid: "448f81c83ffe45bdaa6d0c0961ffa5ef"
I20260608 12:41:02.459052 13678 raft_consensus.cc:3060] T 00000000000000000000000000000000 P 448f81c83ffe45bdaa6d0c0961ffa5ef [term 2 FOLLOWER]: Advancing to term 3
W20260608 12:41:02.462153 13717 leader_election.cc:336] T 00000000000000000000000000000000 P 4dc971f3f7204fe5bfd40f25e5f5cf57 [CANDIDATE]: Term 3 election: RPC error from VoteRequest() call to peer 41023e11a37c426ab285e3f53cf54555 (127.12.74.252:38779): Network error: Client connection negotiation failed: client connection to 127.12.74.252:38779: connect: Connection refused (error 111)
I20260608 12:41:02.464483 13678 raft_consensus.cc:2468] T 00000000000000000000000000000000 P 448f81c83ffe45bdaa6d0c0961ffa5ef [term 3 FOLLOWER]: Leader election vote request: Granting yes vote for candidate 4dc971f3f7204fe5bfd40f25e5f5cf57 in term 3.
I20260608 12:41:02.465662 13719 leader_election.cc:304] T 00000000000000000000000000000000 P 4dc971f3f7204fe5bfd40f25e5f5cf57 [CANDIDATE]: Term 3 election: Election decided. Result: candidate won. Election summary: received 3 responses out of 3 voters: 2 yes votes; 1 no votes. yes voters: 448f81c83ffe45bdaa6d0c0961ffa5ef, 4dc971f3f7204fe5bfd40f25e5f5cf57; no voters: 41023e11a37c426ab285e3f53cf54555
I20260608 12:41:02.466647 14189 raft_consensus.cc:2804] T 00000000000000000000000000000000 P 4dc971f3f7204fe5bfd40f25e5f5cf57 [term 3 FOLLOWER]: Leader election won for term 3
I20260608 12:41:02.467715 14189 raft_consensus.cc:697] T 00000000000000000000000000000000 P 4dc971f3f7204fe5bfd40f25e5f5cf57 [term 3 LEADER]: Becoming Leader. State: Replica: 4dc971f3f7204fe5bfd40f25e5f5cf57, State: Running, Role: LEADER
I20260608 12:41:02.468556 14189 consensus_queue.cc:237] T 00000000000000000000000000000000 P 4dc971f3f7204fe5bfd40f25e5f5cf57 [LEADER]: Queue going to LEADER mode. State: All replicated index: 0, Majority replicated index: 10, Committed index: 10, Last appended: 1.10, Last appended by leader: 10, Current term: 3, Majority size: 2, State: 0, Mode: LEADER, active raft config: opid_index: -1 OBSOLETE_local: false peers { permanent_uuid: "448f81c83ffe45bdaa6d0c0961ffa5ef" member_type: VOTER last_known_addr { host: "127.12.74.254" port: 42137 } } peers { permanent_uuid: "4dc971f3f7204fe5bfd40f25e5f5cf57" member_type: VOTER last_known_addr { host: "127.12.74.253" port: 42799 } } peers { permanent_uuid: "41023e11a37c426ab285e3f53cf54555" member_type: VOTER last_known_addr { host: "127.12.74.252" port: 38779 } }
I20260608 12:41:02.473311 14192 sys_catalog.cc:455] T 00000000000000000000000000000000 P 4dc971f3f7204fe5bfd40f25e5f5cf57 [sys.catalog]: SysCatalogTable state changed. Reason: New leader 4dc971f3f7204fe5bfd40f25e5f5cf57. Latest consensus state: current_term: 3 leader_uuid: "4dc971f3f7204fe5bfd40f25e5f5cf57" committed_config { opid_index: -1 OBSOLETE_local: false peers { permanent_uuid: "448f81c83ffe45bdaa6d0c0961ffa5ef" member_type: VOTER last_known_addr { host: "127.12.74.254" port: 42137 } } peers { permanent_uuid: "4dc971f3f7204fe5bfd40f25e5f5cf57" member_type: VOTER last_known_addr { host: "127.12.74.253" port: 42799 } } peers { permanent_uuid: "41023e11a37c426ab285e3f53cf54555" member_type: VOTER last_known_addr { host: "127.12.74.252" port: 38779 } } }
I20260608 12:41:02.474332 14192 sys_catalog.cc:458] T 00000000000000000000000000000000 P 4dc971f3f7204fe5bfd40f25e5f5cf57 [sys.catalog]: This master's current role is: LEADER
I20260608 12:41:02.475960 14194 catalog_manager.cc:1510] Loading table and tablet metadata into memory...
I20260608 12:41:02.481917 14194 catalog_manager.cc:679] Loaded metadata for table test-workload [id=5be348c59cc342ab8de8bf5214ab53ec]
I20260608 12:41:02.487704 14194 tablet_loader.cc:96] loaded metadata for tablet 3aa4fa5cb1714e7ab49d005826eb9be4 (table test-workload [id=5be348c59cc342ab8de8bf5214ab53ec])
I20260608 12:41:02.488938 14194 tablet_loader.cc:96] loaded metadata for tablet 3e2395c8a98446b4adbbc3fb346b34da (table test-workload [id=5be348c59cc342ab8de8bf5214ab53ec])
I20260608 12:41:02.490067 14194 tablet_loader.cc:96] loaded metadata for tablet 4ffca0058dbc477b82ebca5ad83074ea (table test-workload [id=5be348c59cc342ab8de8bf5214ab53ec])
I20260608 12:41:02.491110 14194 catalog_manager.cc:1519] Initializing Kudu cluster ID...
I20260608 12:41:02.495322 14194 catalog_manager.cc:1294] Loaded cluster ID: eb4626f82592496cb83e9b329f9a7dcd
I20260608 12:41:02.495579 14194 catalog_manager.cc:1530] Initializing Kudu internal certificate authority...
I20260608 12:41:02.499843 14194 catalog_manager.cc:1539] Loading token signing keys...
I20260608 12:41:02.503757 14194 catalog_manager.cc:6080] T 00000000000000000000000000000000 P 4dc971f3f7204fe5bfd40f25e5f5cf57: Loaded TSK: 0
I20260608 12:41:02.504839 14194 catalog_manager.cc:1549] Initializing in-progress tserver states...
I20260608 12:41:02.708187 13872 auto_leader_rebalancer.cc:140] leader rebalance for table test-workload
I20260608 12:41:02.708571 13872 auto_leader_rebalancer.cc:451] All tables' leader rebalancing finished this round
I20260608 12:41:02.783015 12587 tablet_server.cc:179] TabletServer@127.12.74.193:0 shutting down...
I20260608 12:41:02.809440 12587 ts_tablet_manager.cc:1507] Shutting down tablet manager...
I20260608 12:41:02.810214 12587 tablet_replica.cc:333] T 4ffca0058dbc477b82ebca5ad83074ea P 52f8e93fbdef46d08419002704b4f33e: stopping tablet replica
I20260608 12:41:02.810890 12587 raft_consensus.cc:2243] T 4ffca0058dbc477b82ebca5ad83074ea P 52f8e93fbdef46d08419002704b4f33e [term 1 LEADER]: Raft consensus shutting down.
I20260608 12:41:02.811480 12587 raft_consensus.cc:2272] T 4ffca0058dbc477b82ebca5ad83074ea P 52f8e93fbdef46d08419002704b4f33e [term 1 FOLLOWER]: Raft consensus is shut down!
I20260608 12:41:02.831962 12587 tablet_server.cc:196] TabletServer@127.12.74.193:0 shutdown complete.
I20260608 12:41:02.844362 12587 tablet_server.cc:179] TabletServer@127.12.74.194:0 shutting down...
I20260608 12:41:02.869395 12587 ts_tablet_manager.cc:1507] Shutting down tablet manager...
I20260608 12:41:02.870155 12587 tablet_replica.cc:333] T 3aa4fa5cb1714e7ab49d005826eb9be4 P fa3ff5f9c5f342809551063ef4ba9c67: stopping tablet replica
I20260608 12:41:02.870805 12587 raft_consensus.cc:2243] T 3aa4fa5cb1714e7ab49d005826eb9be4 P fa3ff5f9c5f342809551063ef4ba9c67 [term 1 LEADER]: Raft consensus shutting down.
I20260608 12:41:02.871493 12587 raft_consensus.cc:2272] T 3aa4fa5cb1714e7ab49d005826eb9be4 P fa3ff5f9c5f342809551063ef4ba9c67 [term 1 FOLLOWER]: Raft consensus is shut down!
I20260608 12:41:02.881078 13678 raft_consensus.cc:1275] T 00000000000000000000000000000000 P 448f81c83ffe45bdaa6d0c0961ffa5ef [term 3 FOLLOWER]: Refusing update from remote peer 4dc971f3f7204fe5bfd40f25e5f5cf57: Log matching property violated. Preceding OpId in replica: term: 1 index: 10. Preceding OpId from leader: term: 3 index: 11. (index mismatch)
I20260608 12:41:02.882756 14192 consensus_queue.cc:1048] T 00000000000000000000000000000000 P 4dc971f3f7204fe5bfd40f25e5f5cf57 [LEADER]: Connected to new peer: Peer: permanent_uuid: "448f81c83ffe45bdaa6d0c0961ffa5ef" member_type: VOTER last_known_addr { host: "127.12.74.254" port: 42137 }, Status: LMP_MISMATCH, Last received: 0.0, Next index: 11, Last known committed idx: 10, Time since last communication: 0.000s
