I20260608 12:42:05.285108 16059 consensus_queue.cc:260] T 12a9f439a8f5424b9d0b0c1b6ede5e88 P fb913f1a9873464792e7faeffae5bf25 [NON_LEADER]: Queue going to NON_LEADER mode. State: All replicated index: 0, Majority replicated index: 0, Committed index: 2, Last appended: 1.2, Last appended by leader: 2, Current term: 0, Majority size: -1, State: 0, Mode: NON_LEADER, active raft config: opid_index: 2 OBSOLETE_local: false peers { permanent_uuid: "de31ffcbcae74b19b265c536c658f3f7" member_type: VOTER last_known_addr { host: "127.12.87.129" port: 34949 } } peers { permanent_uuid: "49cb7c4f06d84c82a02e6bcce8e83d7c" member_type: VOTER last_known_addr { host: "127.12.87.130" port: 33595 } attrs { replace: true } } peers { permanent_uuid: "47f3fb111a3243399cdb6ea99e1d68f2" member_type: VOTER last_known_addr { host: "127.12.87.131" port: 39911 } } peers { permanent_uuid: "fb913f1a9873464792e7faeffae5bf25" member_type: NON_VOTER last_known_addr { host: "127.12.87.132" port: 46351 } attrs { promote: true } }
I20260608 12:42:05.287742 16059 ts_tablet_manager.cc:1434] T 12a9f439a8f5424b9d0b0c1b6ede5e88 P fb913f1a9873464792e7faeffae5bf25: Time spent starting tablet: real 0.010s	user 0.010s	sys 0.000s
I20260608 12:42:05.291373 15619 tablet_copy_service.cc:342] P de31ffcbcae74b19b265c536c658f3f7: Request end of tablet copy session fb913f1a9873464792e7faeffae5bf25-12a9f439a8f5424b9d0b0c1b6ede5e88 received from {username='slave'} at 127.0.0.1:40694
I20260608 12:42:05.291841 15619 tablet_copy_service.cc:434] P de31ffcbcae74b19b265c536c658f3f7: ending tablet copy session fb913f1a9873464792e7faeffae5bf25-12a9f439a8f5424b9d0b0c1b6ede5e88 on tablet 12a9f439a8f5424b9d0b0c1b6ede5e88 with peer fb913f1a9873464792e7faeffae5bf25
I20260608 12:42:05.296465 16061 tablet_bootstrap.cc:492] T 3b48406fca4a4cb2a48d25bcd2933701 P fb913f1a9873464792e7faeffae5bf25: Bootstrap replayed 1/1 log segments. Stats: ops{read=2 overwritten=0 applied=2 ignored=0} inserts{seen=0 ignored=0} mutations{seen=0 ignored=0} orphaned_commits=0. Pending: 0 replicates
I20260608 12:42:05.297302 16061 tablet_bootstrap.cc:492] T 3b48406fca4a4cb2a48d25bcd2933701 P fb913f1a9873464792e7faeffae5bf25: Bootstrap complete.
I20260608 12:42:05.297971 16061 ts_tablet_manager.cc:1403] T 3b48406fca4a4cb2a48d25bcd2933701 P fb913f1a9873464792e7faeffae5bf25: Time spent bootstrapping tablet: real 0.029s	user 0.021s	sys 0.001s
I20260608 12:42:05.300989 16061 raft_consensus.cc:359] T 3b48406fca4a4cb2a48d25bcd2933701 P fb913f1a9873464792e7faeffae5bf25 [term 1 LEARNER]: Replica starting. Triggering 0 pending ops. Active config: opid_index: 2 OBSOLETE_local: false peers { permanent_uuid: "de31ffcbcae74b19b265c536c658f3f7" member_type: VOTER last_known_addr { host: "127.12.87.129" port: 34949 } } peers { permanent_uuid: "49cb7c4f06d84c82a02e6bcce8e83d7c" member_type: VOTER last_known_addr { host: "127.12.87.130" port: 33595 } } peers { permanent_uuid: "47f3fb111a3243399cdb6ea99e1d68f2" member_type: VOTER last_known_addr { host: "127.12.87.131" port: 39911 } attrs { replace: true } } peers { permanent_uuid: "fb913f1a9873464792e7faeffae5bf25" member_type: NON_VOTER last_known_addr { host: "127.12.87.132" port: 46351 } attrs { promote: true } }
I20260608 12:42:05.301581 16061 raft_consensus.cc:740] T 3b48406fca4a4cb2a48d25bcd2933701 P fb913f1a9873464792e7faeffae5bf25 [term 1 LEARNER]: Becoming Follower/Learner. State: Replica: fb913f1a9873464792e7faeffae5bf25, State: Initialized, Role: LEARNER
I20260608 12:42:05.302241 16061 consensus_queue.cc:260] T 3b48406fca4a4cb2a48d25bcd2933701 P fb913f1a9873464792e7faeffae5bf25 [NON_LEADER]: Queue going to NON_LEADER mode. State: All replicated index: 0, Majority replicated index: 0, Committed index: 2, Last appended: 1.2, Last appended by leader: 2, Current term: 0, Majority size: -1, State: 0, Mode: NON_LEADER, active raft config: opid_index: 2 OBSOLETE_local: false peers { permanent_uuid: "de31ffcbcae74b19b265c536c658f3f7" member_type: VOTER last_known_addr { host: "127.12.87.129" port: 34949 } } peers { permanent_uuid: "49cb7c4f06d84c82a02e6bcce8e83d7c" member_type: VOTER last_known_addr { host: "127.12.87.130" port: 33595 } } peers { permanent_uuid: "47f3fb111a3243399cdb6ea99e1d68f2" member_type: VOTER last_known_addr { host: "127.12.87.131" port: 39911 } attrs { replace: true } } peers { permanent_uuid: "fb913f1a9873464792e7faeffae5bf25" member_type: NON_VOTER last_known_addr { host: "127.12.87.132" port: 46351 } attrs { promote: true } }
I20260608 12:42:05.304561 16061 ts_tablet_manager.cc:1434] T 3b48406fca4a4cb2a48d25bcd2933701 P fb913f1a9873464792e7faeffae5bf25: Time spent starting tablet: real 0.006s	user 0.005s	sys 0.000s
I20260608 12:42:05.306365 15694 tablet_copy_service.cc:342] P 49cb7c4f06d84c82a02e6bcce8e83d7c: Request end of tablet copy session fb913f1a9873464792e7faeffae5bf25-3b48406fca4a4cb2a48d25bcd2933701 received from {username='slave'} at 127.0.0.1:55118
I20260608 12:42:05.306825 15694 tablet_copy_service.cc:434] P 49cb7c4f06d84c82a02e6bcce8e83d7c: ending tablet copy session fb913f1a9873464792e7faeffae5bf25-3b48406fca4a4cb2a48d25bcd2933701 on tablet 3b48406fca4a4cb2a48d25bcd2933701 with peer fb913f1a9873464792e7faeffae5bf25
I20260608 12:42:05.349042 15684 raft_consensus.cc:1275] T 6c07b96405fe4f75b18418b6eb0313b6 P 49cb7c4f06d84c82a02e6bcce8e83d7c [term 2 FOLLOWER]: Refusing update from remote peer 47f3fb111a3243399cdb6ea99e1d68f2: Log matching property violated. Preceding OpId in replica: term: 1 index: 1. Preceding OpId from leader: term: 2 index: 2. (index mismatch)
I20260608 12:42:05.350369 16026 consensus_queue.cc:1048] T 6c07b96405fe4f75b18418b6eb0313b6 P 47f3fb111a3243399cdb6ea99e1d68f2 [LEADER]: Connected to new peer: Peer: permanent_uuid: "49cb7c4f06d84c82a02e6bcce8e83d7c" member_type: VOTER last_known_addr { host: "127.12.87.130" port: 33595 }, Status: LMP_MISMATCH, Last received: 0.0, Next index: 2, Last known committed idx: 1, Time since last communication: 0.000s
I20260608 12:42:05.361310 15609 raft_consensus.cc:1275] T 6c07b96405fe4f75b18418b6eb0313b6 P de31ffcbcae74b19b265c536c658f3f7 [term 2 FOLLOWER]: Refusing update from remote peer 47f3fb111a3243399cdb6ea99e1d68f2: Log matching property violated. Preceding OpId in replica: term: 1 index: 1. Preceding OpId from leader: term: 2 index: 2. (index mismatch)
I20260608 12:42:05.363107 16026 consensus_queue.cc:1048] T 6c07b96405fe4f75b18418b6eb0313b6 P 47f3fb111a3243399cdb6ea99e1d68f2 [LEADER]: Connected to new peer: Peer: permanent_uuid: "de31ffcbcae74b19b265c536c658f3f7" member_type: VOTER last_known_addr { host: "127.12.87.129" port: 34949 }, Status: LMP_MISMATCH, Last received: 0.0, Next index: 2, Last known committed idx: 1, Time since last communication: 0.000s
I20260608 12:42:05.445804 16061 ts_tablet_manager.cc:933] T cbf5c6b320f846dba546ac3e5da9447f P fb913f1a9873464792e7faeffae5bf25: Initiating tablet copy from peer 47f3fb111a3243399cdb6ea99e1d68f2 (127.12.87.131:39911)
I20260608 12:42:05.452916 16061 tablet_copy_client.cc:323] T cbf5c6b320f846dba546ac3e5da9447f P fb913f1a9873464792e7faeffae5bf25: tablet copy: Beginning tablet copy session from remote peer at address 127.12.87.131:39911
I20260608 12:42:05.455681 15768 tablet_copy_service.cc:140] P 47f3fb111a3243399cdb6ea99e1d68f2: Received BeginTabletCopySession request for tablet cbf5c6b320f846dba546ac3e5da9447f from peer fb913f1a9873464792e7faeffae5bf25 ({username='slave'} at 127.0.0.1:37790)
I20260608 12:42:05.456303 15768 tablet_copy_service.cc:161] P 47f3fb111a3243399cdb6ea99e1d68f2: Beginning new tablet copy session on tablet cbf5c6b320f846dba546ac3e5da9447f from peer fb913f1a9873464792e7faeffae5bf25 at {username='slave'} at 127.0.0.1:37790: session id = fb913f1a9873464792e7faeffae5bf25-cbf5c6b320f846dba546ac3e5da9447f
I20260608 12:42:05.463680 15768 tablet_copy_source_session.cc:215] T cbf5c6b320f846dba546ac3e5da9447f P 47f3fb111a3243399cdb6ea99e1d68f2: Tablet Copy: opened 0 blocks and 1 log segments
I20260608 12:42:05.467291 16061 data_dirs.cc:400] Could only allocate 1 dirs of requested 3 for tablet cbf5c6b320f846dba546ac3e5da9447f. 1 dirs total, 0 dirs full, 0 dirs failed
I20260608 12:42:05.483692 16061 tablet_copy_client.cc:806] T cbf5c6b320f846dba546ac3e5da9447f P fb913f1a9873464792e7faeffae5bf25: tablet copy: Starting download of 0 data blocks...
I20260608 12:42:05.484323 16061 tablet_copy_client.cc:670] T cbf5c6b320f846dba546ac3e5da9447f P fb913f1a9873464792e7faeffae5bf25: tablet copy: Starting download of 1 WAL segments...
I20260608 12:42:05.489940 16061 tablet_copy_client.cc:538] T cbf5c6b320f846dba546ac3e5da9447f P fb913f1a9873464792e7faeffae5bf25: tablet copy: Tablet Copy complete. Replacing tablet superblock.
I20260608 12:42:05.499248 16061 tablet_bootstrap.cc:492] T cbf5c6b320f846dba546ac3e5da9447f P fb913f1a9873464792e7faeffae5bf25: Bootstrap starting.
I20260608 12:42:05.517338 16061 tablet_bootstrap.cc:492] T cbf5c6b320f846dba546ac3e5da9447f P fb913f1a9873464792e7faeffae5bf25: Bootstrap replayed 1/1 log segments. Stats: ops{read=2 overwritten=0 applied=2 ignored=0} inserts{seen=0 ignored=0} mutations{seen=0 ignored=0} orphaned_commits=0. Pending: 0 replicates
I20260608 12:42:05.518445 16061 tablet_bootstrap.cc:492] T cbf5c6b320f846dba546ac3e5da9447f P fb913f1a9873464792e7faeffae5bf25: Bootstrap complete.
I20260608 12:42:05.518970 16061 ts_tablet_manager.cc:1403] T cbf5c6b320f846dba546ac3e5da9447f P fb913f1a9873464792e7faeffae5bf25: Time spent bootstrapping tablet: real 0.020s	user 0.009s	sys 0.011s
I20260608 12:42:05.521296 16061 raft_consensus.cc:359] T cbf5c6b320f846dba546ac3e5da9447f P fb913f1a9873464792e7faeffae5bf25 [term 1 LEARNER]: Replica starting. Triggering 0 pending ops. Active config: opid_index: 2 OBSOLETE_local: false peers { permanent_uuid: "47f3fb111a3243399cdb6ea99e1d68f2" member_type: VOTER last_known_addr { host: "127.12.87.131" port: 39911 } } peers { permanent_uuid: "49cb7c4f06d84c82a02e6bcce8e83d7c" member_type: VOTER last_known_addr { host: "127.12.87.130" port: 33595 } } peers { permanent_uuid: "de31ffcbcae74b19b265c536c658f3f7" member_type: VOTER last_known_addr { host: "127.12.87.129" port: 34949 } attrs { replace: true } } peers { permanent_uuid: "fb913f1a9873464792e7faeffae5bf25" member_type: NON_VOTER last_known_addr { host: "127.12.87.132" port: 46351 } attrs { promote: true } }
I20260608 12:42:05.521893 16061 raft_consensus.cc:740] T cbf5c6b320f846dba546ac3e5da9447f P fb913f1a9873464792e7faeffae5bf25 [term 1 LEARNER]: Becoming Follower/Learner. State: Replica: fb913f1a9873464792e7faeffae5bf25, State: Initialized, Role: LEARNER
I20260608 12:42:05.522607 16061 consensus_queue.cc:260] T cbf5c6b320f846dba546ac3e5da9447f P fb913f1a9873464792e7faeffae5bf25 [NON_LEADER]: Queue going to NON_LEADER mode. State: All replicated index: 0, Majority replicated index: 0, Committed index: 2, Last appended: 1.2, Last appended by leader: 2, Current term: 0, Majority size: -1, State: 0, Mode: NON_LEADER, active raft config: opid_index: 2 OBSOLETE_local: false peers { permanent_uuid: "47f3fb111a3243399cdb6ea99e1d68f2" member_type: VOTER last_known_addr { host: "127.12.87.131" port: 39911 } } peers { permanent_uuid: "49cb7c4f06d84c82a02e6bcce8e83d7c" member_type: VOTER last_known_addr { host: "127.12.87.130" port: 33595 } } peers { permanent_uuid: "de31ffcbcae74b19b265c536c658f3f7" member_type: VOTER last_known_addr { host: "127.12.87.129" port: 34949 } attrs { replace: true } } peers { permanent_uuid: "fb913f1a9873464792e7faeffae5bf25" member_type: NON_VOTER last_known_addr { host: "127.12.87.132" port: 46351 } attrs { promote: true } }
I20260608 12:42:05.524992 16061 ts_tablet_manager.cc:1434] T cbf5c6b320f846dba546ac3e5da9447f P fb913f1a9873464792e7faeffae5bf25: Time spent starting tablet: real 0.006s	user 0.001s	sys 0.004s
I20260608 12:42:05.526739 15768 tablet_copy_service.cc:342] P 47f3fb111a3243399cdb6ea99e1d68f2: Request end of tablet copy session fb913f1a9873464792e7faeffae5bf25-cbf5c6b320f846dba546ac3e5da9447f received from {username='slave'} at 127.0.0.1:37790
I20260608 12:42:05.527180 15768 tablet_copy_service.cc:434] P 47f3fb111a3243399cdb6ea99e1d68f2: ending tablet copy session fb913f1a9873464792e7faeffae5bf25-cbf5c6b320f846dba546ac3e5da9447f on tablet cbf5c6b320f846dba546ac3e5da9447f with peer fb913f1a9873464792e7faeffae5bf25
I20260608 12:42:05.613050 15918 raft_consensus.cc:1217] T 3b48406fca4a4cb2a48d25bcd2933701 P fb913f1a9873464792e7faeffae5bf25 [term 1 LEARNER]: Deduplicated request from leader. Original: 1.1->[1.2-1.2]   Dedup: 1.2->[]
I20260608 12:42:05.630790 15918 raft_consensus.cc:1217] T 12a9f439a8f5424b9d0b0c1b6ede5e88 P fb913f1a9873464792e7faeffae5bf25 [term 1 LEARNER]: Deduplicated request from leader. Original: 1.1->[1.2-1.2]   Dedup: 1.2->[]
I20260608 12:42:05.840338 15918 raft_consensus.cc:1217] T cbf5c6b320f846dba546ac3e5da9447f P fb913f1a9873464792e7faeffae5bf25 [term 1 LEARNER]: Deduplicated request from leader. Original: 1.1->[1.2-1.2]   Dedup: 1.2->[]
I20260608 12:42:06.068313 16050 raft_consensus.cc:1064] T 3b48406fca4a4cb2a48d25bcd2933701 P 49cb7c4f06d84c82a02e6bcce8e83d7c: attempting to promote NON_VOTER fb913f1a9873464792e7faeffae5bf25 to VOTER
I20260608 12:42:06.070217 16050 consensus_queue.cc:237] T 3b48406fca4a4cb2a48d25bcd2933701 P 49cb7c4f06d84c82a02e6bcce8e83d7c [LEADER]: Queue going to LEADER mode. State: All replicated index: 0, Majority replicated index: 2, Committed index: 2, Last appended: 1.2, Last appended by leader: 0, Current term: 1, Majority size: 3, State: 0, Mode: LEADER, active raft config: opid_index: 3 OBSOLETE_local: false peers { permanent_uuid: "de31ffcbcae74b19b265c536c658f3f7" member_type: VOTER last_known_addr { host: "127.12.87.129" port: 34949 } } peers { permanent_uuid: "49cb7c4f06d84c82a02e6bcce8e83d7c" member_type: VOTER last_known_addr { host: "127.12.87.130" port: 33595 } } peers { permanent_uuid: "47f3fb111a3243399cdb6ea99e1d68f2" member_type: VOTER last_known_addr { host: "127.12.87.131" port: 39911 } attrs { replace: true } } peers { permanent_uuid: "fb913f1a9873464792e7faeffae5bf25" member_type: VOTER last_known_addr { host: "127.12.87.132" port: 46351 } attrs { promote: false } }
I20260608 12:42:06.076591 15918 raft_consensus.cc:1275] T 3b48406fca4a4cb2a48d25bcd2933701 P fb913f1a9873464792e7faeffae5bf25 [term 1 LEARNER]: Refusing update from remote peer 49cb7c4f06d84c82a02e6bcce8e83d7c: Log matching property violated. Preceding OpId in replica: term: 1 index: 2. Preceding OpId from leader: term: 1 index: 3. (index mismatch)
I20260608 12:42:06.076591 15756 raft_consensus.cc:1275] T 3b48406fca4a4cb2a48d25bcd2933701 P 47f3fb111a3243399cdb6ea99e1d68f2 [term 1 FOLLOWER]: Refusing update from remote peer 49cb7c4f06d84c82a02e6bcce8e83d7c: Log matching property violated. Preceding OpId in replica: term: 1 index: 2. Preceding OpId from leader: term: 1 index: 3. (index mismatch)
I20260608 12:42:06.077425 15609 raft_consensus.cc:1275] T 3b48406fca4a4cb2a48d25bcd2933701 P de31ffcbcae74b19b265c536c658f3f7 [term 1 FOLLOWER]: Refusing update from remote peer 49cb7c4f06d84c82a02e6bcce8e83d7c: Log matching property violated. Preceding OpId in replica: term: 1 index: 2. Preceding OpId from leader: term: 1 index: 3. (index mismatch)
I20260608 12:42:06.078459 16069 consensus_queue.cc:1048] T 3b48406fca4a4cb2a48d25bcd2933701 P 49cb7c4f06d84c82a02e6bcce8e83d7c [LEADER]: Connected to new peer: Peer: permanent_uuid: "47f3fb111a3243399cdb6ea99e1d68f2" member_type: VOTER last_known_addr { host: "127.12.87.131" port: 39911 } attrs { replace: true }, Status: LMP_MISMATCH, Last received: 0.0, Next index: 3, Last known committed idx: 2, Time since last communication: 0.000s
I20260608 12:42:06.079737 15810 consensus_queue.cc:1048] T 3b48406fca4a4cb2a48d25bcd2933701 P 49cb7c4f06d84c82a02e6bcce8e83d7c [LEADER]: Connected to new peer: Peer: permanent_uuid: "de31ffcbcae74b19b265c536c658f3f7" member_type: VOTER last_known_addr { host: "127.12.87.129" port: 34949 }, Status: LMP_MISMATCH, Last received: 0.0, Next index: 3, Last known committed idx: 2, Time since last communication: 0.000s
I20260608 12:42:06.080653 16050 consensus_queue.cc:1048] T 3b48406fca4a4cb2a48d25bcd2933701 P 49cb7c4f06d84c82a02e6bcce8e83d7c [LEADER]: Connected to new peer: Peer: permanent_uuid: "fb913f1a9873464792e7faeffae5bf25" member_type: VOTER last_known_addr { host: "127.12.87.132" port: 46351 } attrs { promote: false }, Status: LMP_MISMATCH, Last received: 0.0, Next index: 3, Last known committed idx: 2, Time since last communication: 0.000s
I20260608 12:42:06.104048 16069 raft_consensus.cc:2955] T 3b48406fca4a4cb2a48d25bcd2933701 P 49cb7c4f06d84c82a02e6bcce8e83d7c [term 1 LEADER]: Committing config change with OpId 1.3: config changed from index 2 to 3, fb913f1a9873464792e7faeffae5bf25 (127.12.87.132) changed from NON_VOTER to VOTER. New config: { opid_index: 3 OBSOLETE_local: false peers { permanent_uuid: "de31ffcbcae74b19b265c536c658f3f7" member_type: VOTER last_known_addr { host: "127.12.87.129" port: 34949 } } peers { permanent_uuid: "49cb7c4f06d84c82a02e6bcce8e83d7c" member_type: VOTER last_known_addr { host: "127.12.87.130" port: 33595 } } peers { permanent_uuid: "47f3fb111a3243399cdb6ea99e1d68f2" member_type: VOTER last_known_addr { host: "127.12.87.131" port: 39911 } attrs { replace: true } } peers { permanent_uuid: "fb913f1a9873464792e7faeffae5bf25" member_type: VOTER last_known_addr { host: "127.12.87.132" port: 46351 } attrs { promote: false } } }
I20260608 12:42:06.109797 15609 raft_consensus.cc:2955] T 3b48406fca4a4cb2a48d25bcd2933701 P de31ffcbcae74b19b265c536c658f3f7 [term 1 FOLLOWER]: Committing config change with OpId 1.3: config changed from index 2 to 3, fb913f1a9873464792e7faeffae5bf25 (127.12.87.132) changed from NON_VOTER to VOTER. New config: { opid_index: 3 OBSOLETE_local: false peers { permanent_uuid: "de31ffcbcae74b19b265c536c658f3f7" member_type: VOTER last_known_addr { host: "127.12.87.129" port: 34949 } } peers { permanent_uuid: "49cb7c4f06d84c82a02e6bcce8e83d7c" member_type: VOTER last_known_addr { host: "127.12.87.130" port: 33595 } } peers { permanent_uuid: "47f3fb111a3243399cdb6ea99e1d68f2" member_type: VOTER last_known_addr { host: "127.12.87.131" port: 39911 } attrs { replace: true } } peers { permanent_uuid: "fb913f1a9873464792e7faeffae5bf25" member_type: VOTER last_known_addr { host: "127.12.87.132" port: 46351 } attrs { promote: false } } }
I20260608 12:42:06.108654 15756 raft_consensus.cc:2955] T 3b48406fca4a4cb2a48d25bcd2933701 P 47f3fb111a3243399cdb6ea99e1d68f2 [term 1 FOLLOWER]: Committing config change with OpId 1.3: config changed from index 2 to 3, fb913f1a9873464792e7faeffae5bf25 (127.12.87.132) changed from NON_VOTER to VOTER. New config: { opid_index: 3 OBSOLETE_local: false peers { permanent_uuid: "de31ffcbcae74b19b265c536c658f3f7" member_type: VOTER last_known_addr { host: "127.12.87.129" port: 34949 } } peers { permanent_uuid: "49cb7c4f06d84c82a02e6bcce8e83d7c" member_type: VOTER last_known_addr { host: "127.12.87.130" port: 33595 } } peers { permanent_uuid: "47f3fb111a3243399cdb6ea99e1d68f2" member_type: VOTER last_known_addr { host: "127.12.87.131" port: 39911 } attrs { replace: true } } peers { permanent_uuid: "fb913f1a9873464792e7faeffae5bf25" member_type: VOTER last_known_addr { host: "127.12.87.132" port: 46351 } attrs { promote: false } } }
I20260608 12:42:06.116016 15918 raft_consensus.cc:2955] T 3b48406fca4a4cb2a48d25bcd2933701 P fb913f1a9873464792e7faeffae5bf25 [term 1 FOLLOWER]: Committing config change with OpId 1.3: config changed from index 2 to 3, fb913f1a9873464792e7faeffae5bf25 (127.12.87.132) changed from NON_VOTER to VOTER. New config: { opid_index: 3 OBSOLETE_local: false peers { permanent_uuid: "de31ffcbcae74b19b265c536c658f3f7" member_type: VOTER last_known_addr { host: "127.12.87.129" port: 34949 } } peers { permanent_uuid: "49cb7c4f06d84c82a02e6bcce8e83d7c" member_type: VOTER last_known_addr { host: "127.12.87.130" port: 33595 } } peers { permanent_uuid: "47f3fb111a3243399cdb6ea99e1d68f2" member_type: VOTER last_known_addr { host: "127.12.87.131" port: 39911 } attrs { replace: true } } peers { permanent_uuid: "fb913f1a9873464792e7faeffae5bf25" member_type: VOTER last_known_addr { host: "127.12.87.132" port: 46351 } attrs { promote: false } } }
I20260608 12:42:06.131476 15506 catalog_manager.cc:5696] T 3b48406fca4a4cb2a48d25bcd2933701 P 49cb7c4f06d84c82a02e6bcce8e83d7c reported cstate change: config changed from index 2 to 3, fb913f1a9873464792e7faeffae5bf25 (127.12.87.132) changed from NON_VOTER to VOTER. New cstate: current_term: 1 leader_uuid: "49cb7c4f06d84c82a02e6bcce8e83d7c" committed_config { opid_index: 3 OBSOLETE_local: false peers { permanent_uuid: "de31ffcbcae74b19b265c536c658f3f7" member_type: VOTER last_known_addr { host: "127.12.87.129" port: 34949 } health_report { overall_health: HEALTHY } } peers { permanent_uuid: "49cb7c4f06d84c82a02e6bcce8e83d7c" member_type: VOTER last_known_addr { host: "127.12.87.130" port: 33595 } health_report { overall_health: HEALTHY } } peers { permanent_uuid: "47f3fb111a3243399cdb6ea99e1d68f2" member_type: VOTER last_known_addr { host: "127.12.87.131" port: 39911 } attrs { replace: true } health_report { overall_health: HEALTHY } } peers { permanent_uuid: "fb913f1a9873464792e7faeffae5bf25" member_type: VOTER last_known_addr { host: "127.12.87.132" port: 46351 } attrs { promote: false } health_report { overall_health: HEALTHY } } }
I20260608 12:42:06.147739 16070 raft_consensus.cc:1064] T 12a9f439a8f5424b9d0b0c1b6ede5e88 P de31ffcbcae74b19b265c536c658f3f7: attempting to promote NON_VOTER fb913f1a9873464792e7faeffae5bf25 to VOTER
I20260608 12:42:06.150384 16070 consensus_queue.cc:237] T 12a9f439a8f5424b9d0b0c1b6ede5e88 P de31ffcbcae74b19b265c536c658f3f7 [LEADER]: Queue going to LEADER mode. State: All replicated index: 0, Majority replicated index: 2, Committed index: 2, Last appended: 1.2, Last appended by leader: 0, Current term: 1, Majority size: 3, State: 0, Mode: LEADER, active raft config: opid_index: 3 OBSOLETE_local: false peers { permanent_uuid: "de31ffcbcae74b19b265c536c658f3f7" member_type: VOTER last_known_addr { host: "127.12.87.129" port: 34949 } } peers { permanent_uuid: "49cb7c4f06d84c82a02e6bcce8e83d7c" member_type: VOTER last_known_addr { host: "127.12.87.130" port: 33595 } attrs { replace: true } } peers { permanent_uuid: "47f3fb111a3243399cdb6ea99e1d68f2" member_type: VOTER last_known_addr { host: "127.12.87.131" port: 39911 } } peers { permanent_uuid: "fb913f1a9873464792e7faeffae5bf25" member_type: VOTER last_known_addr { host: "127.12.87.132" port: 46351 } attrs { promote: false } }
I20260608 12:42:06.161473 15918 raft_consensus.cc:1275] T 12a9f439a8f5424b9d0b0c1b6ede5e88 P fb913f1a9873464792e7faeffae5bf25 [term 1 LEARNER]: Refusing update from remote peer de31ffcbcae74b19b265c536c658f3f7: Log matching property violated. Preceding OpId in replica: term: 1 index: 2. Preceding OpId from leader: term: 1 index: 3. (index mismatch)
I20260608 12:42:06.163128 15682 consensus_queue.cc:237] T 3b48406fca4a4cb2a48d25bcd2933701 P 49cb7c4f06d84c82a02e6bcce8e83d7c [LEADER]: Queue going to LEADER mode. State: All replicated index: 0, Majority replicated index: 3, Committed index: 3, Last appended: 1.3, Last appended by leader: 0, Current term: 1, Majority size: 2, State: 0, Mode: LEADER, active raft config: opid_index: 4 OBSOLETE_local: false peers { permanent_uuid: "de31ffcbcae74b19b265c536c658f3f7" member_type: VOTER last_known_addr { host: "127.12.87.129" port: 34949 } } peers { permanent_uuid: "49cb7c4f06d84c82a02e6bcce8e83d7c" member_type: VOTER last_known_addr { host: "127.12.87.130" port: 33595 } } peers { permanent_uuid: "fb913f1a9873464792e7faeffae5bf25" member_type: VOTER last_known_addr { host: "127.12.87.132" port: 46351 } attrs { promote: false } }
I20260608 12:42:06.167855 16080 consensus_queue.cc:1048] T 12a9f439a8f5424b9d0b0c1b6ede5e88 P de31ffcbcae74b19b265c536c658f3f7 [LEADER]: Connected to new peer: Peer: permanent_uuid: "fb913f1a9873464792e7faeffae5bf25" member_type: VOTER last_known_addr { host: "127.12.87.132" port: 46351 } attrs { promote: false }, Status: LMP_MISMATCH, Last received: 0.0, Next index: 3, Last known committed idx: 2, Time since last communication: 0.001s
I20260608 12:42:06.171890 15918 raft_consensus.cc:1275] T 3b48406fca4a4cb2a48d25bcd2933701 P fb913f1a9873464792e7faeffae5bf25 [term 1 FOLLOWER]: Refusing update from remote peer 49cb7c4f06d84c82a02e6bcce8e83d7c: Log matching property violated. Preceding OpId in replica: term: 1 index: 3. Preceding OpId from leader: term: 1 index: 4. (index mismatch)
I20260608 12:42:06.175592 15609 raft_consensus.cc:1275] T 3b48406fca4a4cb2a48d25bcd2933701 P de31ffcbcae74b19b265c536c658f3f7 [term 1 FOLLOWER]: Refusing update from remote peer 49cb7c4f06d84c82a02e6bcce8e83d7c: Log matching property violated. Preceding OpId in replica: term: 1 index: 3. Preceding OpId from leader: term: 1 index: 4. (index mismatch)
I20260608 12:42:06.176995 15810 consensus_queue.cc:1048] T 3b48406fca4a4cb2a48d25bcd2933701 P 49cb7c4f06d84c82a02e6bcce8e83d7c [LEADER]: Connected to new peer: Peer: permanent_uuid: "fb913f1a9873464792e7faeffae5bf25" member_type: VOTER last_known_addr { host: "127.12.87.132" port: 46351 } attrs { promote: false }, Status: LMP_MISMATCH, Last received: 0.0, Next index: 4, Last known committed idx: 3, Time since last communication: 0.000s
I20260608 12:42:06.179036 15810 consensus_queue.cc:1048] T 3b48406fca4a4cb2a48d25bcd2933701 P 49cb7c4f06d84c82a02e6bcce8e83d7c [LEADER]: Connected to new peer: Peer: permanent_uuid: "de31ffcbcae74b19b265c536c658f3f7" member_type: VOTER last_known_addr { host: "127.12.87.129" port: 34949 }, Status: LMP_MISMATCH, Last received: 0.0, Next index: 4, Last known committed idx: 3, Time since last communication: 0.000s
I20260608 12:42:06.179563 15684 raft_consensus.cc:1275] T 12a9f439a8f5424b9d0b0c1b6ede5e88 P 49cb7c4f06d84c82a02e6bcce8e83d7c [term 1 FOLLOWER]: Refusing update from remote peer de31ffcbcae74b19b265c536c658f3f7: Log matching property violated. Preceding OpId in replica: term: 1 index: 2. Preceding OpId from leader: term: 1 index: 3. (index mismatch)
I20260608 12:42:06.180728 15757 raft_consensus.cc:1275] T 12a9f439a8f5424b9d0b0c1b6ede5e88 P 47f3fb111a3243399cdb6ea99e1d68f2 [term 1 FOLLOWER]: Refusing update from remote peer de31ffcbcae74b19b265c536c658f3f7: Log matching property violated. Preceding OpId in replica: term: 1 index: 2. Preceding OpId from leader: term: 1 index: 3. (index mismatch)
I20260608 12:42:06.188679 16050 raft_consensus.cc:2955] T 3b48406fca4a4cb2a48d25bcd2933701 P 49cb7c4f06d84c82a02e6bcce8e83d7c [term 1 LEADER]: Committing config change with OpId 1.4: config changed from index 3 to 4, VOTER 47f3fb111a3243399cdb6ea99e1d68f2 (127.12.87.131) evicted. New config: { opid_index: 4 OBSOLETE_local: false peers { permanent_uuid: "de31ffcbcae74b19b265c536c658f3f7" member_type: VOTER last_known_addr { host: "127.12.87.129" port: 34949 } } peers { permanent_uuid: "49cb7c4f06d84c82a02e6bcce8e83d7c" member_type: VOTER last_known_addr { host: "127.12.87.130" port: 33595 } } peers { permanent_uuid: "fb913f1a9873464792e7faeffae5bf25" member_type: VOTER last_known_addr { host: "127.12.87.132" port: 46351 } attrs { promote: false } } }
I20260608 12:42:06.194199 16080 consensus_queue.cc:1048] T 12a9f439a8f5424b9d0b0c1b6ede5e88 P de31ffcbcae74b19b265c536c658f3f7 [LEADER]: Connected to new peer: Peer: permanent_uuid: "49cb7c4f06d84c82a02e6bcce8e83d7c" member_type: VOTER last_known_addr { host: "127.12.87.130" port: 33595 } attrs { replace: true }, Status: LMP_MISMATCH, Last received: 0.0, Next index: 3, Last known committed idx: 2, Time since last communication: 0.001s
I20260608 12:42:06.198014 15609 raft_consensus.cc:2955] T 3b48406fca4a4cb2a48d25bcd2933701 P de31ffcbcae74b19b265c536c658f3f7 [term 1 FOLLOWER]: Committing config change with OpId 1.4: config changed from index 3 to 4, VOTER 47f3fb111a3243399cdb6ea99e1d68f2 (127.12.87.131) evicted. New config: { opid_index: 4 OBSOLETE_local: false peers { permanent_uuid: "de31ffcbcae74b19b265c536c658f3f7" member_type: VOTER last_known_addr { host: "127.12.87.129" port: 34949 } } peers { permanent_uuid: "49cb7c4f06d84c82a02e6bcce8e83d7c" member_type: VOTER last_known_addr { host: "127.12.87.130" port: 33595 } } peers { permanent_uuid: "fb913f1a9873464792e7faeffae5bf25" member_type: VOTER last_known_addr { host: "127.12.87.132" port: 46351 } attrs { promote: false } } }
I20260608 12:42:06.200343 15915 raft_consensus.cc:2955] T 3b48406fca4a4cb2a48d25bcd2933701 P fb913f1a9873464792e7faeffae5bf25 [term 1 FOLLOWER]: Committing config change with OpId 1.4: config changed from index 3 to 4, VOTER 47f3fb111a3243399cdb6ea99e1d68f2 (127.12.87.131) evicted. New config: { opid_index: 4 OBSOLETE_local: false peers { permanent_uuid: "de31ffcbcae74b19b265c536c658f3f7" member_type: VOTER last_known_addr { host: "127.12.87.129" port: 34949 } } peers { permanent_uuid: "49cb7c4f06d84c82a02e6bcce8e83d7c" member_type: VOTER last_known_addr { host: "127.12.87.130" port: 33595 } } peers { permanent_uuid: "fb913f1a9873464792e7faeffae5bf25" member_type: VOTER last_known_addr { host: "127.12.87.132" port: 46351 } attrs { promote: false } } }
I20260608 12:42:06.202837 15492 catalog_manager.cc:5209] ChangeConfig:REMOVE_PEER RPC for tablet 3b48406fca4a4cb2a48d25bcd2933701 with cas_config_opid_index 3: ChangeConfig:REMOVE_PEER succeeded (attempt 1)
I20260608 12:42:06.208616 15505 catalog_manager.cc:5696] T 3b48406fca4a4cb2a48d25bcd2933701 P 49cb7c4f06d84c82a02e6bcce8e83d7c reported cstate change: config changed from index 3 to 4, VOTER 47f3fb111a3243399cdb6ea99e1d68f2 (127.12.87.131) evicted. New cstate: current_term: 1 leader_uuid: "49cb7c4f06d84c82a02e6bcce8e83d7c" committed_config { opid_index: 4 OBSOLETE_local: false peers { permanent_uuid: "de31ffcbcae74b19b265c536c658f3f7" member_type: VOTER last_known_addr { host: "127.12.87.129" port: 34949 } health_report { overall_health: HEALTHY } } peers { permanent_uuid: "49cb7c4f06d84c82a02e6bcce8e83d7c" member_type: VOTER last_known_addr { host: "127.12.87.130" port: 33595 } health_report { overall_health: HEALTHY } } peers { permanent_uuid: "fb913f1a9873464792e7faeffae5bf25" member_type: VOTER last_known_addr { host: "127.12.87.132" port: 46351 } attrs { promote: false } health_report { overall_health: HEALTHY } } }
I20260608 12:42:06.211282 16080 consensus_queue.cc:1048] T 12a9f439a8f5424b9d0b0c1b6ede5e88 P de31ffcbcae74b19b265c536c658f3f7 [LEADER]: Connected to new peer: Peer: permanent_uuid: "47f3fb111a3243399cdb6ea99e1d68f2" member_type: VOTER last_known_addr { host: "127.12.87.131" port: 39911 }, Status: LMP_MISMATCH, Last received: 0.0, Next index: 3, Last known committed idx: 2, Time since last communication: 0.000s
I20260608 12:42:06.220803 16080 raft_consensus.cc:2955] T 12a9f439a8f5424b9d0b0c1b6ede5e88 P de31ffcbcae74b19b265c536c658f3f7 [term 1 LEADER]: Committing config change with OpId 1.3: config changed from index 2 to 3, fb913f1a9873464792e7faeffae5bf25 (127.12.87.132) changed from NON_VOTER to VOTER. New config: { opid_index: 3 OBSOLETE_local: false peers { permanent_uuid: "de31ffcbcae74b19b265c536c658f3f7" member_type: VOTER last_known_addr { host: "127.12.87.129" port: 34949 } } peers { permanent_uuid: "49cb7c4f06d84c82a02e6bcce8e83d7c" member_type: VOTER last_known_addr { host: "127.12.87.130" port: 33595 } attrs { replace: true } } peers { permanent_uuid: "47f3fb111a3243399cdb6ea99e1d68f2" member_type: VOTER last_known_addr { host: "127.12.87.131" port: 39911 } } peers { permanent_uuid: "fb913f1a9873464792e7faeffae5bf25" member_type: VOTER last_known_addr { host: "127.12.87.132" port: 46351 } attrs { promote: false } } }
I20260608 12:42:06.229835 15918 raft_consensus.cc:2955] T 12a9f439a8f5424b9d0b0c1b6ede5e88 P fb913f1a9873464792e7faeffae5bf25 [term 1 FOLLOWER]: Committing config change with OpId 1.3: config changed from index 2 to 3, fb913f1a9873464792e7faeffae5bf25 (127.12.87.132) changed from NON_VOTER to VOTER. New config: { opid_index: 3 OBSOLETE_local: false peers { permanent_uuid: "de31ffcbcae74b19b265c536c658f3f7" member_type: VOTER last_known_addr { host: "127.12.87.129" port: 34949 } } peers { permanent_uuid: "49cb7c4f06d84c82a02e6bcce8e83d7c" member_type: VOTER last_known_addr { host: "127.12.87.130" port: 33595 } attrs { replace: true } } peers { permanent_uuid: "47f3fb111a3243399cdb6ea99e1d68f2" member_type: VOTER last_known_addr { host: "127.12.87.131" port: 39911 } } peers { permanent_uuid: "fb913f1a9873464792e7faeffae5bf25" member_type: VOTER last_known_addr { host: "127.12.87.132" port: 46351 } attrs { promote: false } } }
I20260608 12:42:06.236447 15757 raft_consensus.cc:2955] T 12a9f439a8f5424b9d0b0c1b6ede5e88 P 47f3fb111a3243399cdb6ea99e1d68f2 [term 1 FOLLOWER]: Committing config change with OpId 1.3: config changed from index 2 to 3, fb913f1a9873464792e7faeffae5bf25 (127.12.87.132) changed from NON_VOTER to VOTER. New config: { opid_index: 3 OBSOLETE_local: false peers { permanent_uuid: "de31ffcbcae74b19b265c536c658f3f7" member_type: VOTER last_known_addr { host: "127.12.87.129" port: 34949 } } peers { permanent_uuid: "49cb7c4f06d84c82a02e6bcce8e83d7c" member_type: VOTER last_known_addr { host: "127.12.87.130" port: 33595 } attrs { replace: true } } peers { permanent_uuid: "47f3fb111a3243399cdb6ea99e1d68f2" member_type: VOTER last_known_addr { host: "127.12.87.131" port: 39911 } } peers { permanent_uuid: "fb913f1a9873464792e7faeffae5bf25" member_type: VOTER last_known_addr { host: "127.12.87.132" port: 46351 } attrs { promote: false } } }
I20260608 12:42:06.238842 15684 raft_consensus.cc:2955] T 12a9f439a8f5424b9d0b0c1b6ede5e88 P 49cb7c4f06d84c82a02e6bcce8e83d7c [term 1 FOLLOWER]: Committing config change with OpId 1.3: config changed from index 2 to 3, fb913f1a9873464792e7faeffae5bf25 (127.12.87.132) changed from NON_VOTER to VOTER. New config: { opid_index: 3 OBSOLETE_local: false peers { permanent_uuid: "de31ffcbcae74b19b265c536c658f3f7" member_type: VOTER last_known_addr { host: "127.12.87.129" port: 34949 } } peers { permanent_uuid: "49cb7c4f06d84c82a02e6bcce8e83d7c" member_type: VOTER last_known_addr { host: "127.12.87.130" port: 33595 } attrs { replace: true } } peers { permanent_uuid: "47f3fb111a3243399cdb6ea99e1d68f2" member_type: VOTER last_known_addr { host: "127.12.87.131" port: 39911 } } peers { permanent_uuid: "fb913f1a9873464792e7faeffae5bf25" member_type: VOTER last_known_addr { host: "127.12.87.132" port: 46351 } attrs { promote: false } } }
I20260608 12:42:06.247917 15504 catalog_manager.cc:5696] T 12a9f439a8f5424b9d0b0c1b6ede5e88 P de31ffcbcae74b19b265c536c658f3f7 reported cstate change: config changed from index 2 to 3, fb913f1a9873464792e7faeffae5bf25 (127.12.87.132) changed from NON_VOTER to VOTER. New cstate: current_term: 1 leader_uuid: "de31ffcbcae74b19b265c536c658f3f7" committed_config { opid_index: 3 OBSOLETE_local: false peers { permanent_uuid: "de31ffcbcae74b19b265c536c658f3f7" member_type: VOTER last_known_addr { host: "127.12.87.129" port: 34949 } health_report { overall_health: HEALTHY } } peers { permanent_uuid: "49cb7c4f06d84c82a02e6bcce8e83d7c" member_type: VOTER last_known_addr { host: "127.12.87.130" port: 33595 } attrs { replace: true } health_report { overall_health: HEALTHY } } peers { permanent_uuid: "47f3fb111a3243399cdb6ea99e1d68f2" member_type: VOTER last_known_addr { host: "127.12.87.131" port: 39911 } health_report { overall_health: HEALTHY } } peers { permanent_uuid: "fb913f1a9873464792e7faeffae5bf25" member_type: VOTER last_known_addr { host: "127.12.87.132" port: 46351 } attrs { promote: false } health_report { overall_health: HEALTHY } } }
I20260608 12:42:06.254510 15747 tablet_service.cc:1558] Processing DeleteTablet for tablet 3b48406fca4a4cb2a48d25bcd2933701 with delete_type TABLET_DATA_TOMBSTONED (TS 47f3fb111a3243399cdb6ea99e1d68f2 not found in new config with opid_index 4) from {username='slave'} at 127.0.0.1:37766
I20260608 12:42:06.257078 16091 tablet_replica.cc:333] T 3b48406fca4a4cb2a48d25bcd2933701 P 47f3fb111a3243399cdb6ea99e1d68f2: stopping tablet replica
I20260608 12:42:06.257925 16091 raft_consensus.cc:2243] T 3b48406fca4a4cb2a48d25bcd2933701 P 47f3fb111a3243399cdb6ea99e1d68f2 [term 1 FOLLOWER]: Raft consensus shutting down.
I20260608 12:42:06.258580 16091 raft_consensus.cc:2272] T 3b48406fca4a4cb2a48d25bcd2933701 P 47f3fb111a3243399cdb6ea99e1d68f2 [term 1 FOLLOWER]: Raft consensus is shut down!
I20260608 12:42:06.261719 16026 raft_consensus.cc:1064] T cbf5c6b320f846dba546ac3e5da9447f P 47f3fb111a3243399cdb6ea99e1d68f2: attempting to promote NON_VOTER fb913f1a9873464792e7faeffae5bf25 to VOTER
I20260608 12:42:06.262765 16091 ts_tablet_manager.cc:1916] T 3b48406fca4a4cb2a48d25bcd2933701 P 47f3fb111a3243399cdb6ea99e1d68f2: Deleting tablet data with delete state TABLET_DATA_TOMBSTONED
I20260608 12:42:06.264190 16026 consensus_queue.cc:237] T cbf5c6b320f846dba546ac3e5da9447f P 47f3fb111a3243399cdb6ea99e1d68f2 [LEADER]: Queue going to LEADER mode. State: All replicated index: 0, Majority replicated index: 2, Committed index: 2, Last appended: 1.2, Last appended by leader: 0, Current term: 1, Majority size: 3, State: 0, Mode: LEADER, active raft config: opid_index: 3 OBSOLETE_local: false peers { permanent_uuid: "47f3fb111a3243399cdb6ea99e1d68f2" member_type: VOTER last_known_addr { host: "127.12.87.131" port: 39911 } } peers { permanent_uuid: "49cb7c4f06d84c82a02e6bcce8e83d7c" member_type: VOTER last_known_addr { host: "127.12.87.130" port: 33595 } } peers { permanent_uuid: "de31ffcbcae74b19b265c536c658f3f7" member_type: VOTER last_known_addr { host: "127.12.87.129" port: 34949 } attrs { replace: true } } peers { permanent_uuid: "fb913f1a9873464792e7faeffae5bf25" member_type: VOTER last_known_addr { host: "127.12.87.132" port: 46351 } attrs { promote: false } }
I20260608 12:42:06.269853 15609 consensus_queue.cc:237] T 12a9f439a8f5424b9d0b0c1b6ede5e88 P de31ffcbcae74b19b265c536c658f3f7 [LEADER]: Queue going to LEADER mode. State: All replicated index: 0, Majority replicated index: 3, Committed index: 3, Last appended: 1.3, Last appended by leader: 0, Current term: 1, Majority size: 2, State: 0, Mode: LEADER, active raft config: opid_index: 4 OBSOLETE_local: false peers { permanent_uuid: "de31ffcbcae74b19b265c536c658f3f7" member_type: VOTER last_known_addr { host: "127.12.87.129" port: 34949 } } peers { permanent_uuid: "47f3fb111a3243399cdb6ea99e1d68f2" member_type: VOTER last_known_addr { host: "127.12.87.131" port: 39911 } } peers { permanent_uuid: "fb913f1a9873464792e7faeffae5bf25" member_type: VOTER last_known_addr { host: "127.12.87.132" port: 46351 } attrs { promote: false } }
I20260608 12:42:06.277432 16091 ts_tablet_manager.cc:1929] T 3b48406fca4a4cb2a48d25bcd2933701 P 47f3fb111a3243399cdb6ea99e1d68f2: tablet deleted with delete type TABLET_DATA_TOMBSTONED: last-logged OpId 1.3
I20260608 12:42:06.277922 16091 log.cc:1199] T 3b48406fca4a4cb2a48d25bcd2933701 P 47f3fb111a3243399cdb6ea99e1d68f2: Deleting WAL directory at /tmp/dist-test-taskmdDhmj/test-tmp/auto_rebalancer-test.0.AutoRebalancerTest.RangeAwareRebalancesNewRangeReplicas.1780922441147520-12638-0/minicluster-data/ts-2-root/wals/3b48406fca4a4cb2a48d25bcd2933701
I20260608 12:42:06.278317 15915 raft_consensus.cc:1275] T cbf5c6b320f846dba546ac3e5da9447f P fb913f1a9873464792e7faeffae5bf25 [term 1 LEARNER]: Refusing update from remote peer 47f3fb111a3243399cdb6ea99e1d68f2: Log matching property violated. Preceding OpId in replica: term: 1 index: 2. Preceding OpId from leader: term: 1 index: 3. (index mismatch)
I20260608 12:42:06.280119 15607 raft_consensus.cc:1275] T cbf5c6b320f846dba546ac3e5da9447f P de31ffcbcae74b19b265c536c658f3f7 [term 1 FOLLOWER]: Refusing update from remote peer 47f3fb111a3243399cdb6ea99e1d68f2: Log matching property violated. Preceding OpId in replica: term: 1 index: 2. Preceding OpId from leader: term: 1 index: 3. (index mismatch)
I20260608 12:42:06.281795 15493 catalog_manager.cc:5027] TS 47f3fb111a3243399cdb6ea99e1d68f2 (127.12.87.131:39911): tablet 3b48406fca4a4cb2a48d25bcd2933701 (table range_aware_rebalance_new_range [id=fb784752ada049ad90c2232a8b14ce0d]) successfully deleted
I20260608 12:42:06.282348 15958 consensus_queue.cc:1048] T cbf5c6b320f846dba546ac3e5da9447f P 47f3fb111a3243399cdb6ea99e1d68f2 [LEADER]: Connected to new peer: Peer: permanent_uuid: "fb913f1a9873464792e7faeffae5bf25" member_type: VOTER last_known_addr { host: "127.12.87.132" port: 46351 } attrs { promote: false }, Status: LMP_MISMATCH, Last received: 0.0, Next index: 3, Last known committed idx: 2, Time since last communication: 0.000s
I20260608 12:42:06.283058 15915 raft_consensus.cc:1275] T 12a9f439a8f5424b9d0b0c1b6ede5e88 P fb913f1a9873464792e7faeffae5bf25 [term 1 FOLLOWER]: Refusing update from remote peer de31ffcbcae74b19b265c536c658f3f7: Log matching property violated. Preceding OpId in replica: term: 1 index: 3. Preceding OpId from leader: term: 1 index: 4. (index mismatch)
I20260608 12:42:06.283058 15757 raft_consensus.cc:1275] T 12a9f439a8f5424b9d0b0c1b6ede5e88 P 47f3fb111a3243399cdb6ea99e1d68f2 [term 1 FOLLOWER]: Refusing update from remote peer de31ffcbcae74b19b265c536c658f3f7: Log matching property violated. Preceding OpId in replica: term: 1 index: 3. Preceding OpId from leader: term: 1 index: 4. (index mismatch)
I20260608 12:42:06.284335 15958 consensus_queue.cc:1048] T cbf5c6b320f846dba546ac3e5da9447f P 47f3fb111a3243399cdb6ea99e1d68f2 [LEADER]: Connected to new peer: Peer: permanent_uuid: "de31ffcbcae74b19b265c536c658f3f7" member_type: VOTER last_known_addr { host: "127.12.87.129" port: 34949 } attrs { replace: true }, Status: LMP_MISMATCH, Last received: 0.0, Next index: 3, Last known committed idx: 2, Time since last communication: 0.000s
I20260608 12:42:06.285343 16086 consensus_queue.cc:1048] T 12a9f439a8f5424b9d0b0c1b6ede5e88 P de31ffcbcae74b19b265c536c658f3f7 [LEADER]: Connected to new peer: Peer: permanent_uuid: "fb913f1a9873464792e7faeffae5bf25" member_type: VOTER last_known_addr { host: "127.12.87.132" port: 46351 } attrs { promote: false }, Status: LMP_MISMATCH, Last received: 0.0, Next index: 4, Last known committed idx: 3, Time since last communication: 0.000s
I20260608 12:42:06.288826 16086 consensus_queue.cc:1048] T 12a9f439a8f5424b9d0b0c1b6ede5e88 P de31ffcbcae74b19b265c536c658f3f7 [LEADER]: Connected to new peer: Peer: permanent_uuid: "47f3fb111a3243399cdb6ea99e1d68f2" member_type: VOTER last_known_addr { host: "127.12.87.131" port: 39911 }, Status: LMP_MISMATCH, Last received: 0.0, Next index: 4, Last known committed idx: 3, Time since last communication: 0.000s
I20260608 12:42:06.292902 16070 raft_consensus.cc:2955] T 12a9f439a8f5424b9d0b0c1b6ede5e88 P de31ffcbcae74b19b265c536c658f3f7 [term 1 LEADER]: Committing config change with OpId 1.4: config changed from index 3 to 4, VOTER 49cb7c4f06d84c82a02e6bcce8e83d7c (127.12.87.130) evicted. New config: { opid_index: 4 OBSOLETE_local: false peers { permanent_uuid: "de31ffcbcae74b19b265c536c658f3f7" member_type: VOTER last_known_addr { host: "127.12.87.129" port: 34949 } } peers { permanent_uuid: "47f3fb111a3243399cdb6ea99e1d68f2" member_type: VOTER last_known_addr { host: "127.12.87.131" port: 39911 } } peers { permanent_uuid: "fb913f1a9873464792e7faeffae5bf25" member_type: VOTER last_known_addr { host: "127.12.87.132" port: 46351 } attrs { promote: false } } }
I20260608 12:42:06.299430 15918 raft_consensus.cc:2955] T 12a9f439a8f5424b9d0b0c1b6ede5e88 P fb913f1a9873464792e7faeffae5bf25 [term 1 FOLLOWER]: Committing config change with OpId 1.4: config changed from index 3 to 4, VOTER 49cb7c4f06d84c82a02e6bcce8e83d7c (127.12.87.130) evicted. New config: { opid_index: 4 OBSOLETE_local: false peers { permanent_uuid: "de31ffcbcae74b19b265c536c658f3f7" member_type: VOTER last_known_addr { host: "127.12.87.129" port: 34949 } } peers { permanent_uuid: "47f3fb111a3243399cdb6ea99e1d68f2" member_type: VOTER last_known_addr { host: "127.12.87.131" port: 39911 } } peers { permanent_uuid: "fb913f1a9873464792e7faeffae5bf25" member_type: VOTER last_known_addr { host: "127.12.87.132" port: 46351 } attrs { promote: false } } }
I20260608 12:42:06.303073 15493 catalog_manager.cc:5209] ChangeConfig:REMOVE_PEER RPC for tablet 12a9f439a8f5424b9d0b0c1b6ede5e88 with cas_config_opid_index 3: ChangeConfig:REMOVE_PEER succeeded (attempt 1)
I20260608 12:42:06.309187 15757 raft_consensus.cc:2955] T 12a9f439a8f5424b9d0b0c1b6ede5e88 P 47f3fb111a3243399cdb6ea99e1d68f2 [term 1 FOLLOWER]: Committing config change with OpId 1.4: config changed from index 3 to 4, VOTER 49cb7c4f06d84c82a02e6bcce8e83d7c (127.12.87.130) evicted. New config: { opid_index: 4 OBSOLETE_local: false peers { permanent_uuid: "de31ffcbcae74b19b265c536c658f3f7" member_type: VOTER last_known_addr { host: "127.12.87.129" port: 34949 } } peers { permanent_uuid: "47f3fb111a3243399cdb6ea99e1d68f2" member_type: VOTER last_known_addr { host: "127.12.87.131" port: 39911 } } peers { permanent_uuid: "fb913f1a9873464792e7faeffae5bf25" member_type: VOTER last_known_addr { host: "127.12.87.132" port: 46351 } attrs { promote: false } } }
I20260608 12:42:06.310020 15507 catalog_manager.cc:5696] T 12a9f439a8f5424b9d0b0c1b6ede5e88 P de31ffcbcae74b19b265c536c658f3f7 reported cstate change: config changed from index 3 to 4, VOTER 49cb7c4f06d84c82a02e6bcce8e83d7c (127.12.87.130) evicted. New cstate: current_term: 1 leader_uuid: "de31ffcbcae74b19b265c536c658f3f7" committed_config { opid_index: 4 OBSOLETE_local: false peers { permanent_uuid: "de31ffcbcae74b19b265c536c658f3f7" member_type: VOTER last_known_addr { host: "127.12.87.129" port: 34949 } health_report { overall_health: HEALTHY } } peers { permanent_uuid: "47f3fb111a3243399cdb6ea99e1d68f2" member_type: VOTER last_known_addr { host: "127.12.87.131" port: 39911 } health_report { overall_health: HEALTHY } } peers { permanent_uuid: "fb913f1a9873464792e7faeffae5bf25" member_type: VOTER last_known_addr { host: "127.12.87.132" port: 46351 } attrs { promote: false } health_report { overall_health: HEALTHY } } }
I20260608 12:42:06.317725 15684 raft_consensus.cc:1275] T cbf5c6b320f846dba546ac3e5da9447f P 49cb7c4f06d84c82a02e6bcce8e83d7c [term 1 FOLLOWER]: Refusing update from remote peer 47f3fb111a3243399cdb6ea99e1d68f2: Log matching property violated. Preceding OpId in replica: term: 1 index: 2. Preceding OpId from leader: term: 1 index: 3. (index mismatch)
I20260608 12:42:06.320437 16026 consensus_queue.cc:1048] T cbf5c6b320f846dba546ac3e5da9447f P 47f3fb111a3243399cdb6ea99e1d68f2 [LEADER]: Connected to new peer: Peer: permanent_uuid: "49cb7c4f06d84c82a02e6bcce8e83d7c" member_type: VOTER last_known_addr { host: "127.12.87.130" port: 33595 }, Status: LMP_MISMATCH, Last received: 0.0, Next index: 3, Last known committed idx: 2, Time since last communication: 0.000s
I20260608 12:42:06.325410 15959 raft_consensus.cc:2955] T cbf5c6b320f846dba546ac3e5da9447f P 47f3fb111a3243399cdb6ea99e1d68f2 [term 1 LEADER]: Committing config change with OpId 1.3: config changed from index 2 to 3, fb913f1a9873464792e7faeffae5bf25 (127.12.87.132) changed from NON_VOTER to VOTER. New config: { opid_index: 3 OBSOLETE_local: false peers { permanent_uuid: "47f3fb111a3243399cdb6ea99e1d68f2" member_type: VOTER last_known_addr { host: "127.12.87.131" port: 39911 } } peers { permanent_uuid: "49cb7c4f06d84c82a02e6bcce8e83d7c" member_type: VOTER last_known_addr { host: "127.12.87.130" port: 33595 } } peers { permanent_uuid: "de31ffcbcae74b19b265c536c658f3f7" member_type: VOTER last_known_addr { host: "127.12.87.129" port: 34949 } attrs { replace: true } } peers { permanent_uuid: "fb913f1a9873464792e7faeffae5bf25" member_type: VOTER last_known_addr { host: "127.12.87.132" port: 46351 } attrs { promote: false } } }
I20260608 12:42:06.328730 15671 tablet_service.cc:1558] Processing DeleteTablet for tablet 12a9f439a8f5424b9d0b0c1b6ede5e88 with delete_type TABLET_DATA_TOMBSTONED (TS 49cb7c4f06d84c82a02e6bcce8e83d7c not found in new config with opid_index 4) from {username='slave'} at 127.0.0.1:55102
I20260608 12:42:06.327348 15607 raft_consensus.cc:2955] T cbf5c6b320f846dba546ac3e5da9447f P de31ffcbcae74b19b265c536c658f3f7 [term 1 FOLLOWER]: Committing config change with OpId 1.3: config changed from index 2 to 3, fb913f1a9873464792e7faeffae5bf25 (127.12.87.132) changed from NON_VOTER to VOTER. New config: { opid_index: 3 OBSOLETE_local: false peers { permanent_uuid: "47f3fb111a3243399cdb6ea99e1d68f2" member_type: VOTER last_known_addr { host: "127.12.87.131" port: 39911 } } peers { permanent_uuid: "49cb7c4f06d84c82a02e6bcce8e83d7c" member_type: VOTER last_known_addr { host: "127.12.87.130" port: 33595 } } peers { permanent_uuid: "de31ffcbcae74b19b265c536c658f3f7" member_type: VOTER last_known_addr { host: "127.12.87.129" port: 34949 } attrs { replace: true } } peers { permanent_uuid: "fb913f1a9873464792e7faeffae5bf25" member_type: VOTER last_known_addr { host: "127.12.87.132" port: 46351 } attrs { promote: false } } }
I20260608 12:42:06.344734 15916 raft_consensus.cc:2955] T cbf5c6b320f846dba546ac3e5da9447f P fb913f1a9873464792e7faeffae5bf25 [term 1 FOLLOWER]: Committing config change with OpId 1.3: config changed from index 2 to 3, fb913f1a9873464792e7faeffae5bf25 (127.12.87.132) changed from NON_VOTER to VOTER. New config: { opid_index: 3 OBSOLETE_local: false peers { permanent_uuid: "47f3fb111a3243399cdb6ea99e1d68f2" member_type: VOTER last_known_addr { host: "127.12.87.131" port: 39911 } } peers { permanent_uuid: "49cb7c4f06d84c82a02e6bcce8e83d7c" member_type: VOTER last_known_addr { host: "127.12.87.130" port: 33595 } } peers { permanent_uuid: "de31ffcbcae74b19b265c536c658f3f7" member_type: VOTER last_known_addr { host: "127.12.87.129" port: 34949 } attrs { replace: true } } peers { permanent_uuid: "fb913f1a9873464792e7faeffae5bf25" member_type: VOTER last_known_addr { host: "127.12.87.132" port: 46351 } attrs { promote: false } } }
