I20260608 12:41:03.190930 14333 raft_consensus.cc:3060] T 00000000000000000000000000000000 P 8057b62a43454312958330f83c950c81 [term 0 FOLLOWER]: Advancing to term 1
I20260608 12:41:03.196213 14333 raft_consensus.cc:515] T 00000000000000000000000000000000 P 8057b62a43454312958330f83c950c81 [term 1 FOLLOWER]: Starting leader election with config: opid_index: -1 OBSOLETE_local: true peers { permanent_uuid: "8057b62a43454312958330f83c950c81" member_type: VOTER }
I20260608 12:41:03.196733 14333 leader_election.cc:304] T 00000000000000000000000000000000 P 8057b62a43454312958330f83c950c81 [CANDIDATE]: Term 1 election: Election decided. Result: candidate won. Election summary: received 1 responses out of 1 voters: 1 yes votes; 0 no votes. yes voters: 8057b62a43454312958330f83c950c81; no voters: 
I20260608 12:41:03.197865 14333 leader_election.cc:290] T 00000000000000000000000000000000 P 8057b62a43454312958330f83c950c81 [CANDIDATE]: Term 1 election: Requested vote from peers 
I20260608 12:41:03.198256 14336 raft_consensus.cc:2804] T 00000000000000000000000000000000 P 8057b62a43454312958330f83c950c81 [term 1 FOLLOWER]: Leader election won for term 1
I20260608 12:41:03.199525 14336 raft_consensus.cc:697] T 00000000000000000000000000000000 P 8057b62a43454312958330f83c950c81 [term 1 LEADER]: Becoming Leader. State: Replica: 8057b62a43454312958330f83c950c81, State: Running, Role: LEADER
I20260608 12:41:03.200241 14336 consensus_queue.cc:237] T 00000000000000000000000000000000 P 8057b62a43454312958330f83c950c81 [LEADER]: Queue going to LEADER mode. State: All replicated index: 0, Majority replicated index: 0, Committed index: 0, Last appended: 0.0, Last appended by leader: 0, Current term: 1, Majority size: 1, State: 0, Mode: LEADER, active raft config: opid_index: -1 OBSOLETE_local: true peers { permanent_uuid: "8057b62a43454312958330f83c950c81" member_type: VOTER }
I20260608 12:41:03.200786 14333 sys_catalog.cc:565] T 00000000000000000000000000000000 P 8057b62a43454312958330f83c950c81 [sys.catalog]: configured and running, proceeding with master startup.
I20260608 12:41:03.204945 14337 sys_catalog.cc:455] T 00000000000000000000000000000000 P 8057b62a43454312958330f83c950c81 [sys.catalog]: SysCatalogTable state changed. Reason: RaftConsensus started. Latest consensus state: current_term: 1 leader_uuid: "8057b62a43454312958330f83c950c81" committed_config { opid_index: -1 OBSOLETE_local: true peers { permanent_uuid: "8057b62a43454312958330f83c950c81" member_type: VOTER } }
I20260608 12:41:03.204957 14338 sys_catalog.cc:455] T 00000000000000000000000000000000 P 8057b62a43454312958330f83c950c81 [sys.catalog]: SysCatalogTable state changed. Reason: New leader 8057b62a43454312958330f83c950c81. Latest consensus state: current_term: 1 leader_uuid: "8057b62a43454312958330f83c950c81" committed_config { opid_index: -1 OBSOLETE_local: true peers { permanent_uuid: "8057b62a43454312958330f83c950c81" member_type: VOTER } }
I20260608 12:41:03.205986 14338 sys_catalog.cc:458] T 00000000000000000000000000000000 P 8057b62a43454312958330f83c950c81 [sys.catalog]: This master's current role is: LEADER
I20260608 12:41:03.205915 14337 sys_catalog.cc:458] T 00000000000000000000000000000000 P 8057b62a43454312958330f83c950c81 [sys.catalog]: This master's current role is: LEADER
I20260608 12:41:03.212682 14344 catalog_manager.cc:1510] Loading table and tablet metadata into memory...
I20260608 12:41:03.217911 14344 catalog_manager.cc:1519] Initializing Kudu cluster ID...
I20260608 12:41:03.219660 12638 internal_mini_cluster.cc:184] Waiting to initialize catalog manager on master 0
I20260608 12:41:03.227432 14344 catalog_manager.cc:1382] Generated new cluster ID: 4c8a50b3a2e849689fdfc5fd5e02d542
I20260608 12:41:03.227764 14344 catalog_manager.cc:1530] Initializing Kudu internal certificate authority...
I20260608 12:41:03.241863 14344 catalog_manager.cc:1405] Generated new certificate authority record
I20260608 12:41:03.243198 14344 catalog_manager.cc:1539] Loading token signing keys...
I20260608 12:41:03.255851 14344 catalog_manager.cc:6069] T 00000000000000000000000000000000 P 8057b62a43454312958330f83c950c81: Generated new TSK 0
I20260608 12:41:03.256487 14344 catalog_manager.cc:1549] Initializing in-progress tserver states...
I20260608 12:41:03.287133 12638 file_cache.cc:492] Constructed file cache file cache with capacity 419430
W20260608 12:41:03.294286 14354 instance_detector.cc:116] could not retrieve AWS instance metadata: Network error: curl error: HTTP response code said error: The requested URL returned error: 404
W20260608 12:41:03.294596 14355 instance_detector.cc:116] could not retrieve Azure instance metadata: Network error: curl error: HTTP response code said error: The requested URL returned error: 404
I20260608 12:41:03.297096 12638 server_base.cc:1061] running on GCE node
W20260608 12:41:03.297538 14357 instance_detector.cc:116] could not retrieve OpenStack instance metadata: Network error: curl error: HTTP response code said error: The requested URL returned error: 404
I20260608 12:41:03.298420 12638 hybrid_clock.cc:584] initializing the hybrid clock with 'system_unsync' time source
W20260608 12:41:03.298620 12638 system_unsync_time.cc:38] NTP support is disabled. Clock error bounds will not be accurate. This configuration is not suitable for distributed clusters.
I20260608 12:41:03.298746 12638 hybrid_clock.cc:648] HybridClock initialized: now 1780922463298735 us; error 0 us; skew 500 ppm
I20260608 12:41:03.299249 12638 server_base.cc:861] Flag tcmalloc_max_total_thread_cache_bytes is not working since tcmalloc is not enabled.
I20260608 12:41:03.301510 12638 webserver.cc:533] Webserver started at http://127.12.87.129:33675/ using document root <none> and password file <none>
I20260608 12:41:03.302107 12638 fs_manager.cc:362] Metadata directory not provided
I20260608 12:41:03.302317 12638 fs_manager.cc:368] Using write-ahead log directory (fs_wal_dir) as metadata directory
I20260608 12:41:03.302538 12638 server_base.cc:909] This appears to be a new deployment of Kudu; creating new FS layout
I20260608 12:41:03.303558 12638 fs_manager.cc:1068] Generated new instance metadata in path /tmp/dist-test-taskmdDhmj/test-tmp/auto_rebalancer-test.0.AutoRebalancerTest.MovesScheduledIfAddTserver.1780922441147520-12638-0/minicluster-data/ts-0-root/instance:
uuid: "0c6f913724ae41fba6f69b0e51935ac4"
format_stamp: "Formatted at 2026-06-08 12:41:03 on dist-test-slave-40k3"
I20260608 12:41:03.308101 12638 fs_manager.cc:696] Time spent creating directory manager: real 0.004s	user 0.003s	sys 0.003s
I20260608 12:41:03.311528 14362 log_block_manager.cc:4031] Time spent loading block containers with low live blocks: real 0.000s	user 0.000s	sys 0.000s
I20260608 12:41:03.312318 12638 fs_manager.cc:730] Time spent opening block manager: real 0.002s	user 0.003s	sys 0.000s
I20260608 12:41:03.312592 12638 fs_manager.cc:647] Opened local filesystem: /tmp/dist-test-taskmdDhmj/test-tmp/auto_rebalancer-test.0.AutoRebalancerTest.MovesScheduledIfAddTserver.1780922441147520-12638-0/minicluster-data/ts-0-root
uuid: "0c6f913724ae41fba6f69b0e51935ac4"
format_stamp: "Formatted at 2026-06-08 12:41:03 on dist-test-slave-40k3"
I20260608 12:41:03.312868 12638 fs_report.cc:389] FS layout report
--------------------
wal directory: /tmp/dist-test-taskmdDhmj/test-tmp/auto_rebalancer-test.0.AutoRebalancerTest.MovesScheduledIfAddTserver.1780922441147520-12638-0/minicluster-data/ts-0-root
metadata directory: /tmp/dist-test-taskmdDhmj/test-tmp/auto_rebalancer-test.0.AutoRebalancerTest.MovesScheduledIfAddTserver.1780922441147520-12638-0/minicluster-data/ts-0-root
1 data directories: /tmp/dist-test-taskmdDhmj/test-tmp/auto_rebalancer-test.0.AutoRebalancerTest.MovesScheduledIfAddTserver.1780922441147520-12638-0/minicluster-data/ts-0-root/data
Total live blocks: 0
Total live bytes: 0
Total live bytes (after alignment): 0
Total number of LBM containers: 0 (0 full)
Did not check for missing blocks
Did not check for orphaned blocks
Total full LBM containers with extra space: 0 (0 repaired)
Total full LBM container extra space in bytes: 0 (0 repaired)
Total incomplete LBM containers: 0 (0 repaired)
Total LBM partial records: 0 (0 repaired)
Total corrupted LBM metadata records in RocksDB: 0 (0 repaired)
I20260608 12:41:03.336244 12638 rpc_server.cc:225] running with OpenSSL 1.1.1  11 Sep 2018
I20260608 12:41:03.337445 12638 kserver.cc:163] Server-wide thread pool size limit: 3276
I20260608 12:41:03.338950 12638 txn_system_client.cc:432] TxnSystemClient initialization is disabled...
I20260608 12:41:03.341431 12638 ts_tablet_manager.cc:585] Loaded tablet metadata (0 total tablets, 0 live tablets)
I20260608 12:41:03.341640 12638 ts_tablet_manager.cc:531] Time spent load tablet metadata: real 0.000s	user 0.000s	sys 0.000s
I20260608 12:41:03.341871 12638 ts_tablet_manager.cc:616] Registered 0 tablets
I20260608 12:41:03.342042 12638 ts_tablet_manager.cc:595] Time spent register tablets: real 0.000s	user 0.000s	sys 0.000s
I20260608 12:41:03.381255 12638 rpc_server.cc:307] RPC server started. Bound to: 127.12.87.129:32955
I20260608 12:41:03.381363 14424 acceptor_pool.cc:272] collecting diagnostics on the listening RPC socket 127.12.87.129:32955 every 8 connection(s)
I20260608 12:41:03.386463 12638 file_cache.cc:492] Constructed file cache file cache with capacity 419430
W20260608 12:41:03.393934 14430 instance_detector.cc:116] could not retrieve Azure instance metadata: Network error: curl error: HTTP response code said error: The requested URL returned error: 404
W20260608 12:41:03.394588 14429 instance_detector.cc:116] could not retrieve AWS instance metadata: Network error: curl error: HTTP response code said error: The requested URL returned error: 404
W20260608 12:41:03.396423 14432 instance_detector.cc:116] could not retrieve OpenStack instance metadata: Network error: curl error: HTTP response code said error: The requested URL returned error: 404
I20260608 12:41:03.397261 12638 server_base.cc:1061] running on GCE node
I20260608 12:41:03.398356 12638 hybrid_clock.cc:584] initializing the hybrid clock with 'system_unsync' time source
W20260608 12:41:03.398542 12638 system_unsync_time.cc:38] NTP support is disabled. Clock error bounds will not be accurate. This configuration is not suitable for distributed clusters.
I20260608 12:41:03.398717 12638 hybrid_clock.cc:648] HybridClock initialized: now 1780922463398699 us; error 0 us; skew 500 ppm
I20260608 12:41:03.399451 12638 server_base.cc:861] Flag tcmalloc_max_total_thread_cache_bytes is not working since tcmalloc is not enabled.
I20260608 12:41:03.399570 14425 heartbeater.cc:344] Connected to a master server at 127.12.87.190:46641
I20260608 12:41:03.399973 14425 heartbeater.cc:461] Registering TS with master...
I20260608 12:41:03.400866 14425 heartbeater.cc:507] Master 127.12.87.190:46641 requested a full tablet report, sending...
I20260608 12:41:03.402216 12638 webserver.cc:533] Webserver started at http://127.12.87.130:43695/ using document root <none> and password file <none>
I20260608 12:41:03.402901 12638 fs_manager.cc:362] Metadata directory not provided
I20260608 12:41:03.403129 12638 fs_manager.cc:368] Using write-ahead log directory (fs_wal_dir) as metadata directory
I20260608 12:41:03.403179 14298 ts_manager.cc:194] Registered new tserver with Master: 0c6f913724ae41fba6f69b0e51935ac4 (127.12.87.129:32955)
I20260608 12:41:03.403509 12638 server_base.cc:909] This appears to be a new deployment of Kudu; creating new FS layout
I20260608 12:41:03.405041 12638 fs_manager.cc:1068] Generated new instance metadata in path /tmp/dist-test-taskmdDhmj/test-tmp/auto_rebalancer-test.0.AutoRebalancerTest.MovesScheduledIfAddTserver.1780922441147520-12638-0/minicluster-data/ts-1-root/instance:
uuid: "1b77ddb0f5994363b28d82392ba1b4f7"
format_stamp: "Formatted at 2026-06-08 12:41:03 on dist-test-slave-40k3"
I20260608 12:41:03.405807 14298 master_service.cc:502] Signed X509 certificate for tserver {username='slave'} at 127.0.0.1:52352
I20260608 12:41:03.410264 12638 fs_manager.cc:696] Time spent creating directory manager: real 0.005s	user 0.006s	sys 0.000s
I20260608 12:41:03.413676 14437 log_block_manager.cc:4031] Time spent loading block containers with low live blocks: real 0.000s	user 0.000s	sys 0.000s
I20260608 12:41:03.414544 12638 fs_manager.cc:730] Time spent opening block manager: real 0.002s	user 0.003s	sys 0.000s
I20260608 12:41:03.414834 12638 fs_manager.cc:647] Opened local filesystem: /tmp/dist-test-taskmdDhmj/test-tmp/auto_rebalancer-test.0.AutoRebalancerTest.MovesScheduledIfAddTserver.1780922441147520-12638-0/minicluster-data/ts-1-root
uuid: "1b77ddb0f5994363b28d82392ba1b4f7"
format_stamp: "Formatted at 2026-06-08 12:41:03 on dist-test-slave-40k3"
I20260608 12:41:03.415082 12638 fs_report.cc:389] FS layout report
--------------------
wal directory: /tmp/dist-test-taskmdDhmj/test-tmp/auto_rebalancer-test.0.AutoRebalancerTest.MovesScheduledIfAddTserver.1780922441147520-12638-0/minicluster-data/ts-1-root
metadata directory: /tmp/dist-test-taskmdDhmj/test-tmp/auto_rebalancer-test.0.AutoRebalancerTest.MovesScheduledIfAddTserver.1780922441147520-12638-0/minicluster-data/ts-1-root
1 data directories: /tmp/dist-test-taskmdDhmj/test-tmp/auto_rebalancer-test.0.AutoRebalancerTest.MovesScheduledIfAddTserver.1780922441147520-12638-0/minicluster-data/ts-1-root/data
Total live blocks: 0
Total live bytes: 0
Total live bytes (after alignment): 0
Total number of LBM containers: 0 (0 full)
Did not check for missing blocks
Did not check for orphaned blocks
Total full LBM containers with extra space: 0 (0 repaired)
Total full LBM container extra space in bytes: 0 (0 repaired)
Total incomplete LBM containers: 0 (0 repaired)
Total LBM partial records: 0 (0 repaired)
Total corrupted LBM metadata records in RocksDB: 0 (0 repaired)
I20260608 12:41:03.452678 12638 rpc_server.cc:225] running with OpenSSL 1.1.1  11 Sep 2018
I20260608 12:41:03.453933 12638 kserver.cc:163] Server-wide thread pool size limit: 3276
I20260608 12:41:03.455451 12638 txn_system_client.cc:432] TxnSystemClient initialization is disabled...
I20260608 12:41:03.457749 12638 ts_tablet_manager.cc:585] Loaded tablet metadata (0 total tablets, 0 live tablets)
I20260608 12:41:03.457949 12638 ts_tablet_manager.cc:531] Time spent load tablet metadata: real 0.000s	user 0.000s	sys 0.000s
I20260608 12:41:03.458206 12638 ts_tablet_manager.cc:616] Registered 0 tablets
I20260608 12:41:03.458367 12638 ts_tablet_manager.cc:595] Time spent register tablets: real 0.000s	user 0.000s	sys 0.000s
I20260608 12:41:03.496626 12638 rpc_server.cc:307] RPC server started. Bound to: 127.12.87.130:44367
I20260608 12:41:03.496742 14499 acceptor_pool.cc:272] collecting diagnostics on the listening RPC socket 127.12.87.130:44367 every 8 connection(s)
I20260608 12:41:03.501689 12638 file_cache.cc:492] Constructed file cache file cache with capacity 419430
W20260608 12:41:03.509043 14503 instance_detector.cc:116] could not retrieve AWS instance metadata: Network error: curl error: HTTP response code said error: The requested URL returned error: 404
W20260608 12:41:03.511173 14504 instance_detector.cc:116] could not retrieve Azure instance metadata: Network error: curl error: HTTP response code said error: The requested URL returned error: 404
W20260608 12:41:03.512038 14506 instance_detector.cc:116] could not retrieve OpenStack instance metadata: Network error: curl error: HTTP response code said error: The requested URL returned error: 404
I20260608 12:41:03.512729 12638 server_base.cc:1061] running on GCE node
I20260608 12:41:03.513689 12638 hybrid_clock.cc:584] initializing the hybrid clock with 'system_unsync' time source
W20260608 12:41:03.513913 12638 system_unsync_time.cc:38] NTP support is disabled. Clock error bounds will not be accurate. This configuration is not suitable for distributed clusters.
I20260608 12:41:03.514156 12638 hybrid_clock.cc:648] HybridClock initialized: now 1780922463514112 us; error 0 us; skew 500 ppm
I20260608 12:41:03.514801 14500 heartbeater.cc:344] Connected to a master server at 127.12.87.190:46641
I20260608 12:41:03.514906 12638 server_base.cc:861] Flag tcmalloc_max_total_thread_cache_bytes is not working since tcmalloc is not enabled.
I20260608 12:41:03.515205 14500 heartbeater.cc:461] Registering TS with master...
I20260608 12:41:03.516044 14500 heartbeater.cc:507] Master 127.12.87.190:46641 requested a full tablet report, sending...
I20260608 12:41:03.517671 12638 webserver.cc:533] Webserver started at http://127.12.87.131:37039/ using document root <none> and password file <none>
I20260608 12:41:03.518246 12638 fs_manager.cc:362] Metadata directory not provided
I20260608 12:41:03.518237 14298 ts_manager.cc:194] Registered new tserver with Master: 1b77ddb0f5994363b28d82392ba1b4f7 (127.12.87.130:44367)
I20260608 12:41:03.518630 12638 fs_manager.cc:368] Using write-ahead log directory (fs_wal_dir) as metadata directory
I20260608 12:41:03.518918 12638 server_base.cc:909] This appears to be a new deployment of Kudu; creating new FS layout
I20260608 12:41:03.519769 14298 master_service.cc:502] Signed X509 certificate for tserver {username='slave'} at 127.0.0.1:52356
I20260608 12:41:03.520087 12638 fs_manager.cc:1068] Generated new instance metadata in path /tmp/dist-test-taskmdDhmj/test-tmp/auto_rebalancer-test.0.AutoRebalancerTest.MovesScheduledIfAddTserver.1780922441147520-12638-0/minicluster-data/ts-2-root/instance:
uuid: "585b17e98a5e40a7be9bcda851a341fd"
format_stamp: "Formatted at 2026-06-08 12:41:03 on dist-test-slave-40k3"
I20260608 12:41:03.524680 12638 fs_manager.cc:696] Time spent creating directory manager: real 0.004s	user 0.006s	sys 0.000s
I20260608 12:41:03.527984 14511 log_block_manager.cc:4031] Time spent loading block containers with low live blocks: real 0.000s	user 0.000s	sys 0.000s
I20260608 12:41:03.528714 12638 fs_manager.cc:730] Time spent opening block manager: real 0.002s	user 0.001s	sys 0.000s
I20260608 12:41:03.528988 12638 fs_manager.cc:647] Opened local filesystem: /tmp/dist-test-taskmdDhmj/test-tmp/auto_rebalancer-test.0.AutoRebalancerTest.MovesScheduledIfAddTserver.1780922441147520-12638-0/minicluster-data/ts-2-root
uuid: "585b17e98a5e40a7be9bcda851a341fd"
format_stamp: "Formatted at 2026-06-08 12:41:03 on dist-test-slave-40k3"
I20260608 12:41:03.529266 12638 fs_report.cc:389] FS layout report
--------------------
wal directory: /tmp/dist-test-taskmdDhmj/test-tmp/auto_rebalancer-test.0.AutoRebalancerTest.MovesScheduledIfAddTserver.1780922441147520-12638-0/minicluster-data/ts-2-root
metadata directory: /tmp/dist-test-taskmdDhmj/test-tmp/auto_rebalancer-test.0.AutoRebalancerTest.MovesScheduledIfAddTserver.1780922441147520-12638-0/minicluster-data/ts-2-root
1 data directories: /tmp/dist-test-taskmdDhmj/test-tmp/auto_rebalancer-test.0.AutoRebalancerTest.MovesScheduledIfAddTserver.1780922441147520-12638-0/minicluster-data/ts-2-root/data
Total live blocks: 0
Total live bytes: 0
Total live bytes (after alignment): 0
Total number of LBM containers: 0 (0 full)
Did not check for missing blocks
Did not check for orphaned blocks
Total full LBM containers with extra space: 0 (0 repaired)
Total full LBM container extra space in bytes: 0 (0 repaired)
Total incomplete LBM containers: 0 (0 repaired)
Total LBM partial records: 0 (0 repaired)
Total corrupted LBM metadata records in RocksDB: 0 (0 repaired)
I20260608 12:41:03.544725 12638 rpc_server.cc:225] running with OpenSSL 1.1.1  11 Sep 2018
I20260608 12:41:03.545894 12638 kserver.cc:163] Server-wide thread pool size limit: 3276
I20260608 12:41:03.547358 12638 txn_system_client.cc:432] TxnSystemClient initialization is disabled...
I20260608 12:41:03.549671 12638 ts_tablet_manager.cc:585] Loaded tablet metadata (0 total tablets, 0 live tablets)
I20260608 12:41:03.549873 12638 ts_tablet_manager.cc:531] Time spent load tablet metadata: real 0.000s	user 0.000s	sys 0.000s
I20260608 12:41:03.550102 12638 ts_tablet_manager.cc:616] Registered 0 tablets
I20260608 12:41:03.550280 12638 ts_tablet_manager.cc:595] Time spent register tablets: real 0.000s	user 0.000s	sys 0.001s
I20260608 12:41:03.588471 12638 rpc_server.cc:307] RPC server started. Bound to: 127.12.87.131:40491
I20260608 12:41:03.588572 14573 acceptor_pool.cc:272] collecting diagnostics on the listening RPC socket 127.12.87.131:40491 every 8 connection(s)
I20260608 12:41:03.601945 14574 heartbeater.cc:344] Connected to a master server at 127.12.87.190:46641
I20260608 12:41:03.602360 14574 heartbeater.cc:461] Registering TS with master...
I20260608 12:41:03.603128 14574 heartbeater.cc:507] Master 127.12.87.190:46641 requested a full tablet report, sending...
I20260608 12:41:03.605140 14298 ts_manager.cc:194] Registered new tserver with Master: 585b17e98a5e40a7be9bcda851a341fd (127.12.87.131:40491)
I20260608 12:41:03.606055 12638 internal_mini_cluster.cc:371] 3 TS(s) registered with all masters after 0.014336177s
I20260608 12:41:03.606477 14298 master_service.cc:502] Signed X509 certificate for tserver {username='slave'} at 127.0.0.1:52364
I20260608 12:41:04.408720 14425 heartbeater.cc:499] Master 127.12.87.190:46641 was elected leader, sending a full tablet report...
I20260608 12:41:04.522147 14500 heartbeater.cc:499] Master 127.12.87.190:46641 was elected leader, sending a full tablet report...
I20260608 12:41:04.609200 14574 heartbeater.cc:499] Master 127.12.87.190:46641 was elected leader, sending a full tablet report...
I20260608 12:41:04.661468 14298 catalog_manager.cc:2282] Servicing CreateTable request from {username='slave'} at 127.0.0.1:52378:
name: "test-workload"
schema {
  columns {
    name: "key"
    type: INT32
    is_key: true
    is_nullable: false
    encoding: AUTO_ENCODING
    compression: DEFAULT_COMPRESSION
    cfile_block_size: 0
    immutable: false
  }
  columns {
    name: "int_val"
    type: INT32
    is_key: false
    is_nullable: false
    encoding: AUTO_ENCODING
    compression: DEFAULT_COMPRESSION
    cfile_block_size: 0
    immutable: false
  }
  columns {
    name: "string_val"
    type: STRING
    is_key: false
    is_nullable: true
    encoding: AUTO_ENCODING
    compression: DEFAULT_COMPRESSION
    cfile_block_size: 0
    immutable: false
  }
}
num_replicas: 3
split_rows_range_bounds {
  rows: "\004\001\000\377\377\377?""\004\001\000\377\377\377?"
  indirect_data: """"
}
partition_schema {
  range_schema {
    columns {
      name: "key"
    }
  }
}
W20260608 12:41:04.663692 14298 catalog_manager.cc:7076] The number of live tablet servers is not enough to re-replicate a tablet replica of the newly created table test-workload in case of a server failure: 4 tablet servers would be needed, 3 are available. Consider bringing up more tablet servers.
I20260608 12:41:04.706456 14465 tablet_service.cc:1511] Processing CreateTablet for tablet 1b195574dbe742ffb5e36a573fa94ba6 (DEFAULT_TABLE table=test-workload [id=2f5b948d76e04ae39933fd01755630f8]), partition=RANGE (key) PARTITION VALUES < 1073741823
I20260608 12:41:04.706456 14464 tablet_service.cc:1511] Processing CreateTablet for tablet 336de983a53a4564aa7b6a85912267b3 (DEFAULT_TABLE table=test-workload [id=2f5b948d76e04ae39933fd01755630f8]), partition=RANGE (key) PARTITION 1073741823 <= VALUES
I20260608 12:41:04.708149 14465 data_dirs.cc:400] Could only allocate 1 dirs of requested 3 for tablet 1b195574dbe742ffb5e36a573fa94ba6. 1 dirs total, 0 dirs full, 0 dirs failed
I20260608 12:41:04.708859 14464 data_dirs.cc:400] Could only allocate 1 dirs of requested 3 for tablet 336de983a53a4564aa7b6a85912267b3. 1 dirs total, 0 dirs full, 0 dirs failed
I20260608 12:41:04.720047 14539 tablet_service.cc:1511] Processing CreateTablet for tablet 1b195574dbe742ffb5e36a573fa94ba6 (DEFAULT_TABLE table=test-workload [id=2f5b948d76e04ae39933fd01755630f8]), partition=RANGE (key) PARTITION VALUES < 1073741823
I20260608 12:41:04.721446 14539 data_dirs.cc:400] Could only allocate 1 dirs of requested 3 for tablet 1b195574dbe742ffb5e36a573fa94ba6. 1 dirs total, 0 dirs full, 0 dirs failed
I20260608 12:41:04.726281 14538 tablet_service.cc:1511] Processing CreateTablet for tablet 336de983a53a4564aa7b6a85912267b3 (DEFAULT_TABLE table=test-workload [id=2f5b948d76e04ae39933fd01755630f8]), partition=RANGE (key) PARTITION 1073741823 <= VALUES
I20260608 12:41:04.726794 14390 tablet_service.cc:1511] Processing CreateTablet for tablet 1b195574dbe742ffb5e36a573fa94ba6 (DEFAULT_TABLE table=test-workload [id=2f5b948d76e04ae39933fd01755630f8]), partition=RANGE (key) PARTITION VALUES < 1073741823
I20260608 12:41:04.727811 14538 data_dirs.cc:400] Could only allocate 1 dirs of requested 3 for tablet 336de983a53a4564aa7b6a85912267b3. 1 dirs total, 0 dirs full, 0 dirs failed
I20260608 12:41:04.728282 14390 data_dirs.cc:400] Could only allocate 1 dirs of requested 3 for tablet 1b195574dbe742ffb5e36a573fa94ba6. 1 dirs total, 0 dirs full, 0 dirs failed
I20260608 12:41:04.730772 14389 tablet_service.cc:1511] Processing CreateTablet for tablet 336de983a53a4564aa7b6a85912267b3 (DEFAULT_TABLE table=test-workload [id=2f5b948d76e04ae39933fd01755630f8]), partition=RANGE (key) PARTITION 1073741823 <= VALUES
I20260608 12:41:04.732061 14389 data_dirs.cc:400] Could only allocate 1 dirs of requested 3 for tablet 336de983a53a4564aa7b6a85912267b3. 1 dirs total, 0 dirs full, 0 dirs failed
I20260608 12:41:04.742156 14593 tablet_bootstrap.cc:492] T 1b195574dbe742ffb5e36a573fa94ba6 P 1b77ddb0f5994363b28d82392ba1b4f7: Bootstrap starting.
I20260608 12:41:04.744283 14594 tablet_bootstrap.cc:492] T 1b195574dbe742ffb5e36a573fa94ba6 P 585b17e98a5e40a7be9bcda851a341fd: Bootstrap starting.
I20260608 12:41:04.753388 14593 tablet_bootstrap.cc:654] T 1b195574dbe742ffb5e36a573fa94ba6 P 1b77ddb0f5994363b28d82392ba1b4f7: Neither blocks nor log segments found. Creating new log.
I20260608 12:41:04.757573 14595 tablet_bootstrap.cc:492] T 1b195574dbe742ffb5e36a573fa94ba6 P 0c6f913724ae41fba6f69b0e51935ac4: Bootstrap starting.
I20260608 12:41:04.758379 14593 tablet_bootstrap.cc:492] T 1b195574dbe742ffb5e36a573fa94ba6 P 1b77ddb0f5994363b28d82392ba1b4f7: No bootstrap required, opened a new log
I20260608 12:41:04.758788 14593 ts_tablet_manager.cc:1403] T 1b195574dbe742ffb5e36a573fa94ba6 P 1b77ddb0f5994363b28d82392ba1b4f7: Time spent bootstrapping tablet: real 0.017s	user 0.004s	sys 0.008s
I20260608 12:41:04.761024 14593 raft_consensus.cc:359] T 1b195574dbe742ffb5e36a573fa94ba6 P 1b77ddb0f5994363b28d82392ba1b4f7 [term 0 FOLLOWER]: Replica starting. Triggering 0 pending ops. Active config: opid_index: -1 OBSOLETE_local: false peers { permanent_uuid: "1b77ddb0f5994363b28d82392ba1b4f7" member_type: VOTER last_known_addr { host: "127.12.87.130" port: 44367 } } peers { permanent_uuid: "0c6f913724ae41fba6f69b0e51935ac4" member_type: VOTER last_known_addr { host: "127.12.87.129" port: 32955 } } peers { permanent_uuid: "585b17e98a5e40a7be9bcda851a341fd" member_type: VOTER last_known_addr { host: "127.12.87.131" port: 40491 } }
I20260608 12:41:04.761427 14594 tablet_bootstrap.cc:654] T 1b195574dbe742ffb5e36a573fa94ba6 P 585b17e98a5e40a7be9bcda851a341fd: Neither blocks nor log segments found. Creating new log.
I20260608 12:41:04.761584 14593 raft_consensus.cc:385] T 1b195574dbe742ffb5e36a573fa94ba6 P 1b77ddb0f5994363b28d82392ba1b4f7 [term 0 FOLLOWER]: Consensus starting up: Expiring failure detector timer to make a prompt election more likely
I20260608 12:41:04.761963 14593 raft_consensus.cc:740] T 1b195574dbe742ffb5e36a573fa94ba6 P 1b77ddb0f5994363b28d82392ba1b4f7 [term 0 FOLLOWER]: Becoming Follower/Learner. State: Replica: 1b77ddb0f5994363b28d82392ba1b4f7, State: Initialized, Role: FOLLOWER
I20260608 12:41:04.762764 14593 consensus_queue.cc:260] T 1b195574dbe742ffb5e36a573fa94ba6 P 1b77ddb0f5994363b28d82392ba1b4f7 [NON_LEADER]: Queue going to NON_LEADER mode. State: All replicated index: 0, Majority replicated index: 0, Committed index: 0, Last appended: 0.0, Last appended by leader: 0, Current term: 0, Majority size: -1, State: 0, Mode: NON_LEADER, active raft config: opid_index: -1 OBSOLETE_local: false peers { permanent_uuid: "1b77ddb0f5994363b28d82392ba1b4f7" member_type: VOTER last_known_addr { host: "127.12.87.130" port: 44367 } } peers { permanent_uuid: "0c6f913724ae41fba6f69b0e51935ac4" member_type: VOTER last_known_addr { host: "127.12.87.129" port: 32955 } } peers { permanent_uuid: "585b17e98a5e40a7be9bcda851a341fd" member_type: VOTER last_known_addr { host: "127.12.87.131" port: 40491 } }
I20260608 12:41:04.765064 14595 tablet_bootstrap.cc:654] T 1b195574dbe742ffb5e36a573fa94ba6 P 0c6f913724ae41fba6f69b0e51935ac4: Neither blocks nor log segments found. Creating new log.
I20260608 12:41:04.769201 14593 ts_tablet_manager.cc:1434] T 1b195574dbe742ffb5e36a573fa94ba6 P 1b77ddb0f5994363b28d82392ba1b4f7: Time spent starting tablet: real 0.010s	user 0.010s	sys 0.000s
I20260608 12:41:04.770254 14593 tablet_bootstrap.cc:492] T 336de983a53a4564aa7b6a85912267b3 P 1b77ddb0f5994363b28d82392ba1b4f7: Bootstrap starting.
I20260608 12:41:04.773535 14594 tablet_bootstrap.cc:492] T 1b195574dbe742ffb5e36a573fa94ba6 P 585b17e98a5e40a7be9bcda851a341fd: No bootstrap required, opened a new log
I20260608 12:41:04.774094 14594 ts_tablet_manager.cc:1403] T 1b195574dbe742ffb5e36a573fa94ba6 P 585b17e98a5e40a7be9bcda851a341fd: Time spent bootstrapping tablet: real 0.030s	user 0.009s	sys 0.007s
I20260608 12:41:04.776659 14593 tablet_bootstrap.cc:654] T 336de983a53a4564aa7b6a85912267b3 P 1b77ddb0f5994363b28d82392ba1b4f7: Neither blocks nor log segments found. Creating new log.
I20260608 12:41:04.776943 14595 tablet_bootstrap.cc:492] T 1b195574dbe742ffb5e36a573fa94ba6 P 0c6f913724ae41fba6f69b0e51935ac4: No bootstrap required, opened a new log
I20260608 12:41:04.777443 14595 ts_tablet_manager.cc:1403] T 1b195574dbe742ffb5e36a573fa94ba6 P 0c6f913724ae41fba6f69b0e51935ac4: Time spent bootstrapping tablet: real 0.020s	user 0.010s	sys 0.007s
I20260608 12:41:04.777163 14594 raft_consensus.cc:359] T 1b195574dbe742ffb5e36a573fa94ba6 P 585b17e98a5e40a7be9bcda851a341fd [term 0 FOLLOWER]: Replica starting. Triggering 0 pending ops. Active config: opid_index: -1 OBSOLETE_local: false peers { permanent_uuid: "1b77ddb0f5994363b28d82392ba1b4f7" member_type: VOTER last_known_addr { host: "127.12.87.130" port: 44367 } } peers { permanent_uuid: "0c6f913724ae41fba6f69b0e51935ac4" member_type: VOTER last_known_addr { host: "127.12.87.129" port: 32955 } } peers { permanent_uuid: "585b17e98a5e40a7be9bcda851a341fd" member_type: VOTER last_known_addr { host: "127.12.87.131" port: 40491 } }
I20260608 12:41:04.777887 14594 raft_consensus.cc:385] T 1b195574dbe742ffb5e36a573fa94ba6 P 585b17e98a5e40a7be9bcda851a341fd [term 0 FOLLOWER]: Consensus starting up: Expiring failure detector timer to make a prompt election more likely
I20260608 12:41:04.778218 14594 raft_consensus.cc:740] T 1b195574dbe742ffb5e36a573fa94ba6 P 585b17e98a5e40a7be9bcda851a341fd [term 0 FOLLOWER]: Becoming Follower/Learner. State: Replica: 585b17e98a5e40a7be9bcda851a341fd, State: Initialized, Role: FOLLOWER
I20260608 12:41:04.779248 14594 consensus_queue.cc:260] T 1b195574dbe742ffb5e36a573fa94ba6 P 585b17e98a5e40a7be9bcda851a341fd [NON_LEADER]: Queue going to NON_LEADER mode. State: All replicated index: 0, Majority replicated index: 0, Committed index: 0, Last appended: 0.0, Last appended by leader: 0, Current term: 0, Majority size: -1, State: 0, Mode: NON_LEADER, active raft config: opid_index: -1 OBSOLETE_local: false peers { permanent_uuid: "1b77ddb0f5994363b28d82392ba1b4f7" member_type: VOTER last_known_addr { host: "127.12.87.130" port: 44367 } } peers { permanent_uuid: "0c6f913724ae41fba6f69b0e51935ac4" member_type: VOTER last_known_addr { host: "127.12.87.129" port: 32955 } } peers { permanent_uuid: "585b17e98a5e40a7be9bcda851a341fd" member_type: VOTER last_known_addr { host: "127.12.87.131" port: 40491 } }
I20260608 12:41:04.780412 14595 raft_consensus.cc:359] T 1b195574dbe742ffb5e36a573fa94ba6 P 0c6f913724ae41fba6f69b0e51935ac4 [term 0 FOLLOWER]: Replica starting. Triggering 0 pending ops. Active config: opid_index: -1 OBSOLETE_local: false peers { permanent_uuid: "1b77ddb0f5994363b28d82392ba1b4f7" member_type: VOTER last_known_addr { host: "127.12.87.130" port: 44367 } } peers { permanent_uuid: "0c6f913724ae41fba6f69b0e51935ac4" member_type: VOTER last_known_addr { host: "127.12.87.129" port: 32955 } } peers { permanent_uuid: "585b17e98a5e40a7be9bcda851a341fd" member_type: VOTER last_known_addr { host: "127.12.87.131" port: 40491 } }
I20260608 12:41:04.781200 14595 raft_consensus.cc:385] T 1b195574dbe742ffb5e36a573fa94ba6 P 0c6f913724ae41fba6f69b0e51935ac4 [term 0 FOLLOWER]: Consensus starting up: Expiring failure detector timer to make a prompt election more likely
I20260608 12:41:04.781515 14595 raft_consensus.cc:740] T 1b195574dbe742ffb5e36a573fa94ba6 P 0c6f913724ae41fba6f69b0e51935ac4 [term 0 FOLLOWER]: Becoming Follower/Learner. State: Replica: 0c6f913724ae41fba6f69b0e51935ac4, State: Initialized, Role: FOLLOWER
I20260608 12:41:04.782618 14595 consensus_queue.cc:260] T 1b195574dbe742ffb5e36a573fa94ba6 P 0c6f913724ae41fba6f69b0e51935ac4 [NON_LEADER]: Queue going to NON_LEADER mode. State: All replicated index: 0, Majority replicated index: 0, Committed index: 0, Last appended: 0.0, Last appended by leader: 0, Current term: 0, Majority size: -1, State: 0, Mode: NON_LEADER, active raft config: opid_index: -1 OBSOLETE_local: false peers { permanent_uuid: "1b77ddb0f5994363b28d82392ba1b4f7" member_type: VOTER last_known_addr { host: "127.12.87.130" port: 44367 } } peers { permanent_uuid: "0c6f913724ae41fba6f69b0e51935ac4" member_type: VOTER last_known_addr { host: "127.12.87.129" port: 32955 } } peers { permanent_uuid: "585b17e98a5e40a7be9bcda851a341fd" member_type: VOTER last_known_addr { host: "127.12.87.131" port: 40491 } }
I20260608 12:41:04.788288 14594 ts_tablet_manager.cc:1434] T 1b195574dbe742ffb5e36a573fa94ba6 P 585b17e98a5e40a7be9bcda851a341fd: Time spent starting tablet: real 0.014s	user 0.004s	sys 0.009s
I20260608 12:41:04.789459 14594 tablet_bootstrap.cc:492] T 336de983a53a4564aa7b6a85912267b3 P 585b17e98a5e40a7be9bcda851a341fd: Bootstrap starting.
I20260608 12:41:04.789829 14593 tablet_bootstrap.cc:492] T 336de983a53a4564aa7b6a85912267b3 P 1b77ddb0f5994363b28d82392ba1b4f7: No bootstrap required, opened a new log
I20260608 12:41:04.790356 14593 ts_tablet_manager.cc:1403] T 336de983a53a4564aa7b6a85912267b3 P 1b77ddb0f5994363b28d82392ba1b4f7: Time spent bootstrapping tablet: real 0.020s	user 0.014s	sys 0.004s
I20260608 12:41:04.793458 14593 raft_consensus.cc:359] T 336de983a53a4564aa7b6a85912267b3 P 1b77ddb0f5994363b28d82392ba1b4f7 [term 0 FOLLOWER]: Replica starting. Triggering 0 pending ops. Active config: opid_index: -1 OBSOLETE_local: false peers { permanent_uuid: "0c6f913724ae41fba6f69b0e51935ac4" member_type: VOTER last_known_addr { host: "127.12.87.129" port: 32955 } } peers { permanent_uuid: "1b77ddb0f5994363b28d82392ba1b4f7" member_type: VOTER last_known_addr { host: "127.12.87.130" port: 44367 } } peers { permanent_uuid: "585b17e98a5e40a7be9bcda851a341fd" member_type: VOTER last_known_addr { host: "127.12.87.131" port: 40491 } }
I20260608 12:41:04.794160 14593 raft_consensus.cc:385] T 336de983a53a4564aa7b6a85912267b3 P 1b77ddb0f5994363b28d82392ba1b4f7 [term 0 FOLLOWER]: Consensus starting up: Expiring failure detector timer to make a prompt election more likely
I20260608 12:41:04.794466 14593 raft_consensus.cc:740] T 336de983a53a4564aa7b6a85912267b3 P 1b77ddb0f5994363b28d82392ba1b4f7 [term 0 FOLLOWER]: Becoming Follower/Learner. State: Replica: 1b77ddb0f5994363b28d82392ba1b4f7, State: Initialized, Role: FOLLOWER
I20260608 12:41:04.795203 14593 consensus_queue.cc:260] T 336de983a53a4564aa7b6a85912267b3 P 1b77ddb0f5994363b28d82392ba1b4f7 [NON_LEADER]: Queue going to NON_LEADER mode. State: All replicated index: 0, Majority replicated index: 0, Committed index: 0, Last appended: 0.0, Last appended by leader: 0, Current term: 0, Majority size: -1, State: 0, Mode: NON_LEADER, active raft config: opid_index: -1 OBSOLETE_local: false peers { permanent_uuid: "0c6f913724ae41fba6f69b0e51935ac4" member_type: VOTER last_known_addr { host: "127.12.87.129" port: 32955 } } peers { permanent_uuid: "1b77ddb0f5994363b28d82392ba1b4f7" member_type: VOTER last_known_addr { host: "127.12.87.130" port: 44367 } } peers { permanent_uuid: "585b17e98a5e40a7be9bcda851a341fd" member_type: VOTER last_known_addr { host: "127.12.87.131" port: 40491 } }
I20260608 12:41:04.795542 14601 raft_consensus.cc:493] T 1b195574dbe742ffb5e36a573fa94ba6 P 585b17e98a5e40a7be9bcda851a341fd [term 0 FOLLOWER]: Starting pre-election (no leader contacted us within the election timeout)
I20260608 12:41:04.796129 14601 raft_consensus.cc:515] T 1b195574dbe742ffb5e36a573fa94ba6 P 585b17e98a5e40a7be9bcda851a341fd [term 0 FOLLOWER]: Starting pre-election with config: opid_index: -1 OBSOLETE_local: false peers { permanent_uuid: "1b77ddb0f5994363b28d82392ba1b4f7" member_type: VOTER last_known_addr { host: "127.12.87.130" port: 44367 } } peers { permanent_uuid: "0c6f913724ae41fba6f69b0e51935ac4" member_type: VOTER last_known_addr { host: "127.12.87.129" port: 32955 } } peers { permanent_uuid: "585b17e98a5e40a7be9bcda851a341fd" member_type: VOTER last_known_addr { host: "127.12.87.131" port: 40491 } }
I20260608 12:41:04.797658 14595 ts_tablet_manager.cc:1434] T 1b195574dbe742ffb5e36a573fa94ba6 P 0c6f913724ae41fba6f69b0e51935ac4: Time spent starting tablet: real 0.020s	user 0.013s	sys 0.007s
I20260608 12:41:04.798621 14593 ts_tablet_manager.cc:1434] T 336de983a53a4564aa7b6a85912267b3 P 1b77ddb0f5994363b28d82392ba1b4f7: Time spent starting tablet: real 0.008s	user 0.007s	sys 0.000s
I20260608 12:41:04.798743 14595 tablet_bootstrap.cc:492] T 336de983a53a4564aa7b6a85912267b3 P 0c6f913724ae41fba6f69b0e51935ac4: Bootstrap starting.
I20260608 12:41:04.801469 14601 leader_election.cc:290] T 1b195574dbe742ffb5e36a573fa94ba6 P 585b17e98a5e40a7be9bcda851a341fd [CANDIDATE]: Term 1 pre-election: Requested pre-vote from peers 1b77ddb0f5994363b28d82392ba1b4f7 (127.12.87.130:44367), 0c6f913724ae41fba6f69b0e51935ac4 (127.12.87.129:32955)
I20260608 12:41:04.805847 14595 tablet_bootstrap.cc:654] T 336de983a53a4564aa7b6a85912267b3 P 0c6f913724ae41fba6f69b0e51935ac4: Neither blocks nor log segments found. Creating new log.
I20260608 12:41:04.813422 14594 tablet_bootstrap.cc:654] T 336de983a53a4564aa7b6a85912267b3 P 585b17e98a5e40a7be9bcda851a341fd: Neither blocks nor log segments found. Creating new log.
I20260608 12:41:04.817965 14595 tablet_bootstrap.cc:492] T 336de983a53a4564aa7b6a85912267b3 P 0c6f913724ae41fba6f69b0e51935ac4: No bootstrap required, opened a new log
I20260608 12:41:04.818572 14595 ts_tablet_manager.cc:1403] T 336de983a53a4564aa7b6a85912267b3 P 0c6f913724ae41fba6f69b0e51935ac4: Time spent bootstrapping tablet: real 0.020s	user 0.009s	sys 0.009s
I20260608 12:41:04.820870 14475 tablet_service.cc:1917] Received RequestConsensusVote() RPC: tablet_id: "1b195574dbe742ffb5e36a573fa94ba6" candidate_uuid: "585b17e98a5e40a7be9bcda851a341fd" candidate_term: 1 candidate_status { last_received { term: 0 index: 0 } } ignore_live_leader: false dest_uuid: "1b77ddb0f5994363b28d82392ba1b4f7" is_pre_election: true
I20260608 12:41:04.821580 14475 raft_consensus.cc:2468] T 1b195574dbe742ffb5e36a573fa94ba6 P 1b77ddb0f5994363b28d82392ba1b4f7 [term 0 FOLLOWER]: Leader pre-election vote request: Granting yes vote for candidate 585b17e98a5e40a7be9bcda851a341fd in term 0.
I20260608 12:41:04.821838 14595 raft_consensus.cc:359] T 336de983a53a4564aa7b6a85912267b3 P 0c6f913724ae41fba6f69b0e51935ac4 [term 0 FOLLOWER]: Replica starting. Triggering 0 pending ops. Active config: opid_index: -1 OBSOLETE_local: false peers { permanent_uuid: "0c6f913724ae41fba6f69b0e51935ac4" member_type: VOTER last_known_addr { host: "127.12.87.129" port: 32955 } } peers { permanent_uuid: "1b77ddb0f5994363b28d82392ba1b4f7" member_type: VOTER last_known_addr { host: "127.12.87.130" port: 44367 } } peers { permanent_uuid: "585b17e98a5e40a7be9bcda851a341fd" member_type: VOTER last_known_addr { host: "127.12.87.131" port: 40491 } }
I20260608 12:41:04.822722 14595 raft_consensus.cc:385] T 336de983a53a4564aa7b6a85912267b3 P 0c6f913724ae41fba6f69b0e51935ac4 [term 0 FOLLOWER]: Consensus starting up: Expiring failure detector timer to make a prompt election more likely
I20260608 12:41:04.823040 14595 raft_consensus.cc:740] T 336de983a53a4564aa7b6a85912267b3 P 0c6f913724ae41fba6f69b0e51935ac4 [term 0 FOLLOWER]: Becoming Follower/Learner. State: Replica: 0c6f913724ae41fba6f69b0e51935ac4, State: Initialized, Role: FOLLOWER
I20260608 12:41:04.823969 14595 consensus_queue.cc:260] T 336de983a53a4564aa7b6a85912267b3 P 0c6f913724ae41fba6f69b0e51935ac4 [NON_LEADER]: Queue going to NON_LEADER mode. State: All replicated index: 0, Majority replicated index: 0, Committed index: 0, Last appended: 0.0, Last appended by leader: 0, Current term: 0, Majority size: -1, State: 0, Mode: NON_LEADER, active raft config: opid_index: -1 OBSOLETE_local: false peers { permanent_uuid: "0c6f913724ae41fba6f69b0e51935ac4" member_type: VOTER last_known_addr { host: "127.12.87.129" port: 32955 } } peers { permanent_uuid: "1b77ddb0f5994363b28d82392ba1b4f7" member_type: VOTER last_known_addr { host: "127.12.87.130" port: 44367 } } peers { permanent_uuid: "585b17e98a5e40a7be9bcda851a341fd" member_type: VOTER last_known_addr { host: "127.12.87.131" port: 40491 } }
I20260608 12:41:04.823468 14514 leader_election.cc:304] T 1b195574dbe742ffb5e36a573fa94ba6 P 585b17e98a5e40a7be9bcda851a341fd [CANDIDATE]: Term 1 pre-election: Election decided. Result: candidate won. Election summary: received 2 responses out of 3 voters: 2 yes votes; 0 no votes. yes voters: 1b77ddb0f5994363b28d82392ba1b4f7, 585b17e98a5e40a7be9bcda851a341fd; no voters: 
I20260608 12:41:04.825256 14601 raft_consensus.cc:2804] T 1b195574dbe742ffb5e36a573fa94ba6 P 585b17e98a5e40a7be9bcda851a341fd [term 0 FOLLOWER]: Leader pre-election won for term 1
I20260608 12:41:04.825616 14601 raft_consensus.cc:493] T 1b195574dbe742ffb5e36a573fa94ba6 P 585b17e98a5e40a7be9bcda851a341fd [term 0 FOLLOWER]: Starting leader election (no leader contacted us within the election timeout)
I20260608 12:41:04.825961 14601 raft_consensus.cc:3060] T 1b195574dbe742ffb5e36a573fa94ba6 P 585b17e98a5e40a7be9bcda851a341fd [term 0 FOLLOWER]: Advancing to term 1
I20260608 12:41:04.827782 14400 tablet_service.cc:1917] Received RequestConsensusVote() RPC: tablet_id: "1b195574dbe742ffb5e36a573fa94ba6" candidate_uuid: "585b17e98a5e40a7be9bcda851a341fd" candidate_term: 1 candidate_status { last_received { term: 0 index: 0 } } ignore_live_leader: false dest_uuid: "0c6f913724ae41fba6f69b0e51935ac4" is_pre_election: true
I20260608 12:41:04.828474 14400 raft_consensus.cc:2468] T 1b195574dbe742ffb5e36a573fa94ba6 P 0c6f913724ae41fba6f69b0e51935ac4 [term 0 FOLLOWER]: Leader pre-election vote request: Granting yes vote for candidate 585b17e98a5e40a7be9bcda851a341fd in term 0.
I20260608 12:41:04.828697 14595 ts_tablet_manager.cc:1434] T 336de983a53a4564aa7b6a85912267b3 P 0c6f913724ae41fba6f69b0e51935ac4: Time spent starting tablet: real 0.010s	user 0.004s	sys 0.002s
I20260608 12:41:04.830626 14594 tablet_bootstrap.cc:492] T 336de983a53a4564aa7b6a85912267b3 P 585b17e98a5e40a7be9bcda851a341fd: No bootstrap required, opened a new log
I20260608 12:41:04.831172 14594 ts_tablet_manager.cc:1403] T 336de983a53a4564aa7b6a85912267b3 P 585b17e98a5e40a7be9bcda851a341fd: Time spent bootstrapping tablet: real 0.042s	user 0.015s	sys 0.005s
I20260608 12:41:04.832834 14601 raft_consensus.cc:515] T 1b195574dbe742ffb5e36a573fa94ba6 P 585b17e98a5e40a7be9bcda851a341fd [term 1 FOLLOWER]: Starting leader election with config: opid_index: -1 OBSOLETE_local: false peers { permanent_uuid: "1b77ddb0f5994363b28d82392ba1b4f7" member_type: VOTER last_known_addr { host: "127.12.87.130" port: 44367 } } peers { permanent_uuid: "0c6f913724ae41fba6f69b0e51935ac4" member_type: VOTER last_known_addr { host: "127.12.87.129" port: 32955 } } peers { permanent_uuid: "585b17e98a5e40a7be9bcda851a341fd" member_type: VOTER last_known_addr { host: "127.12.87.131" port: 40491 } }
I20260608 12:41:04.833544 14594 raft_consensus.cc:359] T 336de983a53a4564aa7b6a85912267b3 P 585b17e98a5e40a7be9bcda851a341fd [term 0 FOLLOWER]: Replica starting. Triggering 0 pending ops. Active config: opid_index: -1 OBSOLETE_local: false peers { permanent_uuid: "0c6f913724ae41fba6f69b0e51935ac4" member_type: VOTER last_known_addr { host: "127.12.87.129" port: 32955 } } peers { permanent_uuid: "1b77ddb0f5994363b28d82392ba1b4f7" member_type: VOTER last_known_addr { host: "127.12.87.130" port: 44367 } } peers { permanent_uuid: "585b17e98a5e40a7be9bcda851a341fd" member_type: VOTER last_known_addr { host: "127.12.87.131" port: 40491 } }
I20260608 12:41:04.834263 14594 raft_consensus.cc:385] T 336de983a53a4564aa7b6a85912267b3 P 585b17e98a5e40a7be9bcda851a341fd [term 0 FOLLOWER]: Consensus starting up: Expiring failure detector timer to make a prompt election more likely
I20260608 12:41:04.834728 14601 leader_election.cc:290] T 1b195574dbe742ffb5e36a573fa94ba6 P 585b17e98a5e40a7be9bcda851a341fd [CANDIDATE]: Term 1 election: Requested vote from peers 1b77ddb0f5994363b28d82392ba1b4f7 (127.12.87.130:44367), 0c6f913724ae41fba6f69b0e51935ac4 (127.12.87.129:32955)
I20260608 12:41:04.835438 14475 tablet_service.cc:1917] Received RequestConsensusVote() RPC: tablet_id: "1b195574dbe742ffb5e36a573fa94ba6" candidate_uuid: "585b17e98a5e40a7be9bcda851a341fd" candidate_term: 1 candidate_status { last_received { term: 0 index: 0 } } ignore_live_leader: false dest_uuid: "1b77ddb0f5994363b28d82392ba1b4f7"
I20260608 12:41:04.836000 14475 raft_consensus.cc:3060] T 1b195574dbe742ffb5e36a573fa94ba6 P 1b77ddb0f5994363b28d82392ba1b4f7 [term 0 FOLLOWER]: Advancing to term 1
I20260608 12:41:04.837210 14400 tablet_service.cc:1917] Received RequestConsensusVote() RPC: tablet_id: "1b195574dbe742ffb5e36a573fa94ba6" candidate_uuid: "585b17e98a5e40a7be9bcda851a341fd" candidate_term: 1 candidate_status { last_received { term: 0 index: 0 } } ignore_live_leader: false dest_uuid: "0c6f913724ae41fba6f69b0e51935ac4"
I20260608 12:41:04.837738 14400 raft_consensus.cc:3060] T 1b195574dbe742ffb5e36a573fa94ba6 P 0c6f913724ae41fba6f69b0e51935ac4 [term 0 FOLLOWER]: Advancing to term 1
I20260608 12:41:04.834560 14594 raft_consensus.cc:740] T 336de983a53a4564aa7b6a85912267b3 P 585b17e98a5e40a7be9bcda851a341fd [term 0 FOLLOWER]: Becoming Follower/Learner. State: Replica: 585b17e98a5e40a7be9bcda851a341fd, State: Initialized, Role: FOLLOWER
I20260608 12:41:04.839286 14594 consensus_queue.cc:260] T 336de983a53a4564aa7b6a85912267b3 P 585b17e98a5e40a7be9bcda851a341fd [NON_LEADER]: Queue going to NON_LEADER mode. State: All replicated index: 0, Majority replicated index: 0, Committed index: 0, Last appended: 0.0, Last appended by leader: 0, Current term: 0, Majority size: -1, State: 0, Mode: NON_LEADER, active raft config: opid_index: -1 OBSOLETE_local: false peers { permanent_uuid: "0c6f913724ae41fba6f69b0e51935ac4" member_type: VOTER last_known_addr { host: "127.12.87.129" port: 32955 } } peers { permanent_uuid: "1b77ddb0f5994363b28d82392ba1b4f7" member_type: VOTER last_known_addr { host: "127.12.87.130" port: 44367 } } peers { permanent_uuid: "585b17e98a5e40a7be9bcda851a341fd" member_type: VOTER last_known_addr { host: "127.12.87.131" port: 40491 } }
I20260608 12:41:04.842542 14594 ts_tablet_manager.cc:1434] T 336de983a53a4564aa7b6a85912267b3 P 585b17e98a5e40a7be9bcda851a341fd: Time spent starting tablet: real 0.011s	user 0.007s	sys 0.001s
I20260608 12:41:04.841550 14475 raft_consensus.cc:2468] T 1b195574dbe742ffb5e36a573fa94ba6 P 1b77ddb0f5994363b28d82392ba1b4f7 [term 1 FOLLOWER]: Leader election vote request: Granting yes vote for candidate 585b17e98a5e40a7be9bcda851a341fd in term 1.
I20260608 12:41:04.844110 14514 leader_election.cc:304] T 1b195574dbe742ffb5e36a573fa94ba6 P 585b17e98a5e40a7be9bcda851a341fd [CANDIDATE]: Term 1 election: Election decided. Result: candidate won. Election summary: received 2 responses out of 3 voters: 2 yes votes; 0 no votes. yes voters: 1b77ddb0f5994363b28d82392ba1b4f7, 585b17e98a5e40a7be9bcda851a341fd; no voters: 
I20260608 12:41:04.844882 14601 raft_consensus.cc:2804] T 1b195574dbe742ffb5e36a573fa94ba6 P 585b17e98a5e40a7be9bcda851a341fd [term 1 FOLLOWER]: Leader election won for term 1
I20260608 12:41:04.845290 14601 raft_consensus.cc:697] T 1b195574dbe742ffb5e36a573fa94ba6 P 585b17e98a5e40a7be9bcda851a341fd [term 1 LEADER]: Becoming Leader. State: Replica: 585b17e98a5e40a7be9bcda851a341fd, State: Running, Role: LEADER
I20260608 12:41:04.845968 14601 consensus_queue.cc:237] T 1b195574dbe742ffb5e36a573fa94ba6 P 585b17e98a5e40a7be9bcda851a341fd [LEADER]: Queue going to LEADER mode. State: All replicated index: 0, Majority replicated index: 0, Committed index: 0, Last appended: 0.0, Last appended by leader: 0, Current term: 1, Majority size: 2, State: 0, Mode: LEADER, active raft config: opid_index: -1 OBSOLETE_local: false peers { permanent_uuid: "1b77ddb0f5994363b28d82392ba1b4f7" member_type: VOTER last_known_addr { host: "127.12.87.130" port: 44367 } } peers { permanent_uuid: "0c6f913724ae41fba6f69b0e51935ac4" member_type: VOTER last_known_addr { host: "127.12.87.129" port: 32955 } } peers { permanent_uuid: "585b17e98a5e40a7be9bcda851a341fd" member_type: VOTER last_known_addr { host: "127.12.87.131" port: 40491 } }
I20260608 12:41:04.847098 14400 raft_consensus.cc:2468] T 1b195574dbe742ffb5e36a573fa94ba6 P 0c6f913724ae41fba6f69b0e51935ac4 [term 1 FOLLOWER]: Leader election vote request: Granting yes vote for candidate 585b17e98a5e40a7be9bcda851a341fd in term 1.
