I20260608 12:41:34.008767 15218 tablet_service.cc:1511] Processing CreateTablet for tablet 1d04a827bc81404ca0fa719bb551dbf6 (DEFAULT_TABLE table=range_aware_auto_rebalancer_test [id=bb1f75f97d244a54849477cb7164cedc]), partition=HASH (key) PARTITION 1, RANGE (key) PARTITION 10 <= VALUES < 20
I20260608 12:41:34.010095 15218 data_dirs.cc:400] Could only allocate 1 dirs of requested 3 for tablet 1d04a827bc81404ca0fa719bb551dbf6. 1 dirs total, 0 dirs full, 0 dirs failed
I20260608 12:41:34.009835 15422 raft_consensus.cc:359] T 64ccd8b9099d45a4aca6e3789db41986 P f648461c787b4cac8a5e0708513a149f [term 0 FOLLOWER]: Replica starting. Triggering 0 pending ops. Active config: opid_index: -1 OBSOLETE_local: false peers { permanent_uuid: "0807c188264d4cd6a111746f62cb1c86" member_type: VOTER last_known_addr { host: "127.12.66.65" port: 37519 } } peers { permanent_uuid: "f648461c787b4cac8a5e0708513a149f" member_type: VOTER last_known_addr { host: "127.12.66.66" port: 45919 } } peers { permanent_uuid: "524ad1cccb734f609c41078d1be322ad" member_type: VOTER last_known_addr { host: "127.12.66.67" port: 39169 } }
I20260608 12:41:34.010589 15422 raft_consensus.cc:385] T 64ccd8b9099d45a4aca6e3789db41986 P f648461c787b4cac8a5e0708513a149f [term 0 FOLLOWER]: Consensus starting up: Expiring failure detector timer to make a prompt election more likely
I20260608 12:41:34.010896 15422 raft_consensus.cc:740] T 64ccd8b9099d45a4aca6e3789db41986 P f648461c787b4cac8a5e0708513a149f [term 0 FOLLOWER]: Becoming Follower/Learner. State: Replica: f648461c787b4cac8a5e0708513a149f, State: Initialized, Role: FOLLOWER
I20260608 12:41:34.011951 15422 consensus_queue.cc:260] T 64ccd8b9099d45a4aca6e3789db41986 P f648461c787b4cac8a5e0708513a149f [NON_LEADER]: Queue going to NON_LEADER mode. State: All replicated index: 0, Majority replicated index: 0, Committed index: 0, Last appended: 0.0, Last appended by leader: 0, Current term: 0, Majority size: -1, State: 0, Mode: NON_LEADER, active raft config: opid_index: -1 OBSOLETE_local: false peers { permanent_uuid: "0807c188264d4cd6a111746f62cb1c86" member_type: VOTER last_known_addr { host: "127.12.66.65" port: 37519 } } peers { permanent_uuid: "f648461c787b4cac8a5e0708513a149f" member_type: VOTER last_known_addr { host: "127.12.66.66" port: 45919 } } peers { permanent_uuid: "524ad1cccb734f609c41078d1be322ad" member_type: VOTER last_known_addr { host: "127.12.66.67" port: 39169 } }
I20260608 12:41:34.012382 15366 tablet_service.cc:1511] Processing CreateTablet for tablet 1d04a827bc81404ca0fa719bb551dbf6 (DEFAULT_TABLE table=range_aware_auto_rebalancer_test [id=bb1f75f97d244a54849477cb7164cedc]), partition=HASH (key) PARTITION 1, RANGE (key) PARTITION 10 <= VALUES < 20
I20260608 12:41:34.013731 15366 data_dirs.cc:400] Could only allocate 1 dirs of requested 3 for tablet 1d04a827bc81404ca0fa719bb551dbf6. 1 dirs total, 0 dirs full, 0 dirs failed
I20260608 12:41:34.017763 15292 tablet_service.cc:1511] Processing CreateTablet for tablet 1d04a827bc81404ca0fa719bb551dbf6 (DEFAULT_TABLE table=range_aware_auto_rebalancer_test [id=bb1f75f97d244a54849477cb7164cedc]), partition=HASH (key) PARTITION 1, RANGE (key) PARTITION 10 <= VALUES < 20
I20260608 12:41:34.019418 15292 data_dirs.cc:400] Could only allocate 1 dirs of requested 3 for tablet 1d04a827bc81404ca0fa719bb551dbf6. 1 dirs total, 0 dirs full, 0 dirs failed
I20260608 12:41:34.040413 15423 tablet_bootstrap.cc:492] T 64ccd8b9099d45a4aca6e3789db41986 P 0807c188264d4cd6a111746f62cb1c86: No bootstrap required, opened a new log
I20260608 12:41:34.041034 15423 ts_tablet_manager.cc:1403] T 64ccd8b9099d45a4aca6e3789db41986 P 0807c188264d4cd6a111746f62cb1c86: Time spent bootstrapping tablet: real 0.061s	user 0.016s	sys 0.011s
I20260608 12:41:34.041505 15422 ts_tablet_manager.cc:1434] T 64ccd8b9099d45a4aca6e3789db41986 P f648461c787b4cac8a5e0708513a149f: Time spent starting tablet: real 0.035s	user 0.008s	sys 0.020s
I20260608 12:41:34.042936 15422 tablet_bootstrap.cc:492] T 0e7b05c13a004b24994c7647720d69b0 P f648461c787b4cac8a5e0708513a149f: Bootstrap starting.
I20260608 12:41:34.044344 15423 raft_consensus.cc:359] T 64ccd8b9099d45a4aca6e3789db41986 P 0807c188264d4cd6a111746f62cb1c86 [term 0 FOLLOWER]: Replica starting. Triggering 0 pending ops. Active config: opid_index: -1 OBSOLETE_local: false peers { permanent_uuid: "0807c188264d4cd6a111746f62cb1c86" member_type: VOTER last_known_addr { host: "127.12.66.65" port: 37519 } } peers { permanent_uuid: "f648461c787b4cac8a5e0708513a149f" member_type: VOTER last_known_addr { host: "127.12.66.66" port: 45919 } } peers { permanent_uuid: "524ad1cccb734f609c41078d1be322ad" member_type: VOTER last_known_addr { host: "127.12.66.67" port: 39169 } }
I20260608 12:41:34.045148 15423 raft_consensus.cc:385] T 64ccd8b9099d45a4aca6e3789db41986 P 0807c188264d4cd6a111746f62cb1c86 [term 0 FOLLOWER]: Consensus starting up: Expiring failure detector timer to make a prompt election more likely
I20260608 12:41:34.045467 15423 raft_consensus.cc:740] T 64ccd8b9099d45a4aca6e3789db41986 P 0807c188264d4cd6a111746f62cb1c86 [term 0 FOLLOWER]: Becoming Follower/Learner. State: Replica: 0807c188264d4cd6a111746f62cb1c86, State: Initialized, Role: FOLLOWER
I20260608 12:41:34.046294 15423 consensus_queue.cc:260] T 64ccd8b9099d45a4aca6e3789db41986 P 0807c188264d4cd6a111746f62cb1c86 [NON_LEADER]: Queue going to NON_LEADER mode. State: All replicated index: 0, Majority replicated index: 0, Committed index: 0, Last appended: 0.0, Last appended by leader: 0, Current term: 0, Majority size: -1, State: 0, Mode: NON_LEADER, active raft config: opid_index: -1 OBSOLETE_local: false peers { permanent_uuid: "0807c188264d4cd6a111746f62cb1c86" member_type: VOTER last_known_addr { host: "127.12.66.65" port: 37519 } } peers { permanent_uuid: "f648461c787b4cac8a5e0708513a149f" member_type: VOTER last_known_addr { host: "127.12.66.66" port: 45919 } } peers { permanent_uuid: "524ad1cccb734f609c41078d1be322ad" member_type: VOTER last_known_addr { host: "127.12.66.67" port: 39169 } }
I20260608 12:41:34.057169 15422 tablet_bootstrap.cc:654] T 0e7b05c13a004b24994c7647720d69b0 P f648461c787b4cac8a5e0708513a149f: Neither blocks nor log segments found. Creating new log.
I20260608 12:41:34.057890 15424 tablet_bootstrap.cc:492] T 64ccd8b9099d45a4aca6e3789db41986 P 524ad1cccb734f609c41078d1be322ad: No bootstrap required, opened a new log
I20260608 12:41:34.058444 15424 ts_tablet_manager.cc:1403] T 64ccd8b9099d45a4aca6e3789db41986 P 524ad1cccb734f609c41078d1be322ad: Time spent bootstrapping tablet: real 0.068s	user 0.014s	sys 0.029s
I20260608 12:41:34.061755 15423 ts_tablet_manager.cc:1434] T 64ccd8b9099d45a4aca6e3789db41986 P 0807c188264d4cd6a111746f62cb1c86: Time spent starting tablet: real 0.020s	user 0.006s	sys 0.001s
I20260608 12:41:34.063417 15424 raft_consensus.cc:359] T 64ccd8b9099d45a4aca6e3789db41986 P 524ad1cccb734f609c41078d1be322ad [term 0 FOLLOWER]: Replica starting. Triggering 0 pending ops. Active config: opid_index: -1 OBSOLETE_local: false peers { permanent_uuid: "0807c188264d4cd6a111746f62cb1c86" member_type: VOTER last_known_addr { host: "127.12.66.65" port: 37519 } } peers { permanent_uuid: "f648461c787b4cac8a5e0708513a149f" member_type: VOTER last_known_addr { host: "127.12.66.66" port: 45919 } } peers { permanent_uuid: "524ad1cccb734f609c41078d1be322ad" member_type: VOTER last_known_addr { host: "127.12.66.67" port: 39169 } }
I20260608 12:41:34.063930 15423 tablet_bootstrap.cc:492] T 0e7b05c13a004b24994c7647720d69b0 P 0807c188264d4cd6a111746f62cb1c86: Bootstrap starting.
I20260608 12:41:34.064239 15424 raft_consensus.cc:385] T 64ccd8b9099d45a4aca6e3789db41986 P 524ad1cccb734f609c41078d1be322ad [term 0 FOLLOWER]: Consensus starting up: Expiring failure detector timer to make a prompt election more likely
I20260608 12:41:34.064642 15424 raft_consensus.cc:740] T 64ccd8b9099d45a4aca6e3789db41986 P 524ad1cccb734f609c41078d1be322ad [term 0 FOLLOWER]: Becoming Follower/Learner. State: Replica: 524ad1cccb734f609c41078d1be322ad, State: Initialized, Role: FOLLOWER
I20260608 12:41:34.064858 15422 tablet_bootstrap.cc:492] T 0e7b05c13a004b24994c7647720d69b0 P f648461c787b4cac8a5e0708513a149f: No bootstrap required, opened a new log
I20260608 12:41:34.065431 15422 ts_tablet_manager.cc:1403] T 0e7b05c13a004b24994c7647720d69b0 P f648461c787b4cac8a5e0708513a149f: Time spent bootstrapping tablet: real 0.023s	user 0.007s	sys 0.009s
I20260608 12:41:34.065629 15424 consensus_queue.cc:260] T 64ccd8b9099d45a4aca6e3789db41986 P 524ad1cccb734f609c41078d1be322ad [NON_LEADER]: Queue going to NON_LEADER mode. State: All replicated index: 0, Majority replicated index: 0, Committed index: 0, Last appended: 0.0, Last appended by leader: 0, Current term: 0, Majority size: -1, State: 0, Mode: NON_LEADER, active raft config: opid_index: -1 OBSOLETE_local: false peers { permanent_uuid: "0807c188264d4cd6a111746f62cb1c86" member_type: VOTER last_known_addr { host: "127.12.66.65" port: 37519 } } peers { permanent_uuid: "f648461c787b4cac8a5e0708513a149f" member_type: VOTER last_known_addr { host: "127.12.66.66" port: 45919 } } peers { permanent_uuid: "524ad1cccb734f609c41078d1be322ad" member_type: VOTER last_known_addr { host: "127.12.66.67" port: 39169 } }
I20260608 12:41:34.069043 15422 raft_consensus.cc:359] T 0e7b05c13a004b24994c7647720d69b0 P f648461c787b4cac8a5e0708513a149f [term 0 FOLLOWER]: Replica starting. Triggering 0 pending ops. Active config: opid_index: -1 OBSOLETE_local: false peers { permanent_uuid: "0807c188264d4cd6a111746f62cb1c86" member_type: VOTER last_known_addr { host: "127.12.66.65" port: 37519 } } peers { permanent_uuid: "f648461c787b4cac8a5e0708513a149f" member_type: VOTER last_known_addr { host: "127.12.66.66" port: 45919 } } peers { permanent_uuid: "524ad1cccb734f609c41078d1be322ad" member_type: VOTER last_known_addr { host: "127.12.66.67" port: 39169 } }
I20260608 12:41:34.070071 15422 raft_consensus.cc:385] T 0e7b05c13a004b24994c7647720d69b0 P f648461c787b4cac8a5e0708513a149f [term 0 FOLLOWER]: Consensus starting up: Expiring failure detector timer to make a prompt election more likely
I20260608 12:41:34.070504 15422 raft_consensus.cc:740] T 0e7b05c13a004b24994c7647720d69b0 P f648461c787b4cac8a5e0708513a149f [term 0 FOLLOWER]: Becoming Follower/Learner. State: Replica: f648461c787b4cac8a5e0708513a149f, State: Initialized, Role: FOLLOWER
I20260608 12:41:34.071604 15423 tablet_bootstrap.cc:654] T 0e7b05c13a004b24994c7647720d69b0 P 0807c188264d4cd6a111746f62cb1c86: Neither blocks nor log segments found. Creating new log.
I20260608 12:41:34.071647 15422 consensus_queue.cc:260] T 0e7b05c13a004b24994c7647720d69b0 P f648461c787b4cac8a5e0708513a149f [NON_LEADER]: Queue going to NON_LEADER mode. State: All replicated index: 0, Majority replicated index: 0, Committed index: 0, Last appended: 0.0, Last appended by leader: 0, Current term: 0, Majority size: -1, State: 0, Mode: NON_LEADER, active raft config: opid_index: -1 OBSOLETE_local: false peers { permanent_uuid: "0807c188264d4cd6a111746f62cb1c86" member_type: VOTER last_known_addr { host: "127.12.66.65" port: 37519 } } peers { permanent_uuid: "f648461c787b4cac8a5e0708513a149f" member_type: VOTER last_known_addr { host: "127.12.66.66" port: 45919 } } peers { permanent_uuid: "524ad1cccb734f609c41078d1be322ad" member_type: VOTER last_known_addr { host: "127.12.66.67" port: 39169 } }
I20260608 12:41:34.076570 15424 ts_tablet_manager.cc:1434] T 64ccd8b9099d45a4aca6e3789db41986 P 524ad1cccb734f609c41078d1be322ad: Time spent starting tablet: real 0.018s	user 0.009s	sys 0.006s
I20260608 12:41:34.077219 15422 ts_tablet_manager.cc:1434] T 0e7b05c13a004b24994c7647720d69b0 P f648461c787b4cac8a5e0708513a149f: Time spent starting tablet: real 0.011s	user 0.007s	sys 0.000s
I20260608 12:41:34.077736 15424 tablet_bootstrap.cc:492] T 0e7b05c13a004b24994c7647720d69b0 P 524ad1cccb734f609c41078d1be322ad: Bootstrap starting.
I20260608 12:41:34.078224 15422 tablet_bootstrap.cc:492] T e44d7aee3c384daa8397a5e2226a7411 P f648461c787b4cac8a5e0708513a149f: Bootstrap starting.
I20260608 12:41:34.085306 15424 tablet_bootstrap.cc:654] T 0e7b05c13a004b24994c7647720d69b0 P 524ad1cccb734f609c41078d1be322ad: Neither blocks nor log segments found. Creating new log.
I20260608 12:41:34.085306 15422 tablet_bootstrap.cc:654] T e44d7aee3c384daa8397a5e2226a7411 P f648461c787b4cac8a5e0708513a149f: Neither blocks nor log segments found. Creating new log.
I20260608 12:41:34.091140 15423 tablet_bootstrap.cc:492] T 0e7b05c13a004b24994c7647720d69b0 P 0807c188264d4cd6a111746f62cb1c86: No bootstrap required, opened a new log
I20260608 12:41:34.091758 15423 ts_tablet_manager.cc:1403] T 0e7b05c13a004b24994c7647720d69b0 P 0807c188264d4cd6a111746f62cb1c86: Time spent bootstrapping tablet: real 0.028s	user 0.012s	sys 0.000s
I20260608 12:41:34.094501 15423 raft_consensus.cc:359] T 0e7b05c13a004b24994c7647720d69b0 P 0807c188264d4cd6a111746f62cb1c86 [term 0 FOLLOWER]: Replica starting. Triggering 0 pending ops. Active config: opid_index: -1 OBSOLETE_local: false peers { permanent_uuid: "0807c188264d4cd6a111746f62cb1c86" member_type: VOTER last_known_addr { host: "127.12.66.65" port: 37519 } } peers { permanent_uuid: "f648461c787b4cac8a5e0708513a149f" member_type: VOTER last_known_addr { host: "127.12.66.66" port: 45919 } } peers { permanent_uuid: "524ad1cccb734f609c41078d1be322ad" member_type: VOTER last_known_addr { host: "127.12.66.67" port: 39169 } }
I20260608 12:41:34.095072 15423 raft_consensus.cc:385] T 0e7b05c13a004b24994c7647720d69b0 P 0807c188264d4cd6a111746f62cb1c86 [term 0 FOLLOWER]: Consensus starting up: Expiring failure detector timer to make a prompt election more likely
I20260608 12:41:34.095345 15423 raft_consensus.cc:740] T 0e7b05c13a004b24994c7647720d69b0 P 0807c188264d4cd6a111746f62cb1c86 [term 0 FOLLOWER]: Becoming Follower/Learner. State: Replica: 0807c188264d4cd6a111746f62cb1c86, State: Initialized, Role: FOLLOWER
I20260608 12:41:34.095980 15423 consensus_queue.cc:260] T 0e7b05c13a004b24994c7647720d69b0 P 0807c188264d4cd6a111746f62cb1c86 [NON_LEADER]: Queue going to NON_LEADER mode. State: All replicated index: 0, Majority replicated index: 0, Committed index: 0, Last appended: 0.0, Last appended by leader: 0, Current term: 0, Majority size: -1, State: 0, Mode: NON_LEADER, active raft config: opid_index: -1 OBSOLETE_local: false peers { permanent_uuid: "0807c188264d4cd6a111746f62cb1c86" member_type: VOTER last_known_addr { host: "127.12.66.65" port: 37519 } } peers { permanent_uuid: "f648461c787b4cac8a5e0708513a149f" member_type: VOTER last_known_addr { host: "127.12.66.66" port: 45919 } } peers { permanent_uuid: "524ad1cccb734f609c41078d1be322ad" member_type: VOTER last_known_addr { host: "127.12.66.67" port: 39169 } }
I20260608 12:41:34.097978 15423 ts_tablet_manager.cc:1434] T 0e7b05c13a004b24994c7647720d69b0 P 0807c188264d4cd6a111746f62cb1c86: Time spent starting tablet: real 0.006s	user 0.003s	sys 0.000s
I20260608 12:41:34.098979 15423 tablet_bootstrap.cc:492] T e44d7aee3c384daa8397a5e2226a7411 P 0807c188264d4cd6a111746f62cb1c86: Bootstrap starting.
I20260608 12:41:34.101292 15427 raft_consensus.cc:493] T 64ccd8b9099d45a4aca6e3789db41986 P f648461c787b4cac8a5e0708513a149f [term 0 FOLLOWER]: Starting pre-election (no leader contacted us within the election timeout)
I20260608 12:41:34.102062 15424 tablet_bootstrap.cc:492] T 0e7b05c13a004b24994c7647720d69b0 P 524ad1cccb734f609c41078d1be322ad: No bootstrap required, opened a new log
I20260608 12:41:34.101814 15427 raft_consensus.cc:515] T 64ccd8b9099d45a4aca6e3789db41986 P f648461c787b4cac8a5e0708513a149f [term 0 FOLLOWER]: Starting pre-election with config: opid_index: -1 OBSOLETE_local: false peers { permanent_uuid: "0807c188264d4cd6a111746f62cb1c86" member_type: VOTER last_known_addr { host: "127.12.66.65" port: 37519 } } peers { permanent_uuid: "f648461c787b4cac8a5e0708513a149f" member_type: VOTER last_known_addr { host: "127.12.66.66" port: 45919 } } peers { permanent_uuid: "524ad1cccb734f609c41078d1be322ad" member_type: VOTER last_known_addr { host: "127.12.66.67" port: 39169 } }
I20260608 12:41:34.102555 15424 ts_tablet_manager.cc:1403] T 0e7b05c13a004b24994c7647720d69b0 P 524ad1cccb734f609c41078d1be322ad: Time spent bootstrapping tablet: real 0.025s	user 0.012s	sys 0.010s
I20260608 12:41:34.103210 15422 tablet_bootstrap.cc:492] T e44d7aee3c384daa8397a5e2226a7411 P f648461c787b4cac8a5e0708513a149f: No bootstrap required, opened a new log
I20260608 12:41:34.103708 15422 ts_tablet_manager.cc:1403] T e44d7aee3c384daa8397a5e2226a7411 P f648461c787b4cac8a5e0708513a149f: Time spent bootstrapping tablet: real 0.026s	user 0.018s	sys 0.006s
I20260608 12:41:34.105857 15424 raft_consensus.cc:359] T 0e7b05c13a004b24994c7647720d69b0 P 524ad1cccb734f609c41078d1be322ad [term 0 FOLLOWER]: Replica starting. Triggering 0 pending ops. Active config: opid_index: -1 OBSOLETE_local: false peers { permanent_uuid: "0807c188264d4cd6a111746f62cb1c86" member_type: VOTER last_known_addr { host: "127.12.66.65" port: 37519 } } peers { permanent_uuid: "f648461c787b4cac8a5e0708513a149f" member_type: VOTER last_known_addr { host: "127.12.66.66" port: 45919 } } peers { permanent_uuid: "524ad1cccb734f609c41078d1be322ad" member_type: VOTER last_known_addr { host: "127.12.66.67" port: 39169 } }
I20260608 12:41:34.106637 15424 raft_consensus.cc:385] T 0e7b05c13a004b24994c7647720d69b0 P 524ad1cccb734f609c41078d1be322ad [term 0 FOLLOWER]: Consensus starting up: Expiring failure detector timer to make a prompt election more likely
I20260608 12:41:34.107023 15424 raft_consensus.cc:740] T 0e7b05c13a004b24994c7647720d69b0 P 524ad1cccb734f609c41078d1be322ad [term 0 FOLLOWER]: Becoming Follower/Learner. State: Replica: 524ad1cccb734f609c41078d1be322ad, State: Initialized, Role: FOLLOWER
I20260608 12:41:34.106904 15422 raft_consensus.cc:359] T e44d7aee3c384daa8397a5e2226a7411 P f648461c787b4cac8a5e0708513a149f [term 0 FOLLOWER]: Replica starting. Triggering 0 pending ops. Active config: opid_index: -1 OBSOLETE_local: false peers { permanent_uuid: "0807c188264d4cd6a111746f62cb1c86" member_type: VOTER last_known_addr { host: "127.12.66.65" port: 37519 } } peers { permanent_uuid: "f648461c787b4cac8a5e0708513a149f" member_type: VOTER last_known_addr { host: "127.12.66.66" port: 45919 } } peers { permanent_uuid: "524ad1cccb734f609c41078d1be322ad" member_type: VOTER last_known_addr { host: "127.12.66.67" port: 39169 } }
I20260608 12:41:34.107381 15423 tablet_bootstrap.cc:654] T e44d7aee3c384daa8397a5e2226a7411 P 0807c188264d4cd6a111746f62cb1c86: Neither blocks nor log segments found. Creating new log.
I20260608 12:41:34.107820 15422 raft_consensus.cc:385] T e44d7aee3c384daa8397a5e2226a7411 P f648461c787b4cac8a5e0708513a149f [term 0 FOLLOWER]: Consensus starting up: Expiring failure detector timer to make a prompt election more likely
I20260608 12:41:34.108242 15422 raft_consensus.cc:740] T e44d7aee3c384daa8397a5e2226a7411 P f648461c787b4cac8a5e0708513a149f [term 0 FOLLOWER]: Becoming Follower/Learner. State: Replica: f648461c787b4cac8a5e0708513a149f, State: Initialized, Role: FOLLOWER
I20260608 12:41:34.109050 15422 consensus_queue.cc:260] T e44d7aee3c384daa8397a5e2226a7411 P f648461c787b4cac8a5e0708513a149f [NON_LEADER]: Queue going to NON_LEADER mode. State: All replicated index: 0, Majority replicated index: 0, Committed index: 0, Last appended: 0.0, Last appended by leader: 0, Current term: 0, Majority size: -1, State: 0, Mode: NON_LEADER, active raft config: opid_index: -1 OBSOLETE_local: false peers { permanent_uuid: "0807c188264d4cd6a111746f62cb1c86" member_type: VOTER last_known_addr { host: "127.12.66.65" port: 37519 } } peers { permanent_uuid: "f648461c787b4cac8a5e0708513a149f" member_type: VOTER last_known_addr { host: "127.12.66.66" port: 45919 } } peers { permanent_uuid: "524ad1cccb734f609c41078d1be322ad" member_type: VOTER last_known_addr { host: "127.12.66.67" port: 39169 } }
I20260608 12:41:34.110169 15427 leader_election.cc:290] T 64ccd8b9099d45a4aca6e3789db41986 P f648461c787b4cac8a5e0708513a149f [CANDIDATE]: Term 1 pre-election: Requested pre-vote from peers 0807c188264d4cd6a111746f62cb1c86 (127.12.66.65:37519), 524ad1cccb734f609c41078d1be322ad (127.12.66.67:39169)
I20260608 12:41:34.111295 15424 consensus_queue.cc:260] T 0e7b05c13a004b24994c7647720d69b0 P 524ad1cccb734f609c41078d1be322ad [NON_LEADER]: Queue going to NON_LEADER mode. State: All replicated index: 0, Majority replicated index: 0, Committed index: 0, Last appended: 0.0, Last appended by leader: 0, Current term: 0, Majority size: -1, State: 0, Mode: NON_LEADER, active raft config: opid_index: -1 OBSOLETE_local: false peers { permanent_uuid: "0807c188264d4cd6a111746f62cb1c86" member_type: VOTER last_known_addr { host: "127.12.66.65" port: 37519 } } peers { permanent_uuid: "f648461c787b4cac8a5e0708513a149f" member_type: VOTER last_known_addr { host: "127.12.66.66" port: 45919 } } peers { permanent_uuid: "524ad1cccb734f609c41078d1be322ad" member_type: VOTER last_known_addr { host: "127.12.66.67" port: 39169 } }
I20260608 12:41:34.113600 15424 ts_tablet_manager.cc:1434] T 0e7b05c13a004b24994c7647720d69b0 P 524ad1cccb734f609c41078d1be322ad: Time spent starting tablet: real 0.011s	user 0.006s	sys 0.002s
I20260608 12:41:34.114543 15424 tablet_bootstrap.cc:492] T e44d7aee3c384daa8397a5e2226a7411 P 524ad1cccb734f609c41078d1be322ad: Bootstrap starting.
W20260608 12:41:34.116192 15254 tablet.cc:2404] T 0e7b05c13a004b24994c7647720d69b0 P 0807c188264d4cd6a111746f62cb1c86: Can't schedule compaction. Clean time has not been advanced past its initial value.
I20260608 12:41:34.122225 15424 tablet_bootstrap.cc:654] T e44d7aee3c384daa8397a5e2226a7411 P 524ad1cccb734f609c41078d1be322ad: Neither blocks nor log segments found. Creating new log.
I20260608 12:41:34.147982 15377 tablet_service.cc:1917] Received RequestConsensusVote() RPC: tablet_id: "64ccd8b9099d45a4aca6e3789db41986" candidate_uuid: "f648461c787b4cac8a5e0708513a149f" candidate_term: 1 candidate_status { last_received { term: 0 index: 0 } } ignore_live_leader: false dest_uuid: "524ad1cccb734f609c41078d1be322ad" is_pre_election: true
I20260608 12:41:34.148854 15377 raft_consensus.cc:2468] T 64ccd8b9099d45a4aca6e3789db41986 P 524ad1cccb734f609c41078d1be322ad [term 0 FOLLOWER]: Leader pre-election vote request: Granting yes vote for candidate f648461c787b4cac8a5e0708513a149f in term 0.
I20260608 12:41:34.149883 15423 tablet_bootstrap.cc:492] T e44d7aee3c384daa8397a5e2226a7411 P 0807c188264d4cd6a111746f62cb1c86: No bootstrap required, opened a new log
I20260608 12:41:34.150290 15422 ts_tablet_manager.cc:1434] T e44d7aee3c384daa8397a5e2226a7411 P f648461c787b4cac8a5e0708513a149f: Time spent starting tablet: real 0.046s	user 0.007s	sys 0.035s
I20260608 12:41:34.150463 15423 ts_tablet_manager.cc:1403] T e44d7aee3c384daa8397a5e2226a7411 P 0807c188264d4cd6a111746f62cb1c86: Time spent bootstrapping tablet: real 0.052s	user 0.013s	sys 0.014s
I20260608 12:41:34.150460 15269 leader_election.cc:304] T 64ccd8b9099d45a4aca6e3789db41986 P f648461c787b4cac8a5e0708513a149f [CANDIDATE]: Term 1 pre-election: Election decided. Result: candidate won. Election summary: received 2 responses out of 3 voters: 2 yes votes; 0 no votes. yes voters: 524ad1cccb734f609c41078d1be322ad, f648461c787b4cac8a5e0708513a149f; no voters: 
I20260608 12:41:34.151875 15437 raft_consensus.cc:2804] T 64ccd8b9099d45a4aca6e3789db41986 P f648461c787b4cac8a5e0708513a149f [term 0 FOLLOWER]: Leader pre-election won for term 1
I20260608 12:41:34.152316 15437 raft_consensus.cc:493] T 64ccd8b9099d45a4aca6e3789db41986 P f648461c787b4cac8a5e0708513a149f [term 0 FOLLOWER]: Starting leader election (no leader contacted us within the election timeout)
I20260608 12:41:34.152720 15437 raft_consensus.cc:3060] T 64ccd8b9099d45a4aca6e3789db41986 P f648461c787b4cac8a5e0708513a149f [term 0 FOLLOWER]: Advancing to term 1
I20260608 12:41:34.154089 15423 raft_consensus.cc:359] T e44d7aee3c384daa8397a5e2226a7411 P 0807c188264d4cd6a111746f62cb1c86 [term 0 FOLLOWER]: Replica starting. Triggering 0 pending ops. Active config: opid_index: -1 OBSOLETE_local: false peers { permanent_uuid: "0807c188264d4cd6a111746f62cb1c86" member_type: VOTER last_known_addr { host: "127.12.66.65" port: 37519 } } peers { permanent_uuid: "f648461c787b4cac8a5e0708513a149f" member_type: VOTER last_known_addr { host: "127.12.66.66" port: 45919 } } peers { permanent_uuid: "524ad1cccb734f609c41078d1be322ad" member_type: VOTER last_known_addr { host: "127.12.66.67" port: 39169 } }
I20260608 12:41:34.154838 15423 raft_consensus.cc:385] T e44d7aee3c384daa8397a5e2226a7411 P 0807c188264d4cd6a111746f62cb1c86 [term 0 FOLLOWER]: Consensus starting up: Expiring failure detector timer to make a prompt election more likely
I20260608 12:41:34.155298 15423 raft_consensus.cc:740] T e44d7aee3c384daa8397a5e2226a7411 P 0807c188264d4cd6a111746f62cb1c86 [term 0 FOLLOWER]: Becoming Follower/Learner. State: Replica: 0807c188264d4cd6a111746f62cb1c86, State: Initialized, Role: FOLLOWER
I20260608 12:41:34.156299 15228 tablet_service.cc:1917] Received RequestConsensusVote() RPC: tablet_id: "64ccd8b9099d45a4aca6e3789db41986" candidate_uuid: "f648461c787b4cac8a5e0708513a149f" candidate_term: 1 candidate_status { last_received { term: 0 index: 0 } } ignore_live_leader: false dest_uuid: "0807c188264d4cd6a111746f62cb1c86" is_pre_election: true
I20260608 12:41:34.156169 15423 consensus_queue.cc:260] T e44d7aee3c384daa8397a5e2226a7411 P 0807c188264d4cd6a111746f62cb1c86 [NON_LEADER]: Queue going to NON_LEADER mode. State: All replicated index: 0, Majority replicated index: 0, Committed index: 0, Last appended: 0.0, Last appended by leader: 0, Current term: 0, Majority size: -1, State: 0, Mode: NON_LEADER, active raft config: opid_index: -1 OBSOLETE_local: false peers { permanent_uuid: "0807c188264d4cd6a111746f62cb1c86" member_type: VOTER last_known_addr { host: "127.12.66.65" port: 37519 } } peers { permanent_uuid: "f648461c787b4cac8a5e0708513a149f" member_type: VOTER last_known_addr { host: "127.12.66.66" port: 45919 } } peers { permanent_uuid: "524ad1cccb734f609c41078d1be322ad" member_type: VOTER last_known_addr { host: "127.12.66.67" port: 39169 } }
I20260608 12:41:34.156968 15228 raft_consensus.cc:2468] T 64ccd8b9099d45a4aca6e3789db41986 P 0807c188264d4cd6a111746f62cb1c86 [term 0 FOLLOWER]: Leader pre-election vote request: Granting yes vote for candidate f648461c787b4cac8a5e0708513a149f in term 0.
I20260608 12:41:34.157917 15422 tablet_bootstrap.cc:492] T 1d04a827bc81404ca0fa719bb551dbf6 P f648461c787b4cac8a5e0708513a149f: Bootstrap starting.
I20260608 12:41:34.158792 15423 ts_tablet_manager.cc:1434] T e44d7aee3c384daa8397a5e2226a7411 P 0807c188264d4cd6a111746f62cb1c86: Time spent starting tablet: real 0.008s	user 0.006s	sys 0.000s
I20260608 12:41:34.159862 15423 tablet_bootstrap.cc:492] T 1d04a827bc81404ca0fa719bb551dbf6 P 0807c188264d4cd6a111746f62cb1c86: Bootstrap starting.
I20260608 12:41:34.160235 15437 raft_consensus.cc:515] T 64ccd8b9099d45a4aca6e3789db41986 P f648461c787b4cac8a5e0708513a149f [term 1 FOLLOWER]: Starting leader election with config: opid_index: -1 OBSOLETE_local: false peers { permanent_uuid: "0807c188264d4cd6a111746f62cb1c86" member_type: VOTER last_known_addr { host: "127.12.66.65" port: 37519 } } peers { permanent_uuid: "f648461c787b4cac8a5e0708513a149f" member_type: VOTER last_known_addr { host: "127.12.66.66" port: 45919 } } peers { permanent_uuid: "524ad1cccb734f609c41078d1be322ad" member_type: VOTER last_known_addr { host: "127.12.66.67" port: 39169 } }
I20260608 12:41:34.162979 15424 tablet_bootstrap.cc:492] T e44d7aee3c384daa8397a5e2226a7411 P 524ad1cccb734f609c41078d1be322ad: No bootstrap required, opened a new log
I20260608 12:41:34.163564 15424 ts_tablet_manager.cc:1403] T e44d7aee3c384daa8397a5e2226a7411 P 524ad1cccb734f609c41078d1be322ad: Time spent bootstrapping tablet: real 0.049s	user 0.019s	sys 0.002s
I20260608 12:41:34.163962 15228 tablet_service.cc:1917] Received RequestConsensusVote() RPC: tablet_id: "64ccd8b9099d45a4aca6e3789db41986" candidate_uuid: "f648461c787b4cac8a5e0708513a149f" candidate_term: 1 candidate_status { last_received { term: 0 index: 0 } } ignore_live_leader: false dest_uuid: "0807c188264d4cd6a111746f62cb1c86"
I20260608 12:41:34.164527 15228 raft_consensus.cc:3060] T 64ccd8b9099d45a4aca6e3789db41986 P 0807c188264d4cd6a111746f62cb1c86 [term 0 FOLLOWER]: Advancing to term 1
I20260608 12:41:34.165355 15422 tablet_bootstrap.cc:654] T 1d04a827bc81404ca0fa719bb551dbf6 P f648461c787b4cac8a5e0708513a149f: Neither blocks nor log segments found. Creating new log.
I20260608 12:41:34.166711 15424 raft_consensus.cc:359] T e44d7aee3c384daa8397a5e2226a7411 P 524ad1cccb734f609c41078d1be322ad [term 0 FOLLOWER]: Replica starting. Triggering 0 pending ops. Active config: opid_index: -1 OBSOLETE_local: false peers { permanent_uuid: "0807c188264d4cd6a111746f62cb1c86" member_type: VOTER last_known_addr { host: "127.12.66.65" port: 37519 } } peers { permanent_uuid: "f648461c787b4cac8a5e0708513a149f" member_type: VOTER last_known_addr { host: "127.12.66.66" port: 45919 } } peers { permanent_uuid: "524ad1cccb734f609c41078d1be322ad" member_type: VOTER last_known_addr { host: "127.12.66.67" port: 39169 } }
I20260608 12:41:34.167621 15424 raft_consensus.cc:385] T e44d7aee3c384daa8397a5e2226a7411 P 524ad1cccb734f609c41078d1be322ad [term 0 FOLLOWER]: Consensus starting up: Expiring failure detector timer to make a prompt election more likely
I20260608 12:41:34.167994 15424 raft_consensus.cc:740] T e44d7aee3c384daa8397a5e2226a7411 P 524ad1cccb734f609c41078d1be322ad [term 0 FOLLOWER]: Becoming Follower/Learner. State: Replica: 524ad1cccb734f609c41078d1be322ad, State: Initialized, Role: FOLLOWER
I20260608 12:41:34.168992 15424 consensus_queue.cc:260] T e44d7aee3c384daa8397a5e2226a7411 P 524ad1cccb734f609c41078d1be322ad [NON_LEADER]: Queue going to NON_LEADER mode. State: All replicated index: 0, Majority replicated index: 0, Committed index: 0, Last appended: 0.0, Last appended by leader: 0, Current term: 0, Majority size: -1, State: 0, Mode: NON_LEADER, active raft config: opid_index: -1 OBSOLETE_local: false peers { permanent_uuid: "0807c188264d4cd6a111746f62cb1c86" member_type: VOTER last_known_addr { host: "127.12.66.65" port: 37519 } } peers { permanent_uuid: "f648461c787b4cac8a5e0708513a149f" member_type: VOTER last_known_addr { host: "127.12.66.66" port: 45919 } } peers { permanent_uuid: "524ad1cccb734f609c41078d1be322ad" member_type: VOTER last_known_addr { host: "127.12.66.67" port: 39169 } }
I20260608 12:41:34.176617 15423 tablet_bootstrap.cc:654] T 1d04a827bc81404ca0fa719bb551dbf6 P 0807c188264d4cd6a111746f62cb1c86: Neither blocks nor log segments found. Creating new log.
I20260608 12:41:34.177421 15424 ts_tablet_manager.cc:1434] T e44d7aee3c384daa8397a5e2226a7411 P 524ad1cccb734f609c41078d1be322ad: Time spent starting tablet: real 0.014s	user 0.006s	sys 0.000s
I20260608 12:41:34.177510 15377 tablet_service.cc:1917] Received RequestConsensusVote() RPC: tablet_id: "64ccd8b9099d45a4aca6e3789db41986" candidate_uuid: "f648461c787b4cac8a5e0708513a149f" candidate_term: 1 candidate_status { last_received { term: 0 index: 0 } } ignore_live_leader: false dest_uuid: "524ad1cccb734f609c41078d1be322ad"
I20260608 12:41:34.178424 15377 raft_consensus.cc:3060] T 64ccd8b9099d45a4aca6e3789db41986 P 524ad1cccb734f609c41078d1be322ad [term 0 FOLLOWER]: Advancing to term 1
I20260608 12:41:34.178727 15424 tablet_bootstrap.cc:492] T 1d04a827bc81404ca0fa719bb551dbf6 P 524ad1cccb734f609c41078d1be322ad: Bootstrap starting.
I20260608 12:41:34.185971 15424 tablet_bootstrap.cc:654] T 1d04a827bc81404ca0fa719bb551dbf6 P 524ad1cccb734f609c41078d1be322ad: Neither blocks nor log segments found. Creating new log.
I20260608 12:41:34.193599 15228 raft_consensus.cc:2468] T 64ccd8b9099d45a4aca6e3789db41986 P 0807c188264d4cd6a111746f62cb1c86 [term 1 FOLLOWER]: Leader election vote request: Granting yes vote for candidate f648461c787b4cac8a5e0708513a149f in term 1.
I20260608 12:41:34.191104 15437 leader_election.cc:290] T 64ccd8b9099d45a4aca6e3789db41986 P f648461c787b4cac8a5e0708513a149f [CANDIDATE]: Term 1 election: Requested vote from peers 0807c188264d4cd6a111746f62cb1c86 (127.12.66.65:37519), 524ad1cccb734f609c41078d1be322ad (127.12.66.67:39169)
I20260608 12:41:34.197113 15377 raft_consensus.cc:2468] T 64ccd8b9099d45a4aca6e3789db41986 P 524ad1cccb734f609c41078d1be322ad [term 1 FOLLOWER]: Leader election vote request: Granting yes vote for candidate f648461c787b4cac8a5e0708513a149f in term 1.
I20260608 12:41:34.198793 15266 leader_election.cc:304] T 64ccd8b9099d45a4aca6e3789db41986 P f648461c787b4cac8a5e0708513a149f [CANDIDATE]: Term 1 election: Election decided. Result: candidate won. Election summary: received 2 responses out of 3 voters: 2 yes votes; 0 no votes. yes voters: 0807c188264d4cd6a111746f62cb1c86, f648461c787b4cac8a5e0708513a149f; no voters: 
I20260608 12:41:34.200911 15437 raft_consensus.cc:2804] T 64ccd8b9099d45a4aca6e3789db41986 P f648461c787b4cac8a5e0708513a149f [term 1 FOLLOWER]: Leader election won for term 1
I20260608 12:41:34.201941 15424 tablet_bootstrap.cc:492] T 1d04a827bc81404ca0fa719bb551dbf6 P 524ad1cccb734f609c41078d1be322ad: No bootstrap required, opened a new log
I20260608 12:41:34.202276 15437 raft_consensus.cc:697] T 64ccd8b9099d45a4aca6e3789db41986 P f648461c787b4cac8a5e0708513a149f [term 1 LEADER]: Becoming Leader. State: Replica: f648461c787b4cac8a5e0708513a149f, State: Running, Role: LEADER
I20260608 12:41:34.202450 15424 ts_tablet_manager.cc:1403] T 1d04a827bc81404ca0fa719bb551dbf6 P 524ad1cccb734f609c41078d1be322ad: Time spent bootstrapping tablet: real 0.024s	user 0.018s	sys 0.002s
I20260608 12:41:34.203259 15437 consensus_queue.cc:237] T 64ccd8b9099d45a4aca6e3789db41986 P f648461c787b4cac8a5e0708513a149f [LEADER]: Queue going to LEADER mode. State: All replicated index: 0, Majority replicated index: 0, Committed index: 0, Last appended: 0.0, Last appended by leader: 0, Current term: 1, Majority size: 2, State: 0, Mode: LEADER, active raft config: opid_index: -1 OBSOLETE_local: false peers { permanent_uuid: "0807c188264d4cd6a111746f62cb1c86" member_type: VOTER last_known_addr { host: "127.12.66.65" port: 37519 } } peers { permanent_uuid: "f648461c787b4cac8a5e0708513a149f" member_type: VOTER last_known_addr { host: "127.12.66.66" port: 45919 } } peers { permanent_uuid: "524ad1cccb734f609c41078d1be322ad" member_type: VOTER last_known_addr { host: "127.12.66.67" port: 39169 } }
I20260608 12:41:34.203866 15423 tablet_bootstrap.cc:492] T 1d04a827bc81404ca0fa719bb551dbf6 P 0807c188264d4cd6a111746f62cb1c86: No bootstrap required, opened a new log
I20260608 12:41:34.203850 15422 tablet_bootstrap.cc:492] T 1d04a827bc81404ca0fa719bb551dbf6 P f648461c787b4cac8a5e0708513a149f: No bootstrap required, opened a new log
I20260608 12:41:34.204638 15423 ts_tablet_manager.cc:1403] T 1d04a827bc81404ca0fa719bb551dbf6 P 0807c188264d4cd6a111746f62cb1c86: Time spent bootstrapping tablet: real 0.045s	user 0.013s	sys 0.012s
I20260608 12:41:34.204667 15422 ts_tablet_manager.cc:1403] T 1d04a827bc81404ca0fa719bb551dbf6 P f648461c787b4cac8a5e0708513a149f: Time spent bootstrapping tablet: real 0.047s	user 0.031s	sys 0.012s
I20260608 12:41:34.205708 15424 raft_consensus.cc:359] T 1d04a827bc81404ca0fa719bb551dbf6 P 524ad1cccb734f609c41078d1be322ad [term 0 FOLLOWER]: Replica starting. Triggering 0 pending ops. Active config: opid_index: -1 OBSOLETE_local: false peers { permanent_uuid: "0807c188264d4cd6a111746f62cb1c86" member_type: VOTER last_known_addr { host: "127.12.66.65" port: 37519 } } peers { permanent_uuid: "f648461c787b4cac8a5e0708513a149f" member_type: VOTER last_known_addr { host: "127.12.66.66" port: 45919 } } peers { permanent_uuid: "524ad1cccb734f609c41078d1be322ad" member_type: VOTER last_known_addr { host: "127.12.66.67" port: 39169 } }
I20260608 12:41:34.206465 15424 raft_consensus.cc:385] T 1d04a827bc81404ca0fa719bb551dbf6 P 524ad1cccb734f609c41078d1be322ad [term 0 FOLLOWER]: Consensus starting up: Expiring failure detector timer to make a prompt election more likely
I20260608 12:41:34.206847 15424 raft_consensus.cc:740] T 1d04a827bc81404ca0fa719bb551dbf6 P 524ad1cccb734f609c41078d1be322ad [term 0 FOLLOWER]: Becoming Follower/Learner. State: Replica: 524ad1cccb734f609c41078d1be322ad, State: Initialized, Role: FOLLOWER
I20260608 12:41:34.208310 15422 raft_consensus.cc:359] T 1d04a827bc81404ca0fa719bb551dbf6 P f648461c787b4cac8a5e0708513a149f [term 0 FOLLOWER]: Replica starting. Triggering 0 pending ops. Active config: opid_index: -1 OBSOLETE_local: false peers { permanent_uuid: "0807c188264d4cd6a111746f62cb1c86" member_type: VOTER last_known_addr { host: "127.12.66.65" port: 37519 } } peers { permanent_uuid: "f648461c787b4cac8a5e0708513a149f" member_type: VOTER last_known_addr { host: "127.12.66.66" port: 45919 } } peers { permanent_uuid: "524ad1cccb734f609c41078d1be322ad" member_type: VOTER last_known_addr { host: "127.12.66.67" port: 39169 } }
I20260608 12:41:34.208230 15423 raft_consensus.cc:359] T 1d04a827bc81404ca0fa719bb551dbf6 P 0807c188264d4cd6a111746f62cb1c86 [term 0 FOLLOWER]: Replica starting. Triggering 0 pending ops. Active config: opid_index: -1 OBSOLETE_local: false peers { permanent_uuid: "0807c188264d4cd6a111746f62cb1c86" member_type: VOTER last_known_addr { host: "127.12.66.65" port: 37519 } } peers { permanent_uuid: "f648461c787b4cac8a5e0708513a149f" member_type: VOTER last_known_addr { host: "127.12.66.66" port: 45919 } } peers { permanent_uuid: "524ad1cccb734f609c41078d1be322ad" member_type: VOTER last_known_addr { host: "127.12.66.67" port: 39169 } }
I20260608 12:41:34.209096 15422 raft_consensus.cc:385] T 1d04a827bc81404ca0fa719bb551dbf6 P f648461c787b4cac8a5e0708513a149f [term 0 FOLLOWER]: Consensus starting up: Expiring failure detector timer to make a prompt election more likely
I20260608 12:41:34.209204 15423 raft_consensus.cc:385] T 1d04a827bc81404ca0fa719bb551dbf6 P 0807c188264d4cd6a111746f62cb1c86 [term 0 FOLLOWER]: Consensus starting up: Expiring failure detector timer to make a prompt election more likely
I20260608 12:41:34.209502 15422 raft_consensus.cc:740] T 1d04a827bc81404ca0fa719bb551dbf6 P f648461c787b4cac8a5e0708513a149f [term 0 FOLLOWER]: Becoming Follower/Learner. State: Replica: f648461c787b4cac8a5e0708513a149f, State: Initialized, Role: FOLLOWER
I20260608 12:41:34.209649 15423 raft_consensus.cc:740] T 1d04a827bc81404ca0fa719bb551dbf6 P 0807c188264d4cd6a111746f62cb1c86 [term 0 FOLLOWER]: Becoming Follower/Learner. State: Replica: 0807c188264d4cd6a111746f62cb1c86, State: Initialized, Role: FOLLOWER
I20260608 12:41:34.207928 15424 consensus_queue.cc:260] T 1d04a827bc81404ca0fa719bb551dbf6 P 524ad1cccb734f609c41078d1be322ad [NON_LEADER]: Queue going to NON_LEADER mode. State: All replicated index: 0, Majority replicated index: 0, Committed index: 0, Last appended: 0.0, Last appended by leader: 0, Current term: 0, Majority size: -1, State: 0, Mode: NON_LEADER, active raft config: opid_index: -1 OBSOLETE_local: false peers { permanent_uuid: "0807c188264d4cd6a111746f62cb1c86" member_type: VOTER last_known_addr { host: "127.12.66.65" port: 37519 } } peers { permanent_uuid: "f648461c787b4cac8a5e0708513a149f" member_type: VOTER last_known_addr { host: "127.12.66.66" port: 45919 } } peers { permanent_uuid: "524ad1cccb734f609c41078d1be322ad" member_type: VOTER last_known_addr { host: "127.12.66.67" port: 39169 } }
I20260608 12:41:34.210464 15422 consensus_queue.cc:260] T 1d04a827bc81404ca0fa719bb551dbf6 P f648461c787b4cac8a5e0708513a149f [NON_LEADER]: Queue going to NON_LEADER mode. State: All replicated index: 0, Majority replicated index: 0, Committed index: 0, Last appended: 0.0, Last appended by leader: 0, Current term: 0, Majority size: -1, State: 0, Mode: NON_LEADER, active raft config: opid_index: -1 OBSOLETE_local: false peers { permanent_uuid: "0807c188264d4cd6a111746f62cb1c86" member_type: VOTER last_known_addr { host: "127.12.66.65" port: 37519 } } peers { permanent_uuid: "f648461c787b4cac8a5e0708513a149f" member_type: VOTER last_known_addr { host: "127.12.66.66" port: 45919 } } peers { permanent_uuid: "524ad1cccb734f609c41078d1be322ad" member_type: VOTER last_known_addr { host: "127.12.66.67" port: 39169 } }
I20260608 12:41:34.212791 15422 ts_tablet_manager.cc:1434] T 1d04a827bc81404ca0fa719bb551dbf6 P f648461c787b4cac8a5e0708513a149f: Time spent starting tablet: real 0.008s	user 0.006s	sys 0.000s
I20260608 12:41:34.213037 15424 ts_tablet_manager.cc:1434] T 1d04a827bc81404ca0fa719bb551dbf6 P 524ad1cccb734f609c41078d1be322ad: Time spent starting tablet: real 0.010s	user 0.001s	sys 0.006s
I20260608 12:41:34.210644 15423 consensus_queue.cc:260] T 1d04a827bc81404ca0fa719bb551dbf6 P 0807c188264d4cd6a111746f62cb1c86 [NON_LEADER]: Queue going to NON_LEADER mode. State: All replicated index: 0, Majority replicated index: 0, Committed index: 0, Last appended: 0.0, Last appended by leader: 0, Current term: 0, Majority size: -1, State: 0, Mode: NON_LEADER, active raft config: opid_index: -1 OBSOLETE_local: false peers { permanent_uuid: "0807c188264d4cd6a111746f62cb1c86" member_type: VOTER last_known_addr { host: "127.12.66.65" port: 37519 } } peers { permanent_uuid: "f648461c787b4cac8a5e0708513a149f" member_type: VOTER last_known_addr { host: "127.12.66.66" port: 45919 } } peers { permanent_uuid: "524ad1cccb734f609c41078d1be322ad" member_type: VOTER last_known_addr { host: "127.12.66.67" port: 39169 } }
I20260608 12:41:34.215757 15423 ts_tablet_manager.cc:1434] T 1d04a827bc81404ca0fa719bb551dbf6 P 0807c188264d4cd6a111746f62cb1c86: Time spent starting tablet: real 0.011s	user 0.007s	sys 0.000s
I20260608 12:41:34.223407 15126 catalog_manager.cc:5696] T 64ccd8b9099d45a4aca6e3789db41986 P f648461c787b4cac8a5e0708513a149f reported cstate change: term changed from 0 to 1, leader changed from <none> to f648461c787b4cac8a5e0708513a149f (127.12.66.66). New cstate: current_term: 1 leader_uuid: "f648461c787b4cac8a5e0708513a149f" committed_config { opid_index: -1 OBSOLETE_local: false peers { permanent_uuid: "0807c188264d4cd6a111746f62cb1c86" member_type: VOTER last_known_addr { host: "127.12.66.65" port: 37519 } health_report { overall_health: UNKNOWN } } peers { permanent_uuid: "f648461c787b4cac8a5e0708513a149f" member_type: VOTER last_known_addr { host: "127.12.66.66" port: 45919 } health_report { overall_health: HEALTHY } } peers { permanent_uuid: "524ad1cccb734f609c41078d1be322ad" member_type: VOTER last_known_addr { host: "127.12.66.67" port: 39169 } health_report { overall_health: UNKNOWN } } }
I20260608 12:41:34.242734 15437 raft_consensus.cc:493] T 1d04a827bc81404ca0fa719bb551dbf6 P f648461c787b4cac8a5e0708513a149f [term 0 FOLLOWER]: Starting pre-election (no leader contacted us within the election timeout)
I20260608 12:41:34.243144 15437 raft_consensus.cc:515] T 1d04a827bc81404ca0fa719bb551dbf6 P f648461c787b4cac8a5e0708513a149f [term 0 FOLLOWER]: Starting pre-election with config: opid_index: -1 OBSOLETE_local: false peers { permanent_uuid: "0807c188264d4cd6a111746f62cb1c86" member_type: VOTER last_known_addr { host: "127.12.66.65" port: 37519 } } peers { permanent_uuid: "f648461c787b4cac8a5e0708513a149f" member_type: VOTER last_known_addr { host: "127.12.66.66" port: 45919 } } peers { permanent_uuid: "524ad1cccb734f609c41078d1be322ad" member_type: VOTER last_known_addr { host: "127.12.66.67" port: 39169 } }
I20260608 12:41:34.245038 15437 leader_election.cc:290] T 1d04a827bc81404ca0fa719bb551dbf6 P f648461c787b4cac8a5e0708513a149f [CANDIDATE]: Term 1 pre-election: Requested pre-vote from peers 0807c188264d4cd6a111746f62cb1c86 (127.12.66.65:37519), 524ad1cccb734f609c41078d1be322ad (127.12.66.67:39169)
I20260608 12:41:34.245836 15228 tablet_service.cc:1917] Received RequestConsensusVote() RPC: tablet_id: "1d04a827bc81404ca0fa719bb551dbf6" candidate_uuid: "f648461c787b4cac8a5e0708513a149f" candidate_term: 1 candidate_status { last_received { term: 0 index: 0 } } ignore_live_leader: false dest_uuid: "0807c188264d4cd6a111746f62cb1c86" is_pre_election: true
I20260608 12:41:34.246135 15377 tablet_service.cc:1917] Received RequestConsensusVote() RPC: tablet_id: "1d04a827bc81404ca0fa719bb551dbf6" candidate_uuid: "f648461c787b4cac8a5e0708513a149f" candidate_term: 1 candidate_status { last_received { term: 0 index: 0 } } ignore_live_leader: false dest_uuid: "524ad1cccb734f609c41078d1be322ad" is_pre_election: true
I20260608 12:41:34.246429 15228 raft_consensus.cc:2468] T 1d04a827bc81404ca0fa719bb551dbf6 P 0807c188264d4cd6a111746f62cb1c86 [term 0 FOLLOWER]: Leader pre-election vote request: Granting yes vote for candidate f648461c787b4cac8a5e0708513a149f in term 0.
I20260608 12:41:34.246814 15377 raft_consensus.cc:2468] T 1d04a827bc81404ca0fa719bb551dbf6 P 524ad1cccb734f609c41078d1be322ad [term 0 FOLLOWER]: Leader pre-election vote request: Granting yes vote for candidate f648461c787b4cac8a5e0708513a149f in term 0.
I20260608 12:41:34.247514 15266 leader_election.cc:304] T 1d04a827bc81404ca0fa719bb551dbf6 P f648461c787b4cac8a5e0708513a149f [CANDIDATE]: Term 1 pre-election: Election decided. Result: candidate won. Election summary: received 2 responses out of 3 voters: 2 yes votes; 0 no votes. yes voters: 0807c188264d4cd6a111746f62cb1c86, f648461c787b4cac8a5e0708513a149f; no voters: 
I20260608 12:41:34.248633 15437 raft_consensus.cc:2804] T 1d04a827bc81404ca0fa719bb551dbf6 P f648461c787b4cac8a5e0708513a149f [term 0 FOLLOWER]: Leader pre-election won for term 1
I20260608 12:41:34.248993 15437 raft_consensus.cc:493] T 1d04a827bc81404ca0fa719bb551dbf6 P f648461c787b4cac8a5e0708513a149f [term 0 FOLLOWER]: Starting leader election (no leader contacted us within the election timeout)
I20260608 12:41:34.249392 15437 raft_consensus.cc:3060] T 1d04a827bc81404ca0fa719bb551dbf6 P f648461c787b4cac8a5e0708513a149f [term 0 FOLLOWER]: Advancing to term 1
I20260608 12:41:34.253778 15437 raft_consensus.cc:515] T 1d04a827bc81404ca0fa719bb551dbf6 P f648461c787b4cac8a5e0708513a149f [term 1 FOLLOWER]: Starting leader election with config: opid_index: -1 OBSOLETE_local: false peers { permanent_uuid: "0807c188264d4cd6a111746f62cb1c86" member_type: VOTER last_known_addr { host: "127.12.66.65" port: 37519 } } peers { permanent_uuid: "f648461c787b4cac8a5e0708513a149f" member_type: VOTER last_known_addr { host: "127.12.66.66" port: 45919 } } peers { permanent_uuid: "524ad1cccb734f609c41078d1be322ad" member_type: VOTER last_known_addr { host: "127.12.66.67" port: 39169 } }
I20260608 12:41:34.255743 15437 leader_election.cc:290] T 1d04a827bc81404ca0fa719bb551dbf6 P f648461c787b4cac8a5e0708513a149f [CANDIDATE]: Term 1 election: Requested vote from peers 0807c188264d4cd6a111746f62cb1c86 (127.12.66.65:37519), 524ad1cccb734f609c41078d1be322ad (127.12.66.67:39169)
I20260608 12:41:34.256444 15228 tablet_service.cc:1917] Received RequestConsensusVote() RPC: tablet_id: "1d04a827bc81404ca0fa719bb551dbf6" candidate_uuid: "f648461c787b4cac8a5e0708513a149f" candidate_term: 1 candidate_status { last_received { term: 0 index: 0 } } ignore_live_leader: false dest_uuid: "0807c188264d4cd6a111746f62cb1c86"
I20260608 12:41:34.256680 15377 tablet_service.cc:1917] Received RequestConsensusVote() RPC: tablet_id: "1d04a827bc81404ca0fa719bb551dbf6" candidate_uuid: "f648461c787b4cac8a5e0708513a149f" candidate_term: 1 candidate_status { last_received { term: 0 index: 0 } } ignore_live_leader: false dest_uuid: "524ad1cccb734f609c41078d1be322ad"
I20260608 12:41:34.256910 15228 raft_consensus.cc:3060] T 1d04a827bc81404ca0fa719bb551dbf6 P 0807c188264d4cd6a111746f62cb1c86 [term 0 FOLLOWER]: Advancing to term 1
I20260608 12:41:34.257212 15377 raft_consensus.cc:3060] T 1d04a827bc81404ca0fa719bb551dbf6 P 524ad1cccb734f609c41078d1be322ad [term 0 FOLLOWER]: Advancing to term 1
I20260608 12:41:34.261313 15228 raft_consensus.cc:2468] T 1d04a827bc81404ca0fa719bb551dbf6 P 0807c188264d4cd6a111746f62cb1c86 [term 1 FOLLOWER]: Leader election vote request: Granting yes vote for candidate f648461c787b4cac8a5e0708513a149f in term 1.
I20260608 12:41:34.261551 15377 raft_consensus.cc:2468] T 1d04a827bc81404ca0fa719bb551dbf6 P 524ad1cccb734f609c41078d1be322ad [term 1 FOLLOWER]: Leader election vote request: Granting yes vote for candidate f648461c787b4cac8a5e0708513a149f in term 1.
I20260608 12:41:34.262369 15266 leader_election.cc:304] T 1d04a827bc81404ca0fa719bb551dbf6 P f648461c787b4cac8a5e0708513a149f [CANDIDATE]: Term 1 election: Election decided. Result: candidate won. Election summary: received 2 responses out of 3 voters: 2 yes votes; 0 no votes. yes voters: 0807c188264d4cd6a111746f62cb1c86, f648461c787b4cac8a5e0708513a149f; no voters: 
I20260608 12:41:34.263141 15437 raft_consensus.cc:2804] T 1d04a827bc81404ca0fa719bb551dbf6 P f648461c787b4cac8a5e0708513a149f [term 1 FOLLOWER]: Leader election won for term 1
I20260608 12:41:34.263634 15437 raft_consensus.cc:697] T 1d04a827bc81404ca0fa719bb551dbf6 P f648461c787b4cac8a5e0708513a149f [term 1 LEADER]: Becoming Leader. State: Replica: f648461c787b4cac8a5e0708513a149f, State: Running, Role: LEADER
I20260608 12:41:34.264284 15437 consensus_queue.cc:237] T 1d04a827bc81404ca0fa719bb551dbf6 P f648461c787b4cac8a5e0708513a149f [LEADER]: Queue going to LEADER mode. State: All replicated index: 0, Majority replicated index: 0, Committed index: 0, Last appended: 0.0, Last appended by leader: 0, Current term: 1, Majority size: 2, State: 0, Mode: LEADER, active raft config: opid_index: -1 OBSOLETE_local: false peers { permanent_uuid: "0807c188264d4cd6a111746f62cb1c86" member_type: VOTER last_known_addr { host: "127.12.66.65" port: 37519 } } peers { permanent_uuid: "f648461c787b4cac8a5e0708513a149f" member_type: VOTER last_known_addr { host: "127.12.66.66" port: 45919 } } peers { permanent_uuid: "524ad1cccb734f609c41078d1be322ad" member_type: VOTER last_known_addr { host: "127.12.66.67" port: 39169 } }
