I20260608 12:41:29.181231 15818 raft_consensus.cc:740] T 5307edcc8ea84717ba85ae60f2e919f6 P 35067ca9ce69486ab63878373acab69c [term 0 FOLLOWER]: Becoming Follower/Learner. State: Replica: 35067ca9ce69486ab63878373acab69c, State: Initialized, Role: FOLLOWER
I20260608 12:41:29.182052 15818 consensus_queue.cc:260] T 5307edcc8ea84717ba85ae60f2e919f6 P 35067ca9ce69486ab63878373acab69c [NON_LEADER]: Queue going to NON_LEADER mode. State: All replicated index: 0, Majority replicated index: 0, Committed index: 0, Last appended: 0.0, Last appended by leader: 0, Current term: 0, Majority size: -1, State: 0, Mode: NON_LEADER, active raft config: opid_index: -1 OBSOLETE_local: false peers { permanent_uuid: "35067ca9ce69486ab63878373acab69c" member_type: VOTER last_known_addr { host: "127.12.77.129" port: 38775 } } peers { permanent_uuid: "50c3faffa67345b6bb8b8632d2af93ee" member_type: VOTER last_known_addr { host: "127.12.77.130" port: 41109 } } peers { permanent_uuid: "00560d0105e1409fad752263bd67337e" member_type: VOTER last_known_addr { host: "127.12.77.131" port: 35507 } }
I20260608 12:41:29.184257 15818 ts_tablet_manager.cc:1434] T 5307edcc8ea84717ba85ae60f2e919f6 P 35067ca9ce69486ab63878373acab69c: Time spent starting tablet: real 0.007s	user 0.005s	sys 0.000s
I20260608 12:41:29.179767 15522 catalog_manager.cc:5696] T cea4b5456e2b4c03b7ff68b02eeef52c P 50c3faffa67345b6bb8b8632d2af93ee reported cstate change: term changed from 0 to 1, leader changed from <none> to 50c3faffa67345b6bb8b8632d2af93ee (127.12.77.130). New cstate: current_term: 1 leader_uuid: "50c3faffa67345b6bb8b8632d2af93ee" committed_config { opid_index: -1 OBSOLETE_local: false peers { permanent_uuid: "35067ca9ce69486ab63878373acab69c" member_type: VOTER last_known_addr { host: "127.12.77.129" port: 38775 } health_report { overall_health: UNKNOWN } } peers { permanent_uuid: "50c3faffa67345b6bb8b8632d2af93ee" member_type: VOTER last_known_addr { host: "127.12.77.130" port: 41109 } health_report { overall_health: HEALTHY } } peers { permanent_uuid: "00560d0105e1409fad752263bd67337e" member_type: VOTER last_known_addr { host: "127.12.77.131" port: 35507 } health_report { overall_health: UNKNOWN } } }
I20260608 12:41:29.187258 15699 tablet_service.cc:1917] Received RequestConsensusVote() RPC: tablet_id: "b6c6c7399e1a428ba9f54297b8cbd1d9" candidate_uuid: "00560d0105e1409fad752263bd67337e" candidate_term: 1 candidate_status { last_received { term: 0 index: 0 } } ignore_live_leader: false dest_uuid: "50c3faffa67345b6bb8b8632d2af93ee" is_pre_election: true
W20260608 12:41:29.188616 15738 leader_election.cc:343] T b6c6c7399e1a428ba9f54297b8cbd1d9 P 00560d0105e1409fad752263bd67337e [CANDIDATE]: Term 1 pre-election: Tablet error from VoteRequest() call to peer 50c3faffa67345b6bb8b8632d2af93ee (127.12.77.130:41109): Illegal state: must be running to vote when last-logged opid is not known
I20260608 12:41:29.164119 15822 raft_consensus.cc:359] T cea4b5456e2b4c03b7ff68b02eeef52c P 00560d0105e1409fad752263bd67337e [term 0 FOLLOWER]: Replica starting. Triggering 0 pending ops. Active config: opid_index: -1 OBSOLETE_local: false peers { permanent_uuid: "35067ca9ce69486ab63878373acab69c" member_type: VOTER last_known_addr { host: "127.12.77.129" port: 38775 } } peers { permanent_uuid: "50c3faffa67345b6bb8b8632d2af93ee" member_type: VOTER last_known_addr { host: "127.12.77.130" port: 41109 } } peers { permanent_uuid: "00560d0105e1409fad752263bd67337e" member_type: VOTER last_known_addr { host: "127.12.77.131" port: 35507 } }
I20260608 12:41:29.190917 15822 raft_consensus.cc:385] T cea4b5456e2b4c03b7ff68b02eeef52c P 00560d0105e1409fad752263bd67337e [term 0 FOLLOWER]: Consensus starting up: Expiring failure detector timer to make a prompt election more likely
I20260608 12:41:29.191187 15822 raft_consensus.cc:740] T cea4b5456e2b4c03b7ff68b02eeef52c P 00560d0105e1409fad752263bd67337e [term 0 FOLLOWER]: Becoming Follower/Learner. State: Replica: 00560d0105e1409fad752263bd67337e, State: Initialized, Role: FOLLOWER
I20260608 12:41:29.192121 15827 raft_consensus.cc:493] T da074e5e61e7401db4df2a341b967c93 P 50c3faffa67345b6bb8b8632d2af93ee [term 0 FOLLOWER]: Starting pre-election (no leader contacted us within the election timeout)
I20260608 12:41:29.191854 15822 consensus_queue.cc:260] T cea4b5456e2b4c03b7ff68b02eeef52c P 00560d0105e1409fad752263bd67337e [NON_LEADER]: Queue going to NON_LEADER mode. State: All replicated index: 0, Majority replicated index: 0, Committed index: 0, Last appended: 0.0, Last appended by leader: 0, Current term: 0, Majority size: -1, State: 0, Mode: NON_LEADER, active raft config: opid_index: -1 OBSOLETE_local: false peers { permanent_uuid: "35067ca9ce69486ab63878373acab69c" member_type: VOTER last_known_addr { host: "127.12.77.129" port: 38775 } } peers { permanent_uuid: "50c3faffa67345b6bb8b8632d2af93ee" member_type: VOTER last_known_addr { host: "127.12.77.130" port: 41109 } } peers { permanent_uuid: "00560d0105e1409fad752263bd67337e" member_type: VOTER last_known_addr { host: "127.12.77.131" port: 35507 } }
I20260608 12:41:29.192746 15823 tablet_bootstrap.cc:492] T 7d08363ca1644ca1b15433fc7484ef1a P 50c3faffa67345b6bb8b8632d2af93ee: No bootstrap required, opened a new log
I20260608 12:41:29.192615 15827 raft_consensus.cc:515] T da074e5e61e7401db4df2a341b967c93 P 50c3faffa67345b6bb8b8632d2af93ee [term 0 FOLLOWER]: Starting pre-election with config: opid_index: -1 OBSOLETE_local: false peers { permanent_uuid: "35067ca9ce69486ab63878373acab69c" member_type: VOTER last_known_addr { host: "127.12.77.129" port: 38775 } } peers { permanent_uuid: "50c3faffa67345b6bb8b8632d2af93ee" member_type: VOTER last_known_addr { host: "127.12.77.130" port: 41109 } } peers { permanent_uuid: "00560d0105e1409fad752263bd67337e" member_type: VOTER last_known_addr { host: "127.12.77.131" port: 35507 } }
I20260608 12:41:29.193257 15823 ts_tablet_manager.cc:1403] T 7d08363ca1644ca1b15433fc7484ef1a P 50c3faffa67345b6bb8b8632d2af93ee: Time spent bootstrapping tablet: real 0.068s	user 0.017s	sys 0.025s
I20260608 12:41:29.194809 15827 leader_election.cc:290] T da074e5e61e7401db4df2a341b967c93 P 50c3faffa67345b6bb8b8632d2af93ee [CANDIDATE]: Term 1 pre-election: Requested pre-vote from peers 35067ca9ce69486ab63878373acab69c (127.12.77.129:38775), 00560d0105e1409fad752263bd67337e (127.12.77.131:35507)
I20260608 12:41:29.196298 15773 tablet_service.cc:1917] Received RequestConsensusVote() RPC: tablet_id: "da074e5e61e7401db4df2a341b967c93" candidate_uuid: "50c3faffa67345b6bb8b8632d2af93ee" candidate_term: 1 candidate_status { last_received { term: 0 index: 0 } } ignore_live_leader: false dest_uuid: "00560d0105e1409fad752263bd67337e" is_pre_election: true
I20260608 12:41:29.196487 15623 tablet_service.cc:1917] Received RequestConsensusVote() RPC: tablet_id: "da074e5e61e7401db4df2a341b967c93" candidate_uuid: "50c3faffa67345b6bb8b8632d2af93ee" candidate_term: 1 candidate_status { last_received { term: 0 index: 0 } } ignore_live_leader: false dest_uuid: "35067ca9ce69486ab63878373acab69c" is_pre_election: true
I20260608 12:41:29.196314 15823 raft_consensus.cc:359] T 7d08363ca1644ca1b15433fc7484ef1a P 50c3faffa67345b6bb8b8632d2af93ee [term 0 FOLLOWER]: Replica starting. Triggering 0 pending ops. Active config: opid_index: -1 OBSOLETE_local: false peers { permanent_uuid: "50c3faffa67345b6bb8b8632d2af93ee" member_type: VOTER last_known_addr { host: "127.12.77.130" port: 41109 } } peers { permanent_uuid: "35067ca9ce69486ab63878373acab69c" member_type: VOTER last_known_addr { host: "127.12.77.129" port: 38775 } } peers { permanent_uuid: "00560d0105e1409fad752263bd67337e" member_type: VOTER last_known_addr { host: "127.12.77.131" port: 35507 } }
I20260608 12:41:29.197358 15823 raft_consensus.cc:385] T 7d08363ca1644ca1b15433fc7484ef1a P 50c3faffa67345b6bb8b8632d2af93ee [term 0 FOLLOWER]: Consensus starting up: Expiring failure detector timer to make a prompt election more likely
I20260608 12:41:29.197355 15623 raft_consensus.cc:2468] T da074e5e61e7401db4df2a341b967c93 P 35067ca9ce69486ab63878373acab69c [term 0 FOLLOWER]: Leader pre-election vote request: Granting yes vote for candidate 50c3faffa67345b6bb8b8632d2af93ee in term 0.
I20260608 12:41:29.197832 15823 raft_consensus.cc:740] T 7d08363ca1644ca1b15433fc7484ef1a P 50c3faffa67345b6bb8b8632d2af93ee [term 0 FOLLOWER]: Becoming Follower/Learner. State: Replica: 50c3faffa67345b6bb8b8632d2af93ee, State: Initialized, Role: FOLLOWER
I20260608 12:41:29.191011 15624 tablet_service.cc:1917] Received RequestConsensusVote() RPC: tablet_id: "b6c6c7399e1a428ba9f54297b8cbd1d9" candidate_uuid: "00560d0105e1409fad752263bd67337e" candidate_term: 1 candidate_status { last_received { term: 0 index: 0 } } ignore_live_leader: false dest_uuid: "35067ca9ce69486ab63878373acab69c" is_pre_election: true
I20260608 12:41:29.198580 15823 consensus_queue.cc:260] T 7d08363ca1644ca1b15433fc7484ef1a P 50c3faffa67345b6bb8b8632d2af93ee [NON_LEADER]: Queue going to NON_LEADER mode. State: All replicated index: 0, Majority replicated index: 0, Committed index: 0, Last appended: 0.0, Last appended by leader: 0, Current term: 0, Majority size: -1, State: 0, Mode: NON_LEADER, active raft config: opid_index: -1 OBSOLETE_local: false peers { permanent_uuid: "50c3faffa67345b6bb8b8632d2af93ee" member_type: VOTER last_known_addr { host: "127.12.77.130" port: 41109 } } peers { permanent_uuid: "35067ca9ce69486ab63878373acab69c" member_type: VOTER last_known_addr { host: "127.12.77.129" port: 38775 } } peers { permanent_uuid: "00560d0105e1409fad752263bd67337e" member_type: VOTER last_known_addr { host: "127.12.77.131" port: 35507 } }
I20260608 12:41:29.199141 15624 raft_consensus.cc:2468] T b6c6c7399e1a428ba9f54297b8cbd1d9 P 35067ca9ce69486ab63878373acab69c [term 0 FOLLOWER]: Leader pre-election vote request: Granting yes vote for candidate 00560d0105e1409fad752263bd67337e in term 0.
I20260608 12:41:29.200392 15739 leader_election.cc:304] T b6c6c7399e1a428ba9f54297b8cbd1d9 P 00560d0105e1409fad752263bd67337e [CANDIDATE]: Term 1 pre-election: Election decided. Result: candidate won. Election summary: received 3 responses out of 3 voters: 2 yes votes; 1 no votes. yes voters: 00560d0105e1409fad752263bd67337e, 35067ca9ce69486ab63878373acab69c; no voters: 50c3faffa67345b6bb8b8632d2af93ee
I20260608 12:41:29.200691 15822 ts_tablet_manager.cc:1434] T cea4b5456e2b4c03b7ff68b02eeef52c P 00560d0105e1409fad752263bd67337e: Time spent starting tablet: real 0.039s	user 0.005s	sys 0.003s
I20260608 12:41:29.201102 15823 ts_tablet_manager.cc:1434] T 7d08363ca1644ca1b15433fc7484ef1a P 50c3faffa67345b6bb8b8632d2af93ee: Time spent starting tablet: real 0.008s	user 0.008s	sys 0.000s
I20260608 12:41:29.201244 15828 raft_consensus.cc:2804] T b6c6c7399e1a428ba9f54297b8cbd1d9 P 00560d0105e1409fad752263bd67337e [term 0 FOLLOWER]: Leader pre-election won for term 1
I20260608 12:41:29.201630 15828 raft_consensus.cc:493] T b6c6c7399e1a428ba9f54297b8cbd1d9 P 00560d0105e1409fad752263bd67337e [term 0 FOLLOWER]: Starting leader election (no leader contacted us within the election timeout)
I20260608 12:41:29.201964 15828 raft_consensus.cc:3060] T b6c6c7399e1a428ba9f54297b8cbd1d9 P 00560d0105e1409fad752263bd67337e [term 0 FOLLOWER]: Advancing to term 1
I20260608 12:41:29.202104 15823 tablet_bootstrap.cc:492] T 89fb2310f82545b7af6d0d89cd2a2a08 P 50c3faffa67345b6bb8b8632d2af93ee: Bootstrap starting.
W20260608 12:41:29.198463 15664 leader_election.cc:343] T da074e5e61e7401db4df2a341b967c93 P 50c3faffa67345b6bb8b8632d2af93ee [CANDIDATE]: Term 1 pre-election: Tablet error from VoteRequest() call to peer 00560d0105e1409fad752263bd67337e (127.12.77.131:35507): Illegal state: must be running to vote when last-logged opid is not known
I20260608 12:41:29.206326 15827 raft_consensus.cc:493] T 7d08363ca1644ca1b15433fc7484ef1a P 50c3faffa67345b6bb8b8632d2af93ee [term 0 FOLLOWER]: Starting pre-election (no leader contacted us within the election timeout)
I20260608 12:41:29.206775 15827 raft_consensus.cc:515] T 7d08363ca1644ca1b15433fc7484ef1a P 50c3faffa67345b6bb8b8632d2af93ee [term 0 FOLLOWER]: Starting pre-election with config: opid_index: -1 OBSOLETE_local: false peers { permanent_uuid: "50c3faffa67345b6bb8b8632d2af93ee" member_type: VOTER last_known_addr { host: "127.12.77.130" port: 41109 } } peers { permanent_uuid: "35067ca9ce69486ab63878373acab69c" member_type: VOTER last_known_addr { host: "127.12.77.129" port: 38775 } } peers { permanent_uuid: "00560d0105e1409fad752263bd67337e" member_type: VOTER last_known_addr { host: "127.12.77.131" port: 35507 } }
I20260608 12:41:29.207212 15665 leader_election.cc:304] T da074e5e61e7401db4df2a341b967c93 P 50c3faffa67345b6bb8b8632d2af93ee [CANDIDATE]: Term 1 pre-election: Election decided. Result: candidate won. Election summary: received 3 responses out of 3 voters: 2 yes votes; 1 no votes. yes voters: 35067ca9ce69486ab63878373acab69c, 50c3faffa67345b6bb8b8632d2af93ee; no voters: 00560d0105e1409fad752263bd67337e
I20260608 12:41:29.208843 15840 raft_consensus.cc:2804] T da074e5e61e7401db4df2a341b967c93 P 50c3faffa67345b6bb8b8632d2af93ee [term 0 FOLLOWER]: Leader pre-election won for term 1
I20260608 12:41:29.209252 15840 raft_consensus.cc:493] T da074e5e61e7401db4df2a341b967c93 P 50c3faffa67345b6bb8b8632d2af93ee [term 0 FOLLOWER]: Starting leader election (no leader contacted us within the election timeout)
I20260608 12:41:29.208086 15828 raft_consensus.cc:515] T b6c6c7399e1a428ba9f54297b8cbd1d9 P 00560d0105e1409fad752263bd67337e [term 1 FOLLOWER]: Starting leader election with config: opid_index: -1 OBSOLETE_local: false peers { permanent_uuid: "35067ca9ce69486ab63878373acab69c" member_type: VOTER last_known_addr { host: "127.12.77.129" port: 38775 } } peers { permanent_uuid: "50c3faffa67345b6bb8b8632d2af93ee" member_type: VOTER last_known_addr { host: "127.12.77.130" port: 41109 } } peers { permanent_uuid: "00560d0105e1409fad752263bd67337e" member_type: VOTER last_known_addr { host: "127.12.77.131" port: 35507 } }
I20260608 12:41:29.209709 15840 raft_consensus.cc:3060] T da074e5e61e7401db4df2a341b967c93 P 50c3faffa67345b6bb8b8632d2af93ee [term 0 FOLLOWER]: Advancing to term 1
I20260608 12:41:29.208993 15827 leader_election.cc:290] T 7d08363ca1644ca1b15433fc7484ef1a P 50c3faffa67345b6bb8b8632d2af93ee [CANDIDATE]: Term 1 pre-election: Requested pre-vote from peers 35067ca9ce69486ab63878373acab69c (127.12.77.129:38775), 00560d0105e1409fad752263bd67337e (127.12.77.131:35507)
I20260608 12:41:29.212370 15623 tablet_service.cc:1917] Received RequestConsensusVote() RPC: tablet_id: "b6c6c7399e1a428ba9f54297b8cbd1d9" candidate_uuid: "00560d0105e1409fad752263bd67337e" candidate_term: 1 candidate_status { last_received { term: 0 index: 0 } } ignore_live_leader: false dest_uuid: "35067ca9ce69486ab63878373acab69c"
I20260608 12:41:29.209641 15823 tablet_bootstrap.cc:654] T 89fb2310f82545b7af6d0d89cd2a2a08 P 50c3faffa67345b6bb8b8632d2af93ee: Neither blocks nor log segments found. Creating new log.
I20260608 12:41:29.212697 15828 leader_election.cc:290] T b6c6c7399e1a428ba9f54297b8cbd1d9 P 00560d0105e1409fad752263bd67337e [CANDIDATE]: Term 1 election: Requested vote from peers 35067ca9ce69486ab63878373acab69c (127.12.77.129:38775), 50c3faffa67345b6bb8b8632d2af93ee (127.12.77.130:41109)
I20260608 12:41:29.216760 15624 tablet_service.cc:1917] Received RequestConsensusVote() RPC: tablet_id: "7d08363ca1644ca1b15433fc7484ef1a" candidate_uuid: "50c3faffa67345b6bb8b8632d2af93ee" candidate_term: 1 candidate_status { last_received { term: 0 index: 0 } } ignore_live_leader: false dest_uuid: "35067ca9ce69486ab63878373acab69c" is_pre_election: true
I20260608 12:41:29.217411 15624 raft_consensus.cc:2468] T 7d08363ca1644ca1b15433fc7484ef1a P 35067ca9ce69486ab63878373acab69c [term 0 FOLLOWER]: Leader pre-election vote request: Granting yes vote for candidate 50c3faffa67345b6bb8b8632d2af93ee in term 0.
I20260608 12:41:29.212960 15623 raft_consensus.cc:3060] T b6c6c7399e1a428ba9f54297b8cbd1d9 P 35067ca9ce69486ab63878373acab69c [term 0 FOLLOWER]: Advancing to term 1
I20260608 12:41:29.218670 15665 leader_election.cc:304] T 7d08363ca1644ca1b15433fc7484ef1a P 50c3faffa67345b6bb8b8632d2af93ee [CANDIDATE]: Term 1 pre-election: Election decided. Result: candidate won. Election summary: received 2 responses out of 3 voters: 2 yes votes; 0 no votes. yes voters: 35067ca9ce69486ab63878373acab69c, 50c3faffa67345b6bb8b8632d2af93ee; no voters: 
I20260608 12:41:29.218883 15823 tablet_bootstrap.cc:492] T 89fb2310f82545b7af6d0d89cd2a2a08 P 50c3faffa67345b6bb8b8632d2af93ee: No bootstrap required, opened a new log
I20260608 12:41:29.219465 15827 raft_consensus.cc:2804] T 7d08363ca1644ca1b15433fc7484ef1a P 50c3faffa67345b6bb8b8632d2af93ee [term 0 FOLLOWER]: Leader pre-election won for term 1
I20260608 12:41:29.219691 15823 ts_tablet_manager.cc:1403] T 89fb2310f82545b7af6d0d89cd2a2a08 P 50c3faffa67345b6bb8b8632d2af93ee: Time spent bootstrapping tablet: real 0.018s	user 0.011s	sys 0.001s
I20260608 12:41:29.219847 15827 raft_consensus.cc:493] T 7d08363ca1644ca1b15433fc7484ef1a P 50c3faffa67345b6bb8b8632d2af93ee [term 0 FOLLOWER]: Starting leader election (no leader contacted us within the election timeout)
I20260608 12:41:29.220234 15827 raft_consensus.cc:3060] T 7d08363ca1644ca1b15433fc7484ef1a P 50c3faffa67345b6bb8b8632d2af93ee [term 0 FOLLOWER]: Advancing to term 1
I20260608 12:41:29.222954 15823 raft_consensus.cc:359] T 89fb2310f82545b7af6d0d89cd2a2a08 P 50c3faffa67345b6bb8b8632d2af93ee [term 0 FOLLOWER]: Replica starting. Triggering 0 pending ops. Active config: opid_index: -1 OBSOLETE_local: false peers { permanent_uuid: "35067ca9ce69486ab63878373acab69c" member_type: VOTER last_known_addr { host: "127.12.77.129" port: 38775 } } peers { permanent_uuid: "50c3faffa67345b6bb8b8632d2af93ee" member_type: VOTER last_known_addr { host: "127.12.77.130" port: 41109 } } peers { permanent_uuid: "00560d0105e1409fad752263bd67337e" member_type: VOTER last_known_addr { host: "127.12.77.131" port: 35507 } }
I20260608 12:41:29.223677 15823 raft_consensus.cc:385] T 89fb2310f82545b7af6d0d89cd2a2a08 P 50c3faffa67345b6bb8b8632d2af93ee [term 0 FOLLOWER]: Consensus starting up: Expiring failure detector timer to make a prompt election more likely
I20260608 12:41:29.223955 15823 raft_consensus.cc:740] T 89fb2310f82545b7af6d0d89cd2a2a08 P 50c3faffa67345b6bb8b8632d2af93ee [term 0 FOLLOWER]: Becoming Follower/Learner. State: Replica: 50c3faffa67345b6bb8b8632d2af93ee, State: Initialized, Role: FOLLOWER
I20260608 12:41:29.213567 15822 tablet_bootstrap.cc:492] T da074e5e61e7401db4df2a341b967c93 P 00560d0105e1409fad752263bd67337e: Bootstrap starting.
I20260608 12:41:29.224879 15823 consensus_queue.cc:260] T 89fb2310f82545b7af6d0d89cd2a2a08 P 50c3faffa67345b6bb8b8632d2af93ee [NON_LEADER]: Queue going to NON_LEADER mode. State: All replicated index: 0, Majority replicated index: 0, Committed index: 0, Last appended: 0.0, Last appended by leader: 0, Current term: 0, Majority size: -1, State: 0, Mode: NON_LEADER, active raft config: opid_index: -1 OBSOLETE_local: false peers { permanent_uuid: "35067ca9ce69486ab63878373acab69c" member_type: VOTER last_known_addr { host: "127.12.77.129" port: 38775 } } peers { permanent_uuid: "50c3faffa67345b6bb8b8632d2af93ee" member_type: VOTER last_known_addr { host: "127.12.77.130" port: 41109 } } peers { permanent_uuid: "00560d0105e1409fad752263bd67337e" member_type: VOTER last_known_addr { host: "127.12.77.131" port: 35507 } }
I20260608 12:41:29.226948 15827 raft_consensus.cc:515] T 7d08363ca1644ca1b15433fc7484ef1a P 50c3faffa67345b6bb8b8632d2af93ee [term 1 FOLLOWER]: Starting leader election with config: opid_index: -1 OBSOLETE_local: false peers { permanent_uuid: "50c3faffa67345b6bb8b8632d2af93ee" member_type: VOTER last_known_addr { host: "127.12.77.130" port: 41109 } } peers { permanent_uuid: "35067ca9ce69486ab63878373acab69c" member_type: VOTER last_known_addr { host: "127.12.77.129" port: 38775 } } peers { permanent_uuid: "00560d0105e1409fad752263bd67337e" member_type: VOTER last_known_addr { host: "127.12.77.131" port: 35507 } }
I20260608 12:41:29.215214 15840 raft_consensus.cc:515] T da074e5e61e7401db4df2a341b967c93 P 50c3faffa67345b6bb8b8632d2af93ee [term 1 FOLLOWER]: Starting leader election with config: opid_index: -1 OBSOLETE_local: false peers { permanent_uuid: "35067ca9ce69486ab63878373acab69c" member_type: VOTER last_known_addr { host: "127.12.77.129" port: 38775 } } peers { permanent_uuid: "50c3faffa67345b6bb8b8632d2af93ee" member_type: VOTER last_known_addr { host: "127.12.77.130" port: 41109 } } peers { permanent_uuid: "00560d0105e1409fad752263bd67337e" member_type: VOTER last_known_addr { host: "127.12.77.131" port: 35507 } }
I20260608 12:41:29.215481 15699 tablet_service.cc:1917] Received RequestConsensusVote() RPC: tablet_id: "b6c6c7399e1a428ba9f54297b8cbd1d9" candidate_uuid: "00560d0105e1409fad752263bd67337e" candidate_term: 1 candidate_status { last_received { term: 0 index: 0 } } ignore_live_leader: false dest_uuid: "50c3faffa67345b6bb8b8632d2af93ee"
I20260608 12:41:29.229166 15827 leader_election.cc:290] T 7d08363ca1644ca1b15433fc7484ef1a P 50c3faffa67345b6bb8b8632d2af93ee [CANDIDATE]: Term 1 election: Requested vote from peers 35067ca9ce69486ab63878373acab69c (127.12.77.129:38775), 00560d0105e1409fad752263bd67337e (127.12.77.131:35507)
I20260608 12:41:29.227308 15823 ts_tablet_manager.cc:1434] T 89fb2310f82545b7af6d0d89cd2a2a08 P 50c3faffa67345b6bb8b8632d2af93ee: Time spent starting tablet: real 0.007s	user 0.005s	sys 0.000s
W20260608 12:41:29.230038 15738 leader_election.cc:343] T b6c6c7399e1a428ba9f54297b8cbd1d9 P 00560d0105e1409fad752263bd67337e [CANDIDATE]: Term 1 election: Tablet error from VoteRequest() call to peer 50c3faffa67345b6bb8b8632d2af93ee (127.12.77.130:41109): Illegal state: must be running to vote when last-logged opid is not known
I20260608 12:41:29.230459 15823 tablet_bootstrap.cc:492] T b6c6c7399e1a428ba9f54297b8cbd1d9 P 50c3faffa67345b6bb8b8632d2af93ee: Bootstrap starting.
I20260608 12:41:29.231191 15772 tablet_service.cc:1917] Received RequestConsensusVote() RPC: tablet_id: "7d08363ca1644ca1b15433fc7484ef1a" candidate_uuid: "50c3faffa67345b6bb8b8632d2af93ee" candidate_term: 1 candidate_status { last_received { term: 0 index: 0 } } ignore_live_leader: false dest_uuid: "00560d0105e1409fad752263bd67337e"
W20260608 12:41:29.232925 15664 leader_election.cc:343] T 7d08363ca1644ca1b15433fc7484ef1a P 50c3faffa67345b6bb8b8632d2af93ee [CANDIDATE]: Term 1 election: Tablet error from VoteRequest() call to peer 00560d0105e1409fad752263bd67337e (127.12.77.131:35507): Illegal state: must be running to vote when last-logged opid is not known
I20260608 12:41:29.233696 15772 tablet_service.cc:1917] Received RequestConsensusVote() RPC: tablet_id: "da074e5e61e7401db4df2a341b967c93" candidate_uuid: "50c3faffa67345b6bb8b8632d2af93ee" candidate_term: 1 candidate_status { last_received { term: 0 index: 0 } } ignore_live_leader: false dest_uuid: "00560d0105e1409fad752263bd67337e"
I20260608 12:41:29.234890 15622 tablet_service.cc:1917] Received RequestConsensusVote() RPC: tablet_id: "da074e5e61e7401db4df2a341b967c93" candidate_uuid: "50c3faffa67345b6bb8b8632d2af93ee" candidate_term: 1 candidate_status { last_received { term: 0 index: 0 } } ignore_live_leader: false dest_uuid: "35067ca9ce69486ab63878373acab69c"
W20260608 12:41:29.235059 15664 leader_election.cc:343] T da074e5e61e7401db4df2a341b967c93 P 50c3faffa67345b6bb8b8632d2af93ee [CANDIDATE]: Term 1 election: Tablet error from VoteRequest() call to peer 00560d0105e1409fad752263bd67337e (127.12.77.131:35507): Illegal state: must be running to vote when last-logged opid is not known
I20260608 12:41:29.235562 15622 raft_consensus.cc:3060] T da074e5e61e7401db4df2a341b967c93 P 35067ca9ce69486ab63878373acab69c [term 0 FOLLOWER]: Advancing to term 1
I20260608 12:41:29.236923 15822 tablet_bootstrap.cc:654] T da074e5e61e7401db4df2a341b967c93 P 00560d0105e1409fad752263bd67337e: Neither blocks nor log segments found. Creating new log.
I20260608 12:41:29.237202 15823 tablet_bootstrap.cc:654] T b6c6c7399e1a428ba9f54297b8cbd1d9 P 50c3faffa67345b6bb8b8632d2af93ee: Neither blocks nor log segments found. Creating new log.
I20260608 12:41:29.232808 15624 tablet_service.cc:1917] Received RequestConsensusVote() RPC: tablet_id: "7d08363ca1644ca1b15433fc7484ef1a" candidate_uuid: "50c3faffa67345b6bb8b8632d2af93ee" candidate_term: 1 candidate_status { last_received { term: 0 index: 0 } } ignore_live_leader: false dest_uuid: "35067ca9ce69486ab63878373acab69c"
I20260608 12:41:29.213083 15773 tablet_service.cc:1917] Received RequestConsensusVote() RPC: tablet_id: "7d08363ca1644ca1b15433fc7484ef1a" candidate_uuid: "50c3faffa67345b6bb8b8632d2af93ee" candidate_term: 1 candidate_status { last_received { term: 0 index: 0 } } ignore_live_leader: false dest_uuid: "00560d0105e1409fad752263bd67337e" is_pre_election: true
I20260608 12:41:29.238628 15624 raft_consensus.cc:3060] T 7d08363ca1644ca1b15433fc7484ef1a P 35067ca9ce69486ab63878373acab69c [term 0 FOLLOWER]: Advancing to term 1
I20260608 12:41:29.240909 15828 raft_consensus.cc:493] T 89fb2310f82545b7af6d0d89cd2a2a08 P 00560d0105e1409fad752263bd67337e [term 0 FOLLOWER]: Starting pre-election (no leader contacted us within the election timeout)
I20260608 12:41:29.241364 15828 raft_consensus.cc:515] T 89fb2310f82545b7af6d0d89cd2a2a08 P 00560d0105e1409fad752263bd67337e [term 0 FOLLOWER]: Starting pre-election with config: opid_index: -1 OBSOLETE_local: false peers { permanent_uuid: "35067ca9ce69486ab63878373acab69c" member_type: VOTER last_known_addr { host: "127.12.77.129" port: 38775 } } peers { permanent_uuid: "50c3faffa67345b6bb8b8632d2af93ee" member_type: VOTER last_known_addr { host: "127.12.77.130" port: 41109 } } peers { permanent_uuid: "00560d0105e1409fad752263bd67337e" member_type: VOTER last_known_addr { host: "127.12.77.131" port: 35507 } }
I20260608 12:41:29.243522 15828 leader_election.cc:290] T 89fb2310f82545b7af6d0d89cd2a2a08 P 00560d0105e1409fad752263bd67337e [CANDIDATE]: Term 1 pre-election: Requested pre-vote from peers 35067ca9ce69486ab63878373acab69c (127.12.77.129:38775), 50c3faffa67345b6bb8b8632d2af93ee (127.12.77.130:41109)
I20260608 12:41:29.243721 15622 raft_consensus.cc:2468] T da074e5e61e7401db4df2a341b967c93 P 35067ca9ce69486ab63878373acab69c [term 1 FOLLOWER]: Leader election vote request: Granting yes vote for candidate 50c3faffa67345b6bb8b8632d2af93ee in term 1.
I20260608 12:41:29.244454 15621 tablet_service.cc:1917] Received RequestConsensusVote() RPC: tablet_id: "89fb2310f82545b7af6d0d89cd2a2a08" candidate_uuid: "00560d0105e1409fad752263bd67337e" candidate_term: 1 candidate_status { last_received { term: 0 index: 0 } } ignore_live_leader: false dest_uuid: "35067ca9ce69486ab63878373acab69c" is_pre_election: true
I20260608 12:41:29.244942 15665 leader_election.cc:304] T da074e5e61e7401db4df2a341b967c93 P 50c3faffa67345b6bb8b8632d2af93ee [CANDIDATE]: Term 1 election: Election decided. Result: candidate won. Election summary: received 3 responses out of 3 voters: 2 yes votes; 1 no votes. yes voters: 35067ca9ce69486ab63878373acab69c, 50c3faffa67345b6bb8b8632d2af93ee; no voters: 00560d0105e1409fad752263bd67337e
I20260608 12:41:29.245038 15699 tablet_service.cc:1917] Received RequestConsensusVote() RPC: tablet_id: "89fb2310f82545b7af6d0d89cd2a2a08" candidate_uuid: "00560d0105e1409fad752263bd67337e" candidate_term: 1 candidate_status { last_received { term: 0 index: 0 } } ignore_live_leader: false dest_uuid: "50c3faffa67345b6bb8b8632d2af93ee" is_pre_election: true
I20260608 12:41:29.245141 15621 raft_consensus.cc:2468] T 89fb2310f82545b7af6d0d89cd2a2a08 P 35067ca9ce69486ab63878373acab69c [term 0 FOLLOWER]: Leader pre-election vote request: Granting yes vote for candidate 00560d0105e1409fad752263bd67337e in term 0.
I20260608 12:41:29.245891 15699 raft_consensus.cc:2468] T 89fb2310f82545b7af6d0d89cd2a2a08 P 50c3faffa67345b6bb8b8632d2af93ee [term 0 FOLLOWER]: Leader pre-election vote request: Granting yes vote for candidate 00560d0105e1409fad752263bd67337e in term 0.
I20260608 12:41:29.246438 15840 leader_election.cc:290] T da074e5e61e7401db4df2a341b967c93 P 50c3faffa67345b6bb8b8632d2af93ee [CANDIDATE]: Term 1 election: Requested vote from peers 35067ca9ce69486ab63878373acab69c (127.12.77.129:38775), 00560d0105e1409fad752263bd67337e (127.12.77.131:35507)
I20260608 12:41:29.245885 15827 raft_consensus.cc:2804] T da074e5e61e7401db4df2a341b967c93 P 50c3faffa67345b6bb8b8632d2af93ee [term 1 FOLLOWER]: Leader election won for term 1
I20260608 12:41:29.247606 15827 raft_consensus.cc:697] T da074e5e61e7401db4df2a341b967c93 P 50c3faffa67345b6bb8b8632d2af93ee [term 1 LEADER]: Becoming Leader. State: Replica: 50c3faffa67345b6bb8b8632d2af93ee, State: Running, Role: LEADER
W20260608 12:41:29.247759 15664 leader_election.cc:343] T 7d08363ca1644ca1b15433fc7484ef1a P 50c3faffa67345b6bb8b8632d2af93ee [CANDIDATE]: Term 1 pre-election: Tablet error from VoteRequest() call to peer 00560d0105e1409fad752263bd67337e (127.12.77.131:35507): Illegal state: must be running to vote when last-logged opid is not known
I20260608 12:41:29.248422 15623 raft_consensus.cc:2468] T b6c6c7399e1a428ba9f54297b8cbd1d9 P 35067ca9ce69486ab63878373acab69c [term 1 FOLLOWER]: Leader election vote request: Granting yes vote for candidate 00560d0105e1409fad752263bd67337e in term 1.
I20260608 12:41:29.246971 15739 leader_election.cc:304] T 89fb2310f82545b7af6d0d89cd2a2a08 P 00560d0105e1409fad752263bd67337e [CANDIDATE]: Term 1 pre-election: Election decided. Result: candidate won. Election summary: received 2 responses out of 3 voters: 2 yes votes; 0 no votes. yes voters: 00560d0105e1409fad752263bd67337e, 35067ca9ce69486ab63878373acab69c; no voters: 
I20260608 12:41:29.248485 15827 consensus_queue.cc:237] T da074e5e61e7401db4df2a341b967c93 P 50c3faffa67345b6bb8b8632d2af93ee [LEADER]: Queue going to LEADER mode. State: All replicated index: 0, Majority replicated index: 0, Committed index: 0, Last appended: 0.0, Last appended by leader: 0, Current term: 1, Majority size: 2, State: 0, Mode: LEADER, active raft config: opid_index: -1 OBSOLETE_local: false peers { permanent_uuid: "35067ca9ce69486ab63878373acab69c" member_type: VOTER last_known_addr { host: "127.12.77.129" port: 38775 } } peers { permanent_uuid: "50c3faffa67345b6bb8b8632d2af93ee" member_type: VOTER last_known_addr { host: "127.12.77.130" port: 41109 } } peers { permanent_uuid: "00560d0105e1409fad752263bd67337e" member_type: VOTER last_known_addr { host: "127.12.77.131" port: 35507 } }
I20260608 12:41:29.250619 15828 raft_consensus.cc:2804] T 89fb2310f82545b7af6d0d89cd2a2a08 P 00560d0105e1409fad752263bd67337e [term 0 FOLLOWER]: Leader pre-election won for term 1
I20260608 12:41:29.251026 15828 raft_consensus.cc:493] T 89fb2310f82545b7af6d0d89cd2a2a08 P 00560d0105e1409fad752263bd67337e [term 0 FOLLOWER]: Starting leader election (no leader contacted us within the election timeout)
I20260608 12:41:29.251380 15828 raft_consensus.cc:3060] T 89fb2310f82545b7af6d0d89cd2a2a08 P 00560d0105e1409fad752263bd67337e [term 0 FOLLOWER]: Advancing to term 1
I20260608 12:41:29.253525 15823 tablet_bootstrap.cc:492] T b6c6c7399e1a428ba9f54297b8cbd1d9 P 50c3faffa67345b6bb8b8632d2af93ee: No bootstrap required, opened a new log
I20260608 12:41:29.254040 15823 ts_tablet_manager.cc:1403] T b6c6c7399e1a428ba9f54297b8cbd1d9 P 50c3faffa67345b6bb8b8632d2af93ee: Time spent bootstrapping tablet: real 0.024s	user 0.006s	sys 0.016s
I20260608 12:41:29.256903 15823 raft_consensus.cc:359] T b6c6c7399e1a428ba9f54297b8cbd1d9 P 50c3faffa67345b6bb8b8632d2af93ee [term 0 FOLLOWER]: Replica starting. Triggering 0 pending ops. Active config: opid_index: -1 OBSOLETE_local: false peers { permanent_uuid: "35067ca9ce69486ab63878373acab69c" member_type: VOTER last_known_addr { host: "127.12.77.129" port: 38775 } } peers { permanent_uuid: "50c3faffa67345b6bb8b8632d2af93ee" member_type: VOTER last_known_addr { host: "127.12.77.130" port: 41109 } } peers { permanent_uuid: "00560d0105e1409fad752263bd67337e" member_type: VOTER last_known_addr { host: "127.12.77.131" port: 35507 } }
I20260608 12:41:29.257608 15823 raft_consensus.cc:385] T b6c6c7399e1a428ba9f54297b8cbd1d9 P 50c3faffa67345b6bb8b8632d2af93ee [term 0 FOLLOWER]: Consensus starting up: Expiring failure detector timer to make a prompt election more likely
I20260608 12:41:29.257107 15739 leader_election.cc:304] T b6c6c7399e1a428ba9f54297b8cbd1d9 P 00560d0105e1409fad752263bd67337e [CANDIDATE]: Term 1 election: Election decided. Result: candidate won. Election summary: received 3 responses out of 3 voters: 2 yes votes; 1 no votes. yes voters: 00560d0105e1409fad752263bd67337e, 35067ca9ce69486ab63878373acab69c; no voters: 50c3faffa67345b6bb8b8632d2af93ee
I20260608 12:41:29.257973 15823 raft_consensus.cc:740] T b6c6c7399e1a428ba9f54297b8cbd1d9 P 50c3faffa67345b6bb8b8632d2af93ee [term 0 FOLLOWER]: Becoming Follower/Learner. State: Replica: 50c3faffa67345b6bb8b8632d2af93ee, State: Initialized, Role: FOLLOWER
I20260608 12:41:29.258805 15823 consensus_queue.cc:260] T b6c6c7399e1a428ba9f54297b8cbd1d9 P 50c3faffa67345b6bb8b8632d2af93ee [NON_LEADER]: Queue going to NON_LEADER mode. State: All replicated index: 0, Majority replicated index: 0, Committed index: 0, Last appended: 0.0, Last appended by leader: 0, Current term: 0, Majority size: -1, State: 0, Mode: NON_LEADER, active raft config: opid_index: -1 OBSOLETE_local: false peers { permanent_uuid: "35067ca9ce69486ab63878373acab69c" member_type: VOTER last_known_addr { host: "127.12.77.129" port: 38775 } } peers { permanent_uuid: "50c3faffa67345b6bb8b8632d2af93ee" member_type: VOTER last_known_addr { host: "127.12.77.130" port: 41109 } } peers { permanent_uuid: "00560d0105e1409fad752263bd67337e" member_type: VOTER last_known_addr { host: "127.12.77.131" port: 35507 } }
I20260608 12:41:29.261034 15823 ts_tablet_manager.cc:1434] T b6c6c7399e1a428ba9f54297b8cbd1d9 P 50c3faffa67345b6bb8b8632d2af93ee: Time spent starting tablet: real 0.007s	user 0.006s	sys 0.000s
I20260608 12:41:29.262032 15823 tablet_bootstrap.cc:492] T cf943d67cd774ad7accb6572589f6f2b P 50c3faffa67345b6bb8b8632d2af93ee: Bootstrap starting.
I20260608 12:41:29.263154 15858 raft_consensus.cc:2804] T b6c6c7399e1a428ba9f54297b8cbd1d9 P 00560d0105e1409fad752263bd67337e [term 1 FOLLOWER]: Leader election won for term 1
W20260608 12:41:29.265427 15570 auto_rebalancer.cc:259] Could not retrieve cluster info: Service unavailable: Tablet not running
I20260608 12:41:29.262054 15828 raft_consensus.cc:515] T 89fb2310f82545b7af6d0d89cd2a2a08 P 00560d0105e1409fad752263bd67337e [term 1 FOLLOWER]: Starting leader election with config: opid_index: -1 OBSOLETE_local: false peers { permanent_uuid: "35067ca9ce69486ab63878373acab69c" member_type: VOTER last_known_addr { host: "127.12.77.129" port: 38775 } } peers { permanent_uuid: "50c3faffa67345b6bb8b8632d2af93ee" member_type: VOTER last_known_addr { host: "127.12.77.130" port: 41109 } } peers { permanent_uuid: "00560d0105e1409fad752263bd67337e" member_type: VOTER last_known_addr { host: "127.12.77.131" port: 35507 } }
I20260608 12:41:29.268049 15575 auto_leader_rebalancer.cc:140] leader rebalance for table range_aware_rebalance_new_range
I20260608 12:41:29.269150 15828 leader_election.cc:290] T 89fb2310f82545b7af6d0d89cd2a2a08 P 00560d0105e1409fad752263bd67337e [CANDIDATE]: Term 1 election: Requested vote from peers 35067ca9ce69486ab63878373acab69c (127.12.77.129:38775), 50c3faffa67345b6bb8b8632d2af93ee (127.12.77.130:41109)
I20260608 12:41:29.269065 15699 tablet_service.cc:1917] Received RequestConsensusVote() RPC: tablet_id: "89fb2310f82545b7af6d0d89cd2a2a08" candidate_uuid: "00560d0105e1409fad752263bd67337e" candidate_term: 1 candidate_status { last_received { term: 0 index: 0 } } ignore_live_leader: false dest_uuid: "50c3faffa67345b6bb8b8632d2af93ee"
I20260608 12:41:29.270321 15699 raft_consensus.cc:3060] T 89fb2310f82545b7af6d0d89cd2a2a08 P 50c3faffa67345b6bb8b8632d2af93ee [term 0 FOLLOWER]: Advancing to term 1
I20260608 12:41:29.269075 15624 raft_consensus.cc:2468] T 7d08363ca1644ca1b15433fc7484ef1a P 35067ca9ce69486ab63878373acab69c [term 1 FOLLOWER]: Leader election vote request: Granting yes vote for candidate 50c3faffa67345b6bb8b8632d2af93ee in term 1.
W20260608 12:41:29.269021 15575 auto_leader_rebalancer.cc:460] the master instance isn't leader: Service unavailable: Tablet not running
I20260608 12:41:29.272856 15665 leader_election.cc:304] T 7d08363ca1644ca1b15433fc7484ef1a P 50c3faffa67345b6bb8b8632d2af93ee [CANDIDATE]: Term 1 election: Election decided. Result: candidate won. Election summary: received 3 responses out of 3 voters: 2 yes votes; 1 no votes. yes voters: 35067ca9ce69486ab63878373acab69c, 50c3faffa67345b6bb8b8632d2af93ee; no voters: 00560d0105e1409fad752263bd67337e
I20260608 12:41:29.273666 15827 raft_consensus.cc:2804] T 7d08363ca1644ca1b15433fc7484ef1a P 50c3faffa67345b6bb8b8632d2af93ee [term 1 FOLLOWER]: Leader election won for term 1
I20260608 12:41:29.274061 15823 tablet_bootstrap.cc:654] T cf943d67cd774ad7accb6572589f6f2b P 50c3faffa67345b6bb8b8632d2af93ee: Neither blocks nor log segments found. Creating new log.
I20260608 12:41:29.274334 15827 raft_consensus.cc:697] T 7d08363ca1644ca1b15433fc7484ef1a P 50c3faffa67345b6bb8b8632d2af93ee [term 1 LEADER]: Becoming Leader. State: Replica: 50c3faffa67345b6bb8b8632d2af93ee, State: Running, Role: LEADER
I20260608 12:41:29.275286 15827 consensus_queue.cc:237] T 7d08363ca1644ca1b15433fc7484ef1a P 50c3faffa67345b6bb8b8632d2af93ee [LEADER]: Queue going to LEADER mode. State: All replicated index: 0, Majority replicated index: 0, Committed index: 0, Last appended: 0.0, Last appended by leader: 0, Current term: 1, Majority size: 2, State: 0, Mode: LEADER, active raft config: opid_index: -1 OBSOLETE_local: false peers { permanent_uuid: "50c3faffa67345b6bb8b8632d2af93ee" member_type: VOTER last_known_addr { host: "127.12.77.130" port: 41109 } } peers { permanent_uuid: "35067ca9ce69486ab63878373acab69c" member_type: VOTER last_known_addr { host: "127.12.77.129" port: 38775 } } peers { permanent_uuid: "00560d0105e1409fad752263bd67337e" member_type: VOTER last_known_addr { host: "127.12.77.131" port: 35507 } }
I20260608 12:41:29.277145 15858 raft_consensus.cc:697] T b6c6c7399e1a428ba9f54297b8cbd1d9 P 00560d0105e1409fad752263bd67337e [term 1 LEADER]: Becoming Leader. State: Replica: 00560d0105e1409fad752263bd67337e, State: Running, Role: LEADER
I20260608 12:41:29.277980 15858 consensus_queue.cc:237] T b6c6c7399e1a428ba9f54297b8cbd1d9 P 00560d0105e1409fad752263bd67337e [LEADER]: Queue going to LEADER mode. State: All replicated index: 0, Majority replicated index: 0, Committed index: 0, Last appended: 0.0, Last appended by leader: 0, Current term: 1, Majority size: 2, State: 0, Mode: LEADER, active raft config: opid_index: -1 OBSOLETE_local: false peers { permanent_uuid: "35067ca9ce69486ab63878373acab69c" member_type: VOTER last_known_addr { host: "127.12.77.129" port: 38775 } } peers { permanent_uuid: "50c3faffa67345b6bb8b8632d2af93ee" member_type: VOTER last_known_addr { host: "127.12.77.130" port: 41109 } } peers { permanent_uuid: "00560d0105e1409fad752263bd67337e" member_type: VOTER last_known_addr { host: "127.12.77.131" port: 35507 } }
I20260608 12:41:29.279031 15699 raft_consensus.cc:2468] T 89fb2310f82545b7af6d0d89cd2a2a08 P 50c3faffa67345b6bb8b8632d2af93ee [term 1 FOLLOWER]: Leader election vote request: Granting yes vote for candidate 00560d0105e1409fad752263bd67337e in term 1.
I20260608 12:41:29.280148 15624 tablet_service.cc:1917] Received RequestConsensusVote() RPC: tablet_id: "89fb2310f82545b7af6d0d89cd2a2a08" candidate_uuid: "00560d0105e1409fad752263bd67337e" candidate_term: 1 candidate_status { last_received { term: 0 index: 0 } } ignore_live_leader: false dest_uuid: "35067ca9ce69486ab63878373acab69c"
I20260608 12:41:29.280296 15738 leader_election.cc:304] T 89fb2310f82545b7af6d0d89cd2a2a08 P 00560d0105e1409fad752263bd67337e [CANDIDATE]: Term 1 election: Election decided. Result: candidate won. Election summary: received 2 responses out of 3 voters: 2 yes votes; 0 no votes. yes voters: 00560d0105e1409fad752263bd67337e, 50c3faffa67345b6bb8b8632d2af93ee; no voters: 
I20260608 12:41:29.280820 15624 raft_consensus.cc:3060] T 89fb2310f82545b7af6d0d89cd2a2a08 P 35067ca9ce69486ab63878373acab69c [term 0 FOLLOWER]: Advancing to term 1
I20260608 12:41:29.281587 15860 raft_consensus.cc:2804] T 89fb2310f82545b7af6d0d89cd2a2a08 P 00560d0105e1409fad752263bd67337e [term 1 FOLLOWER]: Leader election won for term 1
I20260608 12:41:29.292774 15860 raft_consensus.cc:697] T 89fb2310f82545b7af6d0d89cd2a2a08 P 00560d0105e1409fad752263bd67337e [term 1 LEADER]: Becoming Leader. State: Replica: 00560d0105e1409fad752263bd67337e, State: Running, Role: LEADER
I20260608 12:41:29.294651 15820 raft_consensus.cc:493] T ab575c8c157b4343ad174d8012b4942d P 35067ca9ce69486ab63878373acab69c [term 0 FOLLOWER]: Starting pre-election (no leader contacted us within the election timeout)
I20260608 12:41:29.297412 15827 raft_consensus.cc:493] T ab575c8c157b4343ad174d8012b4942d P 50c3faffa67345b6bb8b8632d2af93ee [term 0 FOLLOWER]: Starting pre-election (no leader contacted us within the election timeout)
I20260608 12:41:29.298034 15827 raft_consensus.cc:515] T ab575c8c157b4343ad174d8012b4942d P 50c3faffa67345b6bb8b8632d2af93ee [term 0 FOLLOWER]: Starting pre-election with config: opid_index: -1 OBSOLETE_local: false peers { permanent_uuid: "35067ca9ce69486ab63878373acab69c" member_type: VOTER last_known_addr { host: "127.12.77.129" port: 38775 } } peers { permanent_uuid: "50c3faffa67345b6bb8b8632d2af93ee" member_type: VOTER last_known_addr { host: "127.12.77.130" port: 41109 } } peers { permanent_uuid: "00560d0105e1409fad752263bd67337e" member_type: VOTER last_known_addr { host: "127.12.77.131" port: 35507 } }
I20260608 12:41:29.297655 15521 catalog_manager.cc:5696] T b6c6c7399e1a428ba9f54297b8cbd1d9 P 00560d0105e1409fad752263bd67337e reported cstate change: term changed from 0 to 1, leader changed from <none> to 00560d0105e1409fad752263bd67337e (127.12.77.131). New cstate: current_term: 1 leader_uuid: "00560d0105e1409fad752263bd67337e" committed_config { opid_index: -1 OBSOLETE_local: false peers { permanent_uuid: "35067ca9ce69486ab63878373acab69c" member_type: VOTER last_known_addr { host: "127.12.77.129" port: 38775 } health_report { overall_health: UNKNOWN } } peers { permanent_uuid: "50c3faffa67345b6bb8b8632d2af93ee" member_type: VOTER last_known_addr { host: "127.12.77.130" port: 41109 } health_report { overall_health: UNKNOWN } } peers { permanent_uuid: "00560d0105e1409fad752263bd67337e" member_type: VOTER last_known_addr { host: "127.12.77.131" port: 35507 } health_report { overall_health: HEALTHY } } }
I20260608 12:41:29.301673 15623 tablet_service.cc:1917] Received RequestConsensusVote() RPC: tablet_id: "ab575c8c157b4343ad174d8012b4942d" candidate_uuid: "50c3faffa67345b6bb8b8632d2af93ee" candidate_term: 1 candidate_status { last_received { term: 0 index: 0 } } ignore_live_leader: false dest_uuid: "35067ca9ce69486ab63878373acab69c" is_pre_election: true
I20260608 12:41:29.301899 15773 tablet_service.cc:1917] Received RequestConsensusVote() RPC: tablet_id: "ab575c8c157b4343ad174d8012b4942d" candidate_uuid: "50c3faffa67345b6bb8b8632d2af93ee" candidate_term: 1 candidate_status { last_received { term: 0 index: 0 } } ignore_live_leader: false dest_uuid: "00560d0105e1409fad752263bd67337e" is_pre_election: true
I20260608 12:41:29.302047 15624 raft_consensus.cc:2468] T 89fb2310f82545b7af6d0d89cd2a2a08 P 35067ca9ce69486ab63878373acab69c [term 1 FOLLOWER]: Leader election vote request: Granting yes vote for candidate 00560d0105e1409fad752263bd67337e in term 1.
I20260608 12:41:29.302488 15773 raft_consensus.cc:2468] T ab575c8c157b4343ad174d8012b4942d P 00560d0105e1409fad752263bd67337e [term 0 FOLLOWER]: Leader pre-election vote request: Granting yes vote for candidate 50c3faffa67345b6bb8b8632d2af93ee in term 0.
I20260608 12:41:29.303669 15664 leader_election.cc:304] T ab575c8c157b4343ad174d8012b4942d P 50c3faffa67345b6bb8b8632d2af93ee [CANDIDATE]: Term 1 pre-election: Election decided. Result: candidate won. Election summary: received 2 responses out of 3 voters: 2 yes votes; 0 no votes. yes voters: 00560d0105e1409fad752263bd67337e, 50c3faffa67345b6bb8b8632d2af93ee; no voters: 
I20260608 12:41:29.304709 15842 raft_consensus.cc:2804] T ab575c8c157b4343ad174d8012b4942d P 50c3faffa67345b6bb8b8632d2af93ee [term 0 FOLLOWER]: Leader pre-election won for term 1
I20260608 12:41:29.305094 15842 raft_consensus.cc:493] T ab575c8c157b4343ad174d8012b4942d P 50c3faffa67345b6bb8b8632d2af93ee [term 0 FOLLOWER]: Starting leader election (no leader contacted us within the election timeout)
I20260608 12:41:29.305749 15842 raft_consensus.cc:3060] T ab575c8c157b4343ad174d8012b4942d P 50c3faffa67345b6bb8b8632d2af93ee [term 0 FOLLOWER]: Advancing to term 1
I20260608 12:41:29.297463 15820 raft_consensus.cc:515] T ab575c8c157b4343ad174d8012b4942d P 35067ca9ce69486ab63878373acab69c [term 0 FOLLOWER]: Starting pre-election with config: opid_index: -1 OBSOLETE_local: false peers { permanent_uuid: "35067ca9ce69486ab63878373acab69c" member_type: VOTER last_known_addr { host: "127.12.77.129" port: 38775 } } peers { permanent_uuid: "50c3faffa67345b6bb8b8632d2af93ee" member_type: VOTER last_known_addr { host: "127.12.77.130" port: 41109 } } peers { permanent_uuid: "00560d0105e1409fad752263bd67337e" member_type: VOTER last_known_addr { host: "127.12.77.131" port: 35507 } }
I20260608 12:41:29.301112 15827 leader_election.cc:290] T ab575c8c157b4343ad174d8012b4942d P 50c3faffa67345b6bb8b8632d2af93ee [CANDIDATE]: Term 1 pre-election: Requested pre-vote from peers 35067ca9ce69486ab63878373acab69c (127.12.77.129:38775), 00560d0105e1409fad752263bd67337e (127.12.77.131:35507)
I20260608 12:41:29.309859 15773 tablet_service.cc:1917] Received RequestConsensusVote() RPC: tablet_id: "ab575c8c157b4343ad174d8012b4942d" candidate_uuid: "35067ca9ce69486ab63878373acab69c" candidate_term: 1 candidate_status { last_received { term: 0 index: 0 } } ignore_live_leader: false dest_uuid: "00560d0105e1409fad752263bd67337e" is_pre_election: true
I20260608 12:41:29.310364 15699 tablet_service.cc:1917] Received RequestConsensusVote() RPC: tablet_id: "ab575c8c157b4343ad174d8012b4942d" candidate_uuid: "35067ca9ce69486ab63878373acab69c" candidate_term: 1 candidate_status { last_received { term: 0 index: 0 } } ignore_live_leader: false dest_uuid: "50c3faffa67345b6bb8b8632d2af93ee" is_pre_election: true
I20260608 12:41:29.310420 15773 raft_consensus.cc:2468] T ab575c8c157b4343ad174d8012b4942d P 00560d0105e1409fad752263bd67337e [term 0 FOLLOWER]: Leader pre-election vote request: Granting yes vote for candidate 35067ca9ce69486ab63878373acab69c in term 0.
I20260608 12:41:29.311247 15820 leader_election.cc:290] T ab575c8c157b4343ad174d8012b4942d P 35067ca9ce69486ab63878373acab69c [CANDIDATE]: Term 1 pre-election: Requested pre-vote from peers 50c3faffa67345b6bb8b8632d2af93ee (127.12.77.130:41109), 00560d0105e1409fad752263bd67337e (127.12.77.131:35507)
I20260608 12:41:29.312193 15822 tablet_bootstrap.cc:492] T da074e5e61e7401db4df2a341b967c93 P 00560d0105e1409fad752263bd67337e: No bootstrap required, opened a new log
I20260608 12:41:29.311995 15589 leader_election.cc:304] T ab575c8c157b4343ad174d8012b4942d P 35067ca9ce69486ab63878373acab69c [CANDIDATE]: Term 1 pre-election: Election decided. Result: candidate won. Election summary: received 2 responses out of 3 voters: 2 yes votes; 0 no votes. yes voters: 00560d0105e1409fad752263bd67337e, 35067ca9ce69486ab63878373acab69c; no voters: 
I20260608 12:41:29.312610 15623 raft_consensus.cc:2468] T ab575c8c157b4343ad174d8012b4942d P 35067ca9ce69486ab63878373acab69c [term 0 FOLLOWER]: Leader pre-election vote request: Granting yes vote for candidate 50c3faffa67345b6bb8b8632d2af93ee in term 0.
I20260608 12:41:29.295462 15860 consensus_queue.cc:237] T 89fb2310f82545b7af6d0d89cd2a2a08 P 00560d0105e1409fad752263bd67337e [LEADER]: Queue going to LEADER mode. State: All replicated index: 0, Majority replicated index: 0, Committed index: 0, Last appended: 0.0, Last appended by leader: 0, Current term: 1, Majority size: 2, State: 0, Mode: LEADER, active raft config: opid_index: -1 OBSOLETE_local: false peers { permanent_uuid: "35067ca9ce69486ab63878373acab69c" member_type: VOTER last_known_addr { host: "127.12.77.129" port: 38775 } } peers { permanent_uuid: "50c3faffa67345b6bb8b8632d2af93ee" member_type: VOTER last_known_addr { host: "127.12.77.130" port: 41109 } } peers { permanent_uuid: "00560d0105e1409fad752263bd67337e" member_type: VOTER last_known_addr { host: "127.12.77.131" port: 35507 } }
I20260608 12:41:29.312682 15822 ts_tablet_manager.cc:1403] T da074e5e61e7401db4df2a341b967c93 P 00560d0105e1409fad752263bd67337e: Time spent bootstrapping tablet: real 0.099s	user 0.006s	sys 0.008s
I20260608 12:41:29.313723 15522 catalog_manager.cc:5696] T 7d08363ca1644ca1b15433fc7484ef1a P 50c3faffa67345b6bb8b8632d2af93ee reported cstate change: term changed from 0 to 1, leader changed from <none> to 50c3faffa67345b6bb8b8632d2af93ee (127.12.77.130). New cstate: current_term: 1 leader_uuid: "50c3faffa67345b6bb8b8632d2af93ee" committed_config { opid_index: -1 OBSOLETE_local: false peers { permanent_uuid: "50c3faffa67345b6bb8b8632d2af93ee" member_type: VOTER last_known_addr { host: "127.12.77.130" port: 41109 } health_report { overall_health: HEALTHY } } peers { permanent_uuid: "35067ca9ce69486ab63878373acab69c" member_type: VOTER last_known_addr { host: "127.12.77.129" port: 38775 } health_report { overall_health: UNKNOWN } } peers { permanent_uuid: "00560d0105e1409fad752263bd67337e" member_type: VOTER last_known_addr { host: "127.12.77.131" port: 35507 } health_report { overall_health: UNKNOWN } } }
