I20260608 12:42:28.015290  3713 raft_consensus.cc:2955] T adf364c2d9a24c0899317bb4a4128f0b P aa461864d2e94fb5b6afdd79c32ebb1f [term 1 LEADER]: Committing config change with OpId 1.3: config changed from index 2 to 3, dd38bd98e0b04939bdc58cd86f0961a1 (127.0.107.196) changed from NON_VOTER to VOTER. New config: { opid_index: 3 OBSOLETE_local: false peers { permanent_uuid: "0c639733fc4b450caf8ecf307bae1d20" member_type: VOTER last_known_addr { host: "127.0.107.194" port: 42889 } } peers { permanent_uuid: "e24861f01c6b42b281f06202ecf9febc" member_type: VOTER last_known_addr { host: "127.0.107.193" port: 41041 } attrs { replace: true } } peers { permanent_uuid: "aa461864d2e94fb5b6afdd79c32ebb1f" member_type: VOTER last_known_addr { host: "127.0.107.195" port: 42101 } } peers { permanent_uuid: "dd38bd98e0b04939bdc58cd86f0961a1" member_type: VOTER last_known_addr { host: "127.0.107.196" port: 46303 } attrs { promote: false } } }
I20260608 12:42:28.023342  3570 raft_consensus.cc:2955] T 2c0670657f4a44abbabde5d43ce7e8c2 P 0c639733fc4b450caf8ecf307bae1d20 [term 1 FOLLOWER]: Committing config change with OpId 1.4: config changed from index 3 to 4, VOTER aa461864d2e94fb5b6afdd79c32ebb1f (127.0.107.195) evicted. New config: { opid_index: 4 OBSOLETE_local: false peers { permanent_uuid: "e24861f01c6b42b281f06202ecf9febc" member_type: VOTER last_known_addr { host: "127.0.107.193" port: 41041 } } peers { permanent_uuid: "0c639733fc4b450caf8ecf307bae1d20" member_type: VOTER last_known_addr { host: "127.0.107.194" port: 42889 } } peers { permanent_uuid: "dd38bd98e0b04939bdc58cd86f0961a1" member_type: VOTER last_known_addr { host: "127.0.107.196" port: 46303 } attrs { promote: false } } }
I20260608 12:42:28.033100  3571 raft_consensus.cc:2955] T adf364c2d9a24c0899317bb4a4128f0b P 0c639733fc4b450caf8ecf307bae1d20 [term 1 FOLLOWER]: Committing config change with OpId 1.3: config changed from index 2 to 3, dd38bd98e0b04939bdc58cd86f0961a1 (127.0.107.196) changed from NON_VOTER to VOTER. New config: { opid_index: 3 OBSOLETE_local: false peers { permanent_uuid: "0c639733fc4b450caf8ecf307bae1d20" member_type: VOTER last_known_addr { host: "127.0.107.194" port: 42889 } } peers { permanent_uuid: "e24861f01c6b42b281f06202ecf9febc" member_type: VOTER last_known_addr { host: "127.0.107.193" port: 41041 } attrs { replace: true } } peers { permanent_uuid: "aa461864d2e94fb5b6afdd79c32ebb1f" member_type: VOTER last_known_addr { host: "127.0.107.195" port: 42101 } } peers { permanent_uuid: "dd38bd98e0b04939bdc58cd86f0961a1" member_type: VOTER last_known_addr { host: "127.0.107.196" port: 46303 } attrs { promote: false } } }
I20260608 12:42:28.046695  3390 catalog_manager.cc:5696] T 2c0670657f4a44abbabde5d43ce7e8c2 P 0c639733fc4b450caf8ecf307bae1d20 reported cstate change: config changed from index 3 to 4, VOTER aa461864d2e94fb5b6afdd79c32ebb1f (127.0.107.195) evicted. New cstate: current_term: 1 leader_uuid: "e24861f01c6b42b281f06202ecf9febc" committed_config { opid_index: 4 OBSOLETE_local: false peers { permanent_uuid: "e24861f01c6b42b281f06202ecf9febc" member_type: VOTER last_known_addr { host: "127.0.107.193" port: 41041 } } peers { permanent_uuid: "0c639733fc4b450caf8ecf307bae1d20" member_type: VOTER last_known_addr { host: "127.0.107.194" port: 42889 } } peers { permanent_uuid: "dd38bd98e0b04939bdc58cd86f0961a1" member_type: VOTER last_known_addr { host: "127.0.107.196" port: 46303 } attrs { promote: false } } }
I20260608 12:42:28.048738  3807 raft_consensus.cc:2955] T adf364c2d9a24c0899317bb4a4128f0b P dd38bd98e0b04939bdc58cd86f0961a1 [term 1 FOLLOWER]: Committing config change with OpId 1.3: config changed from index 2 to 3, dd38bd98e0b04939bdc58cd86f0961a1 (127.0.107.196) changed from NON_VOTER to VOTER. New config: { opid_index: 3 OBSOLETE_local: false peers { permanent_uuid: "0c639733fc4b450caf8ecf307bae1d20" member_type: VOTER last_known_addr { host: "127.0.107.194" port: 42889 } } peers { permanent_uuid: "e24861f01c6b42b281f06202ecf9febc" member_type: VOTER last_known_addr { host: "127.0.107.193" port: 41041 } attrs { replace: true } } peers { permanent_uuid: "aa461864d2e94fb5b6afdd79c32ebb1f" member_type: VOTER last_known_addr { host: "127.0.107.195" port: 42101 } } peers { permanent_uuid: "dd38bd98e0b04939bdc58cd86f0961a1" member_type: VOTER last_known_addr { host: "127.0.107.196" port: 46303 } attrs { promote: false } } }
I20260608 12:42:28.048914  3381 catalog_manager.cc:5209] ChangeConfig:REMOVE_PEER RPC for tablet 2c0670657f4a44abbabde5d43ce7e8c2 with cas_config_opid_index 3: ChangeConfig:REMOVE_PEER succeeded (attempt 1)
I20260608 12:42:28.053105  3494 raft_consensus.cc:2955] T adf364c2d9a24c0899317bb4a4128f0b P e24861f01c6b42b281f06202ecf9febc [term 1 FOLLOWER]: Committing config change with OpId 1.3: config changed from index 2 to 3, dd38bd98e0b04939bdc58cd86f0961a1 (127.0.107.196) changed from NON_VOTER to VOTER. New config: { opid_index: 3 OBSOLETE_local: false peers { permanent_uuid: "0c639733fc4b450caf8ecf307bae1d20" member_type: VOTER last_known_addr { host: "127.0.107.194" port: 42889 } } peers { permanent_uuid: "e24861f01c6b42b281f06202ecf9febc" member_type: VOTER last_known_addr { host: "127.0.107.193" port: 41041 } attrs { replace: true } } peers { permanent_uuid: "aa461864d2e94fb5b6afdd79c32ebb1f" member_type: VOTER last_known_addr { host: "127.0.107.195" port: 42101 } } peers { permanent_uuid: "dd38bd98e0b04939bdc58cd86f0961a1" member_type: VOTER last_known_addr { host: "127.0.107.196" port: 46303 } attrs { promote: false } } }
I20260608 12:42:28.065177  3394 catalog_manager.cc:5696] T adf364c2d9a24c0899317bb4a4128f0b P aa461864d2e94fb5b6afdd79c32ebb1f reported cstate change: config changed from index 2 to 3, dd38bd98e0b04939bdc58cd86f0961a1 (127.0.107.196) changed from NON_VOTER to VOTER. New cstate: current_term: 1 leader_uuid: "aa461864d2e94fb5b6afdd79c32ebb1f" committed_config { opid_index: 3 OBSOLETE_local: false peers { permanent_uuid: "0c639733fc4b450caf8ecf307bae1d20" member_type: VOTER last_known_addr { host: "127.0.107.194" port: 42889 } health_report { overall_health: HEALTHY } } peers { permanent_uuid: "e24861f01c6b42b281f06202ecf9febc" member_type: VOTER last_known_addr { host: "127.0.107.193" port: 41041 } attrs { replace: true } health_report { overall_health: HEALTHY } } peers { permanent_uuid: "aa461864d2e94fb5b6afdd79c32ebb1f" member_type: VOTER last_known_addr { host: "127.0.107.195" port: 42101 } health_report { overall_health: HEALTHY } } peers { permanent_uuid: "dd38bd98e0b04939bdc58cd86f0961a1" member_type: VOTER last_known_addr { host: "127.0.107.196" port: 46303 } attrs { promote: false } health_report { overall_health: HEALTHY } } }
I20260608 12:42:28.066915  3628 tablet_service.cc:1558] Processing DeleteTablet for tablet 2c0670657f4a44abbabde5d43ce7e8c2 with delete_type TABLET_DATA_TOMBSTONED (TS aa461864d2e94fb5b6afdd79c32ebb1f not found in new config with opid_index 4) from {username='slave'} at 127.0.0.1:36294
I20260608 12:42:28.084007  3969 tablet_replica.cc:333] T 2c0670657f4a44abbabde5d43ce7e8c2 P aa461864d2e94fb5b6afdd79c32ebb1f: stopping tablet replica
I20260608 12:42:28.085085  3969 raft_consensus.cc:2243] T 2c0670657f4a44abbabde5d43ce7e8c2 P aa461864d2e94fb5b6afdd79c32ebb1f [term 1 FOLLOWER]: Raft consensus shutting down.
I20260608 12:42:28.085947  3969 raft_consensus.cc:2272] T 2c0670657f4a44abbabde5d43ce7e8c2 P aa461864d2e94fb5b6afdd79c32ebb1f [term 1 FOLLOWER]: Raft consensus is shut down!
I20260608 12:42:28.090214  3969 ts_tablet_manager.cc:1916] T 2c0670657f4a44abbabde5d43ce7e8c2 P aa461864d2e94fb5b6afdd79c32ebb1f: Deleting tablet data with delete state TABLET_DATA_TOMBSTONED
I20260608 12:42:28.103968  3644 consensus_queue.cc:237] T adf364c2d9a24c0899317bb4a4128f0b P aa461864d2e94fb5b6afdd79c32ebb1f [LEADER]: Queue going to LEADER mode. State: All replicated index: 0, Majority replicated index: 3, Committed index: 3, Last appended: 1.3, Last appended by leader: 0, Current term: 1, Majority size: 2, State: 0, Mode: LEADER, active raft config: opid_index: 4 OBSOLETE_local: false peers { permanent_uuid: "0c639733fc4b450caf8ecf307bae1d20" member_type: VOTER last_known_addr { host: "127.0.107.194" port: 42889 } } peers { permanent_uuid: "aa461864d2e94fb5b6afdd79c32ebb1f" member_type: VOTER last_known_addr { host: "127.0.107.195" port: 42101 } } peers { permanent_uuid: "dd38bd98e0b04939bdc58cd86f0961a1" member_type: VOTER last_known_addr { host: "127.0.107.196" port: 46303 } attrs { promote: false } }
I20260608 12:42:28.125197  3969 ts_tablet_manager.cc:1929] T 2c0670657f4a44abbabde5d43ce7e8c2 P aa461864d2e94fb5b6afdd79c32ebb1f: tablet deleted with delete type TABLET_DATA_TOMBSTONED: last-logged OpId 1.3
I20260608 12:42:28.126449  3969 log.cc:1199] T 2c0670657f4a44abbabde5d43ce7e8c2 P aa461864d2e94fb5b6afdd79c32ebb1f: Deleting WAL directory at /tmp/dist-test-taskNIsUNI/test-tmp/auto_rebalancer-test.0.AutoRebalancerTest.RangeAwareRebalancesNewRangeReplicas.1780922451808957-431-0/minicluster-data/ts-2-root/wals/2c0670657f4a44abbabde5d43ce7e8c2
I20260608 12:42:28.127043  3808 raft_consensus.cc:1275] T adf364c2d9a24c0899317bb4a4128f0b P dd38bd98e0b04939bdc58cd86f0961a1 [term 1 FOLLOWER]: Refusing update from remote peer aa461864d2e94fb5b6afdd79c32ebb1f: Log matching property violated. Preceding OpId in replica: term: 1 index: 3. Preceding OpId from leader: term: 1 index: 4. (index mismatch)
I20260608 12:42:28.130293  3571 raft_consensus.cc:1275] T adf364c2d9a24c0899317bb4a4128f0b P 0c639733fc4b450caf8ecf307bae1d20 [term 1 FOLLOWER]: Refusing update from remote peer aa461864d2e94fb5b6afdd79c32ebb1f: Log matching property violated. Preceding OpId in replica: term: 1 index: 3. Preceding OpId from leader: term: 1 index: 4. (index mismatch)
I20260608 12:42:28.128808  3378 catalog_manager.cc:5027] TS aa461864d2e94fb5b6afdd79c32ebb1f (127.0.107.195:42101): tablet 2c0670657f4a44abbabde5d43ce7e8c2 (table range_aware_rebalance_new_range [id=a9d4c4abdd444ecc84db8d9b02f24b9f]) successfully deleted
I20260608 12:42:28.131031  3713 consensus_queue.cc:1048] T adf364c2d9a24c0899317bb4a4128f0b P aa461864d2e94fb5b6afdd79c32ebb1f [LEADER]: Connected to new peer: Peer: permanent_uuid: "dd38bd98e0b04939bdc58cd86f0961a1" member_type: VOTER last_known_addr { host: "127.0.107.196" port: 46303 } attrs { promote: false }, Status: LMP_MISMATCH, Last received: 0.0, Next index: 4, Last known committed idx: 3, Time since last communication: 0.000s
I20260608 12:42:28.132143  3918 consensus_queue.cc:1048] T adf364c2d9a24c0899317bb4a4128f0b P aa461864d2e94fb5b6afdd79c32ebb1f [LEADER]: Connected to new peer: Peer: permanent_uuid: "0c639733fc4b450caf8ecf307bae1d20" member_type: VOTER last_known_addr { host: "127.0.107.194" port: 42889 }, Status: LMP_MISMATCH, Last received: 0.0, Next index: 4, Last known committed idx: 3, Time since last communication: 0.001s
I20260608 12:42:28.141508  3956 raft_consensus.cc:2955] T adf364c2d9a24c0899317bb4a4128f0b P aa461864d2e94fb5b6afdd79c32ebb1f [term 1 LEADER]: Committing config change with OpId 1.4: config changed from index 3 to 4, VOTER e24861f01c6b42b281f06202ecf9febc (127.0.107.193) evicted. New config: { opid_index: 4 OBSOLETE_local: false peers { permanent_uuid: "0c639733fc4b450caf8ecf307bae1d20" member_type: VOTER last_known_addr { host: "127.0.107.194" port: 42889 } } peers { permanent_uuid: "aa461864d2e94fb5b6afdd79c32ebb1f" member_type: VOTER last_known_addr { host: "127.0.107.195" port: 42101 } } peers { permanent_uuid: "dd38bd98e0b04939bdc58cd86f0961a1" member_type: VOTER last_known_addr { host: "127.0.107.196" port: 46303 } attrs { promote: false } } }
I20260608 12:42:28.145056  3808 raft_consensus.cc:2955] T adf364c2d9a24c0899317bb4a4128f0b P dd38bd98e0b04939bdc58cd86f0961a1 [term 1 FOLLOWER]: Committing config change with OpId 1.4: config changed from index 3 to 4, VOTER e24861f01c6b42b281f06202ecf9febc (127.0.107.193) evicted. New config: { opid_index: 4 OBSOLETE_local: false peers { permanent_uuid: "0c639733fc4b450caf8ecf307bae1d20" member_type: VOTER last_known_addr { host: "127.0.107.194" port: 42889 } } peers { permanent_uuid: "aa461864d2e94fb5b6afdd79c32ebb1f" member_type: VOTER last_known_addr { host: "127.0.107.195" port: 42101 } } peers { permanent_uuid: "dd38bd98e0b04939bdc58cd86f0961a1" member_type: VOTER last_known_addr { host: "127.0.107.196" port: 46303 } attrs { promote: false } } }
I20260608 12:42:28.148878  3571 tablet_service.cc:2072] Received LeaderStepDown RPC: tablet_id: "26b781f4fd3a4384a71266d7619f1edd"
dest_uuid: "0c639733fc4b450caf8ecf307bae1d20"
mode: GRACEFUL
new_leader_uuid: "e24861f01c6b42b281f06202ecf9febc"
 from {username='slave'} at 127.0.0.1:60966
I20260608 12:42:28.149518  3571 raft_consensus.cc:606] T 26b781f4fd3a4384a71266d7619f1edd P 0c639733fc4b450caf8ecf307bae1d20 [term 2 LEADER]: Received request to transfer leadership to TS e24861f01c6b42b281f06202ecf9febc
I20260608 12:42:28.151837  3447 auto_leader_rebalancer.cc:388] table: range_aware_rebalance_new_range, leader rebalance finish, leader transfer count: 1
I20260608 12:42:28.152009  3378 catalog_manager.cc:5209] ChangeConfig:REMOVE_PEER RPC for tablet adf364c2d9a24c0899317bb4a4128f0b with cas_config_opid_index 3: ChangeConfig:REMOVE_PEER succeeded (attempt 1)
I20260608 12:42:28.152777  3447 auto_leader_rebalancer.cc:451] All tables' leader rebalancing finished this round
I20260608 12:42:28.153360  3571 raft_consensus.cc:2955] T adf364c2d9a24c0899317bb4a4128f0b P 0c639733fc4b450caf8ecf307bae1d20 [term 1 FOLLOWER]: Committing config change with OpId 1.4: config changed from index 3 to 4, VOTER e24861f01c6b42b281f06202ecf9febc (127.0.107.193) evicted. New config: { opid_index: 4 OBSOLETE_local: false peers { permanent_uuid: "0c639733fc4b450caf8ecf307bae1d20" member_type: VOTER last_known_addr { host: "127.0.107.194" port: 42889 } } peers { permanent_uuid: "aa461864d2e94fb5b6afdd79c32ebb1f" member_type: VOTER last_known_addr { host: "127.0.107.195" port: 42101 } } peers { permanent_uuid: "dd38bd98e0b04939bdc58cd86f0961a1" member_type: VOTER last_known_addr { host: "127.0.107.196" port: 46303 } attrs { promote: false } } }
I20260608 12:42:28.160173  3394 catalog_manager.cc:5696] T adf364c2d9a24c0899317bb4a4128f0b P aa461864d2e94fb5b6afdd79c32ebb1f reported cstate change: config changed from index 3 to 4, VOTER e24861f01c6b42b281f06202ecf9febc (127.0.107.193) evicted. New cstate: current_term: 1 leader_uuid: "aa461864d2e94fb5b6afdd79c32ebb1f" committed_config { opid_index: 4 OBSOLETE_local: false peers { permanent_uuid: "0c639733fc4b450caf8ecf307bae1d20" member_type: VOTER last_known_addr { host: "127.0.107.194" port: 42889 } health_report { overall_health: HEALTHY } } peers { permanent_uuid: "aa461864d2e94fb5b6afdd79c32ebb1f" member_type: VOTER last_known_addr { host: "127.0.107.195" port: 42101 } health_report { overall_health: HEALTHY } } peers { permanent_uuid: "dd38bd98e0b04939bdc58cd86f0961a1" member_type: VOTER last_known_addr { host: "127.0.107.196" port: 46303 } attrs { promote: false } health_report { overall_health: HEALTHY } } }
I20260608 12:42:28.177523  3484 tablet_service.cc:1558] Processing DeleteTablet for tablet adf364c2d9a24c0899317bb4a4128f0b with delete_type TABLET_DATA_TOMBSTONED (TS e24861f01c6b42b281f06202ecf9febc not found in new config with opid_index 4) from {username='slave'} at 127.0.0.1:60708
I20260608 12:42:28.178735  3957 tablet_replica.cc:333] T adf364c2d9a24c0899317bb4a4128f0b P e24861f01c6b42b281f06202ecf9febc: stopping tablet replica
I20260608 12:42:28.179837  3957 raft_consensus.cc:2243] T adf364c2d9a24c0899317bb4a4128f0b P e24861f01c6b42b281f06202ecf9febc [term 1 FOLLOWER]: Raft consensus shutting down.
I20260608 12:42:28.180616  3957 raft_consensus.cc:2272] T adf364c2d9a24c0899317bb4a4128f0b P e24861f01c6b42b281f06202ecf9febc [term 1 FOLLOWER]: Raft consensus is shut down!
I20260608 12:42:28.184047  3957 ts_tablet_manager.cc:1916] T adf364c2d9a24c0899317bb4a4128f0b P e24861f01c6b42b281f06202ecf9febc: Deleting tablet data with delete state TABLET_DATA_TOMBSTONED
I20260608 12:42:28.200579  3957 ts_tablet_manager.cc:1929] T adf364c2d9a24c0899317bb4a4128f0b P e24861f01c6b42b281f06202ecf9febc: tablet deleted with delete type TABLET_DATA_TOMBSTONED: last-logged OpId 1.3
I20260608 12:42:28.201007  3957 log.cc:1199] T adf364c2d9a24c0899317bb4a4128f0b P e24861f01c6b42b281f06202ecf9febc: Deleting WAL directory at /tmp/dist-test-taskNIsUNI/test-tmp/auto_rebalancer-test.0.AutoRebalancerTest.RangeAwareRebalancesNewRangeReplicas.1780922451808957-431-0/minicluster-data/ts-0-root/wals/adf364c2d9a24c0899317bb4a4128f0b
I20260608 12:42:28.202595  3381 catalog_manager.cc:5027] TS e24861f01c6b42b281f06202ecf9febc (127.0.107.193:41041): tablet adf364c2d9a24c0899317bb4a4128f0b (table range_aware_rebalance_new_range [id=a9d4c4abdd444ecc84db8d9b02f24b9f]) successfully deleted
I20260608 12:42:28.341531  3967 raft_consensus.cc:993] T 26b781f4fd3a4384a71266d7619f1edd P 0c639733fc4b450caf8ecf307bae1d20: : Instructing follower e24861f01c6b42b281f06202ecf9febc to start an election
I20260608 12:42:28.342084  3967 raft_consensus.cc:1081] T 26b781f4fd3a4384a71266d7619f1edd P 0c639733fc4b450caf8ecf307bae1d20 [term 2 LEADER]: Signalling peer e24861f01c6b42b281f06202ecf9febc to start an election
I20260608 12:42:28.343641  3494 tablet_service.cc:2044] Received Run Leader Election RPC: tablet_id: "26b781f4fd3a4384a71266d7619f1edd"
dest_uuid: "e24861f01c6b42b281f06202ecf9febc"
 from {username='slave'} at 127.0.0.1:60710
I20260608 12:42:28.344149  3494 raft_consensus.cc:493] T 26b781f4fd3a4384a71266d7619f1edd P e24861f01c6b42b281f06202ecf9febc [term 2 FOLLOWER]: Starting forced leader election (received explicit request)
I20260608 12:42:28.344633  3494 raft_consensus.cc:3060] T 26b781f4fd3a4384a71266d7619f1edd P e24861f01c6b42b281f06202ecf9febc [term 2 FOLLOWER]: Advancing to term 3
I20260608 12:42:28.351737  3494 raft_consensus.cc:515] T 26b781f4fd3a4384a71266d7619f1edd P e24861f01c6b42b281f06202ecf9febc [term 3 FOLLOWER]: Starting forced leader election with config: opid_index: -1 OBSOLETE_local: false peers { permanent_uuid: "e24861f01c6b42b281f06202ecf9febc" member_type: VOTER last_known_addr { host: "127.0.107.193" port: 41041 } } peers { permanent_uuid: "0c639733fc4b450caf8ecf307bae1d20" member_type: VOTER last_known_addr { host: "127.0.107.194" port: 42889 } } peers { permanent_uuid: "aa461864d2e94fb5b6afdd79c32ebb1f" member_type: VOTER last_known_addr { host: "127.0.107.195" port: 42101 } }
I20260608 12:42:28.353684  3494 leader_election.cc:290] T 26b781f4fd3a4384a71266d7619f1edd P e24861f01c6b42b281f06202ecf9febc [CANDIDATE]: Term 3 election: Requested vote from peers 0c639733fc4b450caf8ecf307bae1d20 (127.0.107.194:42889), aa461864d2e94fb5b6afdd79c32ebb1f (127.0.107.195:42101)
I20260608 12:42:28.354930  3570 tablet_service.cc:1917] Received RequestConsensusVote() RPC: tablet_id: "26b781f4fd3a4384a71266d7619f1edd" candidate_uuid: "e24861f01c6b42b281f06202ecf9febc" candidate_term: 3 candidate_status { last_received { term: 2 index: 2 } } ignore_live_leader: true dest_uuid: "0c639733fc4b450caf8ecf307bae1d20"
I20260608 12:42:28.354920  3644 tablet_service.cc:1917] Received RequestConsensusVote() RPC: tablet_id: "26b781f4fd3a4384a71266d7619f1edd" candidate_uuid: "e24861f01c6b42b281f06202ecf9febc" candidate_term: 3 candidate_status { last_received { term: 2 index: 2 } } ignore_live_leader: true dest_uuid: "aa461864d2e94fb5b6afdd79c32ebb1f"
I20260608 12:42:28.355708  3570 raft_consensus.cc:3055] T 26b781f4fd3a4384a71266d7619f1edd P 0c639733fc4b450caf8ecf307bae1d20 [term 2 LEADER]: Stepping down as leader of term 2
I20260608 12:42:28.355921  3644 raft_consensus.cc:3060] T 26b781f4fd3a4384a71266d7619f1edd P aa461864d2e94fb5b6afdd79c32ebb1f [term 2 FOLLOWER]: Advancing to term 3
I20260608 12:42:28.356041  3570 raft_consensus.cc:740] T 26b781f4fd3a4384a71266d7619f1edd P 0c639733fc4b450caf8ecf307bae1d20 [term 2 LEADER]: Becoming Follower/Learner. State: Replica: 0c639733fc4b450caf8ecf307bae1d20, State: Running, Role: LEADER
I20260608 12:42:28.357167  3570 consensus_queue.cc:260] T 26b781f4fd3a4384a71266d7619f1edd P 0c639733fc4b450caf8ecf307bae1d20 [NON_LEADER]: Queue going to NON_LEADER mode. State: All replicated index: 0, Majority replicated index: 2, Committed index: 2, Last appended: 2.2, Last appended by leader: 2, Current term: 2, Majority size: -1, State: 0, Mode: NON_LEADER, active raft config: opid_index: -1 OBSOLETE_local: false peers { permanent_uuid: "e24861f01c6b42b281f06202ecf9febc" member_type: VOTER last_known_addr { host: "127.0.107.193" port: 41041 } } peers { permanent_uuid: "0c639733fc4b450caf8ecf307bae1d20" member_type: VOTER last_known_addr { host: "127.0.107.194" port: 42889 } } peers { permanent_uuid: "aa461864d2e94fb5b6afdd79c32ebb1f" member_type: VOTER last_known_addr { host: "127.0.107.195" port: 42101 } }
I20260608 12:42:28.358125  3570 raft_consensus.cc:3060] T 26b781f4fd3a4384a71266d7619f1edd P 0c639733fc4b450caf8ecf307bae1d20 [term 2 FOLLOWER]: Advancing to term 3
I20260608 12:42:28.362212  3644 raft_consensus.cc:2468] T 26b781f4fd3a4384a71266d7619f1edd P aa461864d2e94fb5b6afdd79c32ebb1f [term 3 FOLLOWER]: Leader election vote request: Granting yes vote for candidate e24861f01c6b42b281f06202ecf9febc in term 3.
I20260608 12:42:28.363621  3459 leader_election.cc:304] T 26b781f4fd3a4384a71266d7619f1edd P e24861f01c6b42b281f06202ecf9febc [CANDIDATE]: Term 3 election: Election decided. Result: candidate won. Election summary: received 2 responses out of 3 voters: 2 yes votes; 0 no votes. yes voters: aa461864d2e94fb5b6afdd79c32ebb1f, e24861f01c6b42b281f06202ecf9febc; no voters: 
I20260608 12:42:28.364012  3570 raft_consensus.cc:2468] T 26b781f4fd3a4384a71266d7619f1edd P 0c639733fc4b450caf8ecf307bae1d20 [term 3 FOLLOWER]: Leader election vote request: Granting yes vote for candidate e24861f01c6b42b281f06202ecf9febc in term 3.
I20260608 12:42:28.364686  3959 raft_consensus.cc:2804] T 26b781f4fd3a4384a71266d7619f1edd P e24861f01c6b42b281f06202ecf9febc [term 3 FOLLOWER]: Leader election won for term 3
I20260608 12:42:28.365325  3959 raft_consensus.cc:697] T 26b781f4fd3a4384a71266d7619f1edd P e24861f01c6b42b281f06202ecf9febc [term 3 LEADER]: Becoming Leader. State: Replica: e24861f01c6b42b281f06202ecf9febc, State: Running, Role: LEADER
I20260608 12:42:28.366108  3959 consensus_queue.cc:237] T 26b781f4fd3a4384a71266d7619f1edd P e24861f01c6b42b281f06202ecf9febc [LEADER]: Queue going to LEADER mode. State: All replicated index: 0, Majority replicated index: 2, Committed index: 2, Last appended: 2.2, Last appended by leader: 2, Current term: 3, Majority size: 2, State: 0, Mode: LEADER, active raft config: opid_index: -1 OBSOLETE_local: false peers { permanent_uuid: "e24861f01c6b42b281f06202ecf9febc" member_type: VOTER last_known_addr { host: "127.0.107.193" port: 41041 } } peers { permanent_uuid: "0c639733fc4b450caf8ecf307bae1d20" member_type: VOTER last_known_addr { host: "127.0.107.194" port: 42889 } } peers { permanent_uuid: "aa461864d2e94fb5b6afdd79c32ebb1f" member_type: VOTER last_known_addr { host: "127.0.107.195" port: 42101 } }
I20260608 12:42:28.374131  3393 catalog_manager.cc:5696] T 26b781f4fd3a4384a71266d7619f1edd P e24861f01c6b42b281f06202ecf9febc reported cstate change: term changed from 2 to 3, leader changed from 0c639733fc4b450caf8ecf307bae1d20 (127.0.107.194) to e24861f01c6b42b281f06202ecf9febc (127.0.107.193). New cstate: current_term: 3 leader_uuid: "e24861f01c6b42b281f06202ecf9febc" committed_config { opid_index: -1 OBSOLETE_local: false peers { permanent_uuid: "e24861f01c6b42b281f06202ecf9febc" member_type: VOTER last_known_addr { host: "127.0.107.193" port: 41041 } health_report { overall_health: HEALTHY } } peers { permanent_uuid: "0c639733fc4b450caf8ecf307bae1d20" member_type: VOTER last_known_addr { host: "127.0.107.194" port: 42889 } health_report { overall_health: UNKNOWN } } peers { permanent_uuid: "aa461864d2e94fb5b6afdd79c32ebb1f" member_type: VOTER last_known_addr { host: "127.0.107.195" port: 42101 } health_report { overall_health: UNKNOWN } } }
I20260608 12:42:28.773308  3644 raft_consensus.cc:1275] T 26b781f4fd3a4384a71266d7619f1edd P aa461864d2e94fb5b6afdd79c32ebb1f [term 3 FOLLOWER]: Refusing update from remote peer e24861f01c6b42b281f06202ecf9febc: Log matching property violated. Preceding OpId in replica: term: 2 index: 2. Preceding OpId from leader: term: 3 index: 3. (index mismatch)
I20260608 12:42:28.774936  3959 consensus_queue.cc:1048] T 26b781f4fd3a4384a71266d7619f1edd P e24861f01c6b42b281f06202ecf9febc [LEADER]: Connected to new peer: Peer: permanent_uuid: "aa461864d2e94fb5b6afdd79c32ebb1f" member_type: VOTER last_known_addr { host: "127.0.107.195" port: 42101 }, Status: LMP_MISMATCH, Last received: 0.0, Next index: 3, Last known committed idx: 2, Time since last communication: 0.000s
I20260608 12:42:28.785878  3571 raft_consensus.cc:1275] T 26b781f4fd3a4384a71266d7619f1edd P 0c639733fc4b450caf8ecf307bae1d20 [term 3 FOLLOWER]: Refusing update from remote peer e24861f01c6b42b281f06202ecf9febc: Log matching property violated. Preceding OpId in replica: term: 2 index: 2. Preceding OpId from leader: term: 3 index: 3. (index mismatch)
I20260608 12:42:28.791350  3959 consensus_queue.cc:1048] T 26b781f4fd3a4384a71266d7619f1edd P e24861f01c6b42b281f06202ecf9febc [LEADER]: Connected to new peer: Peer: permanent_uuid: "0c639733fc4b450caf8ecf307bae1d20" member_type: VOTER last_known_addr { host: "127.0.107.194" port: 42889 }, Status: LMP_MISMATCH, Last received: 0.0, Next index: 3, Last known committed idx: 2, Time since last communication: 0.000s
I20260608 12:42:29.202570  3644 consensus_queue.cc:237] T 9e04d9bfb6744ab495c74de1f3ebad57 P aa461864d2e94fb5b6afdd79c32ebb1f [LEADER]: Queue going to LEADER mode. State: All replicated index: 0, Majority replicated index: 1, Committed index: 1, Last appended: 1.1, Last appended by leader: 0, Current term: 1, Majority size: 2, State: 0, Mode: LEADER, active raft config: opid_index: 2 OBSOLETE_local: false peers { permanent_uuid: "e24861f01c6b42b281f06202ecf9febc" member_type: VOTER last_known_addr { host: "127.0.107.193" port: 41041 } } peers { permanent_uuid: "0c639733fc4b450caf8ecf307bae1d20" member_type: VOTER last_known_addr { host: "127.0.107.194" port: 42889 } attrs { replace: true } } peers { permanent_uuid: "aa461864d2e94fb5b6afdd79c32ebb1f" member_type: VOTER last_known_addr { host: "127.0.107.195" port: 42101 } } peers { permanent_uuid: "dd38bd98e0b04939bdc58cd86f0961a1" member_type: NON_VOTER last_known_addr { host: "127.0.107.196" port: 46303 } attrs { promote: true } }
I20260608 12:42:29.209888  3494 raft_consensus.cc:1275] T 9e04d9bfb6744ab495c74de1f3ebad57 P e24861f01c6b42b281f06202ecf9febc [term 1 FOLLOWER]: Refusing update from remote peer aa461864d2e94fb5b6afdd79c32ebb1f: Log matching property violated. Preceding OpId in replica: term: 1 index: 1. Preceding OpId from leader: term: 1 index: 2. (index mismatch)
I20260608 12:42:29.209892  3570 raft_consensus.cc:1275] T 9e04d9bfb6744ab495c74de1f3ebad57 P 0c639733fc4b450caf8ecf307bae1d20 [term 1 FOLLOWER]: Refusing update from remote peer aa461864d2e94fb5b6afdd79c32ebb1f: Log matching property violated. Preceding OpId in replica: term: 1 index: 1. Preceding OpId from leader: term: 1 index: 2. (index mismatch)
W20260608 12:42:29.210533  3608 consensus_peers.cc:597] T 9e04d9bfb6744ab495c74de1f3ebad57 P aa461864d2e94fb5b6afdd79c32ebb1f -> Peer dd38bd98e0b04939bdc58cd86f0961a1 (127.0.107.196:46303): Couldn't send request to peer dd38bd98e0b04939bdc58cd86f0961a1. Error code: TABLET_NOT_FOUND (6). Status: Not found: Tablet not found: 9e04d9bfb6744ab495c74de1f3ebad57. This is attempt 1: this message will repeat every 5th retry.
I20260608 12:42:29.211541  3979 consensus_queue.cc:1048] T 9e04d9bfb6744ab495c74de1f3ebad57 P aa461864d2e94fb5b6afdd79c32ebb1f [LEADER]: Connected to new peer: Peer: permanent_uuid: "e24861f01c6b42b281f06202ecf9febc" member_type: VOTER last_known_addr { host: "127.0.107.193" port: 41041 }, Status: LMP_MISMATCH, Last received: 0.0, Next index: 2, Last known committed idx: 1, Time since last communication: 0.000s
I20260608 12:42:29.212445  3981 consensus_queue.cc:1048] T 9e04d9bfb6744ab495c74de1f3ebad57 P aa461864d2e94fb5b6afdd79c32ebb1f [LEADER]: Connected to new peer: Peer: permanent_uuid: "0c639733fc4b450caf8ecf307bae1d20" member_type: VOTER last_known_addr { host: "127.0.107.194" port: 42889 } attrs { replace: true }, Status: LMP_MISMATCH, Last received: 0.0, Next index: 2, Last known committed idx: 1, Time since last communication: 0.001s
I20260608 12:42:29.220439  3979 raft_consensus.cc:2955] T 9e04d9bfb6744ab495c74de1f3ebad57 P aa461864d2e94fb5b6afdd79c32ebb1f [term 1 LEADER]: Committing config change with OpId 1.2: config changed from index -1 to 2, NON_VOTER dd38bd98e0b04939bdc58cd86f0961a1 (127.0.107.196) added. New config: { opid_index: 2 OBSOLETE_local: false peers { permanent_uuid: "e24861f01c6b42b281f06202ecf9febc" member_type: VOTER last_known_addr { host: "127.0.107.193" port: 41041 } } peers { permanent_uuid: "0c639733fc4b450caf8ecf307bae1d20" member_type: VOTER last_known_addr { host: "127.0.107.194" port: 42889 } attrs { replace: true } } peers { permanent_uuid: "aa461864d2e94fb5b6afdd79c32ebb1f" member_type: VOTER last_known_addr { host: "127.0.107.195" port: 42101 } } peers { permanent_uuid: "dd38bd98e0b04939bdc58cd86f0961a1" member_type: NON_VOTER last_known_addr { host: "127.0.107.196" port: 46303 } attrs { promote: true } } }
I20260608 12:42:29.222898  3570 raft_consensus.cc:2955] T 9e04d9bfb6744ab495c74de1f3ebad57 P 0c639733fc4b450caf8ecf307bae1d20 [term 1 FOLLOWER]: Committing config change with OpId 1.2: config changed from index -1 to 2, NON_VOTER dd38bd98e0b04939bdc58cd86f0961a1 (127.0.107.196) added. New config: { opid_index: 2 OBSOLETE_local: false peers { permanent_uuid: "e24861f01c6b42b281f06202ecf9febc" member_type: VOTER last_known_addr { host: "127.0.107.193" port: 41041 } } peers { permanent_uuid: "0c639733fc4b450caf8ecf307bae1d20" member_type: VOTER last_known_addr { host: "127.0.107.194" port: 42889 } attrs { replace: true } } peers { permanent_uuid: "aa461864d2e94fb5b6afdd79c32ebb1f" member_type: VOTER last_known_addr { host: "127.0.107.195" port: 42101 } } peers { permanent_uuid: "dd38bd98e0b04939bdc58cd86f0961a1" member_type: NON_VOTER last_known_addr { host: "127.0.107.196" port: 46303 } attrs { promote: true } } }
I20260608 12:42:29.225476  3494 raft_consensus.cc:2955] T 9e04d9bfb6744ab495c74de1f3ebad57 P e24861f01c6b42b281f06202ecf9febc [term 1 FOLLOWER]: Committing config change with OpId 1.2: config changed from index -1 to 2, NON_VOTER dd38bd98e0b04939bdc58cd86f0961a1 (127.0.107.196) added. New config: { opid_index: 2 OBSOLETE_local: false peers { permanent_uuid: "e24861f01c6b42b281f06202ecf9febc" member_type: VOTER last_known_addr { host: "127.0.107.193" port: 41041 } } peers { permanent_uuid: "0c639733fc4b450caf8ecf307bae1d20" member_type: VOTER last_known_addr { host: "127.0.107.194" port: 42889 } attrs { replace: true } } peers { permanent_uuid: "aa461864d2e94fb5b6afdd79c32ebb1f" member_type: VOTER last_known_addr { host: "127.0.107.195" port: 42101 } } peers { permanent_uuid: "dd38bd98e0b04939bdc58cd86f0961a1" member_type: NON_VOTER last_known_addr { host: "127.0.107.196" port: 46303 } attrs { promote: true } } }
I20260608 12:42:29.236486  3393 catalog_manager.cc:5696] T 9e04d9bfb6744ab495c74de1f3ebad57 P aa461864d2e94fb5b6afdd79c32ebb1f reported cstate change: config changed from index -1 to 2, NON_VOTER dd38bd98e0b04939bdc58cd86f0961a1 (127.0.107.196) added. New cstate: current_term: 1 leader_uuid: "aa461864d2e94fb5b6afdd79c32ebb1f" committed_config { opid_index: 2 OBSOLETE_local: false peers { permanent_uuid: "e24861f01c6b42b281f06202ecf9febc" member_type: VOTER last_known_addr { host: "127.0.107.193" port: 41041 } health_report { overall_health: HEALTHY } } peers { permanent_uuid: "0c639733fc4b450caf8ecf307bae1d20" member_type: VOTER last_known_addr { host: "127.0.107.194" port: 42889 } attrs { replace: true } health_report { overall_health: HEALTHY } } peers { permanent_uuid: "aa461864d2e94fb5b6afdd79c32ebb1f" member_type: VOTER last_known_addr { host: "127.0.107.195" port: 42101 } health_report { overall_health: HEALTHY } } peers { permanent_uuid: "dd38bd98e0b04939bdc58cd86f0961a1" member_type: NON_VOTER last_known_addr { host: "127.0.107.196" port: 46303 } attrs { promote: true } health_report { overall_health: UNKNOWN } } }
I20260608 12:42:29.241331  3493 consensus_queue.cc:237] T 4ac00507825f4cf286ac815c06426019 P e24861f01c6b42b281f06202ecf9febc [LEADER]: Queue going to LEADER mode. State: All replicated index: 0, Majority replicated index: 1, Committed index: 1, Last appended: 1.1, Last appended by leader: 0, Current term: 1, Majority size: 2, State: 0, Mode: LEADER, active raft config: opid_index: 2 OBSOLETE_local: false peers { permanent_uuid: "e24861f01c6b42b281f06202ecf9febc" member_type: VOTER last_known_addr { host: "127.0.107.193" port: 41041 } } peers { permanent_uuid: "dd38bd98e0b04939bdc58cd86f0961a1" member_type: VOTER last_known_addr { host: "127.0.107.196" port: 46303 } attrs { replace: true } } peers { permanent_uuid: "0c639733fc4b450caf8ecf307bae1d20" member_type: VOTER last_known_addr { host: "127.0.107.194" port: 42889 } } peers { permanent_uuid: "aa461864d2e94fb5b6afdd79c32ebb1f" member_type: NON_VOTER last_known_addr { host: "127.0.107.195" port: 42101 } attrs { promote: true } }
I20260608 12:42:29.250247  3808 raft_consensus.cc:1275] T 4ac00507825f4cf286ac815c06426019 P dd38bd98e0b04939bdc58cd86f0961a1 [term 1 FOLLOWER]: Refusing update from remote peer e24861f01c6b42b281f06202ecf9febc: Log matching property violated. Preceding OpId in replica: term: 1 index: 1. Preceding OpId from leader: term: 1 index: 2. (index mismatch)
I20260608 12:42:29.250236  3570 raft_consensus.cc:1275] T 4ac00507825f4cf286ac815c06426019 P 0c639733fc4b450caf8ecf307bae1d20 [term 1 FOLLOWER]: Refusing update from remote peer e24861f01c6b42b281f06202ecf9febc: Log matching property violated. Preceding OpId in replica: term: 1 index: 1. Preceding OpId from leader: term: 1 index: 2. (index mismatch)
W20260608 12:42:29.250684  3459 consensus_peers.cc:597] T 4ac00507825f4cf286ac815c06426019 P e24861f01c6b42b281f06202ecf9febc -> Peer aa461864d2e94fb5b6afdd79c32ebb1f (127.0.107.195:42101): Couldn't send request to peer aa461864d2e94fb5b6afdd79c32ebb1f. Error code: TABLET_NOT_FOUND (6). Status: Not found: Tablet not found: 4ac00507825f4cf286ac815c06426019. This is attempt 1: this message will repeat every 5th retry.
I20260608 12:42:29.251948  3909 consensus_queue.cc:1048] T 4ac00507825f4cf286ac815c06426019 P e24861f01c6b42b281f06202ecf9febc [LEADER]: Connected to new peer: Peer: permanent_uuid: "dd38bd98e0b04939bdc58cd86f0961a1" member_type: VOTER last_known_addr { host: "127.0.107.196" port: 46303 } attrs { replace: true }, Status: LMP_MISMATCH, Last received: 0.0, Next index: 2, Last known committed idx: 1, Time since last communication: 0.000s
I20260608 12:42:29.252931  3975 consensus_queue.cc:1048] T 4ac00507825f4cf286ac815c06426019 P e24861f01c6b42b281f06202ecf9febc [LEADER]: Connected to new peer: Peer: permanent_uuid: "0c639733fc4b450caf8ecf307bae1d20" member_type: VOTER last_known_addr { host: "127.0.107.194" port: 42889 }, Status: LMP_MISMATCH, Last received: 0.0, Next index: 2, Last known committed idx: 1, Time since last communication: 0.000s
I20260608 12:42:29.263001  3909 raft_consensus.cc:2955] T 4ac00507825f4cf286ac815c06426019 P e24861f01c6b42b281f06202ecf9febc [term 1 LEADER]: Committing config change with OpId 1.2: config changed from index -1 to 2, NON_VOTER aa461864d2e94fb5b6afdd79c32ebb1f (127.0.107.195) added. New config: { opid_index: 2 OBSOLETE_local: false peers { permanent_uuid: "e24861f01c6b42b281f06202ecf9febc" member_type: VOTER last_known_addr { host: "127.0.107.193" port: 41041 } } peers { permanent_uuid: "dd38bd98e0b04939bdc58cd86f0961a1" member_type: VOTER last_known_addr { host: "127.0.107.196" port: 46303 } attrs { replace: true } } peers { permanent_uuid: "0c639733fc4b450caf8ecf307bae1d20" member_type: VOTER last_known_addr { host: "127.0.107.194" port: 42889 } } peers { permanent_uuid: "aa461864d2e94fb5b6afdd79c32ebb1f" member_type: NON_VOTER last_known_addr { host: "127.0.107.195" port: 42101 } attrs { promote: true } } }
I20260608 12:42:29.265455  3808 raft_consensus.cc:2955] T 4ac00507825f4cf286ac815c06426019 P dd38bd98e0b04939bdc58cd86f0961a1 [term 1 FOLLOWER]: Committing config change with OpId 1.2: config changed from index -1 to 2, NON_VOTER aa461864d2e94fb5b6afdd79c32ebb1f (127.0.107.195) added. New config: { opid_index: 2 OBSOLETE_local: false peers { permanent_uuid: "e24861f01c6b42b281f06202ecf9febc" member_type: VOTER last_known_addr { host: "127.0.107.193" port: 41041 } } peers { permanent_uuid: "dd38bd98e0b04939bdc58cd86f0961a1" member_type: VOTER last_known_addr { host: "127.0.107.196" port: 46303 } attrs { replace: true } } peers { permanent_uuid: "0c639733fc4b450caf8ecf307bae1d20" member_type: VOTER last_known_addr { host: "127.0.107.194" port: 42889 } } peers { permanent_uuid: "aa461864d2e94fb5b6afdd79c32ebb1f" member_type: NON_VOTER last_known_addr { host: "127.0.107.195" port: 42101 } attrs { promote: true } } }
I20260608 12:42:29.273742  3570 raft_consensus.cc:2955] T 4ac00507825f4cf286ac815c06426019 P 0c639733fc4b450caf8ecf307bae1d20 [term 1 FOLLOWER]: Committing config change with OpId 1.2: config changed from index -1 to 2, NON_VOTER aa461864d2e94fb5b6afdd79c32ebb1f (127.0.107.195) added. New config: { opid_index: 2 OBSOLETE_local: false peers { permanent_uuid: "e24861f01c6b42b281f06202ecf9febc" member_type: VOTER last_known_addr { host: "127.0.107.193" port: 41041 } } peers { permanent_uuid: "dd38bd98e0b04939bdc58cd86f0961a1" member_type: VOTER last_known_addr { host: "127.0.107.196" port: 46303 } attrs { replace: true } } peers { permanent_uuid: "0c639733fc4b450caf8ecf307bae1d20" member_type: VOTER last_known_addr { host: "127.0.107.194" port: 42889 } } peers { permanent_uuid: "aa461864d2e94fb5b6afdd79c32ebb1f" member_type: NON_VOTER last_known_addr { host: "127.0.107.195" port: 42101 } attrs { promote: true } } }
I20260608 12:42:29.277699  3393 catalog_manager.cc:5696] T 4ac00507825f4cf286ac815c06426019 P dd38bd98e0b04939bdc58cd86f0961a1 reported cstate change: config changed from index -1 to 2, NON_VOTER aa461864d2e94fb5b6afdd79c32ebb1f (127.0.107.195) added. New cstate: current_term: 1 leader_uuid: "e24861f01c6b42b281f06202ecf9febc" committed_config { opid_index: 2 OBSOLETE_local: false peers { permanent_uuid: "e24861f01c6b42b281f06202ecf9febc" member_type: VOTER last_known_addr { host: "127.0.107.193" port: 41041 } } peers { permanent_uuid: "dd38bd98e0b04939bdc58cd86f0961a1" member_type: VOTER last_known_addr { host: "127.0.107.196" port: 46303 } attrs { replace: true } } peers { permanent_uuid: "0c639733fc4b450caf8ecf307bae1d20" member_type: VOTER last_known_addr { host: "127.0.107.194" port: 42889 } } peers { permanent_uuid: "aa461864d2e94fb5b6afdd79c32ebb1f" member_type: NON_VOTER last_known_addr { host: "127.0.107.195" port: 42101 } attrs { promote: true } } }
I20260608 12:42:29.278842  3493 consensus_queue.cc:237] T e6e3b90d13b1441280ff122e5bbf35f9 P e24861f01c6b42b281f06202ecf9febc [LEADER]: Queue going to LEADER mode. State: All replicated index: 0, Majority replicated index: 1, Committed index: 1, Last appended: 1.1, Last appended by leader: 0, Current term: 1, Majority size: 2, State: 0, Mode: LEADER, active raft config: opid_index: 2 OBSOLETE_local: false peers { permanent_uuid: "e24861f01c6b42b281f06202ecf9febc" member_type: VOTER last_known_addr { host: "127.0.107.193" port: 41041 } } peers { permanent_uuid: "0c639733fc4b450caf8ecf307bae1d20" member_type: VOTER last_known_addr { host: "127.0.107.194" port: 42889 } } peers { permanent_uuid: "aa461864d2e94fb5b6afdd79c32ebb1f" member_type: VOTER last_known_addr { host: "127.0.107.195" port: 42101 } attrs { replace: true } } peers { permanent_uuid: "dd38bd98e0b04939bdc58cd86f0961a1" member_type: NON_VOTER last_known_addr { host: "127.0.107.196" port: 46303 } attrs { promote: true } }
I20260608 12:42:29.289513  3644 raft_consensus.cc:1275] T e6e3b90d13b1441280ff122e5bbf35f9 P aa461864d2e94fb5b6afdd79c32ebb1f [term 1 FOLLOWER]: Refusing update from remote peer e24861f01c6b42b281f06202ecf9febc: Log matching property violated. Preceding OpId in replica: term: 1 index: 1. Preceding OpId from leader: term: 1 index: 2. (index mismatch)
I20260608 12:42:29.289999  3570 raft_consensus.cc:1275] T e6e3b90d13b1441280ff122e5bbf35f9 P 0c639733fc4b450caf8ecf307bae1d20 [term 1 FOLLOWER]: Refusing update from remote peer e24861f01c6b42b281f06202ecf9febc: Log matching property violated. Preceding OpId in replica: term: 1 index: 1. Preceding OpId from leader: term: 1 index: 2. (index mismatch)
I20260608 12:42:29.291380  3909 consensus_queue.cc:1048] T e6e3b90d13b1441280ff122e5bbf35f9 P e24861f01c6b42b281f06202ecf9febc [LEADER]: Connected to new peer: Peer: permanent_uuid: "0c639733fc4b450caf8ecf307bae1d20" member_type: VOTER last_known_addr { host: "127.0.107.194" port: 42889 }, Status: LMP_MISMATCH, Last received: 0.0, Next index: 2, Last known committed idx: 1, Time since last communication: 0.000s
I20260608 12:42:29.292372  3975 consensus_queue.cc:1048] T e6e3b90d13b1441280ff122e5bbf35f9 P e24861f01c6b42b281f06202ecf9febc [LEADER]: Connected to new peer: Peer: permanent_uuid: "aa461864d2e94fb5b6afdd79c32ebb1f" member_type: VOTER last_known_addr { host: "127.0.107.195" port: 42101 } attrs { replace: true }, Status: LMP_MISMATCH, Last received: 0.0, Next index: 2, Last known committed idx: 1, Time since last communication: 0.001s
W20260608 12:42:29.296139  3459 consensus_peers.cc:597] T e6e3b90d13b1441280ff122e5bbf35f9 P e24861f01c6b42b281f06202ecf9febc -> Peer dd38bd98e0b04939bdc58cd86f0961a1 (127.0.107.196:46303): Couldn't send request to peer dd38bd98e0b04939bdc58cd86f0961a1. Error code: TABLET_NOT_FOUND (6). Status: Not found: Tablet not found: e6e3b90d13b1441280ff122e5bbf35f9. This is attempt 1: this message will repeat every 5th retry.
I20260608 12:42:29.306504  3909 raft_consensus.cc:2955] T e6e3b90d13b1441280ff122e5bbf35f9 P e24861f01c6b42b281f06202ecf9febc [term 1 LEADER]: Committing config change with OpId 1.2: config changed from index -1 to 2, NON_VOTER dd38bd98e0b04939bdc58cd86f0961a1 (127.0.107.196) added. New config: { opid_index: 2 OBSOLETE_local: false peers { permanent_uuid: "e24861f01c6b42b281f06202ecf9febc" member_type: VOTER last_known_addr { host: "127.0.107.193" port: 41041 } } peers { permanent_uuid: "0c639733fc4b450caf8ecf307bae1d20" member_type: VOTER last_known_addr { host: "127.0.107.194" port: 42889 } } peers { permanent_uuid: "aa461864d2e94fb5b6afdd79c32ebb1f" member_type: VOTER last_known_addr { host: "127.0.107.195" port: 42101 } attrs { replace: true } } peers { permanent_uuid: "dd38bd98e0b04939bdc58cd86f0961a1" member_type: NON_VOTER last_known_addr { host: "127.0.107.196" port: 46303 } attrs { promote: true } } }
I20260608 12:42:29.308986  3644 raft_consensus.cc:2955] T e6e3b90d13b1441280ff122e5bbf35f9 P aa461864d2e94fb5b6afdd79c32ebb1f [term 1 FOLLOWER]: Committing config change with OpId 1.2: config changed from index -1 to 2, NON_VOTER dd38bd98e0b04939bdc58cd86f0961a1 (127.0.107.196) added. New config: { opid_index: 2 OBSOLETE_local: false peers { permanent_uuid: "e24861f01c6b42b281f06202ecf9febc" member_type: VOTER last_known_addr { host: "127.0.107.193" port: 41041 } } peers { permanent_uuid: "0c639733fc4b450caf8ecf307bae1d20" member_type: VOTER last_known_addr { host: "127.0.107.194" port: 42889 } } peers { permanent_uuid: "aa461864d2e94fb5b6afdd79c32ebb1f" member_type: VOTER last_known_addr { host: "127.0.107.195" port: 42101 } attrs { replace: true } } peers { permanent_uuid: "dd38bd98e0b04939bdc58cd86f0961a1" member_type: NON_VOTER last_known_addr { host: "127.0.107.196" port: 46303 } attrs { promote: true } } }
I20260608 12:42:29.314086  3570 raft_consensus.cc:2955] T e6e3b90d13b1441280ff122e5bbf35f9 P 0c639733fc4b450caf8ecf307bae1d20 [term 1 FOLLOWER]: Committing config change with OpId 1.2: config changed from index -1 to 2, NON_VOTER dd38bd98e0b04939bdc58cd86f0961a1 (127.0.107.196) added. New config: { opid_index: 2 OBSOLETE_local: false peers { permanent_uuid: "e24861f01c6b42b281f06202ecf9febc" member_type: VOTER last_known_addr { host: "127.0.107.193" port: 41041 } } peers { permanent_uuid: "0c639733fc4b450caf8ecf307bae1d20" member_type: VOTER last_known_addr { host: "127.0.107.194" port: 42889 } } peers { permanent_uuid: "aa461864d2e94fb5b6afdd79c32ebb1f" member_type: VOTER last_known_addr { host: "127.0.107.195" port: 42101 } attrs { replace: true } } peers { permanent_uuid: "dd38bd98e0b04939bdc58cd86f0961a1" member_type: NON_VOTER last_known_addr { host: "127.0.107.196" port: 46303 } attrs { promote: true } } }
I20260608 12:42:29.320186  3394 catalog_manager.cc:5696] T e6e3b90d13b1441280ff122e5bbf35f9 P e24861f01c6b42b281f06202ecf9febc reported cstate change: config changed from index -1 to 2, NON_VOTER dd38bd98e0b04939bdc58cd86f0961a1 (127.0.107.196) added. New cstate: current_term: 1 leader_uuid: "e24861f01c6b42b281f06202ecf9febc" committed_config { opid_index: 2 OBSOLETE_local: false peers { permanent_uuid: "e24861f01c6b42b281f06202ecf9febc" member_type: VOTER last_known_addr { host: "127.0.107.193" port: 41041 } health_report { overall_health: HEALTHY } } peers { permanent_uuid: "0c639733fc4b450caf8ecf307bae1d20" member_type: VOTER last_known_addr { host: "127.0.107.194" port: 42889 } health_report { overall_health: HEALTHY } } peers { permanent_uuid: "aa461864d2e94fb5b6afdd79c32ebb1f" member_type: VOTER last_known_addr { host: "127.0.107.195" port: 42101 } attrs { replace: true } health_report { overall_health: HEALTHY } } peers { permanent_uuid: "dd38bd98e0b04939bdc58cd86f0961a1" member_type: NON_VOTER last_known_addr { host: "127.0.107.196" port: 46303 } attrs { promote: true } health_report { overall_health: UNKNOWN } } }
I20260608 12:42:29.320719  3493 consensus_queue.cc:237] T 877aa1bf730b4f4588229a414d480c45 P e24861f01c6b42b281f06202ecf9febc [LEADER]: Queue going to LEADER mode. State: All replicated index: 0, Majority replicated index: 1, Committed index: 1, Last appended: 1.1, Last appended by leader: 0, Current term: 1, Majority size: 2, State: 0, Mode: LEADER, active raft config: opid_index: 2 OBSOLETE_local: false peers { permanent_uuid: "e24861f01c6b42b281f06202ecf9febc" member_type: VOTER last_known_addr { host: "127.0.107.193" port: 41041 } } peers { permanent_uuid: "dd38bd98e0b04939bdc58cd86f0961a1" member_type: VOTER last_known_addr { host: "127.0.107.196" port: 46303 } attrs { replace: true } } peers { permanent_uuid: "aa461864d2e94fb5b6afdd79c32ebb1f" member_type: VOTER last_known_addr { host: "127.0.107.195" port: 42101 } } peers { permanent_uuid: "0c639733fc4b450caf8ecf307bae1d20" member_type: NON_VOTER last_known_addr { host: "127.0.107.194" port: 42889 } attrs { promote: true } }
I20260608 12:42:29.331336  3644 raft_consensus.cc:1275] T 877aa1bf730b4f4588229a414d480c45 P aa461864d2e94fb5b6afdd79c32ebb1f [term 1 FOLLOWER]: Refusing update from remote peer e24861f01c6b42b281f06202ecf9febc: Log matching property violated. Preceding OpId in replica: term: 1 index: 1. Preceding OpId from leader: term: 1 index: 2. (index mismatch)
I20260608 12:42:29.331658  3808 raft_consensus.cc:1275] T 877aa1bf730b4f4588229a414d480c45 P dd38bd98e0b04939bdc58cd86f0961a1 [term 1 FOLLOWER]: Refusing update from remote peer e24861f01c6b42b281f06202ecf9febc: Log matching property violated. Preceding OpId in replica: term: 1 index: 1. Preceding OpId from leader: term: 1 index: 2. (index mismatch)
I20260608 12:42:29.333163  3959 consensus_queue.cc:1048] T 877aa1bf730b4f4588229a414d480c45 P e24861f01c6b42b281f06202ecf9febc [LEADER]: Connected to new peer: Peer: permanent_uuid: "aa461864d2e94fb5b6afdd79c32ebb1f" member_type: VOTER last_known_addr { host: "127.0.107.195" port: 42101 }, Status: LMP_MISMATCH, Last received: 0.0, Next index: 2, Last known committed idx: 1, Time since last communication: 0.000s
W20260608 12:42:29.334043  3459 consensus_peers.cc:597] T 877aa1bf730b4f4588229a414d480c45 P e24861f01c6b42b281f06202ecf9febc -> Peer 0c639733fc4b450caf8ecf307bae1d20 (127.0.107.194:42889): Couldn't send request to peer 0c639733fc4b450caf8ecf307bae1d20. Error code: TABLET_NOT_FOUND (6). Status: Not found: Tablet not found: 877aa1bf730b4f4588229a414d480c45. This is attempt 1: this message will repeat every 5th retry.
I20260608 12:42:29.334970  3909 consensus_queue.cc:1048] T 877aa1bf730b4f4588229a414d480c45 P e24861f01c6b42b281f06202ecf9febc [LEADER]: Connected to new peer: Peer: permanent_uuid: "dd38bd98e0b04939bdc58cd86f0961a1" member_type: VOTER last_known_addr { host: "127.0.107.196" port: 46303 } attrs { replace: true }, Status: LMP_MISMATCH, Last received: 0.0, Next index: 2, Last known committed idx: 1, Time since last communication: 0.000s
