I20260608 12:41:46.194324  3122 raft_consensus.cc:3060] T d16e476d5b44475abdd1e333fe57b057 P 46e83c91cf2d450fafc7c850d0193bf9 [term 0 FOLLOWER]: Advancing to term 1
I20260608 12:41:46.198331  3246 leader_election.cc:290] T d16e476d5b44475abdd1e333fe57b057 P 7badf3f4910c4bf79c08dc56ba337951 [CANDIDATE]: Term 1 election: Requested vote from peers 9d902b96342e4e3fa29d5c93da249b11 (127.0.107.193:43639), 46e83c91cf2d450fafc7c850d0193bf9 (127.0.107.194:41563)
I20260608 12:41:46.200362  3242 tablet_bootstrap.cc:654] T c2c75eae8cba44548f6da28c553e561a P 46e83c91cf2d450fafc7c850d0193bf9: Neither blocks nor log segments found. Creating new log.
I20260608 12:41:46.200663  3241 tablet_bootstrap.cc:492] T c2c75eae8cba44548f6da28c553e561a P 7badf3f4910c4bf79c08dc56ba337951: No bootstrap required, opened a new log
I20260608 12:41:46.201241  3241 ts_tablet_manager.cc:1403] T c2c75eae8cba44548f6da28c553e561a P 7badf3f4910c4bf79c08dc56ba337951: Time spent bootstrapping tablet: real 0.051s	user 0.015s	sys 0.016s
I20260608 12:41:46.202200  3122 raft_consensus.cc:2468] T d16e476d5b44475abdd1e333fe57b057 P 46e83c91cf2d450fafc7c850d0193bf9 [term 1 FOLLOWER]: Leader election vote request: Granting yes vote for candidate 7badf3f4910c4bf79c08dc56ba337951 in term 1.
I20260608 12:41:46.203612  3159 leader_election.cc:304] T d16e476d5b44475abdd1e333fe57b057 P 7badf3f4910c4bf79c08dc56ba337951 [CANDIDATE]: Term 1 election: Election decided. Result: candidate won. Election summary: received 3 responses out of 3 voters: 2 yes votes; 1 no votes. yes voters: 46e83c91cf2d450fafc7c850d0193bf9, 7badf3f4910c4bf79c08dc56ba337951; no voters: 9d902b96342e4e3fa29d5c93da249b11
I20260608 12:41:46.204612  3241 raft_consensus.cc:359] T c2c75eae8cba44548f6da28c553e561a P 7badf3f4910c4bf79c08dc56ba337951 [term 0 FOLLOWER]: Replica starting. Triggering 0 pending ops. Active config: opid_index: -1 OBSOLETE_local: false peers { permanent_uuid: "9d902b96342e4e3fa29d5c93da249b11" member_type: VOTER last_known_addr { host: "127.0.107.193" port: 43639 } } peers { permanent_uuid: "46e83c91cf2d450fafc7c850d0193bf9" member_type: VOTER last_known_addr { host: "127.0.107.194" port: 41563 } } peers { permanent_uuid: "7badf3f4910c4bf79c08dc56ba337951" member_type: VOTER last_known_addr { host: "127.0.107.195" port: 38307 } }
I20260608 12:41:46.205008  3246 raft_consensus.cc:2804] T d16e476d5b44475abdd1e333fe57b057 P 7badf3f4910c4bf79c08dc56ba337951 [term 1 FOLLOWER]: Leader election won for term 1
I20260608 12:41:46.205464  3241 raft_consensus.cc:385] T c2c75eae8cba44548f6da28c553e561a P 7badf3f4910c4bf79c08dc56ba337951 [term 0 FOLLOWER]: Consensus starting up: Expiring failure detector timer to make a prompt election more likely
I20260608 12:41:46.205848  3241 raft_consensus.cc:740] T c2c75eae8cba44548f6da28c553e561a P 7badf3f4910c4bf79c08dc56ba337951 [term 0 FOLLOWER]: Becoming Follower/Learner. State: Replica: 7badf3f4910c4bf79c08dc56ba337951, State: Initialized, Role: FOLLOWER
I20260608 12:41:46.206961  3241 consensus_queue.cc:260] T c2c75eae8cba44548f6da28c553e561a P 7badf3f4910c4bf79c08dc56ba337951 [NON_LEADER]: Queue going to NON_LEADER mode. State: All replicated index: 0, Majority replicated index: 0, Committed index: 0, Last appended: 0.0, Last appended by leader: 0, Current term: 0, Majority size: -1, State: 0, Mode: NON_LEADER, active raft config: opid_index: -1 OBSOLETE_local: false peers { permanent_uuid: "9d902b96342e4e3fa29d5c93da249b11" member_type: VOTER last_known_addr { host: "127.0.107.193" port: 43639 } } peers { permanent_uuid: "46e83c91cf2d450fafc7c850d0193bf9" member_type: VOTER last_known_addr { host: "127.0.107.194" port: 41563 } } peers { permanent_uuid: "7badf3f4910c4bf79c08dc56ba337951" member_type: VOTER last_known_addr { host: "127.0.107.195" port: 38307 } }
I20260608 12:41:46.211786  3246 raft_consensus.cc:697] T d16e476d5b44475abdd1e333fe57b057 P 7badf3f4910c4bf79c08dc56ba337951 [term 1 LEADER]: Becoming Leader. State: Replica: 7badf3f4910c4bf79c08dc56ba337951, State: Running, Role: LEADER
I20260608 12:41:46.213045  3246 consensus_queue.cc:237] T d16e476d5b44475abdd1e333fe57b057 P 7badf3f4910c4bf79c08dc56ba337951 [LEADER]: Queue going to LEADER mode. State: All replicated index: 0, Majority replicated index: 0, Committed index: 0, Last appended: 0.0, Last appended by leader: 0, Current term: 1, Majority size: 2, State: 0, Mode: LEADER, active raft config: opid_index: -1 OBSOLETE_local: false peers { permanent_uuid: "9d902b96342e4e3fa29d5c93da249b11" member_type: VOTER last_known_addr { host: "127.0.107.193" port: 43639 } } peers { permanent_uuid: "46e83c91cf2d450fafc7c850d0193bf9" member_type: VOTER last_known_addr { host: "127.0.107.194" port: 41563 } } peers { permanent_uuid: "7badf3f4910c4bf79c08dc56ba337951" member_type: VOTER last_known_addr { host: "127.0.107.195" port: 38307 } }
I20260608 12:41:46.214283  3244 tablet_bootstrap.cc:492] T c2c75eae8cba44548f6da28c553e561a P 9d902b96342e4e3fa29d5c93da249b11: No bootstrap required, opened a new log
I20260608 12:41:46.214529  3241 ts_tablet_manager.cc:1434] T c2c75eae8cba44548f6da28c553e561a P 7badf3f4910c4bf79c08dc56ba337951: Time spent starting tablet: real 0.013s	user 0.002s	sys 0.008s
I20260608 12:41:46.214706  3242 tablet_bootstrap.cc:492] T c2c75eae8cba44548f6da28c553e561a P 46e83c91cf2d450fafc7c850d0193bf9: No bootstrap required, opened a new log
I20260608 12:41:46.214821  3244 ts_tablet_manager.cc:1403] T c2c75eae8cba44548f6da28c553e561a P 9d902b96342e4e3fa29d5c93da249b11: Time spent bootstrapping tablet: real 0.033s	user 0.016s	sys 0.003s
I20260608 12:41:46.215283  3242 ts_tablet_manager.cc:1403] T c2c75eae8cba44548f6da28c553e561a P 46e83c91cf2d450fafc7c850d0193bf9: Time spent bootstrapping tablet: real 0.028s	user 0.006s	sys 0.011s
I20260608 12:41:46.215662  3241 tablet_bootstrap.cc:492] T 382cc3a822f14c25820329950a268088 P 7badf3f4910c4bf79c08dc56ba337951: Bootstrap starting.
I20260608 12:41:46.218179  3244 raft_consensus.cc:359] T c2c75eae8cba44548f6da28c553e561a P 9d902b96342e4e3fa29d5c93da249b11 [term 0 FOLLOWER]: Replica starting. Triggering 0 pending ops. Active config: opid_index: -1 OBSOLETE_local: false peers { permanent_uuid: "9d902b96342e4e3fa29d5c93da249b11" member_type: VOTER last_known_addr { host: "127.0.107.193" port: 43639 } } peers { permanent_uuid: "46e83c91cf2d450fafc7c850d0193bf9" member_type: VOTER last_known_addr { host: "127.0.107.194" port: 41563 } } peers { permanent_uuid: "7badf3f4910c4bf79c08dc56ba337951" member_type: VOTER last_known_addr { host: "127.0.107.195" port: 38307 } }
I20260608 12:41:46.218374  3242 raft_consensus.cc:359] T c2c75eae8cba44548f6da28c553e561a P 46e83c91cf2d450fafc7c850d0193bf9 [term 0 FOLLOWER]: Replica starting. Triggering 0 pending ops. Active config: opid_index: -1 OBSOLETE_local: false peers { permanent_uuid: "9d902b96342e4e3fa29d5c93da249b11" member_type: VOTER last_known_addr { host: "127.0.107.193" port: 43639 } } peers { permanent_uuid: "46e83c91cf2d450fafc7c850d0193bf9" member_type: VOTER last_known_addr { host: "127.0.107.194" port: 41563 } } peers { permanent_uuid: "7badf3f4910c4bf79c08dc56ba337951" member_type: VOTER last_known_addr { host: "127.0.107.195" port: 38307 } }
I20260608 12:41:46.218968  3244 raft_consensus.cc:385] T c2c75eae8cba44548f6da28c553e561a P 9d902b96342e4e3fa29d5c93da249b11 [term 0 FOLLOWER]: Consensus starting up: Expiring failure detector timer to make a prompt election more likely
I20260608 12:41:46.219064  3242 raft_consensus.cc:385] T c2c75eae8cba44548f6da28c553e561a P 46e83c91cf2d450fafc7c850d0193bf9 [term 0 FOLLOWER]: Consensus starting up: Expiring failure detector timer to make a prompt election more likely
I20260608 12:41:46.219378  3244 raft_consensus.cc:740] T c2c75eae8cba44548f6da28c553e561a P 9d902b96342e4e3fa29d5c93da249b11 [term 0 FOLLOWER]: Becoming Follower/Learner. State: Replica: 9d902b96342e4e3fa29d5c93da249b11, State: Initialized, Role: FOLLOWER
I20260608 12:41:46.219466  3242 raft_consensus.cc:740] T c2c75eae8cba44548f6da28c553e561a P 46e83c91cf2d450fafc7c850d0193bf9 [term 0 FOLLOWER]: Becoming Follower/Learner. State: Replica: 46e83c91cf2d450fafc7c850d0193bf9, State: Initialized, Role: FOLLOWER
I20260608 12:41:46.220393  3244 consensus_queue.cc:260] T c2c75eae8cba44548f6da28c553e561a P 9d902b96342e4e3fa29d5c93da249b11 [NON_LEADER]: Queue going to NON_LEADER mode. State: All replicated index: 0, Majority replicated index: 0, Committed index: 0, Last appended: 0.0, Last appended by leader: 0, Current term: 0, Majority size: -1, State: 0, Mode: NON_LEADER, active raft config: opid_index: -1 OBSOLETE_local: false peers { permanent_uuid: "9d902b96342e4e3fa29d5c93da249b11" member_type: VOTER last_known_addr { host: "127.0.107.193" port: 43639 } } peers { permanent_uuid: "46e83c91cf2d450fafc7c850d0193bf9" member_type: VOTER last_known_addr { host: "127.0.107.194" port: 41563 } } peers { permanent_uuid: "7badf3f4910c4bf79c08dc56ba337951" member_type: VOTER last_known_addr { host: "127.0.107.195" port: 38307 } }
I20260608 12:41:46.220551  3242 consensus_queue.cc:260] T c2c75eae8cba44548f6da28c553e561a P 46e83c91cf2d450fafc7c850d0193bf9 [NON_LEADER]: Queue going to NON_LEADER mode. State: All replicated index: 0, Majority replicated index: 0, Committed index: 0, Last appended: 0.0, Last appended by leader: 0, Current term: 0, Majority size: -1, State: 0, Mode: NON_LEADER, active raft config: opid_index: -1 OBSOLETE_local: false peers { permanent_uuid: "9d902b96342e4e3fa29d5c93da249b11" member_type: VOTER last_known_addr { host: "127.0.107.193" port: 43639 } } peers { permanent_uuid: "46e83c91cf2d450fafc7c850d0193bf9" member_type: VOTER last_known_addr { host: "127.0.107.194" port: 41563 } } peers { permanent_uuid: "7badf3f4910c4bf79c08dc56ba337951" member_type: VOTER last_known_addr { host: "127.0.107.195" port: 38307 } }
I20260608 12:41:46.223169  3244 ts_tablet_manager.cc:1434] T c2c75eae8cba44548f6da28c553e561a P 9d902b96342e4e3fa29d5c93da249b11: Time spent starting tablet: real 0.008s	user 0.004s	sys 0.004s
I20260608 12:41:46.224223  3244 tablet_bootstrap.cc:492] T d16e476d5b44475abdd1e333fe57b057 P 9d902b96342e4e3fa29d5c93da249b11: Bootstrap starting.
I20260608 12:41:46.226822  3242 ts_tablet_manager.cc:1434] T c2c75eae8cba44548f6da28c553e561a P 46e83c91cf2d450fafc7c850d0193bf9: Time spent starting tablet: real 0.011s	user 0.002s	sys 0.006s
I20260608 12:41:46.227883  3253 raft_consensus.cc:493] T c2c75eae8cba44548f6da28c553e561a P 9d902b96342e4e3fa29d5c93da249b11 [term 0 FOLLOWER]: Starting pre-election (no leader contacted us within the election timeout)
I20260608 12:41:46.228541  3242 tablet_bootstrap.cc:492] T 0232cb3b73c948d78f9cf0858618645e P 46e83c91cf2d450fafc7c850d0193bf9: Bootstrap starting.
I20260608 12:41:46.228434  3253 raft_consensus.cc:515] T c2c75eae8cba44548f6da28c553e561a P 9d902b96342e4e3fa29d5c93da249b11 [term 0 FOLLOWER]: Starting pre-election with config: opid_index: -1 OBSOLETE_local: false peers { permanent_uuid: "9d902b96342e4e3fa29d5c93da249b11" member_type: VOTER last_known_addr { host: "127.0.107.193" port: 43639 } } peers { permanent_uuid: "46e83c91cf2d450fafc7c850d0193bf9" member_type: VOTER last_known_addr { host: "127.0.107.194" port: 41563 } } peers { permanent_uuid: "7badf3f4910c4bf79c08dc56ba337951" member_type: VOTER last_known_addr { host: "127.0.107.195" port: 38307 } }
I20260608 12:41:46.234863  3253 leader_election.cc:290] T c2c75eae8cba44548f6da28c553e561a P 9d902b96342e4e3fa29d5c93da249b11 [CANDIDATE]: Term 1 pre-election: Requested pre-vote from peers 46e83c91cf2d450fafc7c850d0193bf9 (127.0.107.194:41563), 7badf3f4910c4bf79c08dc56ba337951 (127.0.107.195:38307)
I20260608 12:41:46.242862  3241 tablet_bootstrap.cc:654] T 382cc3a822f14c25820329950a268088 P 7badf3f4910c4bf79c08dc56ba337951: Neither blocks nor log segments found. Creating new log.
I20260608 12:41:46.245792  2944 catalog_manager.cc:5696] T d16e476d5b44475abdd1e333fe57b057 P 7badf3f4910c4bf79c08dc56ba337951 reported cstate change: term changed from 0 to 1, leader changed from <none> to 7badf3f4910c4bf79c08dc56ba337951 (127.0.107.195). New cstate: current_term: 1 leader_uuid: "7badf3f4910c4bf79c08dc56ba337951" committed_config { opid_index: -1 OBSOLETE_local: false peers { permanent_uuid: "9d902b96342e4e3fa29d5c93da249b11" member_type: VOTER last_known_addr { host: "127.0.107.193" port: 43639 } health_report { overall_health: UNKNOWN } } peers { permanent_uuid: "46e83c91cf2d450fafc7c850d0193bf9" member_type: VOTER last_known_addr { host: "127.0.107.194" port: 41563 } health_report { overall_health: UNKNOWN } } peers { permanent_uuid: "7badf3f4910c4bf79c08dc56ba337951" member_type: VOTER last_known_addr { host: "127.0.107.195" port: 38307 } health_report { overall_health: HEALTHY } } }
I20260608 12:41:46.247553  3244 tablet_bootstrap.cc:654] T d16e476d5b44475abdd1e333fe57b057 P 9d902b96342e4e3fa29d5c93da249b11: Neither blocks nor log segments found. Creating new log.
I20260608 12:41:46.260098  3242 tablet_bootstrap.cc:654] T 0232cb3b73c948d78f9cf0858618645e P 46e83c91cf2d450fafc7c850d0193bf9: Neither blocks nor log segments found. Creating new log.
I20260608 12:41:46.260288  3246 raft_consensus.cc:493] T c2c75eae8cba44548f6da28c553e561a P 7badf3f4910c4bf79c08dc56ba337951 [term 0 FOLLOWER]: Starting pre-election (no leader contacted us within the election timeout)
I20260608 12:41:46.270965  3246 raft_consensus.cc:515] T c2c75eae8cba44548f6da28c553e561a P 7badf3f4910c4bf79c08dc56ba337951 [term 0 FOLLOWER]: Starting pre-election with config: opid_index: -1 OBSOLETE_local: false peers { permanent_uuid: "9d902b96342e4e3fa29d5c93da249b11" member_type: VOTER last_known_addr { host: "127.0.107.193" port: 43639 } } peers { permanent_uuid: "46e83c91cf2d450fafc7c850d0193bf9" member_type: VOTER last_known_addr { host: "127.0.107.194" port: 41563 } } peers { permanent_uuid: "7badf3f4910c4bf79c08dc56ba337951" member_type: VOTER last_known_addr { host: "127.0.107.195" port: 38307 } }
I20260608 12:41:46.280437  3246 leader_election.cc:290] T c2c75eae8cba44548f6da28c553e561a P 7badf3f4910c4bf79c08dc56ba337951 [CANDIDATE]: Term 1 pre-election: Requested pre-vote from peers 9d902b96342e4e3fa29d5c93da249b11 (127.0.107.193:43639), 46e83c91cf2d450fafc7c850d0193bf9 (127.0.107.194:41563)
I20260608 12:41:46.281626  3196 tablet_service.cc:1917] Received RequestConsensusVote() RPC: tablet_id: "c2c75eae8cba44548f6da28c553e561a" candidate_uuid: "9d902b96342e4e3fa29d5c93da249b11" candidate_term: 1 candidate_status { last_received { term: 0 index: 0 } } ignore_live_leader: false dest_uuid: "7badf3f4910c4bf79c08dc56ba337951" is_pre_election: true
I20260608 12:41:46.282536  3196 raft_consensus.cc:2468] T c2c75eae8cba44548f6da28c553e561a P 7badf3f4910c4bf79c08dc56ba337951 [term 0 FOLLOWER]: Leader pre-election vote request: Granting yes vote for candidate 9d902b96342e4e3fa29d5c93da249b11 in term 0.
I20260608 12:41:46.281709  3047 tablet_service.cc:1917] Received RequestConsensusVote() RPC: tablet_id: "c2c75eae8cba44548f6da28c553e561a" candidate_uuid: "7badf3f4910c4bf79c08dc56ba337951" candidate_term: 1 candidate_status { last_received { term: 0 index: 0 } } ignore_live_leader: false dest_uuid: "9d902b96342e4e3fa29d5c93da249b11" is_pre_election: true
I20260608 12:41:46.283488  3244 tablet_bootstrap.cc:492] T d16e476d5b44475abdd1e333fe57b057 P 9d902b96342e4e3fa29d5c93da249b11: No bootstrap required, opened a new log
I20260608 12:41:46.283243  3122 tablet_service.cc:1917] Received RequestConsensusVote() RPC: tablet_id: "c2c75eae8cba44548f6da28c553e561a" candidate_uuid: "7badf3f4910c4bf79c08dc56ba337951" candidate_term: 1 candidate_status { last_received { term: 0 index: 0 } } ignore_live_leader: false dest_uuid: "46e83c91cf2d450fafc7c850d0193bf9" is_pre_election: true
I20260608 12:41:46.284322  3244 ts_tablet_manager.cc:1403] T d16e476d5b44475abdd1e333fe57b057 P 9d902b96342e4e3fa29d5c93da249b11: Time spent bootstrapping tablet: real 0.060s	user 0.020s	sys 0.010s
I20260608 12:41:46.284531  3122 raft_consensus.cc:2468] T c2c75eae8cba44548f6da28c553e561a P 46e83c91cf2d450fafc7c850d0193bf9 [term 0 FOLLOWER]: Leader pre-election vote request: Granting yes vote for candidate 7badf3f4910c4bf79c08dc56ba337951 in term 0.
I20260608 12:41:46.284739  3010 leader_election.cc:304] T c2c75eae8cba44548f6da28c553e561a P 9d902b96342e4e3fa29d5c93da249b11 [CANDIDATE]: Term 1 pre-election: Election decided. Result: candidate won. Election summary: received 2 responses out of 3 voters: 2 yes votes; 0 no votes. yes voters: 7badf3f4910c4bf79c08dc56ba337951, 9d902b96342e4e3fa29d5c93da249b11; no voters: 
I20260608 12:41:46.286100  3159 leader_election.cc:304] T c2c75eae8cba44548f6da28c553e561a P 7badf3f4910c4bf79c08dc56ba337951 [CANDIDATE]: Term 1 pre-election: Election decided. Result: candidate won. Election summary: received 2 responses out of 3 voters: 2 yes votes; 0 no votes. yes voters: 46e83c91cf2d450fafc7c850d0193bf9, 7badf3f4910c4bf79c08dc56ba337951; no voters: 
I20260608 12:41:46.283809  3047 raft_consensus.cc:2468] T c2c75eae8cba44548f6da28c553e561a P 9d902b96342e4e3fa29d5c93da249b11 [term 0 FOLLOWER]: Leader pre-election vote request: Granting yes vote for candidate 7badf3f4910c4bf79c08dc56ba337951 in term 0.
I20260608 12:41:46.287125  3246 raft_consensus.cc:2804] T c2c75eae8cba44548f6da28c553e561a P 7badf3f4910c4bf79c08dc56ba337951 [term 0 FOLLOWER]: Leader pre-election won for term 1
I20260608 12:41:46.287544  3253 raft_consensus.cc:2804] T c2c75eae8cba44548f6da28c553e561a P 9d902b96342e4e3fa29d5c93da249b11 [term 0 FOLLOWER]: Leader pre-election won for term 1
I20260608 12:41:46.288897  3244 raft_consensus.cc:359] T d16e476d5b44475abdd1e333fe57b057 P 9d902b96342e4e3fa29d5c93da249b11 [term 0 FOLLOWER]: Replica starting. Triggering 0 pending ops. Active config: opid_index: -1 OBSOLETE_local: false peers { permanent_uuid: "9d902b96342e4e3fa29d5c93da249b11" member_type: VOTER last_known_addr { host: "127.0.107.193" port: 43639 } } peers { permanent_uuid: "46e83c91cf2d450fafc7c850d0193bf9" member_type: VOTER last_known_addr { host: "127.0.107.194" port: 41563 } } peers { permanent_uuid: "7badf3f4910c4bf79c08dc56ba337951" member_type: VOTER last_known_addr { host: "127.0.107.195" port: 38307 } }
I20260608 12:41:46.289638  3241 tablet_bootstrap.cc:492] T 382cc3a822f14c25820329950a268088 P 7badf3f4910c4bf79c08dc56ba337951: No bootstrap required, opened a new log
I20260608 12:41:46.289762  3253 raft_consensus.cc:493] T c2c75eae8cba44548f6da28c553e561a P 9d902b96342e4e3fa29d5c93da249b11 [term 0 FOLLOWER]: Starting leader election (no leader contacted us within the election timeout)
I20260608 12:41:46.290012  3244 raft_consensus.cc:385] T d16e476d5b44475abdd1e333fe57b057 P 9d902b96342e4e3fa29d5c93da249b11 [term 0 FOLLOWER]: Consensus starting up: Expiring failure detector timer to make a prompt election more likely
I20260608 12:41:46.290509  3241 ts_tablet_manager.cc:1403] T 382cc3a822f14c25820329950a268088 P 7badf3f4910c4bf79c08dc56ba337951: Time spent bootstrapping tablet: real 0.075s	user 0.022s	sys 0.028s
I20260608 12:41:46.290288  3253 raft_consensus.cc:3060] T c2c75eae8cba44548f6da28c553e561a P 9d902b96342e4e3fa29d5c93da249b11 [term 0 FOLLOWER]: Advancing to term 1
I20260608 12:41:46.294538  3122 tablet_service.cc:1917] Received RequestConsensusVote() RPC: tablet_id: "c2c75eae8cba44548f6da28c553e561a" candidate_uuid: "9d902b96342e4e3fa29d5c93da249b11" candidate_term: 1 candidate_status { last_received { term: 0 index: 0 } } ignore_live_leader: false dest_uuid: "46e83c91cf2d450fafc7c850d0193bf9" is_pre_election: true
I20260608 12:41:46.294623  3241 raft_consensus.cc:359] T 382cc3a822f14c25820329950a268088 P 7badf3f4910c4bf79c08dc56ba337951 [term 0 FOLLOWER]: Replica starting. Triggering 0 pending ops. Active config: opid_index: -1 OBSOLETE_local: false peers { permanent_uuid: "7badf3f4910c4bf79c08dc56ba337951" member_type: VOTER last_known_addr { host: "127.0.107.195" port: 38307 } } peers { permanent_uuid: "46e83c91cf2d450fafc7c850d0193bf9" member_type: VOTER last_known_addr { host: "127.0.107.194" port: 41563 } } peers { permanent_uuid: "9d902b96342e4e3fa29d5c93da249b11" member_type: VOTER last_known_addr { host: "127.0.107.193" port: 43639 } }
I20260608 12:41:46.295869  3241 raft_consensus.cc:385] T 382cc3a822f14c25820329950a268088 P 7badf3f4910c4bf79c08dc56ba337951 [term 0 FOLLOWER]: Consensus starting up: Expiring failure detector timer to make a prompt election more likely
I20260608 12:41:46.295702  3122 raft_consensus.cc:2468] T c2c75eae8cba44548f6da28c553e561a P 46e83c91cf2d450fafc7c850d0193bf9 [term 0 FOLLOWER]: Leader pre-election vote request: Granting yes vote for candidate 9d902b96342e4e3fa29d5c93da249b11 in term 0.
I20260608 12:41:46.296463  3241 raft_consensus.cc:740] T 382cc3a822f14c25820329950a268088 P 7badf3f4910c4bf79c08dc56ba337951 [term 0 FOLLOWER]: Becoming Follower/Learner. State: Replica: 7badf3f4910c4bf79c08dc56ba337951, State: Initialized, Role: FOLLOWER
I20260608 12:41:46.287554  3246 raft_consensus.cc:493] T c2c75eae8cba44548f6da28c553e561a P 7badf3f4910c4bf79c08dc56ba337951 [term 0 FOLLOWER]: Starting leader election (no leader contacted us within the election timeout)
I20260608 12:41:46.297995  3246 raft_consensus.cc:3060] T c2c75eae8cba44548f6da28c553e561a P 7badf3f4910c4bf79c08dc56ba337951 [term 0 FOLLOWER]: Advancing to term 1
I20260608 12:41:46.297472  3241 consensus_queue.cc:260] T 382cc3a822f14c25820329950a268088 P 7badf3f4910c4bf79c08dc56ba337951 [NON_LEADER]: Queue going to NON_LEADER mode. State: All replicated index: 0, Majority replicated index: 0, Committed index: 0, Last appended: 0.0, Last appended by leader: 0, Current term: 0, Majority size: -1, State: 0, Mode: NON_LEADER, active raft config: opid_index: -1 OBSOLETE_local: false peers { permanent_uuid: "7badf3f4910c4bf79c08dc56ba337951" member_type: VOTER last_known_addr { host: "127.0.107.195" port: 38307 } } peers { permanent_uuid: "46e83c91cf2d450fafc7c850d0193bf9" member_type: VOTER last_known_addr { host: "127.0.107.194" port: 41563 } } peers { permanent_uuid: "9d902b96342e4e3fa29d5c93da249b11" member_type: VOTER last_known_addr { host: "127.0.107.193" port: 43639 } }
I20260608 12:41:46.290536  3244 raft_consensus.cc:740] T d16e476d5b44475abdd1e333fe57b057 P 9d902b96342e4e3fa29d5c93da249b11 [term 0 FOLLOWER]: Becoming Follower/Learner. State: Replica: 9d902b96342e4e3fa29d5c93da249b11, State: Initialized, Role: FOLLOWER
I20260608 12:41:46.299909  3244 consensus_queue.cc:260] T d16e476d5b44475abdd1e333fe57b057 P 9d902b96342e4e3fa29d5c93da249b11 [NON_LEADER]: Queue going to NON_LEADER mode. State: All replicated index: 0, Majority replicated index: 0, Committed index: 0, Last appended: 0.0, Last appended by leader: 0, Current term: 0, Majority size: -1, State: 0, Mode: NON_LEADER, active raft config: opid_index: -1 OBSOLETE_local: false peers { permanent_uuid: "9d902b96342e4e3fa29d5c93da249b11" member_type: VOTER last_known_addr { host: "127.0.107.193" port: 43639 } } peers { permanent_uuid: "46e83c91cf2d450fafc7c850d0193bf9" member_type: VOTER last_known_addr { host: "127.0.107.194" port: 41563 } } peers { permanent_uuid: "7badf3f4910c4bf79c08dc56ba337951" member_type: VOTER last_known_addr { host: "127.0.107.195" port: 38307 } }
I20260608 12:41:46.300436  3241 ts_tablet_manager.cc:1434] T 382cc3a822f14c25820329950a268088 P 7badf3f4910c4bf79c08dc56ba337951: Time spent starting tablet: real 0.009s	user 0.009s	sys 0.000s
I20260608 12:41:46.306401  3246 raft_consensus.cc:515] T c2c75eae8cba44548f6da28c553e561a P 7badf3f4910c4bf79c08dc56ba337951 [term 1 FOLLOWER]: Starting leader election with config: opid_index: -1 OBSOLETE_local: false peers { permanent_uuid: "9d902b96342e4e3fa29d5c93da249b11" member_type: VOTER last_known_addr { host: "127.0.107.193" port: 43639 } } peers { permanent_uuid: "46e83c91cf2d450fafc7c850d0193bf9" member_type: VOTER last_known_addr { host: "127.0.107.194" port: 41563 } } peers { permanent_uuid: "7badf3f4910c4bf79c08dc56ba337951" member_type: VOTER last_known_addr { host: "127.0.107.195" port: 38307 } }
I20260608 12:41:46.309525  3047 tablet_service.cc:1917] Received RequestConsensusVote() RPC: tablet_id: "c2c75eae8cba44548f6da28c553e561a" candidate_uuid: "7badf3f4910c4bf79c08dc56ba337951" candidate_term: 1 candidate_status { last_received { term: 0 index: 0 } } ignore_live_leader: false dest_uuid: "9d902b96342e4e3fa29d5c93da249b11"
I20260608 12:41:46.311121  3253 raft_consensus.cc:515] T c2c75eae8cba44548f6da28c553e561a P 9d902b96342e4e3fa29d5c93da249b11 [term 1 FOLLOWER]: Starting leader election with config: opid_index: -1 OBSOLETE_local: false peers { permanent_uuid: "9d902b96342e4e3fa29d5c93da249b11" member_type: VOTER last_known_addr { host: "127.0.107.193" port: 43639 } } peers { permanent_uuid: "46e83c91cf2d450fafc7c850d0193bf9" member_type: VOTER last_known_addr { host: "127.0.107.194" port: 41563 } } peers { permanent_uuid: "7badf3f4910c4bf79c08dc56ba337951" member_type: VOTER last_known_addr { host: "127.0.107.195" port: 38307 } }
I20260608 12:41:46.312548  3047 raft_consensus.cc:2393] T c2c75eae8cba44548f6da28c553e561a P 9d902b96342e4e3fa29d5c93da249b11 [term 1 FOLLOWER]: Leader election vote request: Denying vote to candidate 7badf3f4910c4bf79c08dc56ba337951 in current term 1: Already voted for candidate 9d902b96342e4e3fa29d5c93da249b11 in this term.
I20260608 12:41:46.314085  3122 tablet_service.cc:1917] Received RequestConsensusVote() RPC: tablet_id: "c2c75eae8cba44548f6da28c553e561a" candidate_uuid: "7badf3f4910c4bf79c08dc56ba337951" candidate_term: 1 candidate_status { last_received { term: 0 index: 0 } } ignore_live_leader: false dest_uuid: "46e83c91cf2d450fafc7c850d0193bf9"
I20260608 12:41:46.314749  3122 raft_consensus.cc:3060] T c2c75eae8cba44548f6da28c553e561a P 46e83c91cf2d450fafc7c850d0193bf9 [term 0 FOLLOWER]: Advancing to term 1
I20260608 12:41:46.315750  3253 leader_election.cc:290] T c2c75eae8cba44548f6da28c553e561a P 9d902b96342e4e3fa29d5c93da249b11 [CANDIDATE]: Term 1 election: Requested vote from peers 46e83c91cf2d450fafc7c850d0193bf9 (127.0.107.194:41563), 7badf3f4910c4bf79c08dc56ba337951 (127.0.107.195:38307)
I20260608 12:41:46.311103  3244 ts_tablet_manager.cc:1434] T d16e476d5b44475abdd1e333fe57b057 P 9d902b96342e4e3fa29d5c93da249b11: Time spent starting tablet: real 0.026s	user 0.012s	sys 0.003s
I20260608 12:41:46.317373  3244 tablet_bootstrap.cc:492] T 0232cb3b73c948d78f9cf0858618645e P 9d902b96342e4e3fa29d5c93da249b11: Bootstrap starting.
I20260608 12:41:46.318502  3121 tablet_service.cc:1917] Received RequestConsensusVote() RPC: tablet_id: "c2c75eae8cba44548f6da28c553e561a" candidate_uuid: "9d902b96342e4e3fa29d5c93da249b11" candidate_term: 1 candidate_status { last_received { term: 0 index: 0 } } ignore_live_leader: false dest_uuid: "46e83c91cf2d450fafc7c850d0193bf9"
I20260608 12:41:46.319005  3242 tablet_bootstrap.cc:492] T 0232cb3b73c948d78f9cf0858618645e P 46e83c91cf2d450fafc7c850d0193bf9: No bootstrap required, opened a new log
I20260608 12:41:46.319535  3242 ts_tablet_manager.cc:1403] T 0232cb3b73c948d78f9cf0858618645e P 46e83c91cf2d450fafc7c850d0193bf9: Time spent bootstrapping tablet: real 0.091s	user 0.026s	sys 0.013s
I20260608 12:41:46.321349  3196 tablet_service.cc:1917] Received RequestConsensusVote() RPC: tablet_id: "c2c75eae8cba44548f6da28c553e561a" candidate_uuid: "9d902b96342e4e3fa29d5c93da249b11" candidate_term: 1 candidate_status { last_received { term: 0 index: 0 } } ignore_live_leader: false dest_uuid: "7badf3f4910c4bf79c08dc56ba337951"
I20260608 12:41:46.321949  3122 raft_consensus.cc:2468] T c2c75eae8cba44548f6da28c553e561a P 46e83c91cf2d450fafc7c850d0193bf9 [term 1 FOLLOWER]: Leader election vote request: Granting yes vote for candidate 7badf3f4910c4bf79c08dc56ba337951 in term 1.
I20260608 12:41:46.322178  3196 raft_consensus.cc:2393] T c2c75eae8cba44548f6da28c553e561a P 7badf3f4910c4bf79c08dc56ba337951 [term 1 FOLLOWER]: Leader election vote request: Denying vote to candidate 9d902b96342e4e3fa29d5c93da249b11 in current term 1: Already voted for candidate 7badf3f4910c4bf79c08dc56ba337951 in this term.
I20260608 12:41:46.322914  3242 raft_consensus.cc:359] T 0232cb3b73c948d78f9cf0858618645e P 46e83c91cf2d450fafc7c850d0193bf9 [term 0 FOLLOWER]: Replica starting. Triggering 0 pending ops. Active config: opid_index: -1 OBSOLETE_local: false peers { permanent_uuid: "9d902b96342e4e3fa29d5c93da249b11" member_type: VOTER last_known_addr { host: "127.0.107.193" port: 43639 } } peers { permanent_uuid: "46e83c91cf2d450fafc7c850d0193bf9" member_type: VOTER last_known_addr { host: "127.0.107.194" port: 41563 } } peers { permanent_uuid: "7badf3f4910c4bf79c08dc56ba337951" member_type: VOTER last_known_addr { host: "127.0.107.195" port: 38307 } }
I20260608 12:41:46.323315  3159 leader_election.cc:304] T c2c75eae8cba44548f6da28c553e561a P 7badf3f4910c4bf79c08dc56ba337951 [CANDIDATE]: Term 1 election: Election decided. Result: candidate won. Election summary: received 3 responses out of 3 voters: 2 yes votes; 1 no votes. yes voters: 46e83c91cf2d450fafc7c850d0193bf9, 7badf3f4910c4bf79c08dc56ba337951; no voters: 9d902b96342e4e3fa29d5c93da249b11
I20260608 12:41:46.323660  3242 raft_consensus.cc:385] T 0232cb3b73c948d78f9cf0858618645e P 46e83c91cf2d450fafc7c850d0193bf9 [term 0 FOLLOWER]: Consensus starting up: Expiring failure detector timer to make a prompt election more likely
I20260608 12:41:46.324011  3242 raft_consensus.cc:740] T 0232cb3b73c948d78f9cf0858618645e P 46e83c91cf2d450fafc7c850d0193bf9 [term 0 FOLLOWER]: Becoming Follower/Learner. State: Replica: 46e83c91cf2d450fafc7c850d0193bf9, State: Initialized, Role: FOLLOWER
I20260608 12:41:46.324399  3244 tablet_bootstrap.cc:654] T 0232cb3b73c948d78f9cf0858618645e P 9d902b96342e4e3fa29d5c93da249b11: Neither blocks nor log segments found. Creating new log.
I20260608 12:41:46.324448  3258 raft_consensus.cc:2804] T c2c75eae8cba44548f6da28c553e561a P 7badf3f4910c4bf79c08dc56ba337951 [term 1 FOLLOWER]: Leader election won for term 1
I20260608 12:41:46.324019  3010 leader_election.cc:304] T c2c75eae8cba44548f6da28c553e561a P 9d902b96342e4e3fa29d5c93da249b11 [CANDIDATE]: Term 1 election: Election decided. Result: candidate lost. Election summary: received 3 responses out of 3 voters: 1 yes votes; 2 no votes. yes voters: 9d902b96342e4e3fa29d5c93da249b11; no voters: 46e83c91cf2d450fafc7c850d0193bf9, 7badf3f4910c4bf79c08dc56ba337951
I20260608 12:41:46.325778  3246 leader_election.cc:290] T c2c75eae8cba44548f6da28c553e561a P 7badf3f4910c4bf79c08dc56ba337951 [CANDIDATE]: Term 1 election: Requested vote from peers 9d902b96342e4e3fa29d5c93da249b11 (127.0.107.193:43639), 46e83c91cf2d450fafc7c850d0193bf9 (127.0.107.194:41563)
I20260608 12:41:46.325204  3258 raft_consensus.cc:697] T c2c75eae8cba44548f6da28c553e561a P 7badf3f4910c4bf79c08dc56ba337951 [term 1 LEADER]: Becoming Leader. State: Replica: 7badf3f4910c4bf79c08dc56ba337951, State: Running, Role: LEADER
I20260608 12:41:46.326382  3253 raft_consensus.cc:2749] T c2c75eae8cba44548f6da28c553e561a P 9d902b96342e4e3fa29d5c93da249b11 [term 1 FOLLOWER]: Leader election lost for term 1. Reason: could not achieve majority
I20260608 12:41:46.324877  3242 consensus_queue.cc:260] T 0232cb3b73c948d78f9cf0858618645e P 46e83c91cf2d450fafc7c850d0193bf9 [NON_LEADER]: Queue going to NON_LEADER mode. State: All replicated index: 0, Majority replicated index: 0, Committed index: 0, Last appended: 0.0, Last appended by leader: 0, Current term: 0, Majority size: -1, State: 0, Mode: NON_LEADER, active raft config: opid_index: -1 OBSOLETE_local: false peers { permanent_uuid: "9d902b96342e4e3fa29d5c93da249b11" member_type: VOTER last_known_addr { host: "127.0.107.193" port: 43639 } } peers { permanent_uuid: "46e83c91cf2d450fafc7c850d0193bf9" member_type: VOTER last_known_addr { host: "127.0.107.194" port: 41563 } } peers { permanent_uuid: "7badf3f4910c4bf79c08dc56ba337951" member_type: VOTER last_known_addr { host: "127.0.107.195" port: 38307 } }
I20260608 12:41:46.327163  3258 consensus_queue.cc:237] T c2c75eae8cba44548f6da28c553e561a P 7badf3f4910c4bf79c08dc56ba337951 [LEADER]: Queue going to LEADER mode. State: All replicated index: 0, Majority replicated index: 0, Committed index: 0, Last appended: 0.0, Last appended by leader: 0, Current term: 1, Majority size: 2, State: 0, Mode: LEADER, active raft config: opid_index: -1 OBSOLETE_local: false peers { permanent_uuid: "9d902b96342e4e3fa29d5c93da249b11" member_type: VOTER last_known_addr { host: "127.0.107.193" port: 43639 } } peers { permanent_uuid: "46e83c91cf2d450fafc7c850d0193bf9" member_type: VOTER last_known_addr { host: "127.0.107.194" port: 41563 } } peers { permanent_uuid: "7badf3f4910c4bf79c08dc56ba337951" member_type: VOTER last_known_addr { host: "127.0.107.195" port: 38307 } }
I20260608 12:41:46.338177  3242 ts_tablet_manager.cc:1434] T 0232cb3b73c948d78f9cf0858618645e P 46e83c91cf2d450fafc7c850d0193bf9: Time spent starting tablet: real 0.018s	user 0.008s	sys 0.000s
I20260608 12:41:46.343750  3244 tablet_bootstrap.cc:492] T 0232cb3b73c948d78f9cf0858618645e P 9d902b96342e4e3fa29d5c93da249b11: No bootstrap required, opened a new log
I20260608 12:41:46.344343  3244 ts_tablet_manager.cc:1403] T 0232cb3b73c948d78f9cf0858618645e P 9d902b96342e4e3fa29d5c93da249b11: Time spent bootstrapping tablet: real 0.027s	user 0.011s	sys 0.016s
I20260608 12:41:46.345481  2943 catalog_manager.cc:5696] T c2c75eae8cba44548f6da28c553e561a P 7badf3f4910c4bf79c08dc56ba337951 reported cstate change: term changed from 0 to 1, leader changed from <none> to 7badf3f4910c4bf79c08dc56ba337951 (127.0.107.195). New cstate: current_term: 1 leader_uuid: "7badf3f4910c4bf79c08dc56ba337951" committed_config { opid_index: -1 OBSOLETE_local: false peers { permanent_uuid: "9d902b96342e4e3fa29d5c93da249b11" member_type: VOTER last_known_addr { host: "127.0.107.193" port: 43639 } health_report { overall_health: UNKNOWN } } peers { permanent_uuid: "46e83c91cf2d450fafc7c850d0193bf9" member_type: VOTER last_known_addr { host: "127.0.107.194" port: 41563 } health_report { overall_health: UNKNOWN } } peers { permanent_uuid: "7badf3f4910c4bf79c08dc56ba337951" member_type: VOTER last_known_addr { host: "127.0.107.195" port: 38307 } health_report { overall_health: HEALTHY } } }
I20260608 12:41:46.347461  3244 raft_consensus.cc:359] T 0232cb3b73c948d78f9cf0858618645e P 9d902b96342e4e3fa29d5c93da249b11 [term 0 FOLLOWER]: Replica starting. Triggering 0 pending ops. Active config: opid_index: -1 OBSOLETE_local: false peers { permanent_uuid: "9d902b96342e4e3fa29d5c93da249b11" member_type: VOTER last_known_addr { host: "127.0.107.193" port: 43639 } } peers { permanent_uuid: "46e83c91cf2d450fafc7c850d0193bf9" member_type: VOTER last_known_addr { host: "127.0.107.194" port: 41563 } } peers { permanent_uuid: "7badf3f4910c4bf79c08dc56ba337951" member_type: VOTER last_known_addr { host: "127.0.107.195" port: 38307 } }
I20260608 12:41:46.348213  3244 raft_consensus.cc:385] T 0232cb3b73c948d78f9cf0858618645e P 9d902b96342e4e3fa29d5c93da249b11 [term 0 FOLLOWER]: Consensus starting up: Expiring failure detector timer to make a prompt election more likely
I20260608 12:41:46.348524  3244 raft_consensus.cc:740] T 0232cb3b73c948d78f9cf0858618645e P 9d902b96342e4e3fa29d5c93da249b11 [term 0 FOLLOWER]: Becoming Follower/Learner. State: Replica: 9d902b96342e4e3fa29d5c93da249b11, State: Initialized, Role: FOLLOWER
I20260608 12:41:46.351354  3244 consensus_queue.cc:260] T 0232cb3b73c948d78f9cf0858618645e P 9d902b96342e4e3fa29d5c93da249b11 [NON_LEADER]: Queue going to NON_LEADER mode. State: All replicated index: 0, Majority replicated index: 0, Committed index: 0, Last appended: 0.0, Last appended by leader: 0, Current term: 0, Majority size: -1, State: 0, Mode: NON_LEADER, active raft config: opid_index: -1 OBSOLETE_local: false peers { permanent_uuid: "9d902b96342e4e3fa29d5c93da249b11" member_type: VOTER last_known_addr { host: "127.0.107.193" port: 43639 } } peers { permanent_uuid: "46e83c91cf2d450fafc7c850d0193bf9" member_type: VOTER last_known_addr { host: "127.0.107.194" port: 41563 } } peers { permanent_uuid: "7badf3f4910c4bf79c08dc56ba337951" member_type: VOTER last_known_addr { host: "127.0.107.195" port: 38307 } }
I20260608 12:41:46.353986  3244 ts_tablet_manager.cc:1434] T 0232cb3b73c948d78f9cf0858618645e P 9d902b96342e4e3fa29d5c93da249b11: Time spent starting tablet: real 0.009s	user 0.003s	sys 0.003s
I20260608 12:41:46.404315  3253 raft_consensus.cc:493] T d16e476d5b44475abdd1e333fe57b057 P 9d902b96342e4e3fa29d5c93da249b11 [term 0 FOLLOWER]: Starting pre-election (no leader contacted us within the election timeout)
I20260608 12:41:46.404898  3253 raft_consensus.cc:515] T d16e476d5b44475abdd1e333fe57b057 P 9d902b96342e4e3fa29d5c93da249b11 [term 0 FOLLOWER]: Starting pre-election with config: opid_index: -1 OBSOLETE_local: false peers { permanent_uuid: "9d902b96342e4e3fa29d5c93da249b11" member_type: VOTER last_known_addr { host: "127.0.107.193" port: 43639 } } peers { permanent_uuid: "46e83c91cf2d450fafc7c850d0193bf9" member_type: VOTER last_known_addr { host: "127.0.107.194" port: 41563 } } peers { permanent_uuid: "7badf3f4910c4bf79c08dc56ba337951" member_type: VOTER last_known_addr { host: "127.0.107.195" port: 38307 } }
I20260608 12:41:46.406672  3253 leader_election.cc:290] T d16e476d5b44475abdd1e333fe57b057 P 9d902b96342e4e3fa29d5c93da249b11 [CANDIDATE]: Term 1 pre-election: Requested pre-vote from peers 46e83c91cf2d450fafc7c850d0193bf9 (127.0.107.194:41563), 7badf3f4910c4bf79c08dc56ba337951 (127.0.107.195:38307)
I20260608 12:41:46.407578  3122 tablet_service.cc:1917] Received RequestConsensusVote() RPC: tablet_id: "d16e476d5b44475abdd1e333fe57b057" candidate_uuid: "9d902b96342e4e3fa29d5c93da249b11" candidate_term: 1 candidate_status { last_received { term: 0 index: 0 } } ignore_live_leader: false dest_uuid: "46e83c91cf2d450fafc7c850d0193bf9" is_pre_election: true
I20260608 12:41:46.407745  3196 tablet_service.cc:1917] Received RequestConsensusVote() RPC: tablet_id: "d16e476d5b44475abdd1e333fe57b057" candidate_uuid: "9d902b96342e4e3fa29d5c93da249b11" candidate_term: 1 candidate_status { last_received { term: 0 index: 0 } } ignore_live_leader: false dest_uuid: "7badf3f4910c4bf79c08dc56ba337951" is_pre_election: true
I20260608 12:41:46.408334  3122 raft_consensus.cc:2393] T d16e476d5b44475abdd1e333fe57b057 P 46e83c91cf2d450fafc7c850d0193bf9 [term 1 FOLLOWER]: Leader pre-election vote request: Denying vote to candidate 9d902b96342e4e3fa29d5c93da249b11 in current term 1: Already voted for candidate 7badf3f4910c4bf79c08dc56ba337951 in this term.
I20260608 12:41:46.409518  3010 leader_election.cc:304] T d16e476d5b44475abdd1e333fe57b057 P 9d902b96342e4e3fa29d5c93da249b11 [CANDIDATE]: Term 1 pre-election: Election decided. Result: candidate lost. Election summary: received 3 responses out of 3 voters: 1 yes votes; 2 no votes. yes voters: 9d902b96342e4e3fa29d5c93da249b11; no voters: 46e83c91cf2d450fafc7c850d0193bf9, 7badf3f4910c4bf79c08dc56ba337951
I20260608 12:41:46.410149  3253 raft_consensus.cc:3060] T d16e476d5b44475abdd1e333fe57b057 P 9d902b96342e4e3fa29d5c93da249b11 [term 0 FOLLOWER]: Advancing to term 1
I20260608 12:41:46.414703  3253 raft_consensus.cc:2749] T d16e476d5b44475abdd1e333fe57b057 P 9d902b96342e4e3fa29d5c93da249b11 [term 1 FOLLOWER]: Leader pre-election lost for term 1. Reason: could not achieve majority
I20260608 12:41:46.421715  3248 raft_consensus.cc:493] T 0232cb3b73c948d78f9cf0858618645e P 46e83c91cf2d450fafc7c850d0193bf9 [term 0 FOLLOWER]: Starting pre-election (no leader contacted us within the election timeout)
I20260608 12:41:46.422238  3248 raft_consensus.cc:515] T 0232cb3b73c948d78f9cf0858618645e P 46e83c91cf2d450fafc7c850d0193bf9 [term 0 FOLLOWER]: Starting pre-election with config: opid_index: -1 OBSOLETE_local: false peers { permanent_uuid: "9d902b96342e4e3fa29d5c93da249b11" member_type: VOTER last_known_addr { host: "127.0.107.193" port: 43639 } } peers { permanent_uuid: "46e83c91cf2d450fafc7c850d0193bf9" member_type: VOTER last_known_addr { host: "127.0.107.194" port: 41563 } } peers { permanent_uuid: "7badf3f4910c4bf79c08dc56ba337951" member_type: VOTER last_known_addr { host: "127.0.107.195" port: 38307 } }
I20260608 12:41:46.424711  3248 leader_election.cc:290] T 0232cb3b73c948d78f9cf0858618645e P 46e83c91cf2d450fafc7c850d0193bf9 [CANDIDATE]: Term 1 pre-election: Requested pre-vote from peers 9d902b96342e4e3fa29d5c93da249b11 (127.0.107.193:43639), 7badf3f4910c4bf79c08dc56ba337951 (127.0.107.195:38307)
I20260608 12:41:46.435266  3047 tablet_service.cc:1917] Received RequestConsensusVote() RPC: tablet_id: "0232cb3b73c948d78f9cf0858618645e" candidate_uuid: "46e83c91cf2d450fafc7c850d0193bf9" candidate_term: 1 candidate_status { last_received { term: 0 index: 0 } } ignore_live_leader: false dest_uuid: "9d902b96342e4e3fa29d5c93da249b11" is_pre_election: true
I20260608 12:41:46.435490  3196 tablet_service.cc:1917] Received RequestConsensusVote() RPC: tablet_id: "0232cb3b73c948d78f9cf0858618645e" candidate_uuid: "46e83c91cf2d450fafc7c850d0193bf9" candidate_term: 1 candidate_status { last_received { term: 0 index: 0 } } ignore_live_leader: false dest_uuid: "7badf3f4910c4bf79c08dc56ba337951" is_pre_election: true
I20260608 12:41:46.435928  3047 raft_consensus.cc:2468] T 0232cb3b73c948d78f9cf0858618645e P 9d902b96342e4e3fa29d5c93da249b11 [term 0 FOLLOWER]: Leader pre-election vote request: Granting yes vote for candidate 46e83c91cf2d450fafc7c850d0193bf9 in term 0.
I20260608 12:41:46.436100  3196 raft_consensus.cc:2468] T 0232cb3b73c948d78f9cf0858618645e P 7badf3f4910c4bf79c08dc56ba337951 [term 0 FOLLOWER]: Leader pre-election vote request: Granting yes vote for candidate 46e83c91cf2d450fafc7c850d0193bf9 in term 0.
I20260608 12:41:46.437258  3087 leader_election.cc:304] T 0232cb3b73c948d78f9cf0858618645e P 46e83c91cf2d450fafc7c850d0193bf9 [CANDIDATE]: Term 1 pre-election: Election decided. Result: candidate won. Election summary: received 2 responses out of 3 voters: 2 yes votes; 0 no votes. yes voters: 46e83c91cf2d450fafc7c850d0193bf9, 9d902b96342e4e3fa29d5c93da249b11; no voters: 
I20260608 12:41:46.438052  3248 raft_consensus.cc:2804] T 0232cb3b73c948d78f9cf0858618645e P 46e83c91cf2d450fafc7c850d0193bf9 [term 0 FOLLOWER]: Leader pre-election won for term 1
I20260608 12:41:46.438433  3248 raft_consensus.cc:493] T 0232cb3b73c948d78f9cf0858618645e P 46e83c91cf2d450fafc7c850d0193bf9 [term 0 FOLLOWER]: Starting leader election (no leader contacted us within the election timeout)
I20260608 12:41:46.438720  3248 raft_consensus.cc:3060] T 0232cb3b73c948d78f9cf0858618645e P 46e83c91cf2d450fafc7c850d0193bf9 [term 0 FOLLOWER]: Advancing to term 1
I20260608 12:41:46.443539  3248 raft_consensus.cc:515] T 0232cb3b73c948d78f9cf0858618645e P 46e83c91cf2d450fafc7c850d0193bf9 [term 1 FOLLOWER]: Starting leader election with config: opid_index: -1 OBSOLETE_local: false peers { permanent_uuid: "9d902b96342e4e3fa29d5c93da249b11" member_type: VOTER last_known_addr { host: "127.0.107.193" port: 43639 } } peers { permanent_uuid: "46e83c91cf2d450fafc7c850d0193bf9" member_type: VOTER last_known_addr { host: "127.0.107.194" port: 41563 } } peers { permanent_uuid: "7badf3f4910c4bf79c08dc56ba337951" member_type: VOTER last_known_addr { host: "127.0.107.195" port: 38307 } }
I20260608 12:41:46.445679  3248 leader_election.cc:290] T 0232cb3b73c948d78f9cf0858618645e P 46e83c91cf2d450fafc7c850d0193bf9 [CANDIDATE]: Term 1 election: Requested vote from peers 9d902b96342e4e3fa29d5c93da249b11 (127.0.107.193:43639), 7badf3f4910c4bf79c08dc56ba337951 (127.0.107.195:38307)
I20260608 12:41:46.446460  3047 tablet_service.cc:1917] Received RequestConsensusVote() RPC: tablet_id: "0232cb3b73c948d78f9cf0858618645e" candidate_uuid: "46e83c91cf2d450fafc7c850d0193bf9" candidate_term: 1 candidate_status { last_received { term: 0 index: 0 } } ignore_live_leader: false dest_uuid: "9d902b96342e4e3fa29d5c93da249b11"
I20260608 12:41:46.446810  3196 tablet_service.cc:1917] Received RequestConsensusVote() RPC: tablet_id: "0232cb3b73c948d78f9cf0858618645e" candidate_uuid: "46e83c91cf2d450fafc7c850d0193bf9" candidate_term: 1 candidate_status { last_received { term: 0 index: 0 } } ignore_live_leader: false dest_uuid: "7badf3f4910c4bf79c08dc56ba337951"
I20260608 12:41:46.446952  3047 raft_consensus.cc:3060] T 0232cb3b73c948d78f9cf0858618645e P 9d902b96342e4e3fa29d5c93da249b11 [term 0 FOLLOWER]: Advancing to term 1
I20260608 12:41:46.447356  3196 raft_consensus.cc:3060] T 0232cb3b73c948d78f9cf0858618645e P 7badf3f4910c4bf79c08dc56ba337951 [term 0 FOLLOWER]: Advancing to term 1
I20260608 12:41:46.452426  3196 raft_consensus.cc:2468] T 0232cb3b73c948d78f9cf0858618645e P 7badf3f4910c4bf79c08dc56ba337951 [term 1 FOLLOWER]: Leader election vote request: Granting yes vote for candidate 46e83c91cf2d450fafc7c850d0193bf9 in term 1.
I20260608 12:41:46.452385  3047 raft_consensus.cc:2468] T 0232cb3b73c948d78f9cf0858618645e P 9d902b96342e4e3fa29d5c93da249b11 [term 1 FOLLOWER]: Leader election vote request: Granting yes vote for candidate 46e83c91cf2d450fafc7c850d0193bf9 in term 1.
I20260608 12:41:46.453876  3085 leader_election.cc:304] T 0232cb3b73c948d78f9cf0858618645e P 46e83c91cf2d450fafc7c850d0193bf9 [CANDIDATE]: Term 1 election: Election decided. Result: candidate won. Election summary: received 2 responses out of 3 voters: 2 yes votes; 0 no votes. yes voters: 46e83c91cf2d450fafc7c850d0193bf9, 7badf3f4910c4bf79c08dc56ba337951; no voters: 
I20260608 12:41:46.454692  3248 raft_consensus.cc:2804] T 0232cb3b73c948d78f9cf0858618645e P 46e83c91cf2d450fafc7c850d0193bf9 [term 1 FOLLOWER]: Leader election won for term 1
I20260608 12:41:46.455895  3248 raft_consensus.cc:697] T 0232cb3b73c948d78f9cf0858618645e P 46e83c91cf2d450fafc7c850d0193bf9 [term 1 LEADER]: Becoming Leader. State: Replica: 46e83c91cf2d450fafc7c850d0193bf9, State: Running, Role: LEADER
I20260608 12:41:46.456651  3248 consensus_queue.cc:237] T 0232cb3b73c948d78f9cf0858618645e P 46e83c91cf2d450fafc7c850d0193bf9 [LEADER]: Queue going to LEADER mode. State: All replicated index: 0, Majority replicated index: 0, Committed index: 0, Last appended: 0.0, Last appended by leader: 0, Current term: 1, Majority size: 2, State: 0, Mode: LEADER, active raft config: opid_index: -1 OBSOLETE_local: false peers { permanent_uuid: "9d902b96342e4e3fa29d5c93da249b11" member_type: VOTER last_known_addr { host: "127.0.107.193" port: 43639 } } peers { permanent_uuid: "46e83c91cf2d450fafc7c850d0193bf9" member_type: VOTER last_known_addr { host: "127.0.107.194" port: 41563 } } peers { permanent_uuid: "7badf3f4910c4bf79c08dc56ba337951" member_type: VOTER last_known_addr { host: "127.0.107.195" port: 38307 } }
I20260608 12:41:46.465023  2943 catalog_manager.cc:5696] T 0232cb3b73c948d78f9cf0858618645e P 46e83c91cf2d450fafc7c850d0193bf9 reported cstate change: term changed from 0 to 1, leader changed from <none> to 46e83c91cf2d450fafc7c850d0193bf9 (127.0.107.194). New cstate: current_term: 1 leader_uuid: "46e83c91cf2d450fafc7c850d0193bf9" committed_config { opid_index: -1 OBSOLETE_local: false peers { permanent_uuid: "9d902b96342e4e3fa29d5c93da249b11" member_type: VOTER last_known_addr { host: "127.0.107.193" port: 43639 } health_report { overall_health: UNKNOWN } } peers { permanent_uuid: "46e83c91cf2d450fafc7c850d0193bf9" member_type: VOTER last_known_addr { host: "127.0.107.194" port: 41563 } health_report { overall_health: HEALTHY } } peers { permanent_uuid: "7badf3f4910c4bf79c08dc56ba337951" member_type: VOTER last_known_addr { host: "127.0.107.195" port: 38307 } health_report { overall_health: UNKNOWN } } }
W20260608 12:41:46.475301  2993 auto_rebalancer.cc:259] Could not retrieve cluster info: Service unavailable: Tablet not running
I20260608 12:41:46.478992  2998 auto_leader_rebalancer.cc:140] leader rebalance for table range_aware_auto_rebalancer_test
W20260608 12:41:46.480121  2998 auto_leader_rebalancer.cc:460] the master instance isn't leader: Service unavailable: Tablet not running
I20260608 12:41:46.511052  3253 raft_consensus.cc:493] T 382cc3a822f14c25820329950a268088 P 9d902b96342e4e3fa29d5c93da249b11 [term 0 FOLLOWER]: Starting pre-election (no leader contacted us within the election timeout)
I20260608 12:41:46.511767  3253 raft_consensus.cc:515] T 382cc3a822f14c25820329950a268088 P 9d902b96342e4e3fa29d5c93da249b11 [term 0 FOLLOWER]: Starting pre-election with config: opid_index: -1 OBSOLETE_local: false peers { permanent_uuid: "7badf3f4910c4bf79c08dc56ba337951" member_type: VOTER last_known_addr { host: "127.0.107.195" port: 38307 } } peers { permanent_uuid: "46e83c91cf2d450fafc7c850d0193bf9" member_type: VOTER last_known_addr { host: "127.0.107.194" port: 41563 } } peers { permanent_uuid: "9d902b96342e4e3fa29d5c93da249b11" member_type: VOTER last_known_addr { host: "127.0.107.193" port: 43639 } }
I20260608 12:41:46.513801  3253 leader_election.cc:290] T 382cc3a822f14c25820329950a268088 P 9d902b96342e4e3fa29d5c93da249b11 [CANDIDATE]: Term 1 pre-election: Requested pre-vote from peers 7badf3f4910c4bf79c08dc56ba337951 (127.0.107.195:38307), 46e83c91cf2d450fafc7c850d0193bf9 (127.0.107.194:41563)
I20260608 12:41:46.514588  3196 tablet_service.cc:1917] Received RequestConsensusVote() RPC: tablet_id: "382cc3a822f14c25820329950a268088" candidate_uuid: "9d902b96342e4e3fa29d5c93da249b11" candidate_term: 1 candidate_status { last_received { term: 0 index: 0 } } ignore_live_leader: false dest_uuid: "7badf3f4910c4bf79c08dc56ba337951" is_pre_election: true
I20260608 12:41:46.514948  3122 tablet_service.cc:1917] Received RequestConsensusVote() RPC: tablet_id: "382cc3a822f14c25820329950a268088" candidate_uuid: "9d902b96342e4e3fa29d5c93da249b11" candidate_term: 1 candidate_status { last_received { term: 0 index: 0 } } ignore_live_leader: false dest_uuid: "46e83c91cf2d450fafc7c850d0193bf9" is_pre_election: true
