I20260608 12:40:30.685590  1293 consensus_queue.cc:260] T 8929502f427243429c1176886f01cf0f P 83380d0f19b748eda73186f370caf82a [NON_LEADER]: Queue going to NON_LEADER mode. State: All replicated index: 0, Majority replicated index: 0, Committed index: 0, Last appended: 0.0, Last appended by leader: 0, Current term: 0, Majority size: -1, State: 0, Mode: NON_LEADER, active raft config: opid_index: -1 OBSOLETE_local: false peers { permanent_uuid: "83380d0f19b748eda73186f370caf82a" member_type: VOTER last_known_addr { host: "127.0.107.193" port: 41951 } } peers { permanent_uuid: "6e7565347e2644c1afceffc54965789d" member_type: VOTER last_known_addr { host: "127.0.107.194" port: 45317 } } peers { permanent_uuid: "8d7e71ec02a34c58a71465f0280a91f9" member_type: VOTER last_known_addr { host: "127.0.107.195" port: 35129 } }
W20260608 12:40:30.686767  1209 leader_election.cc:343] T 3e32742b8fdf4a8e88319d218b8f0f06 P 8d7e71ec02a34c58a71465f0280a91f9 [CANDIDATE]: Term 1 election: Tablet error from VoteRequest() call to peer 83380d0f19b748eda73186f370caf82a (127.0.107.193:41951): Illegal state: must be running to vote when last-logged opid is not known
I20260608 12:40:30.692183  1291 tablet_bootstrap.cc:492] T 8929502f427243429c1176886f01cf0f P 8d7e71ec02a34c58a71465f0280a91f9: No bootstrap required, opened a new log
I20260608 12:40:30.688131  1292 consensus_queue.cc:260] T dcf26c9238c84ce69b94dd3dc72c361e P 6e7565347e2644c1afceffc54965789d [NON_LEADER]: Queue going to NON_LEADER mode. State: All replicated index: 0, Majority replicated index: 0, Committed index: 0, Last appended: 0.0, Last appended by leader: 0, Current term: 0, Majority size: -1, State: 0, Mode: NON_LEADER, active raft config: opid_index: -1 OBSOLETE_local: false peers { permanent_uuid: "83380d0f19b748eda73186f370caf82a" member_type: VOTER last_known_addr { host: "127.0.107.193" port: 41951 } } peers { permanent_uuid: "6e7565347e2644c1afceffc54965789d" member_type: VOTER last_known_addr { host: "127.0.107.194" port: 45317 } } peers { permanent_uuid: "8d7e71ec02a34c58a71465f0280a91f9" member_type: VOTER last_known_addr { host: "127.0.107.195" port: 35129 } }
I20260608 12:40:30.692764  1291 ts_tablet_manager.cc:1403] T 8929502f427243429c1176886f01cf0f P 8d7e71ec02a34c58a71465f0280a91f9: Time spent bootstrapping tablet: real 0.048s	user 0.015s	sys 0.024s
I20260608 12:40:30.695473  1311 raft_consensus.cc:2749] T 3e32742b8fdf4a8e88319d218b8f0f06 P 6e7565347e2644c1afceffc54965789d [term 1 FOLLOWER]: Leader pre-election lost for term 1. Reason: could not achieve majority
I20260608 12:40:30.701002  1292 ts_tablet_manager.cc:1434] T dcf26c9238c84ce69b94dd3dc72c361e P 6e7565347e2644c1afceffc54965789d: Time spent starting tablet: real 0.077s	user 0.005s	sys 0.006s
I20260608 12:40:30.696391  1291 raft_consensus.cc:359] T 8929502f427243429c1176886f01cf0f P 8d7e71ec02a34c58a71465f0280a91f9 [term 0 FOLLOWER]: Replica starting. Triggering 0 pending ops. Active config: opid_index: -1 OBSOLETE_local: false peers { permanent_uuid: "83380d0f19b748eda73186f370caf82a" member_type: VOTER last_known_addr { host: "127.0.107.193" port: 41951 } } peers { permanent_uuid: "6e7565347e2644c1afceffc54965789d" member_type: VOTER last_known_addr { host: "127.0.107.194" port: 45317 } } peers { permanent_uuid: "8d7e71ec02a34c58a71465f0280a91f9" member_type: VOTER last_known_addr { host: "127.0.107.195" port: 35129 } }
I20260608 12:40:30.701611  1291 raft_consensus.cc:385] T 8929502f427243429c1176886f01cf0f P 8d7e71ec02a34c58a71465f0280a91f9 [term 0 FOLLOWER]: Consensus starting up: Expiring failure detector timer to make a prompt election more likely
I20260608 12:40:30.701947  1291 raft_consensus.cc:740] T 8929502f427243429c1176886f01cf0f P 8d7e71ec02a34c58a71465f0280a91f9 [term 0 FOLLOWER]: Becoming Follower/Learner. State: Replica: 8d7e71ec02a34c58a71465f0280a91f9, State: Initialized, Role: FOLLOWER
I20260608 12:40:30.702481  1292 tablet_bootstrap.cc:492] T bdc73a04a56441da8fde510122a6cafc P 6e7565347e2644c1afceffc54965789d: Bootstrap starting.
I20260608 12:40:30.702814  1291 consensus_queue.cc:260] T 8929502f427243429c1176886f01cf0f P 8d7e71ec02a34c58a71465f0280a91f9 [NON_LEADER]: Queue going to NON_LEADER mode. State: All replicated index: 0, Majority replicated index: 0, Committed index: 0, Last appended: 0.0, Last appended by leader: 0, Current term: 0, Majority size: -1, State: 0, Mode: NON_LEADER, active raft config: opid_index: -1 OBSOLETE_local: false peers { permanent_uuid: "83380d0f19b748eda73186f370caf82a" member_type: VOTER last_known_addr { host: "127.0.107.193" port: 41951 } } peers { permanent_uuid: "6e7565347e2644c1afceffc54965789d" member_type: VOTER last_known_addr { host: "127.0.107.194" port: 45317 } } peers { permanent_uuid: "8d7e71ec02a34c58a71465f0280a91f9" member_type: VOTER last_known_addr { host: "127.0.107.195" port: 35129 } }
I20260608 12:40:30.704324  1293 ts_tablet_manager.cc:1434] T 8929502f427243429c1176886f01cf0f P 83380d0f19b748eda73186f370caf82a: Time spent starting tablet: real 0.030s	user 0.009s	sys 0.000s
I20260608 12:40:30.705421  1293 tablet_bootstrap.cc:492] T 9cc47af291d14f76a3ca1ecc12aaa956 P 83380d0f19b748eda73186f370caf82a: Bootstrap starting.
I20260608 12:40:30.709180  1291 ts_tablet_manager.cc:1434] T 8929502f427243429c1176886f01cf0f P 8d7e71ec02a34c58a71465f0280a91f9: Time spent starting tablet: real 0.016s	user 0.008s	sys 0.000s
I20260608 12:40:30.710290  1291 tablet_bootstrap.cc:492] T bdc73a04a56441da8fde510122a6cafc P 8d7e71ec02a34c58a71465f0280a91f9: Bootstrap starting.
I20260608 12:40:30.711961  1172 raft_consensus.cc:2468] T 3e32742b8fdf4a8e88319d218b8f0f06 P 6e7565347e2644c1afceffc54965789d [term 1 FOLLOWER]: Leader election vote request: Granting yes vote for candidate 8d7e71ec02a34c58a71465f0280a91f9 in term 1.
I20260608 12:40:30.714318  1211 leader_election.cc:304] T 3e32742b8fdf4a8e88319d218b8f0f06 P 8d7e71ec02a34c58a71465f0280a91f9 [CANDIDATE]: Term 1 election: Election decided. Result: candidate won. Election summary: received 3 responses out of 3 voters: 2 yes votes; 1 no votes. yes voters: 6e7565347e2644c1afceffc54965789d, 8d7e71ec02a34c58a71465f0280a91f9; no voters: 83380d0f19b748eda73186f370caf82a
I20260608 12:40:30.715569  1298 raft_consensus.cc:2804] T 3e32742b8fdf4a8e88319d218b8f0f06 P 8d7e71ec02a34c58a71465f0280a91f9 [term 1 FOLLOWER]: Leader election won for term 1
I20260608 12:40:30.717226  1292 tablet_bootstrap.cc:654] T bdc73a04a56441da8fde510122a6cafc P 6e7565347e2644c1afceffc54965789d: Neither blocks nor log segments found. Creating new log.
I20260608 12:40:30.717952  1291 tablet_bootstrap.cc:654] T bdc73a04a56441da8fde510122a6cafc P 8d7e71ec02a34c58a71465f0280a91f9: Neither blocks nor log segments found. Creating new log.
I20260608 12:40:30.723171  1293 tablet_bootstrap.cc:654] T 9cc47af291d14f76a3ca1ecc12aaa956 P 83380d0f19b748eda73186f370caf82a: Neither blocks nor log segments found. Creating new log.
I20260608 12:40:30.735916  1298 raft_consensus.cc:697] T 3e32742b8fdf4a8e88319d218b8f0f06 P 8d7e71ec02a34c58a71465f0280a91f9 [term 1 LEADER]: Becoming Leader. State: Replica: 8d7e71ec02a34c58a71465f0280a91f9, State: Running, Role: LEADER
I20260608 12:40:30.737025  1298 consensus_queue.cc:237] T 3e32742b8fdf4a8e88319d218b8f0f06 P 8d7e71ec02a34c58a71465f0280a91f9 [LEADER]: Queue going to LEADER mode. State: All replicated index: 0, Majority replicated index: 0, Committed index: 0, Last appended: 0.0, Last appended by leader: 0, Current term: 1, Majority size: 2, State: 0, Mode: LEADER, active raft config: opid_index: -1 OBSOLETE_local: false peers { permanent_uuid: "83380d0f19b748eda73186f370caf82a" member_type: VOTER last_known_addr { host: "127.0.107.193" port: 41951 } } peers { permanent_uuid: "6e7565347e2644c1afceffc54965789d" member_type: VOTER last_known_addr { host: "127.0.107.194" port: 45317 } } peers { permanent_uuid: "8d7e71ec02a34c58a71465f0280a91f9" member_type: VOTER last_known_addr { host: "127.0.107.195" port: 35129 } }
I20260608 12:40:30.746290  1291 tablet_bootstrap.cc:492] T bdc73a04a56441da8fde510122a6cafc P 8d7e71ec02a34c58a71465f0280a91f9: No bootstrap required, opened a new log
I20260608 12:40:30.746289  1292 tablet_bootstrap.cc:492] T bdc73a04a56441da8fde510122a6cafc P 6e7565347e2644c1afceffc54965789d: No bootstrap required, opened a new log
I20260608 12:40:30.747095  1291 ts_tablet_manager.cc:1403] T bdc73a04a56441da8fde510122a6cafc P 8d7e71ec02a34c58a71465f0280a91f9: Time spent bootstrapping tablet: real 0.037s	user 0.023s	sys 0.010s
I20260608 12:40:30.747134  1292 ts_tablet_manager.cc:1403] T bdc73a04a56441da8fde510122a6cafc P 6e7565347e2644c1afceffc54965789d: Time spent bootstrapping tablet: real 0.045s	user 0.009s	sys 0.011s
I20260608 12:40:30.749475  1293 tablet_bootstrap.cc:492] T 9cc47af291d14f76a3ca1ecc12aaa956 P 83380d0f19b748eda73186f370caf82a: No bootstrap required, opened a new log
I20260608 12:40:30.750090  1293 ts_tablet_manager.cc:1403] T 9cc47af291d14f76a3ca1ecc12aaa956 P 83380d0f19b748eda73186f370caf82a: Time spent bootstrapping tablet: real 0.045s	user 0.011s	sys 0.006s
I20260608 12:40:30.751358  1292 raft_consensus.cc:359] T bdc73a04a56441da8fde510122a6cafc P 6e7565347e2644c1afceffc54965789d [term 0 FOLLOWER]: Replica starting. Triggering 0 pending ops. Active config: opid_index: -1 OBSOLETE_local: false peers { permanent_uuid: "83380d0f19b748eda73186f370caf82a" member_type: VOTER last_known_addr { host: "127.0.107.193" port: 41951 } } peers { permanent_uuid: "6e7565347e2644c1afceffc54965789d" member_type: VOTER last_known_addr { host: "127.0.107.194" port: 45317 } } peers { permanent_uuid: "8d7e71ec02a34c58a71465f0280a91f9" member_type: VOTER last_known_addr { host: "127.0.107.195" port: 35129 } }
I20260608 12:40:30.751593  1291 raft_consensus.cc:359] T bdc73a04a56441da8fde510122a6cafc P 8d7e71ec02a34c58a71465f0280a91f9 [term 0 FOLLOWER]: Replica starting. Triggering 0 pending ops. Active config: opid_index: -1 OBSOLETE_local: false peers { permanent_uuid: "83380d0f19b748eda73186f370caf82a" member_type: VOTER last_known_addr { host: "127.0.107.193" port: 41951 } } peers { permanent_uuid: "6e7565347e2644c1afceffc54965789d" member_type: VOTER last_known_addr { host: "127.0.107.194" port: 45317 } } peers { permanent_uuid: "8d7e71ec02a34c58a71465f0280a91f9" member_type: VOTER last_known_addr { host: "127.0.107.195" port: 35129 } }
I20260608 12:40:30.752305  1292 raft_consensus.cc:385] T bdc73a04a56441da8fde510122a6cafc P 6e7565347e2644c1afceffc54965789d [term 0 FOLLOWER]: Consensus starting up: Expiring failure detector timer to make a prompt election more likely
I20260608 12:40:30.752332  1291 raft_consensus.cc:385] T bdc73a04a56441da8fde510122a6cafc P 8d7e71ec02a34c58a71465f0280a91f9 [term 0 FOLLOWER]: Consensus starting up: Expiring failure detector timer to make a prompt election more likely
I20260608 12:40:30.752923  1292 raft_consensus.cc:740] T bdc73a04a56441da8fde510122a6cafc P 6e7565347e2644c1afceffc54965789d [term 0 FOLLOWER]: Becoming Follower/Learner. State: Replica: 6e7565347e2644c1afceffc54965789d, State: Initialized, Role: FOLLOWER
I20260608 12:40:30.752979  1291 raft_consensus.cc:740] T bdc73a04a56441da8fde510122a6cafc P 8d7e71ec02a34c58a71465f0280a91f9 [term 0 FOLLOWER]: Becoming Follower/Learner. State: Replica: 8d7e71ec02a34c58a71465f0280a91f9, State: Initialized, Role: FOLLOWER
I20260608 12:40:30.754077  1293 raft_consensus.cc:359] T 9cc47af291d14f76a3ca1ecc12aaa956 P 83380d0f19b748eda73186f370caf82a [term 0 FOLLOWER]: Replica starting. Triggering 0 pending ops. Active config: opid_index: -1 OBSOLETE_local: false peers { permanent_uuid: "83380d0f19b748eda73186f370caf82a" member_type: VOTER last_known_addr { host: "127.0.107.193" port: 41951 } } peers { permanent_uuid: "6e7565347e2644c1afceffc54965789d" member_type: VOTER last_known_addr { host: "127.0.107.194" port: 45317 } } peers { permanent_uuid: "8d7e71ec02a34c58a71465f0280a91f9" member_type: VOTER last_known_addr { host: "127.0.107.195" port: 35129 } }
I20260608 12:40:30.754230  1291 consensus_queue.cc:260] T bdc73a04a56441da8fde510122a6cafc P 8d7e71ec02a34c58a71465f0280a91f9 [NON_LEADER]: Queue going to NON_LEADER mode. State: All replicated index: 0, Majority replicated index: 0, Committed index: 0, Last appended: 0.0, Last appended by leader: 0, Current term: 0, Majority size: -1, State: 0, Mode: NON_LEADER, active raft config: opid_index: -1 OBSOLETE_local: false peers { permanent_uuid: "83380d0f19b748eda73186f370caf82a" member_type: VOTER last_known_addr { host: "127.0.107.193" port: 41951 } } peers { permanent_uuid: "6e7565347e2644c1afceffc54965789d" member_type: VOTER last_known_addr { host: "127.0.107.194" port: 45317 } } peers { permanent_uuid: "8d7e71ec02a34c58a71465f0280a91f9" member_type: VOTER last_known_addr { host: "127.0.107.195" port: 35129 } }
I20260608 12:40:30.754914  1293 raft_consensus.cc:385] T 9cc47af291d14f76a3ca1ecc12aaa956 P 83380d0f19b748eda73186f370caf82a [term 0 FOLLOWER]: Consensus starting up: Expiring failure detector timer to make a prompt election more likely
I20260608 12:40:30.754364  1292 consensus_queue.cc:260] T bdc73a04a56441da8fde510122a6cafc P 6e7565347e2644c1afceffc54965789d [NON_LEADER]: Queue going to NON_LEADER mode. State: All replicated index: 0, Majority replicated index: 0, Committed index: 0, Last appended: 0.0, Last appended by leader: 0, Current term: 0, Majority size: -1, State: 0, Mode: NON_LEADER, active raft config: opid_index: -1 OBSOLETE_local: false peers { permanent_uuid: "83380d0f19b748eda73186f370caf82a" member_type: VOTER last_known_addr { host: "127.0.107.193" port: 41951 } } peers { permanent_uuid: "6e7565347e2644c1afceffc54965789d" member_type: VOTER last_known_addr { host: "127.0.107.194" port: 45317 } } peers { permanent_uuid: "8d7e71ec02a34c58a71465f0280a91f9" member_type: VOTER last_known_addr { host: "127.0.107.195" port: 35129 } }
I20260608 12:40:30.755395  1293 raft_consensus.cc:740] T 9cc47af291d14f76a3ca1ecc12aaa956 P 83380d0f19b748eda73186f370caf82a [term 0 FOLLOWER]: Becoming Follower/Learner. State: Replica: 83380d0f19b748eda73186f370caf82a, State: Initialized, Role: FOLLOWER
I20260608 12:40:30.756392  1293 consensus_queue.cc:260] T 9cc47af291d14f76a3ca1ecc12aaa956 P 83380d0f19b748eda73186f370caf82a [NON_LEADER]: Queue going to NON_LEADER mode. State: All replicated index: 0, Majority replicated index: 0, Committed index: 0, Last appended: 0.0, Last appended by leader: 0, Current term: 0, Majority size: -1, State: 0, Mode: NON_LEADER, active raft config: opid_index: -1 OBSOLETE_local: false peers { permanent_uuid: "83380d0f19b748eda73186f370caf82a" member_type: VOTER last_known_addr { host: "127.0.107.193" port: 41951 } } peers { permanent_uuid: "6e7565347e2644c1afceffc54965789d" member_type: VOTER last_known_addr { host: "127.0.107.194" port: 45317 } } peers { permanent_uuid: "8d7e71ec02a34c58a71465f0280a91f9" member_type: VOTER last_known_addr { host: "127.0.107.195" port: 35129 } }
I20260608 12:40:30.757192  1291 ts_tablet_manager.cc:1434] T bdc73a04a56441da8fde510122a6cafc P 8d7e71ec02a34c58a71465f0280a91f9: Time spent starting tablet: real 0.009s	user 0.004s	sys 0.003s
I20260608 12:40:30.758337  1291 tablet_bootstrap.cc:492] T dc40078dfafb4ff29ab63f30854c9980 P 8d7e71ec02a34c58a71465f0280a91f9: Bootstrap starting.
I20260608 12:40:30.757658   995 catalog_manager.cc:5696] T 3e32742b8fdf4a8e88319d218b8f0f06 P 8d7e71ec02a34c58a71465f0280a91f9 reported cstate change: term changed from 0 to 1, leader changed from <none> to 8d7e71ec02a34c58a71465f0280a91f9 (127.0.107.195). New cstate: current_term: 1 leader_uuid: "8d7e71ec02a34c58a71465f0280a91f9" committed_config { opid_index: -1 OBSOLETE_local: false peers { permanent_uuid: "83380d0f19b748eda73186f370caf82a" member_type: VOTER last_known_addr { host: "127.0.107.193" port: 41951 } health_report { overall_health: UNKNOWN } } peers { permanent_uuid: "6e7565347e2644c1afceffc54965789d" member_type: VOTER last_known_addr { host: "127.0.107.194" port: 45317 } health_report { overall_health: UNKNOWN } } peers { permanent_uuid: "8d7e71ec02a34c58a71465f0280a91f9" member_type: VOTER last_known_addr { host: "127.0.107.195" port: 35129 } health_report { overall_health: HEALTHY } } }
I20260608 12:40:30.759552  1292 ts_tablet_manager.cc:1434] T bdc73a04a56441da8fde510122a6cafc P 6e7565347e2644c1afceffc54965789d: Time spent starting tablet: real 0.012s	user 0.006s	sys 0.001s
I20260608 12:40:30.760663  1292 tablet_bootstrap.cc:492] T 9cc47af291d14f76a3ca1ecc12aaa956 P 6e7565347e2644c1afceffc54965789d: Bootstrap starting.
I20260608 12:40:30.771013  1293 ts_tablet_manager.cc:1434] T 9cc47af291d14f76a3ca1ecc12aaa956 P 83380d0f19b748eda73186f370caf82a: Time spent starting tablet: real 0.021s	user 0.010s	sys 0.001s
I20260608 12:40:30.771227  1291 tablet_bootstrap.cc:654] T dc40078dfafb4ff29ab63f30854c9980 P 8d7e71ec02a34c58a71465f0280a91f9: Neither blocks nor log segments found. Creating new log.
I20260608 12:40:30.772461  1293 tablet_bootstrap.cc:492] T 3e32742b8fdf4a8e88319d218b8f0f06 P 83380d0f19b748eda73186f370caf82a: Bootstrap starting.
I20260608 12:40:30.774741  1292 tablet_bootstrap.cc:654] T 9cc47af291d14f76a3ca1ecc12aaa956 P 6e7565347e2644c1afceffc54965789d: Neither blocks nor log segments found. Creating new log.
I20260608 12:40:30.780980  1293 tablet_bootstrap.cc:654] T 3e32742b8fdf4a8e88319d218b8f0f06 P 83380d0f19b748eda73186f370caf82a: Neither blocks nor log segments found. Creating new log.
I20260608 12:40:30.785068  1291 tablet_bootstrap.cc:492] T dc40078dfafb4ff29ab63f30854c9980 P 8d7e71ec02a34c58a71465f0280a91f9: No bootstrap required, opened a new log
I20260608 12:40:30.785704  1291 ts_tablet_manager.cc:1403] T dc40078dfafb4ff29ab63f30854c9980 P 8d7e71ec02a34c58a71465f0280a91f9: Time spent bootstrapping tablet: real 0.028s	user 0.014s	sys 0.006s
I20260608 12:40:30.787173  1292 tablet_bootstrap.cc:492] T 9cc47af291d14f76a3ca1ecc12aaa956 P 6e7565347e2644c1afceffc54965789d: No bootstrap required, opened a new log
I20260608 12:40:30.787701  1292 ts_tablet_manager.cc:1403] T 9cc47af291d14f76a3ca1ecc12aaa956 P 6e7565347e2644c1afceffc54965789d: Time spent bootstrapping tablet: real 0.027s	user 0.015s	sys 0.003s
I20260608 12:40:30.789587  1291 raft_consensus.cc:359] T dc40078dfafb4ff29ab63f30854c9980 P 8d7e71ec02a34c58a71465f0280a91f9 [term 0 FOLLOWER]: Replica starting. Triggering 0 pending ops. Active config: opid_index: -1 OBSOLETE_local: false peers { permanent_uuid: "83380d0f19b748eda73186f370caf82a" member_type: VOTER last_known_addr { host: "127.0.107.193" port: 41951 } } peers { permanent_uuid: "6e7565347e2644c1afceffc54965789d" member_type: VOTER last_known_addr { host: "127.0.107.194" port: 45317 } } peers { permanent_uuid: "8d7e71ec02a34c58a71465f0280a91f9" member_type: VOTER last_known_addr { host: "127.0.107.195" port: 35129 } }
I20260608 12:40:30.790428  1291 raft_consensus.cc:385] T dc40078dfafb4ff29ab63f30854c9980 P 8d7e71ec02a34c58a71465f0280a91f9 [term 0 FOLLOWER]: Consensus starting up: Expiring failure detector timer to make a prompt election more likely
I20260608 12:40:30.790871  1291 raft_consensus.cc:740] T dc40078dfafb4ff29ab63f30854c9980 P 8d7e71ec02a34c58a71465f0280a91f9 [term 0 FOLLOWER]: Becoming Follower/Learner. State: Replica: 8d7e71ec02a34c58a71465f0280a91f9, State: Initialized, Role: FOLLOWER
I20260608 12:40:30.790932  1292 raft_consensus.cc:359] T 9cc47af291d14f76a3ca1ecc12aaa956 P 6e7565347e2644c1afceffc54965789d [term 0 FOLLOWER]: Replica starting. Triggering 0 pending ops. Active config: opid_index: -1 OBSOLETE_local: false peers { permanent_uuid: "83380d0f19b748eda73186f370caf82a" member_type: VOTER last_known_addr { host: "127.0.107.193" port: 41951 } } peers { permanent_uuid: "6e7565347e2644c1afceffc54965789d" member_type: VOTER last_known_addr { host: "127.0.107.194" port: 45317 } } peers { permanent_uuid: "8d7e71ec02a34c58a71465f0280a91f9" member_type: VOTER last_known_addr { host: "127.0.107.195" port: 35129 } }
I20260608 12:40:30.791991  1292 raft_consensus.cc:385] T 9cc47af291d14f76a3ca1ecc12aaa956 P 6e7565347e2644c1afceffc54965789d [term 0 FOLLOWER]: Consensus starting up: Expiring failure detector timer to make a prompt election more likely
I20260608 12:40:30.792521  1292 raft_consensus.cc:740] T 9cc47af291d14f76a3ca1ecc12aaa956 P 6e7565347e2644c1afceffc54965789d [term 0 FOLLOWER]: Becoming Follower/Learner. State: Replica: 6e7565347e2644c1afceffc54965789d, State: Initialized, Role: FOLLOWER
I20260608 12:40:30.792033  1291 consensus_queue.cc:260] T dc40078dfafb4ff29ab63f30854c9980 P 8d7e71ec02a34c58a71465f0280a91f9 [NON_LEADER]: Queue going to NON_LEADER mode. State: All replicated index: 0, Majority replicated index: 0, Committed index: 0, Last appended: 0.0, Last appended by leader: 0, Current term: 0, Majority size: -1, State: 0, Mode: NON_LEADER, active raft config: opid_index: -1 OBSOLETE_local: false peers { permanent_uuid: "83380d0f19b748eda73186f370caf82a" member_type: VOTER last_known_addr { host: "127.0.107.193" port: 41951 } } peers { permanent_uuid: "6e7565347e2644c1afceffc54965789d" member_type: VOTER last_known_addr { host: "127.0.107.194" port: 45317 } } peers { permanent_uuid: "8d7e71ec02a34c58a71465f0280a91f9" member_type: VOTER last_known_addr { host: "127.0.107.195" port: 35129 } }
I20260608 12:40:30.794135  1292 consensus_queue.cc:260] T 9cc47af291d14f76a3ca1ecc12aaa956 P 6e7565347e2644c1afceffc54965789d [NON_LEADER]: Queue going to NON_LEADER mode. State: All replicated index: 0, Majority replicated index: 0, Committed index: 0, Last appended: 0.0, Last appended by leader: 0, Current term: 0, Majority size: -1, State: 0, Mode: NON_LEADER, active raft config: opid_index: -1 OBSOLETE_local: false peers { permanent_uuid: "83380d0f19b748eda73186f370caf82a" member_type: VOTER last_known_addr { host: "127.0.107.193" port: 41951 } } peers { permanent_uuid: "6e7565347e2644c1afceffc54965789d" member_type: VOTER last_known_addr { host: "127.0.107.194" port: 45317 } } peers { permanent_uuid: "8d7e71ec02a34c58a71465f0280a91f9" member_type: VOTER last_known_addr { host: "127.0.107.195" port: 35129 } }
I20260608 12:40:30.795718  1291 ts_tablet_manager.cc:1434] T dc40078dfafb4ff29ab63f30854c9980 P 8d7e71ec02a34c58a71465f0280a91f9: Time spent starting tablet: real 0.010s	user 0.001s	sys 0.007s
I20260608 12:40:30.797277  1291 tablet_bootstrap.cc:492] T 02bcb6277f004a109a6ec86a30581dc7 P 8d7e71ec02a34c58a71465f0280a91f9: Bootstrap starting.
I20260608 12:40:30.797289  1292 ts_tablet_manager.cc:1434] T 9cc47af291d14f76a3ca1ecc12aaa956 P 6e7565347e2644c1afceffc54965789d: Time spent starting tablet: real 0.009s	user 0.009s	sys 0.000s
I20260608 12:40:30.799067  1292 tablet_bootstrap.cc:492] T 912f61bee5234e6599436d36a4f6742a P 6e7565347e2644c1afceffc54965789d: Bootstrap starting.
I20260608 12:40:30.805024  1291 tablet_bootstrap.cc:654] T 02bcb6277f004a109a6ec86a30581dc7 P 8d7e71ec02a34c58a71465f0280a91f9: Neither blocks nor log segments found. Creating new log.
I20260608 12:40:30.809967  1292 tablet_bootstrap.cc:654] T 912f61bee5234e6599436d36a4f6742a P 6e7565347e2644c1afceffc54965789d: Neither blocks nor log segments found. Creating new log.
I20260608 12:40:30.816984  1293 tablet_bootstrap.cc:492] T 3e32742b8fdf4a8e88319d218b8f0f06 P 83380d0f19b748eda73186f370caf82a: No bootstrap required, opened a new log
I20260608 12:40:30.817575  1293 ts_tablet_manager.cc:1403] T 3e32742b8fdf4a8e88319d218b8f0f06 P 83380d0f19b748eda73186f370caf82a: Time spent bootstrapping tablet: real 0.045s	user 0.022s	sys 0.020s
I20260608 12:40:30.821633  1293 raft_consensus.cc:359] T 3e32742b8fdf4a8e88319d218b8f0f06 P 83380d0f19b748eda73186f370caf82a [term 0 FOLLOWER]: Replica starting. Triggering 0 pending ops. Active config: opid_index: -1 OBSOLETE_local: false peers { permanent_uuid: "83380d0f19b748eda73186f370caf82a" member_type: VOTER last_known_addr { host: "127.0.107.193" port: 41951 } } peers { permanent_uuid: "6e7565347e2644c1afceffc54965789d" member_type: VOTER last_known_addr { host: "127.0.107.194" port: 45317 } } peers { permanent_uuid: "8d7e71ec02a34c58a71465f0280a91f9" member_type: VOTER last_known_addr { host: "127.0.107.195" port: 35129 } }
I20260608 12:40:30.822094  1291 tablet_bootstrap.cc:492] T 02bcb6277f004a109a6ec86a30581dc7 P 8d7e71ec02a34c58a71465f0280a91f9: No bootstrap required, opened a new log
I20260608 12:40:30.822441  1292 tablet_bootstrap.cc:492] T 912f61bee5234e6599436d36a4f6742a P 6e7565347e2644c1afceffc54965789d: No bootstrap required, opened a new log
I20260608 12:40:30.822234  1293 raft_consensus.cc:385] T 3e32742b8fdf4a8e88319d218b8f0f06 P 83380d0f19b748eda73186f370caf82a [term 0 FOLLOWER]: Consensus starting up: Expiring failure detector timer to make a prompt election more likely
I20260608 12:40:30.822719  1291 ts_tablet_manager.cc:1403] T 02bcb6277f004a109a6ec86a30581dc7 P 8d7e71ec02a34c58a71465f0280a91f9: Time spent bootstrapping tablet: real 0.026s	user 0.013s	sys 0.003s
I20260608 12:40:30.822939  1292 ts_tablet_manager.cc:1403] T 912f61bee5234e6599436d36a4f6742a P 6e7565347e2644c1afceffc54965789d: Time spent bootstrapping tablet: real 0.024s	user 0.009s	sys 0.008s
I20260608 12:40:30.822852  1293 raft_consensus.cc:740] T 3e32742b8fdf4a8e88319d218b8f0f06 P 83380d0f19b748eda73186f370caf82a [term 0 FOLLOWER]: Becoming Follower/Learner. State: Replica: 83380d0f19b748eda73186f370caf82a, State: Initialized, Role: FOLLOWER
I20260608 12:40:30.823791  1293 consensus_queue.cc:260] T 3e32742b8fdf4a8e88319d218b8f0f06 P 83380d0f19b748eda73186f370caf82a [NON_LEADER]: Queue going to NON_LEADER mode. State: All replicated index: 0, Majority replicated index: 0, Committed index: 0, Last appended: 0.0, Last appended by leader: 0, Current term: 0, Majority size: -1, State: 0, Mode: NON_LEADER, active raft config: opid_index: -1 OBSOLETE_local: false peers { permanent_uuid: "83380d0f19b748eda73186f370caf82a" member_type: VOTER last_known_addr { host: "127.0.107.193" port: 41951 } } peers { permanent_uuid: "6e7565347e2644c1afceffc54965789d" member_type: VOTER last_known_addr { host: "127.0.107.194" port: 45317 } } peers { permanent_uuid: "8d7e71ec02a34c58a71465f0280a91f9" member_type: VOTER last_known_addr { host: "127.0.107.195" port: 35129 } }
I20260608 12:40:30.826759  1293 ts_tablet_manager.cc:1434] T 3e32742b8fdf4a8e88319d218b8f0f06 P 83380d0f19b748eda73186f370caf82a: Time spent starting tablet: real 0.009s	user 0.002s	sys 0.007s
I20260608 12:40:30.826596  1291 raft_consensus.cc:359] T 02bcb6277f004a109a6ec86a30581dc7 P 8d7e71ec02a34c58a71465f0280a91f9 [term 0 FOLLOWER]: Replica starting. Triggering 0 pending ops. Active config: opid_index: -1 OBSOLETE_local: false peers { permanent_uuid: "83380d0f19b748eda73186f370caf82a" member_type: VOTER last_known_addr { host: "127.0.107.193" port: 41951 } } peers { permanent_uuid: "6e7565347e2644c1afceffc54965789d" member_type: VOTER last_known_addr { host: "127.0.107.194" port: 45317 } } peers { permanent_uuid: "8d7e71ec02a34c58a71465f0280a91f9" member_type: VOTER last_known_addr { host: "127.0.107.195" port: 35129 } }
I20260608 12:40:30.827427  1291 raft_consensus.cc:385] T 02bcb6277f004a109a6ec86a30581dc7 P 8d7e71ec02a34c58a71465f0280a91f9 [term 0 FOLLOWER]: Consensus starting up: Expiring failure detector timer to make a prompt election more likely
I20260608 12:40:30.827023  1292 raft_consensus.cc:359] T 912f61bee5234e6599436d36a4f6742a P 6e7565347e2644c1afceffc54965789d [term 0 FOLLOWER]: Replica starting. Triggering 0 pending ops. Active config: opid_index: -1 OBSOLETE_local: false peers { permanent_uuid: "8d7e71ec02a34c58a71465f0280a91f9" member_type: VOTER last_known_addr { host: "127.0.107.195" port: 35129 } } peers { permanent_uuid: "83380d0f19b748eda73186f370caf82a" member_type: VOTER last_known_addr { host: "127.0.107.193" port: 41951 } } peers { permanent_uuid: "6e7565347e2644c1afceffc54965789d" member_type: VOTER last_known_addr { host: "127.0.107.194" port: 45317 } }
I20260608 12:40:30.827771  1291 raft_consensus.cc:740] T 02bcb6277f004a109a6ec86a30581dc7 P 8d7e71ec02a34c58a71465f0280a91f9 [term 0 FOLLOWER]: Becoming Follower/Learner. State: Replica: 8d7e71ec02a34c58a71465f0280a91f9, State: Initialized, Role: FOLLOWER
I20260608 12:40:30.827874  1292 raft_consensus.cc:385] T 912f61bee5234e6599436d36a4f6742a P 6e7565347e2644c1afceffc54965789d [term 0 FOLLOWER]: Consensus starting up: Expiring failure detector timer to make a prompt election more likely
I20260608 12:40:30.827927  1293 tablet_bootstrap.cc:492] T dc40078dfafb4ff29ab63f30854c9980 P 83380d0f19b748eda73186f370caf82a: Bootstrap starting.
I20260608 12:40:30.828434  1292 raft_consensus.cc:740] T 912f61bee5234e6599436d36a4f6742a P 6e7565347e2644c1afceffc54965789d [term 0 FOLLOWER]: Becoming Follower/Learner. State: Replica: 6e7565347e2644c1afceffc54965789d, State: Initialized, Role: FOLLOWER
I20260608 12:40:30.828809  1291 consensus_queue.cc:260] T 02bcb6277f004a109a6ec86a30581dc7 P 8d7e71ec02a34c58a71465f0280a91f9 [NON_LEADER]: Queue going to NON_LEADER mode. State: All replicated index: 0, Majority replicated index: 0, Committed index: 0, Last appended: 0.0, Last appended by leader: 0, Current term: 0, Majority size: -1, State: 0, Mode: NON_LEADER, active raft config: opid_index: -1 OBSOLETE_local: false peers { permanent_uuid: "83380d0f19b748eda73186f370caf82a" member_type: VOTER last_known_addr { host: "127.0.107.193" port: 41951 } } peers { permanent_uuid: "6e7565347e2644c1afceffc54965789d" member_type: VOTER last_known_addr { host: "127.0.107.194" port: 45317 } } peers { permanent_uuid: "8d7e71ec02a34c58a71465f0280a91f9" member_type: VOTER last_known_addr { host: "127.0.107.195" port: 35129 } }
I20260608 12:40:30.829345  1292 consensus_queue.cc:260] T 912f61bee5234e6599436d36a4f6742a P 6e7565347e2644c1afceffc54965789d [NON_LEADER]: Queue going to NON_LEADER mode. State: All replicated index: 0, Majority replicated index: 0, Committed index: 0, Last appended: 0.0, Last appended by leader: 0, Current term: 0, Majority size: -1, State: 0, Mode: NON_LEADER, active raft config: opid_index: -1 OBSOLETE_local: false peers { permanent_uuid: "8d7e71ec02a34c58a71465f0280a91f9" member_type: VOTER last_known_addr { host: "127.0.107.195" port: 35129 } } peers { permanent_uuid: "83380d0f19b748eda73186f370caf82a" member_type: VOTER last_known_addr { host: "127.0.107.193" port: 41951 } } peers { permanent_uuid: "6e7565347e2644c1afceffc54965789d" member_type: VOTER last_known_addr { host: "127.0.107.194" port: 45317 } }
I20260608 12:40:30.832001  1292 ts_tablet_manager.cc:1434] T 912f61bee5234e6599436d36a4f6742a P 6e7565347e2644c1afceffc54965789d: Time spent starting tablet: real 0.009s	user 0.007s	sys 0.000s
I20260608 12:40:30.834728  1292 tablet_bootstrap.cc:492] T dc40078dfafb4ff29ab63f30854c9980 P 6e7565347e2644c1afceffc54965789d: Bootstrap starting.
I20260608 12:40:30.836731  1291 ts_tablet_manager.cc:1434] T 02bcb6277f004a109a6ec86a30581dc7 P 8d7e71ec02a34c58a71465f0280a91f9: Time spent starting tablet: real 0.014s	user 0.006s	sys 0.001s
I20260608 12:40:30.837534  1293 tablet_bootstrap.cc:654] T dc40078dfafb4ff29ab63f30854c9980 P 83380d0f19b748eda73186f370caf82a: Neither blocks nor log segments found. Creating new log.
I20260608 12:40:30.846199  1292 tablet_bootstrap.cc:654] T dc40078dfafb4ff29ab63f30854c9980 P 6e7565347e2644c1afceffc54965789d: Neither blocks nor log segments found. Creating new log.
I20260608 12:40:30.854427  1293 tablet_bootstrap.cc:492] T dc40078dfafb4ff29ab63f30854c9980 P 83380d0f19b748eda73186f370caf82a: No bootstrap required, opened a new log
I20260608 12:40:30.854977  1293 ts_tablet_manager.cc:1403] T dc40078dfafb4ff29ab63f30854c9980 P 83380d0f19b748eda73186f370caf82a: Time spent bootstrapping tablet: real 0.027s	user 0.014s	sys 0.008s
I20260608 12:40:30.855471  1292 tablet_bootstrap.cc:492] T dc40078dfafb4ff29ab63f30854c9980 P 6e7565347e2644c1afceffc54965789d: No bootstrap required, opened a new log
I20260608 12:40:30.856369  1292 ts_tablet_manager.cc:1403] T dc40078dfafb4ff29ab63f30854c9980 P 6e7565347e2644c1afceffc54965789d: Time spent bootstrapping tablet: real 0.023s	user 0.011s	sys 0.006s
I20260608 12:40:30.858564  1293 raft_consensus.cc:359] T dc40078dfafb4ff29ab63f30854c9980 P 83380d0f19b748eda73186f370caf82a [term 0 FOLLOWER]: Replica starting. Triggering 0 pending ops. Active config: opid_index: -1 OBSOLETE_local: false peers { permanent_uuid: "83380d0f19b748eda73186f370caf82a" member_type: VOTER last_known_addr { host: "127.0.107.193" port: 41951 } } peers { permanent_uuid: "6e7565347e2644c1afceffc54965789d" member_type: VOTER last_known_addr { host: "127.0.107.194" port: 45317 } } peers { permanent_uuid: "8d7e71ec02a34c58a71465f0280a91f9" member_type: VOTER last_known_addr { host: "127.0.107.195" port: 35129 } }
I20260608 12:40:30.859041  1292 raft_consensus.cc:359] T dc40078dfafb4ff29ab63f30854c9980 P 6e7565347e2644c1afceffc54965789d [term 0 FOLLOWER]: Replica starting. Triggering 0 pending ops. Active config: opid_index: -1 OBSOLETE_local: false peers { permanent_uuid: "83380d0f19b748eda73186f370caf82a" member_type: VOTER last_known_addr { host: "127.0.107.193" port: 41951 } } peers { permanent_uuid: "6e7565347e2644c1afceffc54965789d" member_type: VOTER last_known_addr { host: "127.0.107.194" port: 45317 } } peers { permanent_uuid: "8d7e71ec02a34c58a71465f0280a91f9" member_type: VOTER last_known_addr { host: "127.0.107.195" port: 35129 } }
I20260608 12:40:30.859423  1293 raft_consensus.cc:385] T dc40078dfafb4ff29ab63f30854c9980 P 83380d0f19b748eda73186f370caf82a [term 0 FOLLOWER]: Consensus starting up: Expiring failure detector timer to make a prompt election more likely
I20260608 12:40:30.859700  1292 raft_consensus.cc:385] T dc40078dfafb4ff29ab63f30854c9980 P 6e7565347e2644c1afceffc54965789d [term 0 FOLLOWER]: Consensus starting up: Expiring failure detector timer to make a prompt election more likely
I20260608 12:40:30.859735  1293 raft_consensus.cc:740] T dc40078dfafb4ff29ab63f30854c9980 P 83380d0f19b748eda73186f370caf82a [term 0 FOLLOWER]: Becoming Follower/Learner. State: Replica: 83380d0f19b748eda73186f370caf82a, State: Initialized, Role: FOLLOWER
I20260608 12:40:30.860141  1292 raft_consensus.cc:740] T dc40078dfafb4ff29ab63f30854c9980 P 6e7565347e2644c1afceffc54965789d [term 0 FOLLOWER]: Becoming Follower/Learner. State: Replica: 6e7565347e2644c1afceffc54965789d, State: Initialized, Role: FOLLOWER
I20260608 12:40:30.860818  1292 consensus_queue.cc:260] T dc40078dfafb4ff29ab63f30854c9980 P 6e7565347e2644c1afceffc54965789d [NON_LEADER]: Queue going to NON_LEADER mode. State: All replicated index: 0, Majority replicated index: 0, Committed index: 0, Last appended: 0.0, Last appended by leader: 0, Current term: 0, Majority size: -1, State: 0, Mode: NON_LEADER, active raft config: opid_index: -1 OBSOLETE_local: false peers { permanent_uuid: "83380d0f19b748eda73186f370caf82a" member_type: VOTER last_known_addr { host: "127.0.107.193" port: 41951 } } peers { permanent_uuid: "6e7565347e2644c1afceffc54965789d" member_type: VOTER last_known_addr { host: "127.0.107.194" port: 45317 } } peers { permanent_uuid: "8d7e71ec02a34c58a71465f0280a91f9" member_type: VOTER last_known_addr { host: "127.0.107.195" port: 35129 } }
I20260608 12:40:30.860730  1293 consensus_queue.cc:260] T dc40078dfafb4ff29ab63f30854c9980 P 83380d0f19b748eda73186f370caf82a [NON_LEADER]: Queue going to NON_LEADER mode. State: All replicated index: 0, Majority replicated index: 0, Committed index: 0, Last appended: 0.0, Last appended by leader: 0, Current term: 0, Majority size: -1, State: 0, Mode: NON_LEADER, active raft config: opid_index: -1 OBSOLETE_local: false peers { permanent_uuid: "83380d0f19b748eda73186f370caf82a" member_type: VOTER last_known_addr { host: "127.0.107.193" port: 41951 } } peers { permanent_uuid: "6e7565347e2644c1afceffc54965789d" member_type: VOTER last_known_addr { host: "127.0.107.194" port: 45317 } } peers { permanent_uuid: "8d7e71ec02a34c58a71465f0280a91f9" member_type: VOTER last_known_addr { host: "127.0.107.195" port: 35129 } }
I20260608 12:40:30.862111  1298 raft_consensus.cc:493] T 9cc47af291d14f76a3ca1ecc12aaa956 P 8d7e71ec02a34c58a71465f0280a91f9 [term 0 FOLLOWER]: Starting pre-election (no leader contacted us within the election timeout)
I20260608 12:40:30.862578  1298 raft_consensus.cc:515] T 9cc47af291d14f76a3ca1ecc12aaa956 P 8d7e71ec02a34c58a71465f0280a91f9 [term 0 FOLLOWER]: Starting pre-election with config: opid_index: -1 OBSOLETE_local: false peers { permanent_uuid: "83380d0f19b748eda73186f370caf82a" member_type: VOTER last_known_addr { host: "127.0.107.193" port: 41951 } } peers { permanent_uuid: "6e7565347e2644c1afceffc54965789d" member_type: VOTER last_known_addr { host: "127.0.107.194" port: 45317 } } peers { permanent_uuid: "8d7e71ec02a34c58a71465f0280a91f9" member_type: VOTER last_known_addr { host: "127.0.107.195" port: 35129 } }
I20260608 12:40:30.863282  1292 ts_tablet_manager.cc:1434] T dc40078dfafb4ff29ab63f30854c9980 P 6e7565347e2644c1afceffc54965789d: Time spent starting tablet: real 0.007s	user 0.008s	sys 0.000s
I20260608 12:40:30.864817  1298 leader_election.cc:290] T 9cc47af291d14f76a3ca1ecc12aaa956 P 8d7e71ec02a34c58a71465f0280a91f9 [CANDIDATE]: Term 1 pre-election: Requested pre-vote from peers 83380d0f19b748eda73186f370caf82a (127.0.107.193:41951), 6e7565347e2644c1afceffc54965789d (127.0.107.194:45317)
I20260608 12:40:30.867123  1097 tablet_service.cc:1917] Received RequestConsensusVote() RPC: tablet_id: "9cc47af291d14f76a3ca1ecc12aaa956" candidate_uuid: "8d7e71ec02a34c58a71465f0280a91f9" candidate_term: 1 candidate_status { last_received { term: 0 index: 0 } } ignore_live_leader: false dest_uuid: "83380d0f19b748eda73186f370caf82a" is_pre_election: true
I20260608 12:40:30.867798  1293 ts_tablet_manager.cc:1434] T dc40078dfafb4ff29ab63f30854c9980 P 83380d0f19b748eda73186f370caf82a: Time spent starting tablet: real 0.012s	user 0.003s	sys 0.004s
I20260608 12:40:30.867902  1097 raft_consensus.cc:2468] T 9cc47af291d14f76a3ca1ecc12aaa956 P 83380d0f19b748eda73186f370caf82a [term 0 FOLLOWER]: Leader pre-election vote request: Granting yes vote for candidate 8d7e71ec02a34c58a71465f0280a91f9 in term 0.
I20260608 12:40:30.869158  1293 tablet_bootstrap.cc:492] T 02bcb6277f004a109a6ec86a30581dc7 P 83380d0f19b748eda73186f370caf82a: Bootstrap starting.
I20260608 12:40:30.870188  1209 leader_election.cc:304] T 9cc47af291d14f76a3ca1ecc12aaa956 P 8d7e71ec02a34c58a71465f0280a91f9 [CANDIDATE]: Term 1 pre-election: Election decided. Result: candidate won. Election summary: received 2 responses out of 3 voters: 2 yes votes; 0 no votes. yes voters: 83380d0f19b748eda73186f370caf82a, 8d7e71ec02a34c58a71465f0280a91f9; no voters: 
I20260608 12:40:30.870558  1172 tablet_service.cc:1917] Received RequestConsensusVote() RPC: tablet_id: "9cc47af291d14f76a3ca1ecc12aaa956" candidate_uuid: "8d7e71ec02a34c58a71465f0280a91f9" candidate_term: 1 candidate_status { last_received { term: 0 index: 0 } } ignore_live_leader: false dest_uuid: "6e7565347e2644c1afceffc54965789d" is_pre_election: true
I20260608 12:40:30.871166  1298 raft_consensus.cc:2804] T 9cc47af291d14f76a3ca1ecc12aaa956 P 8d7e71ec02a34c58a71465f0280a91f9 [term 0 FOLLOWER]: Leader pre-election won for term 1
I20260608 12:40:30.871294  1172 raft_consensus.cc:2468] T 9cc47af291d14f76a3ca1ecc12aaa956 P 6e7565347e2644c1afceffc54965789d [term 0 FOLLOWER]: Leader pre-election vote request: Granting yes vote for candidate 8d7e71ec02a34c58a71465f0280a91f9 in term 0.
I20260608 12:40:30.871675  1298 raft_consensus.cc:493] T 9cc47af291d14f76a3ca1ecc12aaa956 P 8d7e71ec02a34c58a71465f0280a91f9 [term 0 FOLLOWER]: Starting leader election (no leader contacted us within the election timeout)
I20260608 12:40:30.872160  1298 raft_consensus.cc:3060] T 9cc47af291d14f76a3ca1ecc12aaa956 P 8d7e71ec02a34c58a71465f0280a91f9 [term 0 FOLLOWER]: Advancing to term 1
I20260608 12:40:30.878993  1293 tablet_bootstrap.cc:654] T 02bcb6277f004a109a6ec86a30581dc7 P 83380d0f19b748eda73186f370caf82a: Neither blocks nor log segments found. Creating new log.
I20260608 12:40:30.880905  1298 raft_consensus.cc:515] T 9cc47af291d14f76a3ca1ecc12aaa956 P 8d7e71ec02a34c58a71465f0280a91f9 [term 1 FOLLOWER]: Starting leader election with config: opid_index: -1 OBSOLETE_local: false peers { permanent_uuid: "83380d0f19b748eda73186f370caf82a" member_type: VOTER last_known_addr { host: "127.0.107.193" port: 41951 } } peers { permanent_uuid: "6e7565347e2644c1afceffc54965789d" member_type: VOTER last_known_addr { host: "127.0.107.194" port: 45317 } } peers { permanent_uuid: "8d7e71ec02a34c58a71465f0280a91f9" member_type: VOTER last_known_addr { host: "127.0.107.195" port: 35129 } }
I20260608 12:40:30.883664  1298 leader_election.cc:290] T 9cc47af291d14f76a3ca1ecc12aaa956 P 8d7e71ec02a34c58a71465f0280a91f9 [CANDIDATE]: Term 1 election: Requested vote from peers 83380d0f19b748eda73186f370caf82a (127.0.107.193:41951), 6e7565347e2644c1afceffc54965789d (127.0.107.194:45317)
I20260608 12:40:30.884615  1097 tablet_service.cc:1917] Received RequestConsensusVote() RPC: tablet_id: "9cc47af291d14f76a3ca1ecc12aaa956" candidate_uuid: "8d7e71ec02a34c58a71465f0280a91f9" candidate_term: 1 candidate_status { last_received { term: 0 index: 0 } } ignore_live_leader: false dest_uuid: "83380d0f19b748eda73186f370caf82a"
I20260608 12:40:30.884867  1172 tablet_service.cc:1917] Received RequestConsensusVote() RPC: tablet_id: "9cc47af291d14f76a3ca1ecc12aaa956" candidate_uuid: "8d7e71ec02a34c58a71465f0280a91f9" candidate_term: 1 candidate_status { last_received { term: 0 index: 0 } } ignore_live_leader: false dest_uuid: "6e7565347e2644c1afceffc54965789d"
I20260608 12:40:30.885176  1097 raft_consensus.cc:3060] T 9cc47af291d14f76a3ca1ecc12aaa956 P 83380d0f19b748eda73186f370caf82a [term 0 FOLLOWER]: Advancing to term 1
I20260608 12:40:30.885244  1293 tablet_bootstrap.cc:492] T 02bcb6277f004a109a6ec86a30581dc7 P 83380d0f19b748eda73186f370caf82a: No bootstrap required, opened a new log
I20260608 12:40:30.885589  1172 raft_consensus.cc:3060] T 9cc47af291d14f76a3ca1ecc12aaa956 P 6e7565347e2644c1afceffc54965789d [term 0 FOLLOWER]: Advancing to term 1
I20260608 12:40:30.885960  1293 ts_tablet_manager.cc:1403] T 02bcb6277f004a109a6ec86a30581dc7 P 83380d0f19b748eda73186f370caf82a: Time spent bootstrapping tablet: real 0.017s	user 0.008s	sys 0.007s
I20260608 12:40:30.889375  1293 raft_consensus.cc:359] T 02bcb6277f004a109a6ec86a30581dc7 P 83380d0f19b748eda73186f370caf82a [term 0 FOLLOWER]: Replica starting. Triggering 0 pending ops. Active config: opid_index: -1 OBSOLETE_local: false peers { permanent_uuid: "83380d0f19b748eda73186f370caf82a" member_type: VOTER last_known_addr { host: "127.0.107.193" port: 41951 } } peers { permanent_uuid: "6e7565347e2644c1afceffc54965789d" member_type: VOTER last_known_addr { host: "127.0.107.194" port: 45317 } } peers { permanent_uuid: "8d7e71ec02a34c58a71465f0280a91f9" member_type: VOTER last_known_addr { host: "127.0.107.195" port: 35129 } }
I20260608 12:40:30.890327  1293 raft_consensus.cc:385] T 02bcb6277f004a109a6ec86a30581dc7 P 83380d0f19b748eda73186f370caf82a [term 0 FOLLOWER]: Consensus starting up: Expiring failure detector timer to make a prompt election more likely
I20260608 12:40:30.890712  1293 raft_consensus.cc:740] T 02bcb6277f004a109a6ec86a30581dc7 P 83380d0f19b748eda73186f370caf82a [term 0 FOLLOWER]: Becoming Follower/Learner. State: Replica: 83380d0f19b748eda73186f370caf82a, State: Initialized, Role: FOLLOWER
I20260608 12:40:30.890774  1300 raft_consensus.cc:493] T dcf26c9238c84ce69b94dd3dc72c361e P 83380d0f19b748eda73186f370caf82a [term 0 FOLLOWER]: Starting pre-election (no leader contacted us within the election timeout)
I20260608 12:40:30.891336  1097 raft_consensus.cc:2468] T 9cc47af291d14f76a3ca1ecc12aaa956 P 83380d0f19b748eda73186f370caf82a [term 1 FOLLOWER]: Leader election vote request: Granting yes vote for candidate 8d7e71ec02a34c58a71465f0280a91f9 in term 1.
I20260608 12:40:30.891363  1300 raft_consensus.cc:515] T dcf26c9238c84ce69b94dd3dc72c361e P 83380d0f19b748eda73186f370caf82a [term 0 FOLLOWER]: Starting pre-election with config: opid_index: -1 OBSOLETE_local: false peers { permanent_uuid: "83380d0f19b748eda73186f370caf82a" member_type: VOTER last_known_addr { host: "127.0.107.193" port: 41951 } } peers { permanent_uuid: "6e7565347e2644c1afceffc54965789d" member_type: VOTER last_known_addr { host: "127.0.107.194" port: 45317 } } peers { permanent_uuid: "8d7e71ec02a34c58a71465f0280a91f9" member_type: VOTER last_known_addr { host: "127.0.107.195" port: 35129 } }
I20260608 12:40:30.892720  1209 leader_election.cc:304] T 9cc47af291d14f76a3ca1ecc12aaa956 P 8d7e71ec02a34c58a71465f0280a91f9 [CANDIDATE]: Term 1 election: Election decided. Result: candidate won. Election summary: received 2 responses out of 3 voters: 2 yes votes; 0 no votes. yes voters: 83380d0f19b748eda73186f370caf82a, 8d7e71ec02a34c58a71465f0280a91f9; no voters: 
I20260608 12:40:30.893731  1172 raft_consensus.cc:2468] T 9cc47af291d14f76a3ca1ecc12aaa956 P 6e7565347e2644c1afceffc54965789d [term 1 FOLLOWER]: Leader election vote request: Granting yes vote for candidate 8d7e71ec02a34c58a71465f0280a91f9 in term 1.
I20260608 12:40:30.891628  1293 consensus_queue.cc:260] T 02bcb6277f004a109a6ec86a30581dc7 P 83380d0f19b748eda73186f370caf82a [NON_LEADER]: Queue going to NON_LEADER mode. State: All replicated index: 0, Majority replicated index: 0, Committed index: 0, Last appended: 0.0, Last appended by leader: 0, Current term: 0, Majority size: -1, State: 0, Mode: NON_LEADER, active raft config: opid_index: -1 OBSOLETE_local: false peers { permanent_uuid: "83380d0f19b748eda73186f370caf82a" member_type: VOTER last_known_addr { host: "127.0.107.193" port: 41951 } } peers { permanent_uuid: "6e7565347e2644c1afceffc54965789d" member_type: VOTER last_known_addr { host: "127.0.107.194" port: 45317 } } peers { permanent_uuid: "8d7e71ec02a34c58a71465f0280a91f9" member_type: VOTER last_known_addr { host: "127.0.107.195" port: 35129 } }
I20260608 12:40:30.894176  1300 leader_election.cc:290] T dcf26c9238c84ce69b94dd3dc72c361e P 83380d0f19b748eda73186f370caf82a [CANDIDATE]: Term 1 pre-election: Requested pre-vote from peers 6e7565347e2644c1afceffc54965789d (127.0.107.194:45317), 8d7e71ec02a34c58a71465f0280a91f9 (127.0.107.195:35129)
I20260608 12:40:30.895901  1244 tablet_service.cc:1917] Received RequestConsensusVote() RPC: tablet_id: "dcf26c9238c84ce69b94dd3dc72c361e" candidate_uuid: "83380d0f19b748eda73186f370caf82a" candidate_term: 1 candidate_status { last_received { term: 0 index: 0 } } ignore_live_leader: false dest_uuid: "8d7e71ec02a34c58a71465f0280a91f9" is_pre_election: true
I20260608 12:40:30.895987  1171 tablet_service.cc:1917] Received RequestConsensusVote() RPC: tablet_id: "dcf26c9238c84ce69b94dd3dc72c361e" candidate_uuid: "83380d0f19b748eda73186f370caf82a" candidate_term: 1 candidate_status { last_received { term: 0 index: 0 } } ignore_live_leader: false dest_uuid: "6e7565347e2644c1afceffc54965789d" is_pre_election: true
I20260608 12:40:30.896471  1293 ts_tablet_manager.cc:1434] T 02bcb6277f004a109a6ec86a30581dc7 P 83380d0f19b748eda73186f370caf82a: Time spent starting tablet: real 0.010s	user 0.007s	sys 0.000s
I20260608 12:40:30.896749  1244 raft_consensus.cc:2468] T dcf26c9238c84ce69b94dd3dc72c361e P 8d7e71ec02a34c58a71465f0280a91f9 [term 0 FOLLOWER]: Leader pre-election vote request: Granting yes vote for candidate 83380d0f19b748eda73186f370caf82a in term 0.
I20260608 12:40:30.896907  1171 raft_consensus.cc:2468] T dcf26c9238c84ce69b94dd3dc72c361e P 6e7565347e2644c1afceffc54965789d [term 0 FOLLOWER]: Leader pre-election vote request: Granting yes vote for candidate 83380d0f19b748eda73186f370caf82a in term 0.
I20260608 12:40:30.897722  1298 raft_consensus.cc:2804] T 9cc47af291d14f76a3ca1ecc12aaa956 P 8d7e71ec02a34c58a71465f0280a91f9 [term 1 FOLLOWER]: Leader election won for term 1
I20260608 12:40:30.898520  1298 raft_consensus.cc:697] T 9cc47af291d14f76a3ca1ecc12aaa956 P 8d7e71ec02a34c58a71465f0280a91f9 [term 1 LEADER]: Becoming Leader. State: Replica: 8d7e71ec02a34c58a71465f0280a91f9, State: Running, Role: LEADER
I20260608 12:40:30.898476  1062 leader_election.cc:304] T dcf26c9238c84ce69b94dd3dc72c361e P 83380d0f19b748eda73186f370caf82a [CANDIDATE]: Term 1 pre-election: Election decided. Result: candidate won. Election summary: received 2 responses out of 3 voters: 2 yes votes; 0 no votes. yes voters: 6e7565347e2644c1afceffc54965789d, 83380d0f19b748eda73186f370caf82a; no voters: 
I20260608 12:40:30.899677  1305 raft_consensus.cc:2804] T dcf26c9238c84ce69b94dd3dc72c361e P 83380d0f19b748eda73186f370caf82a [term 0 FOLLOWER]: Leader pre-election won for term 1
I20260608 12:40:30.900254  1305 raft_consensus.cc:493] T dcf26c9238c84ce69b94dd3dc72c361e P 83380d0f19b748eda73186f370caf82a [term 0 FOLLOWER]: Starting leader election (no leader contacted us within the election timeout)
I20260608 12:40:30.899725  1298 consensus_queue.cc:237] T 9cc47af291d14f76a3ca1ecc12aaa956 P 8d7e71ec02a34c58a71465f0280a91f9 [LEADER]: Queue going to LEADER mode. State: All replicated index: 0, Majority replicated index: 0, Committed index: 0, Last appended: 0.0, Last appended by leader: 0, Current term: 1, Majority size: 2, State: 0, Mode: LEADER, active raft config: opid_index: -1 OBSOLETE_local: false peers { permanent_uuid: "83380d0f19b748eda73186f370caf82a" member_type: VOTER last_known_addr { host: "127.0.107.193" port: 41951 } } peers { permanent_uuid: "6e7565347e2644c1afceffc54965789d" member_type: VOTER last_known_addr { host: "127.0.107.194" port: 45317 } } peers { permanent_uuid: "8d7e71ec02a34c58a71465f0280a91f9" member_type: VOTER last_known_addr { host: "127.0.107.195" port: 35129 } }
I20260608 12:40:30.900627  1305 raft_consensus.cc:3060] T dcf26c9238c84ce69b94dd3dc72c361e P 83380d0f19b748eda73186f370caf82a [term 0 FOLLOWER]: Advancing to term 1
